[INFO] fetching crate s3-mpu 0.2.0...
[INFO] testing s3-mpu-0.2.0 against 1.99.0-beta.8+cargoflags=--release for beta-release-1.100-2
[INFO] extracting crate s3-mpu 0.2.0 into /workspace/builds/worker-3-tc1/source
[INFO] started tweaking crates.io crate s3-mpu 0.2.0
[INFO] finished tweaking crates.io crate s3-mpu 0.2.0
[INFO] tweaked toml for crates.io crate s3-mpu 0.2.0 written to /workspace/builds/worker-3-tc1/source/Cargo.toml
[INFO] validating manifest of crates.io crate s3-mpu 0.2.0 on toolchain 1.99.0-beta.8
[INFO] running `Command { std: CARGO_HOME="/workspace/cargo-home" RUSTUP_HOME="/workspace/rustup-home" "/workspace/cargo-home/bin/cargo" "+1.99.0-beta.8" "metadata" "--manifest-path" "Cargo.toml" "--no-deps", kill_on_drop: false }`
[INFO] running `Command { std: CARGO_HOME="/workspace/cargo-home" RUSTUP_HOME="/workspace/rustup-home" "/workspace/cargo-home/bin/cargo" "+1.99.0-beta.8" "generate-lockfile" "--manifest-path" "Cargo.toml", kill_on_drop: false }`
[INFO] [stderr]     Updating crates.io index
[INFO] [stderr]      Locking 180 packages to highest compatible versions
[INFO] [stderr]       Adding base64 v0.13.1 (available: v0.23.1)
[INFO] [stderr]       Adding md-5 v0.9.1 (available: v0.11.0)
[INFO] [stderr]       Adding rand v0.8.8 (available: v0.10.3)
[INFO] [stderr]       Adding rusoto_core v0.46.0 (available: v0.48.0)
[INFO] [stderr]       Adding rusoto_s3 v0.46.0 (available: v0.48.0)
[INFO] [stderr]       Adding subtle v2.4.1 (available: v2.6.1)
[INFO] [stderr]       Adding uuid v0.8.2 (available: v1.28.0)
[INFO] running `Command { std: CARGO_HOME="/workspace/cargo-home" RUSTUP_HOME="/workspace/rustup-home" "/workspace/cargo-home/bin/cargo" "+1.99.0-beta.8" "fetch" "--manifest-path" "Cargo.toml", kill_on_drop: false }`
[INFO] [stderr]  Downloading crates ...
[INFO] [stderr]   Downloaded rusoto_signature v0.46.0
[INFO] [stderr]   Downloaded rusoto_core v0.46.0
[INFO] [stderr]   Downloaded rusoto_credential v0.46.0
[INFO] [stderr]   Downloaded rusoto_s3 v0.46.0
[INFO] [stderr]   Downloaded hyper-rustls v0.22.1
[INFO] [stderr]   Downloaded tokio-rustls v0.22.0
[INFO] [stderr]   Downloaded ct-logs v0.8.0
[INFO] running `Command { std: "docker" "create" "-v" "/var/lib/crater-agent-workspace/builds/worker-3-tc1/source:/opt/rustwide/workdir:ro,Z" "-v" "/var/lib/crater-agent-workspace/builds/worker-3-tc1/target:/opt/rustwide/target:rw,Z" "-v" "/var/lib/crater-agent-workspace/cargo-home:/opt/rustwide/cargo-home:ro,Z" "-v" "/var/lib/crater-agent-workspace/rustup-home:/opt/rustwide/rustup-home:ro,Z" "-m" "1610612736" "--network" "none" "ghcr.io/rust-lang/crates-build-env/linux@sha256:77db811e55d90add9212f6832c23229e3de5f1c1f9905e8cb07319ea15df73ac" "sleep" "infinity", kill_on_drop: false }`
[INFO] [stdout] e3c5d45064bd57d5ec6a0550379e97c64b810053f120657a2cce5ad1f91263dc
[INFO] running `Command { std: "docker" "start" "e3c5d45064bd57d5ec6a0550379e97c64b810053f120657a2cce5ad1f91263dc", kill_on_drop: false }`
[INFO] running `Command { std: "docker" "inspect" "e3c5d45064bd57d5ec6a0550379e97c64b810053f120657a2cce5ad1f91263dc", kill_on_drop: false }`
[INFO] running `Command { std: "docker" "exec" "-e" "SOURCE_DIR=/opt/rustwide/workdir" "-e" "CARGO_HOME=/opt/rustwide/cargo-home" "-e" "RUSTUP_HOME=/opt/rustwide/rustup-home" "-e" "CARGO_TARGET_DIR=/opt/rustwide/target" "-w" "/opt/rustwide/workdir" "--user" "0:0" "e3c5d45064bd57d5ec6a0550379e97c64b810053f120657a2cce5ad1f91263dc" "/opt/rustwide/cargo-home/bin/cargo" "+1.99.0-beta.8" "metadata" "--no-deps" "--format-version=1", kill_on_drop: false }`
[INFO] running `Command { std: "docker" "inspect" "e3c5d45064bd57d5ec6a0550379e97c64b810053f120657a2cce5ad1f91263dc", kill_on_drop: false }`
[INFO] running `Command { std: "docker" "exec" "-e" "SOURCE_DIR=/opt/rustwide/workdir" "-e" "CARGO_HOME=/opt/rustwide/cargo-home" "-e" "RUSTUP_HOME=/opt/rustwide/rustup-home" "-e" "CARGO_TARGET_DIR=/opt/rustwide/target" "-e" "CARGO_INCREMENTAL=0" "-e" "RUST_BACKTRACE=full" "-e" "RUSTFLAGS=--cap-lints=warn" "-e" "RUSTDOCFLAGS=--cap-lints=warn" "-w" "/opt/rustwide/workdir" "--user" "0:0" "e3c5d45064bd57d5ec6a0550379e97c64b810053f120657a2cce5ad1f91263dc" "/opt/rustwide/cargo-home/bin/cargo" "+1.99.0-beta.8" "build" "--frozen" "--message-format=json" "--release", kill_on_drop: false }`
[INFO] [stderr]    Compiling standback v0.2.17
[INFO] [stderr]    Compiling futures-core v0.3.34
[INFO] [stderr]    Compiling futures-sink v0.3.34
[INFO] [stderr]    Compiling syn v2.0.119
[INFO] [stderr]    Compiling syn v1.0.109
[INFO] [stderr]    Compiling semver v0.9.0
[INFO] [stderr]    Compiling time v0.2.27
[INFO] [stderr]    Compiling chrono v0.4.45
[INFO] [stderr]    Compiling shlex v0.1.1
[INFO] [stderr]    Compiling crypto-mac v0.10.1
[INFO] [stderr]    Compiling md5 v0.7.0
[INFO] [stderr]    Compiling hmac v0.10.1
[INFO] [stderr]    Compiling futures-channel v0.3.34
[INFO] [stderr]    Compiling rustc_version v0.2.3
[INFO] [stderr]    Compiling rusoto_core v0.46.0
[INFO] [stderr]    Compiling futures-util v0.3.34
[INFO] [stderr]    Compiling time-macros-impl v0.1.2
[INFO] [stderr]    Compiling futures-executor v0.3.34
[INFO] [stderr]    Compiling hyper v0.14.32
[INFO] [stderr]    Compiling futures v0.3.34
[INFO] [stderr]    Compiling time-macros v0.1.1
[INFO] [stderr]    Compiling openssl-macros v0.1.1
[INFO] [stderr]    Compiling pin-project-internal v1.1.13
[INFO] [stderr]    Compiling openssl v0.10.81
[INFO] [stderr]    Compiling pin-project v1.1.13
[INFO] [stderr]    Compiling rusoto_credential v0.46.0
[INFO] [stderr]    Compiling rusoto_signature v0.46.0
[INFO] [stderr]    Compiling native-tls v0.2.18
[INFO] [stderr]    Compiling tokio-native-tls v0.3.1
[INFO] [stderr]    Compiling hyper-tls v0.5.0
[INFO] [stderr]    Compiling rusoto_s3 v0.46.0
[INFO] [stderr]    Compiling s3-mpu v0.2.0 (/opt/rustwide/workdir)
[INFO] [stderr]     Finished `release` profile [optimized] target(s) in 57.03s
[INFO] running `Command { std: "docker" "inspect" "e3c5d45064bd57d5ec6a0550379e97c64b810053f120657a2cce5ad1f91263dc", kill_on_drop: false }`
[INFO] running `Command { std: "docker" "exec" "-e" "SOURCE_DIR=/opt/rustwide/workdir" "-e" "CARGO_HOME=/opt/rustwide/cargo-home" "-e" "RUSTUP_HOME=/opt/rustwide/rustup-home" "-e" "CARGO_TARGET_DIR=/opt/rustwide/target" "-e" "CARGO_INCREMENTAL=0" "-e" "RUST_BACKTRACE=full" "-e" "RUSTFLAGS=--cap-lints=warn" "-e" "RUSTDOCFLAGS=--cap-lints=warn" "-w" "/opt/rustwide/workdir" "--user" "0:0" "e3c5d45064bd57d5ec6a0550379e97c64b810053f120657a2cce5ad1f91263dc" "/opt/rustwide/cargo-home/bin/cargo" "+1.99.0-beta.8" "test" "--frozen" "--no-run" "--message-format=json" "--release", kill_on_drop: false }`
[INFO] [stderr]    Compiling getrandom v0.2.17
[INFO] [stderr]    Compiling rand_core v0.6.4
[INFO] [stderr]    Compiling uuid v0.8.2
[INFO] [stderr]    Compiling rand_chacha v0.3.1
[INFO] [stderr]    Compiling rand v0.8.8
[INFO] [stderr]    Compiling s3-mpu v0.2.0 (/opt/rustwide/workdir)
[INFO] [stderr]     Finished `release` profile [optimized] target(s) in 5.42s
[INFO] running `Command { std: "docker" "inspect" "e3c5d45064bd57d5ec6a0550379e97c64b810053f120657a2cce5ad1f91263dc", kill_on_drop: false }`
[INFO] running `Command { std: "docker" "exec" "-e" "SOURCE_DIR=/opt/rustwide/workdir" "-e" "CARGO_HOME=/opt/rustwide/cargo-home" "-e" "RUSTUP_HOME=/opt/rustwide/rustup-home" "-e" "CARGO_TARGET_DIR=/opt/rustwide/target" "-e" "CARGO_INCREMENTAL=0" "-e" "RUST_BACKTRACE=full" "-e" "RUSTFLAGS=--cap-lints=warn" "-e" "RUSTDOCFLAGS=--cap-lints=warn" "-w" "/opt/rustwide/workdir" "--user" "0:0" "e3c5d45064bd57d5ec6a0550379e97c64b810053f120657a2cce5ad1f91263dc" "/opt/rustwide/cargo-home/bin/cargo" "+1.99.0-beta.8" "test" "--frozen" "--release", kill_on_drop: false }`
[INFO] [stderr]     Finished `release` profile [optimized] target(s) in 0.16s
[INFO] [stderr]      Running unittests src/lib.rs (/opt/rustwide/target/release/deps/s3_mpu-67ad90b7ff259fd4)
[INFO] [stdout] 
[INFO] [stdout] running 11 tests
[INFO] [stdout] test dispatch::tests::test_dispatch_concurrent ... ok
[INFO] [stdout] test tests::test_abort ... FAILED
[INFO] [stdout] test tests::test_exact ... FAILED
[INFO] [stdout] test tests::test_large ... FAILED
[INFO] [stdout] test tests::test_concurrent ... FAILED
[INFO] [stdout] test split::tests::test_split ... ok
[INFO] [stdout] test tests::test_empty ... FAILED
[INFO] [stdout] test tests::test_into_chunks ... ok
[INFO] [stdout] test tests::test_small ... FAILED
[INFO] [stdout] test tests::test_concurrent_unlimited ... FAILED
[INFO] [stdout] test tests::test_sequential ... FAILED
[INFO] [stdout] 
[INFO] [stdout] failures:
[INFO] [stdout] 
[INFO] [stdout] ---- tests::test_abort stdout ----
[INFO] [stdout] 
[INFO] [stdout] thread 'tests::test_abort' (899) panicked at src/tests.rs:17:40:
[INFO] [stdout] called `Result::unwrap()` on an `Err` value: NotPresent
[INFO] [stdout] stack backtrace:
[INFO] [stdout]    0:     0x59ba4545b781 - <<std[70759c8f55707aa4]::sys::backtrace::BacktraceLock>::print::DisplayBacktrace as core[df12db4294e9bfd3]::fmt::Display>::fmt
[INFO] [stdout]    1:     0x59ba4547183a - core[df12db4294e9bfd3]::fmt::write
[INFO] [stdout]    2:     0x59ba4546037c - <alloc[2182bb758b4b3781]::vec::Vec<u8> as core[df12db4294e9bfd3]::io::write::Write>::write_fmt
[INFO] [stdout]    3:     0x59ba45436746 - std[70759c8f55707aa4]::panicking::default_hook::{closure#0}
[INFO] [stdout]    4:     0x59ba454537a9 - std[70759c8f55707aa4]::panicking::default_hook
[INFO] [stdout]    5:     0x59ba452987c0 - test[9d35eded1c95d3be]::test_main_inner::<test[9d35eded1c95d3be]::test_main_static::{closure#0}>::{closure#0}
[INFO] [stdout]    6:     0x59ba45453ad2 - std[70759c8f55707aa4]::panicking::panic_with_hook
[INFO] [stdout]    7:     0x59ba454367f2 - std[70759c8f55707aa4]::panicking::panic_handler::{closure#0}
[INFO] [stdout]    8:     0x59ba4542f499 - std[70759c8f55707aa4]::sys::backtrace::__rust_end_short_backtrace::<std[70759c8f55707aa4]::panicking::panic_handler::{closure#0}, !>
[INFO] [stdout]    9:     0x59ba454375dd - __rustc[8fa7c3cbc660c2b3]::rust_begin_unwind
[INFO] [stdout]   10:     0x59ba45471f9c - core[df12db4294e9bfd3]::panicking::panic_fmt
[INFO] [stdout]   11:     0x59ba45471d72 - core[df12db4294e9bfd3]::result::unwrap_failed
[INFO] [stdout]   12:     0x59ba45276685 - s3_mpu[3ac78028f9fb407d]::tests::context
[INFO] [stdout]   13:     0x59ba452743b7 - s3_mpu[3ac78028f9fb407d]::tests::test_abort::{closure#0}
[INFO] [stdout]   14:     0x59ba45289cd3 - <tokio[d5a4e785dbe4b2e5]::runtime::scheduler::current_thread::Context>::enter::<core[df12db4294e9bfd3]::task::poll::Poll<()>, <tokio[d5a4e785dbe4b2e5]::runtime::scheduler::current_thread::CoreGuard>::block_on<core[df12db4294e9bfd3]::pin::Pin<&mut core[df12db4294e9bfd3]::pin::Pin<&mut dyn core[df12db4294e9bfd3]::future::future::Future<Output = ()>>>>::{closure#0}::{closure#0}>
[INFO] [stdout]   15:     0x59ba452861e9 - <std[70759c8f55707aa4]::thread::local::LocalKey<tokio[d5a4e785dbe4b2e5]::runtime::context::Context>>::with::<tokio[d5a4e785dbe4b2e5]::runtime::context::set_scheduler<(alloc[2182bb758b4b3781]::boxed::Box<tokio[d5a4e785dbe4b2e5]::runtime::scheduler::current_thread::Core>, core[df12db4294e9bfd3]::option::Option<()>), <tokio[d5a4e785dbe4b2e5]::runtime::scheduler::current_thread::CoreGuard>::enter<<tokio[d5a4e785dbe4b2e5]::runtime::scheduler::current_thread::CoreGuard>::block_on<core[df12db4294e9bfd3]::pin::Pin<&mut core[df12db4294e9bfd3]::pin::Pin<&mut dyn core[df12db4294e9bfd3]::future::future::Future<Output = ()>>>>::{closure#0}, core[df12db4294e9bfd3]::option::Option<()>>::{closure#0}>::{closure#0}, (alloc[2182bb758b4b3781]::boxed::Box<tokio[d5a4e785dbe4b2e5]::runtime::scheduler::current_thread::Core>, core[df12db4294e9bfd3]::option::Option<()>)>
[INFO] [stdout]   16:     0x59ba4528a127 - <tokio[d5a4e785dbe4b2e5]::runtime::scheduler::current_thread::CoreGuard>::block_on::<core[df12db4294e9bfd3]::pin::Pin<&mut core[df12db4294e9bfd3]::pin::Pin<&mut dyn core[df12db4294e9bfd3]::future::future::Future<Output = ()>>>>
[INFO] [stdout]   17:     0x59ba45280f1b - tokio[d5a4e785dbe4b2e5]::runtime::context::runtime::enter_runtime::<<tokio[d5a4e785dbe4b2e5]::runtime::scheduler::current_thread::CurrentThread>::block_on<core[df12db4294e9bfd3]::pin::Pin<&mut dyn core[df12db4294e9bfd3]::future::future::Future<Output = ()>>>::{closure#0}, ()>
[INFO] [stdout]   18:     0x59ba4527fd8b - <tokio[d5a4e785dbe4b2e5]::runtime::runtime::Runtime>::block_on::<core[df12db4294e9bfd3]::pin::Pin<&mut dyn core[df12db4294e9bfd3]::future::future::Future<Output = ()>>>
[INFO] [stdout]   19:     0x59ba4527685b - s3_mpu[3ac78028f9fb407d]::tests::test_abort
[INFO] [stdout]   20:     0x59ba45281fe9 - <s3_mpu[3ac78028f9fb407d]::tests::test_abort::{closure#0} as core[df12db4294e9bfd3]::ops::function::FnOnce<()>>::call_once
[INFO] [stdout]   21:     0x59ba4528baab - test[9d35eded1c95d3be]::__rust_begin_short_backtrace::<core[df12db4294e9bfd3]::result::Result<(), alloc[2182bb758b4b3781]::string::String>, fn() -> core[df12db4294e9bfd3]::result::Result<(), alloc[2182bb758b4b3781]::string::String>>
[INFO] [stdout]   22:     0x59ba45299115 - test[9d35eded1c95d3be]::run_test::{closure#0}
[INFO] [stdout]   23:     0x59ba452929d4 - std[70759c8f55707aa4]::sys::backtrace::__rust_begin_short_backtrace::<test[9d35eded1c95d3be]::run_test::{closure#1}, ()>
[INFO] [stdout]   24:     0x59ba4529c272 - <std[70759c8f55707aa4]::thread::lifecycle::spawn_unchecked<test[9d35eded1c95d3be]::run_test::{closure#1}, ()>::{closure#1} as core[df12db4294e9bfd3]::ops::function::FnOnce<()>>::call_once::{shim:vtable#0}
[INFO] [stdout]   25:     0x59ba4545aca9 - <std[70759c8f55707aa4]::sys::thread::unix::Thread>::new::thread_start
[INFO] [stdout]   26:     0x723dff4f3dfa - <unknown>
[INFO] [stdout]   27:     0x723dff5873d4 - clone
[INFO] [stdout]   28:                0x0 - <unknown>
[INFO] [stdout] 
[INFO] [stdout] ---- tests::test_exact stdout ----
[INFO] [stdout] 
[INFO] [stdout] thread 'tests::test_exact' (903) panicked at src/tests.rs:17:40:
[INFO] [stdout] called `Result::unwrap()` on an `Err` value: NotPresent
[INFO] [stdout] stack backtrace:
[INFO] [stdout]    0:     0x59ba4545b781 - <<std[70759c8f55707aa4]::sys::backtrace::BacktraceLock>::print::DisplayBacktrace as core[df12db4294e9bfd3]::fmt::Display>::fmt
[INFO] [stdout]    1:     0x59ba4547183a - core[df12db4294e9bfd3]::fmt::write
[INFO] [stdout]    2:     0x59ba4546037c - <alloc[2182bb758b4b3781]::vec::Vec<u8> as core[df12db4294e9bfd3]::io::write::Write>::write_fmt
[INFO] [stdout]    3:     0x59ba45436746 - std[70759c8f55707aa4]::panicking::default_hook::{closure#0}
[INFO] [stdout]    4:     0x59ba454537a9 - std[70759c8f55707aa4]::panicking::default_hook
[INFO] [stdout]    5:     0x59ba452987c0 - test[9d35eded1c95d3be]::test_main_inner::<test[9d35eded1c95d3be]::test_main_static::{closure#0}>::{closure#0}
[INFO] [stdout]    6:     0x59ba45453ad2 - std[70759c8f55707aa4]::panicking::panic_with_hook
[INFO] [stdout]    7:     0x59ba454367f2 - std[70759c8f55707aa4]::panicking::panic_handler::{closure#0}
[INFO] [stdout]    8:     0x59ba4542f499 - std[70759c8f55707aa4]::sys::backtrace::__rust_end_short_backtrace::<std[70759c8f55707aa4]::panicking::panic_handler::{closure#0}, !>
[INFO] [stdout]    9:     0x59ba454375dd - __rustc[8fa7c3cbc660c2b3]::rust_begin_unwind
[INFO] [stdout]   10:     0x59ba45471f9c - core[df12db4294e9bfd3]::panicking::panic_fmt
[INFO] [stdout]   11:     0x59ba45471d72 - core[df12db4294e9bfd3]::result::unwrap_failed
[INFO] [stdout]   12:     0x59ba45276685 - s3_mpu[3ac78028f9fb407d]::tests::context
[INFO] [stdout]   13:     0x59ba45271e90 - s3_mpu[3ac78028f9fb407d]::tests::check::{closure#0}
[INFO] [stdout]   14:     0x59ba452760bc - s3_mpu[3ac78028f9fb407d]::tests::test_exact::{closure#0}
[INFO] [stdout]   15:     0x59ba45289cd3 - <tokio[d5a4e785dbe4b2e5]::runtime::scheduler::current_thread::Context>::enter::<core[df12db4294e9bfd3]::task::poll::Poll<()>, <tokio[d5a4e785dbe4b2e5]::runtime::scheduler::current_thread::CoreGuard>::block_on<core[df12db4294e9bfd3]::pin::Pin<&mut core[df12db4294e9bfd3]::pin::Pin<&mut dyn core[df12db4294e9bfd3]::future::future::Future<Output = ()>>>>::{closure#0}::{closure#0}>
[INFO] [stdout]   16:     0x59ba452861e9 - <std[70759c8f55707aa4]::thread::local::LocalKey<tokio[d5a4e785dbe4b2e5]::runtime::context::Context>>::with::<tokio[d5a4e785dbe4b2e5]::runtime::context::set_scheduler<(alloc[2182bb758b4b3781]::boxed::Box<tokio[d5a4e785dbe4b2e5]::runtime::scheduler::current_thread::Core>, core[df12db4294e9bfd3]::option::Option<()>), <tokio[d5a4e785dbe4b2e5]::runtime::scheduler::current_thread::CoreGuard>::enter<<tokio[d5a4e785dbe4b2e5]::runtime::scheduler::current_thread::CoreGuard>::block_on<core[df12db4294e9bfd3]::pin::Pin<&mut core[df12db4294e9bfd3]::pin::Pin<&mut dyn core[df12db4294e9bfd3]::future::future::Future<Output = ()>>>>::{closure#0}, core[df12db4294e9bfd3]::option::Option<()>>::{closure#0}>::{closure#0}, (alloc[2182bb758b4b3781]::boxed::Box<tokio[d5a4e785dbe4b2e5]::runtime::scheduler::current_thread::Core>, core[df12db4294e9bfd3]::option::Option<()>)>
[INFO] [stdout]   17:     0x59ba4528a127 - <tokio[d5a4e785dbe4b2e5]::runtime::scheduler::current_thread::CoreGuard>::block_on::<core[df12db4294e9bfd3]::pin::Pin<&mut core[df12db4294e9bfd3]::pin::Pin<&mut dyn core[df12db4294e9bfd3]::future::future::Future<Output = ()>>>>
[INFO] [stdout]   18:     0x59ba45280f1b - tokio[d5a4e785dbe4b2e5]::runtime::context::runtime::enter_runtime::<<tokio[d5a4e785dbe4b2e5]::runtime::scheduler::current_thread::CurrentThread>::block_on<core[df12db4294e9bfd3]::pin::Pin<&mut dyn core[df12db4294e9bfd3]::future::future::Future<Output = ()>>>::{closure#0}, ()>
[INFO] [stdout]   19:     0x59ba4527fd8b - <tokio[d5a4e785dbe4b2e5]::runtime::runtime::Runtime>::block_on::<core[df12db4294e9bfd3]::pin::Pin<&mut dyn core[df12db4294e9bfd3]::future::future::Future<Output = ()>>>
[INFO] [stdout]   20:     0x59ba45276b0b - s3_mpu[3ac78028f9fb407d]::tests::test_exact
[INFO] [stdout]   21:     0x59ba45282029 - <s3_mpu[3ac78028f9fb407d]::tests::test_exact::{closure#0} as core[df12db4294e9bfd3]::ops::function::FnOnce<()>>::call_once
[INFO] [stdout]   22:     0x59ba4528baab - test[9d35eded1c95d3be]::__rust_begin_short_backtrace::<core[df12db4294e9bfd3]::result::Result<(), alloc[2182bb758b4b3781]::string::String>, fn() -> core[df12db4294e9bfd3]::result::Result<(), alloc[2182bb758b4b3781]::string::String>>
[INFO] [stdout]   23:     0x59ba45299115 - test[9d35eded1c95d3be]::run_test::{closure#0}
[INFO] [stdout]   24:     0x59ba452929d4 - std[70759c8f55707aa4]::sys::backtrace::__rust_begin_short_backtrace::<test[9d35eded1c95d3be]::run_test::{closure#1}, ()>
[INFO] [stdout]   25:     0x59ba4529c272 - <std[70759c8f55707aa4]::thread::lifecycle::spawn_unchecked<test[9d35eded1c95d3be]::run_test::{closure#1}, ()>::{closure#1} as core[df12db4294e9bfd3]::ops::function::FnOnce<()>>::call_once::{shim:vtable#0}
[INFO] [stdout]   26:     0x59ba4545aca9 - <std[70759c8f55707aa4]::sys::thread::unix::Thread>::new::thread_start
[INFO] [stdout]   27:     0x723dff4f3dfa - <unknown>
[INFO] [stdout]   28:     0x723dff5873d4 - clone
[INFO] [stdout]   29:                0x0 - <unknown>
[INFO] [stdout] 
[INFO] [stdout] ---- tests::test_large stdout ----
[INFO] [stdout] 
[INFO] [stdout] thread 'tests::test_large' (905) panicked at src/tests.rs:17:40:
[INFO] [stdout] called `Result::unwrap()` on an `Err` value: NotPresent
[INFO] [stdout] stack backtrace:
[INFO] [stdout]    0:     0x59ba4545b781 - <<std[70759c8f55707aa4]::sys::backtrace::BacktraceLock>::print::DisplayBacktrace as core[df12db4294e9bfd3]::fmt::Display>::fmt
[INFO] [stdout]    1:     0x59ba4547183a - core[df12db4294e9bfd3]::fmt::write
[INFO] [stdout]    2:     0x59ba4546037c - <alloc[2182bb758b4b3781]::vec::Vec<u8> as core[df12db4294e9bfd3]::io::write::Write>::write_fmt
[INFO] [stdout]    3:     0x59ba45436746 - std[70759c8f55707aa4]::panicking::default_hook::{closure#0}
[INFO] [stdout]    4:     0x59ba454537a9 - std[70759c8f55707aa4]::panicking::default_hook
[INFO] [stdout]    5:     0x59ba452987c0 - test[9d35eded1c95d3be]::test_main_inner::<test[9d35eded1c95d3be]::test_main_static::{closure#0}>::{closure#0}
[INFO] [stdout]    6:     0x59ba45453ad2 - std[70759c8f55707aa4]::panicking::panic_with_hook
[INFO] [stdout]    7:     0x59ba454367f2 - std[70759c8f55707aa4]::panicking::panic_handler::{closure#0}
[INFO] [stderr] error: test failed, to rerun pass `--lib`
[INFO] [stdout]    8:     0x59ba4542f499 - std[70759c8f55707aa4]::sys::backtrace::__rust_end_short_backtrace::<std[70759c8f55707aa4]::panicking::panic_handler::{closure#0}, !>
[INFO] [stdout]    9:     0x59ba454375dd - __rustc[8fa7c3cbc660c2b3]::rust_begin_unwind
[INFO] [stdout]   10:     0x59ba45471f9c - core[df12db4294e9bfd3]::panicking::panic_fmt
[INFO] [stdout]   11:     0x59ba45471d72 - core[df12db4294e9bfd3]::result::unwrap_failed
[INFO] [stdout]   12:     0x59ba45276685 - s3_mpu[3ac78028f9fb407d]::tests::context
[INFO] [stdout]   13:     0x59ba45271e90 - s3_mpu[3ac78028f9fb407d]::tests::check::{closure#0}
[INFO] [stdout]   14:     0x59ba4527616c - s3_mpu[3ac78028f9fb407d]::tests::test_large::{closure#0}
[INFO] [stdout]   15:     0x59ba45289cd3 - <tokio[d5a4e785dbe4b2e5]::runtime::scheduler::current_thread::Context>::enter::<core[df12db4294e9bfd3]::task::poll::Poll<()>, <tokio[d5a4e785dbe4b2e5]::runtime::scheduler::current_thread::CoreGuard>::block_on<core[df12db4294e9bfd3]::pin::Pin<&mut core[df12db4294e9bfd3]::pin::Pin<&mut dyn core[df12db4294e9bfd3]::future::future::Future<Output = ()>>>>::{closure#0}::{closure#0}>
[INFO] [stdout]   16:     0x59ba452861e9 - <std[70759c8f55707aa4]::thread::local::LocalKey<tokio[d5a4e785dbe4b2e5]::runtime::context::Context>>::with::<tokio[d5a4e785dbe4b2e5]::runtime::context::set_scheduler<(alloc[2182bb758b4b3781]::boxed::Box<tokio[d5a4e785dbe4b2e5]::runtime::scheduler::current_thread::Core>, core[df12db4294e9bfd3]::option::Option<()>), <tokio[d5a4e785dbe4b2e5]::runtime::scheduler::current_thread::CoreGuard>::enter<<tokio[d5a4e785dbe4b2e5]::runtime::scheduler::current_thread::CoreGuard>::block_on<core[df12db4294e9bfd3]::pin::Pin<&mut core[df12db4294e9bfd3]::pin::Pin<&mut dyn core[df12db4294e9bfd3]::future::future::Future<Output = ()>>>>::{closure#0}, core[df12db4294e9bfd3]::option::Option<()>>::{closure#0}>::{closure#0}, (alloc[2182bb758b4b3781]::boxed::Box<tokio[d5a4e785dbe4b2e5]::runtime::scheduler::current_thread::Core>, core[df12db4294e9bfd3]::option::Option<()>)>
[INFO] [stdout]   17:     0x59ba4528a127 - <tokio[d5a4e785dbe4b2e5]::runtime::scheduler::current_thread::CoreGuard>::block_on::<core[df12db4294e9bfd3]::pin::Pin<&mut core[df12db4294e9bfd3]::pin::Pin<&mut dyn core[df12db4294e9bfd3]::future::future::Future<Output = ()>>>>
[INFO] [stdout]   18:     0x59ba45280f1b - tokio[d5a4e785dbe4b2e5]::runtime::context::runtime::enter_runtime::<<tokio[d5a4e785dbe4b2e5]::runtime::scheduler::current_thread::CurrentThread>::block_on<core[df12db4294e9bfd3]::pin::Pin<&mut dyn core[df12db4294e9bfd3]::future::future::Future<Output = ()>>>::{closure#0}, ()>
[INFO] [stdout]   19:     0x59ba4527fd8b - <tokio[d5a4e785dbe4b2e5]::runtime::runtime::Runtime>::block_on::<core[df12db4294e9bfd3]::pin::Pin<&mut dyn core[df12db4294e9bfd3]::future::future::Future<Output = ()>>>
[INFO] [stdout]   20:     0x59ba45276c6b - s3_mpu[3ac78028f9fb407d]::tests::test_large
[INFO] [stdout]   21:     0x59ba45282049 - <s3_mpu[3ac78028f9fb407d]::tests::test_large::{closure#0} as core[df12db4294e9bfd3]::ops::function::FnOnce<()>>::call_once
[INFO] [stdout]   22:     0x59ba4528baab - test[9d35eded1c95d3be]::__rust_begin_short_backtrace::<core[df12db4294e9bfd3]::result::Result<(), alloc[2182bb758b4b3781]::string::String>, fn() -> core[df12db4294e9bfd3]::result::Result<(), alloc[2182bb758b4b3781]::string::String>>
[INFO] [stdout]   23:     0x59ba45299115 - test[9d35eded1c95d3be]::run_test::{closure#0}
[INFO] [stdout]   24:     0x59ba452929d4 - std[70759c8f55707aa4]::sys::backtrace::__rust_begin_short_backtrace::<test[9d35eded1c95d3be]::run_test::{closure#1}, ()>
[INFO] [stdout]   25:     0x59ba4529c272 - <std[70759c8f55707aa4]::thread::lifecycle::spawn_unchecked<test[9d35eded1c95d3be]::run_test::{closure#1}, ()>::{closure#1} as core[df12db4294e9bfd3]::ops::function::FnOnce<()>>::call_once::{shim:vtable#0}
[INFO] [stdout]   26:     0x59ba4545aca9 - <std[70759c8f55707aa4]::sys::thread::unix::Thread>::new::thread_start
[INFO] [stdout]   27:     0x723dff4f3dfa - <unknown>
[INFO] [stdout]   28:     0x723dff5873d4 - clone
[INFO] [stdout]   29:                0x0 - <unknown>
[INFO] [stdout] 
[INFO] [stdout] ---- tests::test_concurrent stdout ----
[INFO] [stdout] 
[INFO] [stdout] thread 'tests::test_concurrent' (900) panicked at src/tests.rs:17:40:
[INFO] [stdout] called `Result::unwrap()` on an `Err` value: NotPresent
[INFO] [stdout] stack backtrace:
[INFO] [stdout]    0:     0x59ba4545b781 - <<std[70759c8f55707aa4]::sys::backtrace::BacktraceLock>::print::DisplayBacktrace as core[df12db4294e9bfd3]::fmt::Display>::fmt
[INFO] [stdout]    1:     0x59ba4547183a - core[df12db4294e9bfd3]::fmt::write
[INFO] [stdout]    2:     0x59ba4546037c - <alloc[2182bb758b4b3781]::vec::Vec<u8> as core[df12db4294e9bfd3]::io::write::Write>::write_fmt
[INFO] [stdout]    3:     0x59ba45436746 - std[70759c8f55707aa4]::panicking::default_hook::{closure#0}
[INFO] [stdout]    4:     0x59ba454537a9 - std[70759c8f55707aa4]::panicking::default_hook
[INFO] [stdout]    5:     0x59ba452987c0 - test[9d35eded1c95d3be]::test_main_inner::<test[9d35eded1c95d3be]::test_main_static::{closure#0}>::{closure#0}
[INFO] [stdout]    6:     0x59ba45453ad2 - std[70759c8f55707aa4]::panicking::panic_with_hook
[INFO] [stdout]    7:     0x59ba454367f2 - std[70759c8f55707aa4]::panicking::panic_handler::{closure#0}
[INFO] [stdout]    8:     0x59ba4542f499 - std[70759c8f55707aa4]::sys::backtrace::__rust_end_short_backtrace::<std[70759c8f55707aa4]::panicking::panic_handler::{closure#0}, !>
[INFO] [stdout]    9:     0x59ba454375dd - __rustc[8fa7c3cbc660c2b3]::rust_begin_unwind
[INFO] [stdout]   10:     0x59ba45471f9c - core[df12db4294e9bfd3]::panicking::panic_fmt
[INFO] [stdout]   11:     0x59ba45471d72 - core[df12db4294e9bfd3]::result::unwrap_failed
[INFO] [stdout]   12:     0x59ba45276685 - s3_mpu[3ac78028f9fb407d]::tests::context
[INFO] [stdout]   13:     0x59ba45271e90 - s3_mpu[3ac78028f9fb407d]::tests::check::{closure#0}
[INFO] [stdout]   14:     0x59ba452762d4 - s3_mpu[3ac78028f9fb407d]::tests::test_concurrent::{closure#0}
[INFO] [stdout]   15:     0x59ba45289cd3 - <tokio[d5a4e785dbe4b2e5]::runtime::scheduler::current_thread::Context>::enter::<core[df12db4294e9bfd3]::task::poll::Poll<()>, <tokio[d5a4e785dbe4b2e5]::runtime::scheduler::current_thread::CoreGuard>::block_on<core[df12db4294e9bfd3]::pin::Pin<&mut core[df12db4294e9bfd3]::pin::Pin<&mut dyn core[df12db4294e9bfd3]::future::future::Future<Output = ()>>>>::{closure#0}::{closure#0}>
[INFO] [stdout]   16:     0x59ba452861e9 - <std[70759c8f55707aa4]::thread::local::LocalKey<tokio[d5a4e785dbe4b2e5]::runtime::context::Context>>::with::<tokio[d5a4e785dbe4b2e5]::runtime::context::set_scheduler<(alloc[2182bb758b4b3781]::boxed::Box<tokio[d5a4e785dbe4b2e5]::runtime::scheduler::current_thread::Core>, core[df12db4294e9bfd3]::option::Option<()>), <tokio[d5a4e785dbe4b2e5]::runtime::scheduler::current_thread::CoreGuard>::enter<<tokio[d5a4e785dbe4b2e5]::runtime::scheduler::current_thread::CoreGuard>::block_on<core[df12db4294e9bfd3]::pin::Pin<&mut core[df12db4294e9bfd3]::pin::Pin<&mut dyn core[df12db4294e9bfd3]::future::future::Future<Output = ()>>>>::{closure#0}, core[df12db4294e9bfd3]::option::Option<()>>::{closure#0}>::{closure#0}, (alloc[2182bb758b4b3781]::boxed::Box<tokio[d5a4e785dbe4b2e5]::runtime::scheduler::current_thread::Core>, core[df12db4294e9bfd3]::option::Option<()>)>
[INFO] [stdout]   17:     0x59ba4528a127 - <tokio[d5a4e785dbe4b2e5]::runtime::scheduler::current_thread::CoreGuard>::block_on::<core[df12db4294e9bfd3]::pin::Pin<&mut core[df12db4294e9bfd3]::pin::Pin<&mut dyn core[df12db4294e9bfd3]::future::future::Future<Output = ()>>>>
[INFO] [stdout]   18:     0x59ba45280f1b - tokio[d5a4e785dbe4b2e5]::runtime::context::runtime::enter_runtime::<<tokio[d5a4e785dbe4b2e5]::runtime::scheduler::current_thread::CurrentThread>::block_on<core[df12db4294e9bfd3]::pin::Pin<&mut dyn core[df12db4294e9bfd3]::future::future::Future<Output = ()>>>::{closure#0}, ()>
[INFO] [stdout]   19:     0x59ba4527fd8b - <tokio[d5a4e785dbe4b2e5]::runtime::runtime::Runtime>::block_on::<core[df12db4294e9bfd3]::pin::Pin<&mut dyn core[df12db4294e9bfd3]::future::future::Future<Output = ()>>>
[INFO] [stdout]   20:     0x59ba45276f2b - s3_mpu[3ac78028f9fb407d]::tests::test_concurrent
[INFO] [stdout]   21:     0x59ba45282089 - <s3_mpu[3ac78028f9fb407d]::tests::test_concurrent::{closure#0} as core[df12db4294e9bfd3]::ops::function::FnOnce<()>>::call_once
[INFO] [stdout]   22:     0x59ba4528baab - test[9d35eded1c95d3be]::__rust_begin_short_backtrace::<core[df12db4294e9bfd3]::result::Result<(), alloc[2182bb758b4b3781]::string::String>, fn() -> core[df12db4294e9bfd3]::result::Result<(), alloc[2182bb758b4b3781]::string::String>>
[INFO] [stdout]   23:     0x59ba45299115 - test[9d35eded1c95d3be]::run_test::{closure#0}
[INFO] [stdout]   24:     0x59ba452929d4 - std[70759c8f55707aa4]::sys::backtrace::__rust_begin_short_backtrace::<test[9d35eded1c95d3be]::run_test::{closure#1}, ()>
[INFO] [stdout]   25:     0x59ba4529c272 - <std[70759c8f55707aa4]::thread::lifecycle::spawn_unchecked<test[9d35eded1c95d3be]::run_test::{closure#1}, ()>::{closure#1} as core[df12db4294e9bfd3]::ops::function::FnOnce<()>>::call_once::{shim:vtable#0}
[INFO] [stdout]   26:     0x59ba4545aca9 - <std[70759c8f55707aa4]::sys::thread::unix::Thread>::new::thread_start
[INFO] [stdout]   27:     0x723dff4f3dfa - <unknown>
[INFO] [stdout]   28:     0x723dff5873d4 - clone
[INFO] [stdout]   29:                0x0 - <unknown>
[INFO] [stdout] 
[INFO] [stdout] ---- tests::test_empty stdout ----
[INFO] [stdout] 
[INFO] [stdout] thread 'tests::test_empty' (902) panicked at src/tests.rs:17:40:
[INFO] [stdout] called `Result::unwrap()` on an `Err` value: NotPresent
[INFO] [stdout] stack backtrace:
[INFO] [stdout]    0:     0x59ba4545b781 - <<std[70759c8f55707aa4]::sys::backtrace::BacktraceLock>::print::DisplayBacktrace as core[df12db4294e9bfd3]::fmt::Display>::fmt
[INFO] [stdout]    1:     0x59ba4547183a - core[df12db4294e9bfd3]::fmt::write
[INFO] [stdout]    2:     0x59ba4546037c - <alloc[2182bb758b4b3781]::vec::Vec<u8> as core[df12db4294e9bfd3]::io::write::Write>::write_fmt
[INFO] [stdout]    3:     0x59ba45436746 - std[70759c8f55707aa4]::panicking::default_hook::{closure#0}
[INFO] [stdout]    4:     0x59ba454537a9 - std[70759c8f55707aa4]::panicking::default_hook
[INFO] [stdout]    5:     0x59ba452987c0 - test[9d35eded1c95d3be]::test_main_inner::<test[9d35eded1c95d3be]::test_main_static::{closure#0}>::{closure#0}
[INFO] [stdout]    6:     0x59ba45453ad2 - std[70759c8f55707aa4]::panicking::panic_with_hook
[INFO] [stdout]    7:     0x59ba454367f2 - std[70759c8f55707aa4]::panicking::panic_handler::{closure#0}
[INFO] [stdout]    8:     0x59ba4542f499 - std[70759c8f55707aa4]::sys::backtrace::__rust_end_short_backtrace::<std[70759c8f55707aa4]::panicking::panic_handler::{closure#0}, !>
[INFO] [stdout]    9:     0x59ba454375dd - __rustc[8fa7c3cbc660c2b3]::rust_begin_unwind
[INFO] [stdout]   10:     0x59ba45471f9c - core[df12db4294e9bfd3]::panicking::panic_fmt
[INFO] [stdout]   11:     0x59ba45471d72 - core[df12db4294e9bfd3]::result::unwrap_failed
[INFO] [stdout]   12:     0x59ba45276685 - s3_mpu[3ac78028f9fb407d]::tests::context
[INFO] [stdout]   13:     0x59ba45271e90 - s3_mpu[3ac78028f9fb407d]::tests::check::{closure#0}
[INFO] [stdout]   14:     0x59ba4527600c - s3_mpu[3ac78028f9fb407d]::tests::test_empty::{closure#0}
[INFO] [stdout]   15:     0x59ba45289cd3 - <tokio[d5a4e785dbe4b2e5]::runtime::scheduler::current_thread::Context>::enter::<core[df12db4294e9bfd3]::task::poll::Poll<()>, <tokio[d5a4e785dbe4b2e5]::runtime::scheduler::current_thread::CoreGuard>::block_on<core[df12db4294e9bfd3]::pin::Pin<&mut core[df12db4294e9bfd3]::pin::Pin<&mut dyn core[df12db4294e9bfd3]::future::future::Future<Output = ()>>>>::{closure#0}::{closure#0}>
[INFO] [stdout]   16:     0x59ba452861e9 - <std[70759c8f55707aa4]::thread::local::LocalKey<tokio[d5a4e785dbe4b2e5]::runtime::context::Context>>::with::<tokio[d5a4e785dbe4b2e5]::runtime::context::set_scheduler<(alloc[2182bb758b4b3781]::boxed::Box<tokio[d5a4e785dbe4b2e5]::runtime::scheduler::current_thread::Core>, core[df12db4294e9bfd3]::option::Option<()>), <tokio[d5a4e785dbe4b2e5]::runtime::scheduler::current_thread::CoreGuard>::enter<<tokio[d5a4e785dbe4b2e5]::runtime::scheduler::current_thread::CoreGuard>::block_on<core[df12db4294e9bfd3]::pin::Pin<&mut core[df12db4294e9bfd3]::pin::Pin<&mut dyn core[df12db4294e9bfd3]::future::future::Future<Output = ()>>>>::{closure#0}, core[df12db4294e9bfd3]::option::Option<()>>::{closure#0}>::{closure#0}, (alloc[2182bb758b4b3781]::boxed::Box<tokio[d5a4e785dbe4b2e5]::runtime::scheduler::current_thread::Core>, core[df12db4294e9bfd3]::option::Option<()>)>
[INFO] [stdout]   17:     0x59ba4528a127 - <tokio[d5a4e785dbe4b2e5]::runtime::scheduler::current_thread::CoreGuard>::block_on::<core[df12db4294e9bfd3]::pin::Pin<&mut core[df12db4294e9bfd3]::pin::Pin<&mut dyn core[df12db4294e9bfd3]::future::future::Future<Output = ()>>>>
[INFO] [stdout]   18:     0x59ba45280f1b - tokio[d5a4e785dbe4b2e5]::runtime::context::runtime::enter_runtime::<<tokio[d5a4e785dbe4b2e5]::runtime::scheduler::current_thread::CurrentThread>::block_on<core[df12db4294e9bfd3]::pin::Pin<&mut dyn core[df12db4294e9bfd3]::future::future::Future<Output = ()>>>::{closure#0}, ()>
[INFO] [stdout]   19:     0x59ba4527fd8b - <tokio[d5a4e785dbe4b2e5]::runtime::runtime::Runtime>::block_on::<core[df12db4294e9bfd3]::pin::Pin<&mut dyn core[df12db4294e9bfd3]::future::future::Future<Output = ()>>>
[INFO] [stdout]   20:     0x59ba452769ab - s3_mpu[3ac78028f9fb407d]::tests::test_empty
[INFO] [stdout]   21:     0x59ba45282009 - <s3_mpu[3ac78028f9fb407d]::tests::test_empty::{closure#0} as core[df12db4294e9bfd3]::ops::function::FnOnce<()>>::call_once
[INFO] [stdout]   22:     0x59ba4528baab - test[9d35eded1c95d3be]::__rust_begin_short_backtrace::<core[df12db4294e9bfd3]::result::Result<(), alloc[2182bb758b4b3781]::string::String>, fn() -> core[df12db4294e9bfd3]::result::Result<(), alloc[2182bb758b4b3781]::string::String>>
[INFO] [stdout]   23:     0x59ba45299115 - test[9d35eded1c95d3be]::run_test::{closure#0}
[INFO] [stdout]   24:     0x59ba452929d4 - std[70759c8f55707aa4]::sys::backtrace::__rust_begin_short_backtrace::<test[9d35eded1c95d3be]::run_test::{closure#1}, ()>
[INFO] [stdout]   25:     0x59ba4529c272 - <std[70759c8f55707aa4]::thread::lifecycle::spawn_unchecked<test[9d35eded1c95d3be]::run_test::{closure#1}, ()>::{closure#1} as core[df12db4294e9bfd3]::ops::function::FnOnce<()>>::call_once::{shim:vtable#0}
[INFO] [stdout]   26:     0x59ba4545aca9 - <std[70759c8f55707aa4]::sys::thread::unix::Thread>::new::thread_start
[INFO] [stdout]   27:     0x723dff4f3dfa - <unknown>
[INFO] [stdout]   28:     0x723dff5873d4 - clone
[INFO] [stdout]   29:                0x0 - <unknown>
[INFO] [stdout] 
[INFO] [stdout] ---- tests::test_small stdout ----
[INFO] [stdout] 
[INFO] [stdout] thread 'tests::test_small' (907) panicked at src/tests.rs:17:40:
[INFO] [stdout] called `Result::unwrap()` on an `Err` value: NotPresent
[INFO] [stdout] stack backtrace:
[INFO] [stdout]    0:     0x59ba4545b781 - <<std[70759c8f55707aa4]::sys::backtrace::BacktraceLock>::print::DisplayBacktrace as core[df12db4294e9bfd3]::fmt::Display>::fmt
[INFO] [stdout]    1:     0x59ba4547183a - core[df12db4294e9bfd3]::fmt::write
[INFO] [stdout]    2:     0x59ba4546037c - <alloc[2182bb758b4b3781]::vec::Vec<u8> as core[df12db4294e9bfd3]::io::write::Write>::write_fmt
[INFO] [stdout]    3:     0x59ba45436746 - std[70759c8f55707aa4]::panicking::default_hook::{closure#0}
[INFO] [stdout]    4:     0x59ba454537a9 - std[70759c8f55707aa4]::panicking::default_hook
[INFO] [stdout]    5:     0x59ba452987c0 - test[9d35eded1c95d3be]::test_main_inner::<test[9d35eded1c95d3be]::test_main_static::{closure#0}>::{closure#0}
[INFO] [stdout]    6:     0x59ba45453ad2 - std[70759c8f55707aa4]::panicking::panic_with_hook
[INFO] [stdout]    7:     0x59ba454367f2 - std[70759c8f55707aa4]::panicking::panic_handler::{closure#0}
[INFO] [stdout]    8:     0x59ba4542f499 - std[70759c8f55707aa4]::sys::backtrace::__rust_end_short_backtrace::<std[70759c8f55707aa4]::panicking::panic_handler::{closure#0}, !>
[INFO] [stdout]    9:     0x59ba454375dd - __rustc[8fa7c3cbc660c2b3]::rust_begin_unwind
[INFO] [stdout]   10:     0x59ba45471f9c - core[df12db4294e9bfd3]::panicking::panic_fmt
[INFO] [stdout]   11:     0x59ba45471d72 - core[df12db4294e9bfd3]::result::unwrap_failed
[INFO] [stdout]   12:     0x59ba45276685 - s3_mpu[3ac78028f9fb407d]::tests::context
[INFO] [stdout]   13:     0x59ba45271e90 - s3_mpu[3ac78028f9fb407d]::tests::check::{closure#0}
[INFO] [stdout]   14:     0x59ba4527621c - s3_mpu[3ac78028f9fb407d]::tests::test_small::{closure#0}
[INFO] [stdout]   15:     0x59ba45289cd3 - <tokio[d5a4e785dbe4b2e5]::runtime::scheduler::current_thread::Context>::enter::<core[df12db4294e9bfd3]::task::poll::Poll<()>, <tokio[d5a4e785dbe4b2e5]::runtime::scheduler::current_thread::CoreGuard>::block_on<core[df12db4294e9bfd3]::pin::Pin<&mut core[df12db4294e9bfd3]::pin::Pin<&mut dyn core[df12db4294e9bfd3]::future::future::Future<Output = ()>>>>::{closure#0}::{closure#0}>
[INFO] [stdout]   16:     0x59ba452861e9 - <std[70759c8f55707aa4]::thread::local::LocalKey<tokio[d5a4e785dbe4b2e5]::runtime::context::Context>>::with::<tokio[d5a4e785dbe4b2e5]::runtime::context::set_scheduler<(alloc[2182bb758b4b3781]::boxed::Box<tokio[d5a4e785dbe4b2e5]::runtime::scheduler::current_thread::Core>, core[df12db4294e9bfd3]::option::Option<()>), <tokio[d5a4e785dbe4b2e5]::runtime::scheduler::current_thread::CoreGuard>::enter<<tokio[d5a4e785dbe4b2e5]::runtime::scheduler::current_thread::CoreGuard>::block_on<core[df12db4294e9bfd3]::pin::Pin<&mut core[df12db4294e9bfd3]::pin::Pin<&mut dyn core[df12db4294e9bfd3]::future::future::Future<Output = ()>>>>::{closure#0}, core[df12db4294e9bfd3]::option::Option<()>>::{closure#0}>::{closure#0}, (alloc[2182bb758b4b3781]::boxed::Box<tokio[d5a4e785dbe4b2e5]::runtime::scheduler::current_thread::Core>, core[df12db4294e9bfd3]::option::Option<()>)>
[INFO] [stdout]   17:     0x59ba4528a127 - <tokio[d5a4e785dbe4b2e5]::runtime::scheduler::current_thread::CoreGuard>::block_on::<core[df12db4294e9bfd3]::pin::Pin<&mut core[df12db4294e9bfd3]::pin::Pin<&mut dyn core[df12db4294e9bfd3]::future::future::Future<Output = ()>>>>
[INFO] [stdout]   18:     0x59ba45280f1b - tokio[d5a4e785dbe4b2e5]::runtime::context::runtime::enter_runtime::<<tokio[d5a4e785dbe4b2e5]::runtime::scheduler::current_thread::CurrentThread>::block_on<core[df12db4294e9bfd3]::pin::Pin<&mut dyn core[df12db4294e9bfd3]::future::future::Future<Output = ()>>>::{closure#0}, ()>
[INFO] [stdout]   19:     0x59ba4527fd8b - <tokio[d5a4e785dbe4b2e5]::runtime::runtime::Runtime>::block_on::<core[df12db4294e9bfd3]::pin::Pin<&mut dyn core[df12db4294e9bfd3]::future::future::Future<Output = ()>>>
[INFO] [stdout]   20:     0x59ba45276dcb - s3_mpu[3ac78028f9fb407d]::tests::test_small
[INFO] [stdout]   21:     0x59ba45282069 - <s3_mpu[3ac78028f9fb407d]::tests::test_small::{closure#0} as core[df12db4294e9bfd3]::ops::function::FnOnce<()>>::call_once
[INFO] [stdout]   22:     0x59ba4528baab - test[9d35eded1c95d3be]::__rust_begin_short_backtrace::<core[df12db4294e9bfd3]::result::Result<(), alloc[2182bb758b4b3781]::string::String>, fn() -> core[df12db4294e9bfd3]::result::Result<(), alloc[2182bb758b4b3781]::string::String>>
[INFO] [stdout]   23:     0x59ba45299115 - test[9d35eded1c95d3be]::run_test::{closure#0}
[INFO] [stdout]   24:     0x59ba452929d4 - std[70759c8f55707aa4]::sys::backtrace::__rust_begin_short_backtrace::<test[9d35eded1c95d3be]::run_test::{closure#1}, ()>
[INFO] [stdout]   25:     0x59ba4529c272 - <std[70759c8f55707aa4]::thread::lifecycle::spawn_unchecked<test[9d35eded1c95d3be]::run_test::{closure#1}, ()>::{closure#1} as core[df12db4294e9bfd3]::ops::function::FnOnce<()>>::call_once::{shim:vtable#0}
[INFO] [stdout]   26:     0x59ba4545aca9 - <std[70759c8f55707aa4]::sys::thread::unix::Thread>::new::thread_start
[INFO] [stdout]   27:     0x723dff4f3dfa - <unknown>
[INFO] [stdout]   28:     0x723dff5873d4 - clone
[INFO] [stdout]   29:                0x0 - <unknown>
[INFO] [stdout] 
[INFO] [stdout] ---- tests::test_concurrent_unlimited stdout ----
[INFO] [stdout] 
[INFO] [stdout] thread 'tests::test_concurrent_unlimited' (901) panicked at src/tests.rs:17:40:
[INFO] [stdout] called `Result::unwrap()` on an `Err` value: NotPresent
[INFO] [stdout] stack backtrace:
[INFO] [stdout]    0:     0x59ba4545b781 - <<std[70759c8f55707aa4]::sys::backtrace::BacktraceLock>::print::DisplayBacktrace as core[df12db4294e9bfd3]::fmt::Display>::fmt
[INFO] [stdout]    1:     0x59ba4547183a - core[df12db4294e9bfd3]::fmt::write
[INFO] [stdout]    2:     0x59ba4546037c - <alloc[2182bb758b4b3781]::vec::Vec<u8> as core[df12db4294e9bfd3]::io::write::Write>::write_fmt
[INFO] [stdout]    3:     0x59ba45436746 - std[70759c8f55707aa4]::panicking::default_hook::{closure#0}
[INFO] [stdout]    4:     0x59ba454537a9 - std[70759c8f55707aa4]::panicking::default_hook
[INFO] [stdout]    5:     0x59ba452987c0 - test[9d35eded1c95d3be]::test_main_inner::<test[9d35eded1c95d3be]::test_main_static::{closure#0}>::{closure#0}
[INFO] [stdout]    6:     0x59ba45453ad2 - std[70759c8f55707aa4]::panicking::panic_with_hook
[INFO] [stdout]    7:     0x59ba454367f2 - std[70759c8f55707aa4]::panicking::panic_handler::{closure#0}
[INFO] [stdout]    8:     0x59ba4542f499 - std[70759c8f55707aa4]::sys::backtrace::__rust_end_short_backtrace::<std[70759c8f55707aa4]::panicking::panic_handler::{closure#0}, !>
[INFO] [stdout]    9:     0x59ba454375dd - __rustc[8fa7c3cbc660c2b3]::rust_begin_unwind
[INFO] [stdout]   10:     0x59ba45471f9c - core[df12db4294e9bfd3]::panicking::panic_fmt
[INFO] [stdout]   11:     0x59ba45471d72 - core[df12db4294e9bfd3]::result::unwrap_failed
[INFO] [stdout]   12:     0x59ba45276685 - s3_mpu[3ac78028f9fb407d]::tests::context
[INFO] [stdout]   13:     0x59ba45271e90 - s3_mpu[3ac78028f9fb407d]::tests::check::{closure#0}
[INFO] [stdout]   14:     0x59ba4527644c - s3_mpu[3ac78028f9fb407d]::tests::test_concurrent_unlimited::{closure#0}
[INFO] [stdout]   15:     0x59ba45289cd3 - <tokio[d5a4e785dbe4b2e5]::runtime::scheduler::current_thread::Context>::enter::<core[df12db4294e9bfd3]::task::poll::Poll<()>, <tokio[d5a4e785dbe4b2e5]::runtime::scheduler::current_thread::CoreGuard>::block_on<core[df12db4294e9bfd3]::pin::Pin<&mut core[df12db4294e9bfd3]::pin::Pin<&mut dyn core[df12db4294e9bfd3]::future::future::Future<Output = ()>>>>::{closure#0}::{closure#0}>
[INFO] [stdout]   16:     0x59ba452861e9 - <std[70759c8f55707aa4]::thread::local::LocalKey<tokio[d5a4e785dbe4b2e5]::runtime::context::Context>>::with::<tokio[d5a4e785dbe4b2e5]::runtime::context::set_scheduler<(alloc[2182bb758b4b3781]::boxed::Box<tokio[d5a4e785dbe4b2e5]::runtime::scheduler::current_thread::Core>, core[df12db4294e9bfd3]::option::Option<()>), <tokio[d5a4e785dbe4b2e5]::runtime::scheduler::current_thread::CoreGuard>::enter<<tokio[d5a4e785dbe4b2e5]::runtime::scheduler::current_thread::CoreGuard>::block_on<core[df12db4294e9bfd3]::pin::Pin<&mut core[df12db4294e9bfd3]::pin::Pin<&mut dyn core[df12db4294e9bfd3]::future::future::Future<Output = ()>>>>::{closure#0}, core[df12db4294e9bfd3]::option::Option<()>>::{closure#0}>::{closure#0}, (alloc[2182bb758b4b3781]::boxed::Box<tokio[d5a4e785dbe4b2e5]::runtime::scheduler::current_thread::Core>, core[df12db4294e9bfd3]::option::Option<()>)>
[INFO] [stdout]   17:     0x59ba4528a127 - <tokio[d5a4e785dbe4b2e5]::runtime::scheduler::current_thread::CoreGuard>::block_on::<core[df12db4294e9bfd3]::pin::Pin<&mut core[df12db4294e9bfd3]::pin::Pin<&mut dyn core[df12db4294e9bfd3]::future::future::Future<Output = ()>>>>
[INFO] [stdout]   18:     0x59ba45280f1b - tokio[d5a4e785dbe4b2e5]::runtime::context::runtime::enter_runtime::<<tokio[d5a4e785dbe4b2e5]::runtime::scheduler::current_thread::CurrentThread>::block_on<core[df12db4294e9bfd3]::pin::Pin<&mut dyn core[df12db4294e9bfd3]::future::future::Future<Output = ()>>>::{closure#0}, ()>
[INFO] [stdout]   19:     0x59ba4527fd8b - <tokio[d5a4e785dbe4b2e5]::runtime::runtime::Runtime>::block_on::<core[df12db4294e9bfd3]::pin::Pin<&mut dyn core[df12db4294e9bfd3]::future::future::Future<Output = ()>>>
[INFO] [stdout]   20:     0x59ba452773db - s3_mpu[3ac78028f9fb407d]::tests::test_concurrent_unlimited
[INFO] [stdout]   21:     0x59ba452820e9 - <s3_mpu[3ac78028f9fb407d]::tests::test_concurrent_unlimited::{closure#0} as core[df12db4294e9bfd3]::ops::function::FnOnce<()>>::call_once
[INFO] [stdout]   22:     0x59ba4528baab - test[9d35eded1c95d3be]::__rust_begin_short_backtrace::<core[df12db4294e9bfd3]::result::Result<(), alloc[2182bb758b4b3781]::string::String>, fn() -> core[df12db4294e9bfd3]::result::Result<(), alloc[2182bb758b4b3781]::string::String>>
[INFO] [stdout]   23:     0x59ba45299115 - test[9d35eded1c95d3be]::run_test::{closure#0}
[INFO] [stdout]   24:     0x59ba452929d4 - std[70759c8f55707aa4]::sys::backtrace::__rust_begin_short_backtrace::<test[9d35eded1c95d3be]::run_test::{closure#1}, ()>
[INFO] [stdout]   25:     0x59ba4529c272 - <std[70759c8f55707aa4]::thread::lifecycle::spawn_unchecked<test[9d35eded1c95d3be]::run_test::{closure#1}, ()>::{closure#1} as core[df12db4294e9bfd3]::ops::function::FnOnce<()>>::call_once::{shim:vtable#0}
[INFO] [stdout]   26:     0x59ba4545aca9 - <std[70759c8f55707aa4]::sys::thread::unix::Thread>::new::thread_start
[INFO] [stdout]   27:     0x723dff4f3dfa - <unknown>
[INFO] [stdout]   28:     0x723dff5873d4 - clone
[INFO] [stdout]   29:                0x0 - <unknown>
[INFO] [stdout] 
[INFO] [stdout] ---- tests::test_sequential stdout ----
[INFO] [stdout] 
[INFO] [stdout] thread 'tests::test_sequential' (906) panicked at src/tests.rs:17:40:
[INFO] [stdout] called `Result::unwrap()` on an `Err` value: NotPresent
[INFO] [stdout] stack backtrace:
[INFO] [stdout]    0:     0x59ba4545b781 - <<std[70759c8f55707aa4]::sys::backtrace::BacktraceLock>::print::DisplayBacktrace as core[df12db4294e9bfd3]::fmt::Display>::fmt
[INFO] [stdout]    1:     0x59ba4547183a - core[df12db4294e9bfd3]::fmt::write
[INFO] [stdout]    2:     0x59ba4546037c - <alloc[2182bb758b4b3781]::vec::Vec<u8> as core[df12db4294e9bfd3]::io::write::Write>::write_fmt
[INFO] [stdout]    3:     0x59ba45436746 - std[70759c8f55707aa4]::panicking::default_hook::{closure#0}
[INFO] [stdout]    4:     0x59ba454537a9 - std[70759c8f55707aa4]::panicking::default_hook
[INFO] [stdout]    5:     0x59ba452987c0 - test[9d35eded1c95d3be]::test_main_inner::<test[9d35eded1c95d3be]::test_main_static::{closure#0}>::{closure#0}
[INFO] [stdout]    6:     0x59ba45453ad2 - std[70759c8f55707aa4]::panicking::panic_with_hook
[INFO] [stdout]    7:     0x59ba454367f2 - std[70759c8f55707aa4]::panicking::panic_handler::{closure#0}
[INFO] [stdout]    8:     0x59ba4542f499 - std[70759c8f55707aa4]::sys::backtrace::__rust_end_short_backtrace::<std[70759c8f55707aa4]::panicking::panic_handler::{closure#0}, !>
[INFO] [stdout]    9:     0x59ba454375dd - __rustc[8fa7c3cbc660c2b3]::rust_begin_unwind
[INFO] [stdout]   10:     0x59ba45471f9c - core[df12db4294e9bfd3]::panicking::panic_fmt
[INFO] [stdout]   11:     0x59ba45471d72 - core[df12db4294e9bfd3]::result::unwrap_failed
[INFO] [stdout]   12:     0x59ba45276685 - s3_mpu[3ac78028f9fb407d]::tests::context
[INFO] [stdout]   13:     0x59ba45271e90 - s3_mpu[3ac78028f9fb407d]::tests::check::{closure#0}
[INFO] [stdout]   14:     0x59ba45276394 - s3_mpu[3ac78028f9fb407d]::tests::test_sequential::{closure#0}
[INFO] [stdout]   15:     0x59ba45289cd3 - <tokio[d5a4e785dbe4b2e5]::runtime::scheduler::current_thread::Context>::enter::<core[df12db4294e9bfd3]::task::poll::Poll<()>, <tokio[d5a4e785dbe4b2e5]::runtime::scheduler::current_thread::CoreGuard>::block_on<core[df12db4294e9bfd3]::pin::Pin<&mut core[df12db4294e9bfd3]::pin::Pin<&mut dyn core[df12db4294e9bfd3]::future::future::Future<Output = ()>>>>::{closure#0}::{closure#0}>
[INFO] [stdout]   16:     0x59ba452861e9 - <std[70759c8f55707aa4]::thread::local::LocalKey<tokio[d5a4e785dbe4b2e5]::runtime::context::Context>>::with::<tokio[d5a4e785dbe4b2e5]::runtime::context::set_scheduler<(alloc[2182bb758b4b3781]::boxed::Box<tokio[d5a4e785dbe4b2e5]::runtime::scheduler::current_thread::Core>, core[df12db4294e9bfd3]::option::Option<()>), <tokio[d5a4e785dbe4b2e5]::runtime::scheduler::current_thread::CoreGuard>::enter<<tokio[d5a4e785dbe4b2e5]::runtime::scheduler::current_thread::CoreGuard>::block_on<core[df12db4294e9bfd3]::pin::Pin<&mut core[df12db4294e9bfd3]::pin::Pin<&mut dyn core[df12db4294e9bfd3]::future::future::Future<Output = ()>>>>::{closure#0}, core[df12db4294e9bfd3]::option::Option<()>>::{closure#0}>::{closure#0}, (alloc[2182bb758b4b3781]::boxed::Box<tokio[d5a4e785dbe4b2e5]::runtime::scheduler::current_thread::Core>, core[df12db4294e9bfd3]::option::Option<()>)>
[INFO] [stdout]   17:     0x59ba4528a127 - <tokio[d5a4e785dbe4b2e5]::runtime::scheduler::current_thread::CoreGuard>::block_on::<core[df12db4294e9bfd3]::pin::Pin<&mut core[df12db4294e9bfd3]::pin::Pin<&mut dyn core[df12db4294e9bfd3]::future::future::Future<Output = ()>>>>
[INFO] [stdout]   18:     0x59ba45280f1b - tokio[d5a4e785dbe4b2e5]::runtime::context::runtime::enter_runtime::<<tokio[d5a4e785dbe4b2e5]::runtime::scheduler::current_thread::CurrentThread>::block_on<core[df12db4294e9bfd3]::pin::Pin<&mut dyn core[df12db4294e9bfd3]::future::future::Future<Output = ()>>>::{closure#0}, ()>
[INFO] [stdout]   19:     0x59ba4527fd8b - <tokio[d5a4e785dbe4b2e5]::runtime::runtime::Runtime>::block_on::<core[df12db4294e9bfd3]::pin::Pin<&mut dyn core[df12db4294e9bfd3]::future::future::Future<Output = ()>>>
[INFO] [stdout]   20:     0x59ba4527708b - s3_mpu[3ac78028f9fb407d]::tests::test_sequential
[INFO] [stdout]   21:     0x59ba452820a9 - <s3_mpu[3ac78028f9fb407d]::tests::test_sequential::{closure#0} as core[df12db4294e9bfd3]::ops::function::FnOnce<()>>::call_once
[INFO] [stdout]   22:     0x59ba4528baab - test[9d35eded1c95d3be]::__rust_begin_short_backtrace::<core[df12db4294e9bfd3]::result::Result<(), alloc[2182bb758b4b3781]::string::String>, fn() -> core[df12db4294e9bfd3]::result::Result<(), alloc[2182bb758b4b3781]::string::String>>
[INFO] [stdout]   23:     0x59ba45299115 - test[9d35eded1c95d3be]::run_test::{closure#0}
[INFO] [stdout]   24:     0x59ba452929d4 - std[70759c8f55707aa4]::sys::backtrace::__rust_begin_short_backtrace::<test[9d35eded1c95d3be]::run_test::{closure#1}, ()>
[INFO] [stdout]   25:     0x59ba4529c272 - <std[70759c8f55707aa4]::thread::lifecycle::spawn_unchecked<test[9d35eded1c95d3be]::run_test::{closure#1}, ()>::{closure#1} as core[df12db4294e9bfd3]::ops::function::FnOnce<()>>::call_once::{shim:vtable#0}
[INFO] [stdout]   26:     0x59ba4545aca9 - <std[70759c8f55707aa4]::sys::thread::unix::Thread>::new::thread_start
[INFO] [stdout]   27:     0x723dff4f3dfa - <unknown>
[INFO] [stdout]   28:     0x723dff5873d4 - clone
[INFO] [stdout]   29:                0x0 - <unknown>
[INFO] [stdout] 
[INFO] [stdout] 
[INFO] [stdout] failures:
[INFO] [stdout]     tests::test_abort
[INFO] [stdout]     tests::test_concurrent
[INFO] [stdout]     tests::test_concurrent_unlimited
[INFO] [stdout]     tests::test_empty
[INFO] [stdout]     tests::test_exact
[INFO] [stdout]     tests::test_large
[INFO] [stdout]     tests::test_sequential
[INFO] [stdout]     tests::test_small
[INFO] [stdout] 
[INFO] [stdout] test result: FAILED. 3 passed; 8 failed; 0 ignored; 0 measured; 0 filtered out; finished in 0.01s
[INFO] [stdout] 
[INFO] running `Command { std: "docker" "inspect" "e3c5d45064bd57d5ec6a0550379e97c64b810053f120657a2cce5ad1f91263dc", kill_on_drop: false }`
[INFO] running `Command { std: "docker" "rm" "-f" "e3c5d45064bd57d5ec6a0550379e97c64b810053f120657a2cce5ad1f91263dc", kill_on_drop: false }`
[INFO] [stdout] e3c5d45064bd57d5ec6a0550379e97c64b810053f120657a2cce5ad1f91263dc
