[INFO] fetching crate s3-endpoint 0.1.1...
[INFO] testing s3-endpoint-0.1.1 against 1.100.0-beta.1+cargoflags=--release for beta-release-1.100-2
[INFO] extracting crate s3-endpoint 0.1.1 into /workspace/builds/worker-7-tc2/source
[INFO] started tweaking crates.io crate s3-endpoint 0.1.1
[INFO] removed 0 missing tests
[INFO] finished tweaking crates.io crate s3-endpoint 0.1.1
[INFO] tweaked toml for crates.io crate s3-endpoint 0.1.1 written to /workspace/builds/worker-7-tc2/source/Cargo.toml
[INFO] validating manifest of crates.io crate s3-endpoint 0.1.1 on toolchain 1.100.0-beta.1
[INFO] running `Command { std: CARGO_HOME="/workspace/cargo-home" RUSTUP_HOME="/workspace/rustup-home" "/workspace/cargo-home/bin/cargo" "+1.100.0-beta.1" "metadata" "--manifest-path" "Cargo.toml" "--no-deps", kill_on_drop: false }`
[INFO] crate crates.io crate s3-endpoint 0.1.1 already has a lockfile, it will not be regenerated
[INFO] running `Command { std: CARGO_HOME="/workspace/cargo-home" RUSTUP_HOME="/workspace/rustup-home" "/workspace/cargo-home/bin/cargo" "+1.100.0-beta.1" "fetch" "--manifest-path" "Cargo.toml", kill_on_drop: false }`
[INFO] [stderr] warning: `package.homepage` is redundant with `package.repository`
[INFO] [stderr]    --> Cargo.toml:117:12
[INFO] [stderr]     |
[INFO] [stderr] 117 | homepage = "https://github.com/RustedBytes/s3-endpoint"
[INFO] [stderr]     |            ^^^^^^^^^^^^^^^^^^^^^^^^^^^^^^^^^^^^^^^^^^^^
[INFO] [stderr] ...
[INFO] [stderr] 122 | repository = "https://github.com/RustedBytes/s3-endpoint"
[INFO] [stderr]     |              --------------------------------------------
[INFO] [stderr]     |
[INFO] [stderr]     = note: `cargo::redundant_homepage` is set to `warn` by default
[INFO] [stderr] help: consider removing `package.homepage`
[INFO] [stderr] warning: `s3-endpoint` (manifest) generated 1 warning
[INFO] running `Command { std: "docker" "create" "-v" "/var/lib/crater-agent-workspace/builds/worker-7-tc2/source:/opt/rustwide/workdir:ro,Z" "-v" "/var/lib/crater-agent-workspace/builds/worker-7-tc2/target:/opt/rustwide/target:rw,Z" "-v" "/var/lib/crater-agent-workspace/cargo-home:/opt/rustwide/cargo-home:ro,Z" "-v" "/var/lib/crater-agent-workspace/rustup-home:/opt/rustwide/rustup-home:ro,Z" "-m" "1610612736" "--network" "none" "ghcr.io/rust-lang/crates-build-env/linux@sha256:77db811e55d90add9212f6832c23229e3de5f1c1f9905e8cb07319ea15df73ac" "sleep" "infinity", kill_on_drop: false }`
[INFO] [stdout] 45866f2258bb73ec2de8fd2542b28ff5229deb7b9602c70b9ffdc0ea57b36d45
[INFO] running `Command { std: "docker" "start" "45866f2258bb73ec2de8fd2542b28ff5229deb7b9602c70b9ffdc0ea57b36d45", kill_on_drop: false }`
[INFO] running `Command { std: "docker" "inspect" "45866f2258bb73ec2de8fd2542b28ff5229deb7b9602c70b9ffdc0ea57b36d45", kill_on_drop: false }`
[INFO] running `Command { std: "docker" "exec" "-e" "SOURCE_DIR=/opt/rustwide/workdir" "-e" "CARGO_HOME=/opt/rustwide/cargo-home" "-e" "RUSTUP_HOME=/opt/rustwide/rustup-home" "-e" "CARGO_TARGET_DIR=/opt/rustwide/target" "-w" "/opt/rustwide/workdir" "--user" "0:0" "45866f2258bb73ec2de8fd2542b28ff5229deb7b9602c70b9ffdc0ea57b36d45" "/opt/rustwide/cargo-home/bin/cargo" "+1.100.0-beta.1" "metadata" "--no-deps" "--format-version=1", kill_on_drop: false }`
[INFO] running `Command { std: "docker" "inspect" "45866f2258bb73ec2de8fd2542b28ff5229deb7b9602c70b9ffdc0ea57b36d45", kill_on_drop: false }`
[INFO] running `Command { std: "docker" "exec" "-e" "SOURCE_DIR=/opt/rustwide/workdir" "-e" "CARGO_HOME=/opt/rustwide/cargo-home" "-e" "RUSTUP_HOME=/opt/rustwide/rustup-home" "-e" "CARGO_TARGET_DIR=/opt/rustwide/target" "-e" "CARGO_INCREMENTAL=0" "-e" "RUST_BACKTRACE=full" "-e" "RUSTFLAGS=--cap-lints=warn" "-e" "RUSTDOCFLAGS=--cap-lints=warn" "-w" "/opt/rustwide/workdir" "--user" "0:0" "45866f2258bb73ec2de8fd2542b28ff5229deb7b9602c70b9ffdc0ea57b36d45" "/opt/rustwide/cargo-home/bin/cargo" "+1.100.0-beta.1" "build" "--frozen" "--message-format=json" "--release", kill_on_drop: false }`
[INFO] [stderr] warning: `package.homepage` is redundant with `package.repository`
[INFO] [stderr]    --> Cargo.toml:117:12
[INFO] [stderr]     |
[INFO] [stderr] 117 | homepage = "https://github.com/RustedBytes/s3-endpoint"
[INFO] [stderr]     |            ^^^^^^^^^^^^^^^^^^^^^^^^^^^^^^^^^^^^^^^^^^^^
[INFO] [stderr] ...
[INFO] [stderr] 122 | repository = "https://github.com/RustedBytes/s3-endpoint"
[INFO] [stderr]     |              --------------------------------------------
[INFO] [stderr]     |
[INFO] [stderr]     = note: `cargo::redundant_homepage` is set to `warn` by default
[INFO] [stderr] help: consider removing `package.homepage`
[INFO] [stderr] warning: `s3-endpoint` (manifest) generated 1 warning
[INFO] [stderr]    Compiling memchr v2.8.2
[INFO] [stderr]    Compiling smallvec v1.15.2
[INFO] [stderr]    Compiling log v0.4.32
[INFO] [stderr]    Compiling http v1.4.2
[INFO] [stderr]    Compiling syn v2.0.118
[INFO] [stderr]    Compiling errno v0.3.14
[INFO] [stderr]    Compiling mio v1.2.1
[INFO] [stderr]    Compiling socket2 v0.6.4
[INFO] [stderr]    Compiling digest v0.10.7
[INFO] [stderr]    Compiling serde_json v1.0.150
[INFO] [stderr]    Compiling clap_builder v4.6.0
[INFO] [stderr]    Compiling serde_path_to_error v0.1.20
[INFO] [stderr]    Compiling jiff v0.2.28
[INFO] [stderr]    Compiling hashbrown v0.14.5
[INFO] [stderr]    Compiling tempfile v3.27.0
[INFO] [stderr]    Compiling uuid v1.23.3
[INFO] [stderr]    Compiling signal-hook-registry v1.4.8
[INFO] [stderr]    Compiling tracing-log v0.2.0
[INFO] [stderr]    Compiling md-5 v0.10.6
[INFO] [stderr]    Compiling sha1 v0.10.6
[INFO] [stderr]    Compiling hmac v0.12.1
[INFO] [stderr]    Compiling sha2 v0.10.9
[INFO] [stderr]    Compiling parking_lot_core v0.9.12
[INFO] [stderr]    Compiling aho-corasick v1.1.4
[INFO] [stderr]    Compiling parking_lot v0.12.5
[INFO] [stderr]    Compiling dashmap v6.2.1
[INFO] [stderr]    Compiling http-body v1.0.1
[INFO] [stderr]    Compiling http-body-util v0.1.3
[INFO] [stderr]    Compiling regex-automata v0.4.14
[INFO] [stderr]    Compiling tokio-macros v2.7.0
[INFO] [stderr]    Compiling serde_derive v1.0.228
[INFO] [stderr]    Compiling tracing-attributes v0.1.31
[INFO] [stderr]    Compiling futures-macro v0.3.32
[INFO] [stderr]    Compiling clap_derive v4.6.1
[INFO] [stderr]    Compiling thiserror-impl v2.0.18
[INFO] [stderr]    Compiling tokio v1.52.3
[INFO] [stderr]    Compiling futures-util v0.3.32
[INFO] [stderr]    Compiling tracing v0.1.44
[INFO] [stderr]    Compiling thiserror v2.0.18
[INFO] [stderr]    Compiling axum-core v0.5.6
[INFO] [stderr]    Compiling clap v4.6.1
[INFO] [stderr]    Compiling serde v1.0.228
[INFO] [stderr]    Compiling regex v1.12.4
[INFO] [stderr]    Compiling matchers v0.2.0
[INFO] [stderr]    Compiling tracing-subscriber v0.3.23
[INFO] [stderr]    Compiling serde_urlencoded v0.7.1
[INFO] [stderr]    Compiling chrono v0.4.45
[INFO] [stderr]    Compiling quick-xml v0.38.4
[INFO] [stderr]    Compiling env_filter v1.0.1
[INFO] [stderr]    Compiling env_logger v0.11.10
[INFO] [stderr]    Compiling hyper v1.10.1
[INFO] [stderr]    Compiling tower v0.5.3
[INFO] [stderr]    Compiling hyper-util v0.1.20
[INFO] [stderr]    Compiling axum v0.8.9
[INFO] [stderr]    Compiling s3-endpoint v0.1.1 (/opt/rustwide/workdir)
[INFO] [stderr] warning: unused dependency `tempfile`
[INFO] [stderr]   --> Cargo.toml:73:15
[INFO] [stderr]    |
[INFO] [stderr] 73 | [dependencies.tempfile]
[INFO] [stderr]    |               ^^^^^^^^^
[INFO] [stderr]    |
[INFO] [stderr]    = note: `cargo::unused_dependencies` is set to `warn` by default
[INFO] [stderr] help: consider removing the dependency on `tempfile`
[INFO] [stderr] warning: `s3-endpoint` (manifest) generated 1 warning
[INFO] [stderr]     Finished `release` profile [optimized] target(s) in 1m 31s
[INFO] running `Command { std: "docker" "inspect" "45866f2258bb73ec2de8fd2542b28ff5229deb7b9602c70b9ffdc0ea57b36d45", kill_on_drop: false }`
[INFO] running `Command { std: "docker" "exec" "-e" "SOURCE_DIR=/opt/rustwide/workdir" "-e" "CARGO_HOME=/opt/rustwide/cargo-home" "-e" "RUSTUP_HOME=/opt/rustwide/rustup-home" "-e" "CARGO_TARGET_DIR=/opt/rustwide/target" "-e" "CARGO_INCREMENTAL=0" "-e" "RUST_BACKTRACE=full" "-e" "RUSTFLAGS=--cap-lints=warn" "-e" "RUSTDOCFLAGS=--cap-lints=warn" "-w" "/opt/rustwide/workdir" "--user" "0:0" "45866f2258bb73ec2de8fd2542b28ff5229deb7b9602c70b9ffdc0ea57b36d45" "/opt/rustwide/cargo-home/bin/cargo" "+1.100.0-beta.1" "test" "--frozen" "--no-run" "--message-format=json" "--release", kill_on_drop: false }`
[INFO] [stderr] warning: `package.homepage` is redundant with `package.repository`
[INFO] [stderr]    --> Cargo.toml:117:12
[INFO] [stderr]     |
[INFO] [stderr] 117 | homepage = "https://github.com/RustedBytes/s3-endpoint"
[INFO] [stderr]     |            ^^^^^^^^^^^^^^^^^^^^^^^^^^^^^^^^^^^^^^^^^^^^
[INFO] [stderr] ...
[INFO] [stderr] 122 | repository = "https://github.com/RustedBytes/s3-endpoint"
[INFO] [stderr]     |              --------------------------------------------
[INFO] [stderr]     |
[INFO] [stderr]     = note: `cargo::redundant_homepage` is set to `warn` by default
[INFO] [stderr] help: consider removing `package.homepage`
[INFO] [stderr] warning: `s3-endpoint` (manifest) generated 1 warning
[INFO] [stderr]    Compiling s3-endpoint v0.1.1 (/opt/rustwide/workdir)
[INFO] [stderr] warning: unused dependency `tempfile`
[INFO] [stderr]   --> Cargo.toml:73:15
[INFO] [stderr]    |
[INFO] [stderr] 73 | [dependencies.tempfile]
[INFO] [stderr]    |               ^^^^^^^^^
[INFO] [stderr]    |
[INFO] [stderr]    = note: `cargo::unused_dependencies` is set to `warn` by default
[INFO] [stderr] help: consider removing the dependency on `tempfile`
[INFO] [stderr] help: to still use for development builds, move to `dev-dependencies`
[INFO] [stderr] warning: `s3-endpoint` (manifest) generated 1 warning
[INFO] [stderr]     Finished `release` profile [optimized] target(s) in 1m 07s
[INFO] running `Command { std: "docker" "inspect" "45866f2258bb73ec2de8fd2542b28ff5229deb7b9602c70b9ffdc0ea57b36d45", kill_on_drop: false }`
[INFO] running `Command { std: "docker" "exec" "-e" "SOURCE_DIR=/opt/rustwide/workdir" "-e" "CARGO_HOME=/opt/rustwide/cargo-home" "-e" "RUSTUP_HOME=/opt/rustwide/rustup-home" "-e" "CARGO_TARGET_DIR=/opt/rustwide/target" "-e" "CARGO_INCREMENTAL=0" "-e" "RUST_BACKTRACE=full" "-e" "RUSTFLAGS=--cap-lints=warn" "-e" "RUSTDOCFLAGS=--cap-lints=warn" "-w" "/opt/rustwide/workdir" "--user" "0:0" "45866f2258bb73ec2de8fd2542b28ff5229deb7b9602c70b9ffdc0ea57b36d45" "/opt/rustwide/cargo-home/bin/cargo" "+1.100.0-beta.1" "test" "--frozen" "--release", kill_on_drop: false }`
[INFO] [stderr] warning: `package.homepage` is redundant with `package.repository`
[INFO] [stderr]    --> Cargo.toml:117:12
[INFO] [stderr]     |
[INFO] [stderr] 117 | homepage = "https://github.com/RustedBytes/s3-endpoint"
[INFO] [stderr]     |            ^^^^^^^^^^^^^^^^^^^^^^^^^^^^^^^^^^^^^^^^^^^^
[INFO] [stderr] ...
[INFO] [stderr] 122 | repository = "https://github.com/RustedBytes/s3-endpoint"
[INFO] [stderr]     |              --------------------------------------------
[INFO] [stderr]     |
[INFO] [stderr]     = note: `cargo::redundant_homepage` is set to `warn` by default
[INFO] [stderr] help: consider removing `package.homepage`
[INFO] [stderr] warning: `s3-endpoint` (manifest) generated 1 warning
[INFO] [stderr] warning: unused dependency `tempfile`
[INFO] [stderr]   --> Cargo.toml:73:15
[INFO] [stderr]    |
[INFO] [stderr] 73 | [dependencies.tempfile]
[INFO] [stderr]    |               ^^^^^^^^^
[INFO] [stderr]    |
[INFO] [stderr]    = note: `cargo::unused_dependencies` is set to `warn` by default
[INFO] [stderr] help: consider removing the dependency on `tempfile`
[INFO] [stderr] help: to still use for development builds, move to `dev-dependencies`
[INFO] [stderr] warning: `s3-endpoint` (manifest) generated 1 warning
[INFO] [stderr]     Finished `release` profile [optimized] target(s) in 0.25s
[INFO] [stderr]      Running unittests src/lib.rs (/opt/rustwide/target/release/build/s3-endpoint/67625826cb98232a/out/s3_endpoint-67625826cb98232a)
[INFO] [stdout] 
[INFO] [stdout] running 141 tests
[INFO] [stdout] test auth::tests::canonical_query_excludes_decoded_signature_param_for_presigned_auth ... ok
[INFO] [stdout] test auth::tests::canonical_uri_encodes_literal_unsafe_bytes ... ok
[INFO] [stdout] test body::aws_chunked::tests::rejects_duplicate_trailer_names_case_insensitively ... ok
[INFO] [stdout] test auth::tests::canonical_headers_join_repeated_values ... ok
[INFO] [stdout] test auth::tests::authorization_header_rejects_duplicate_fields ... ok
[INFO] [stdout] test auth::tests::canonical_query_preserves_empty_values_and_sorts_after_encoding ... ok
[INFO] [stdout] test body::aws_chunked::tests::rejects_missing_chunk_terminator ... ok
[INFO] [stdout] test auth::tests::canonical_headers_trim_and_compress_spaces ... ok
[INFO] [stdout] test auth::tests::canonical_query_includes_signature_param_for_header_auth ... ok
[INFO] [stdout] test auth::tests::credential_scope_rejects_malformed_dates ... ok
[INFO] [stdout] test auth::tests::presigned_query_detection_decodes_query_field_names ... ok
[INFO] [stdout] test auth::tests::signed_headers_must_be_lowercase_sorted_unique_and_include_host ... ok
[INFO] [stdout] test body::aws_chunked::tests::decodes_chunks_and_trailers ... ok
[INFO] [stdout] test auth::tests::all_x_amz_request_headers_must_be_signed ... ok
[INFO] [stdout] test auth::tests::canonical_uri_preserves_existing_percent_encoded_octets ... ok
[INFO] [stdout] test auth::tests::credential_scope_rejects_empty_segments ... ok
[INFO] [stdout] test body::checksum::tests::checksum_request_rejects_duplicate_declared_trailer_names ... ok
[INFO] [stdout] test body::checksum::tests::checksum_request_rejects_duplicate_trailer_headers ... ok
[INFO] [stdout] test body::checksum::tests::checksum_request_rejects_duplicate_sdk_checksum_algorithm_headers ... ok
[INFO] [stdout] test body::checksum::tests::checksum_request_rejects_duplicate_checksum_headers ... ok
[INFO] [stdout] test body::upload::tests::upload_body_state_enables_sha256_for_actual_payload_hash ... ok
[INFO] [stdout] test body::upload::tests::upload_body_state_enables_requested_checksum_headers ... ok
[INFO] [stdout] test body::upload::tests::upload_body_state_only_enables_md5_by_default ... ok
[INFO] [stdout] test config::tests::auth_config_empty_allow_lists_permit_everything ... ok
[INFO] [stdout] test config::tests::auth_config_enforces_bucket_and_action_allow_lists ... ok
[INFO] [stdout] test config::tests::access_key_id_validates_like_auth_config ... ok
[INFO] [stdout] test config::tests::auth_config_debug_redacts_secret_values ... ok
[INFO] [stdout] test config::tests::auth_config_rejects_access_key_id_whitespace_or_control_characters ... ok
[INFO] [stdout] test body::checksum::tests::checksum_request_reports_required_digest_states ... ok
[INFO] [stdout] test body::upload::tests::aws_chunk_header_rejects_malformed_signature_extension ... ok
[INFO] [stdout] test body::upload::tests::aws_chunk_header_accepts_valid_signature_and_ignored_extensions ... ok
[INFO] [stdout] test config::tests::auth_config_rejects_invalid_allowed_bucket ... ok
[INFO] [stdout] test config::tests::auth_config_rejects_invalid_region ... ok
[INFO] [stdout] test config::tests::auth_config_rejects_empty_secret_key ... ok
[INFO] [stdout] test config::tests::auth_config_rejects_negative_max_skew ... ok
[INFO] [stdout] test config::tests::default_auth_config_is_valid ... ok
[INFO] [stdout] test config::tests::default_upload_limits_are_valid ... ok
[INFO] [stdout] test body::upload::tests::payload_hash_mode_from_headers_accepts_missing_header ... ok
[INFO] [stdout] test config::tests::s3_action_parses_iam_and_cli_names ... ok
[INFO] [stdout] test config::tests::s3_action_rejects_unsupported_actions ... ok
[INFO] [stdout] test config::tests::auth_config_rejects_empty_access_key_id ... ok
[INFO] [stdout] test config::tests::secret_key_debug_redacts_value ... ok
[INFO] [stdout] test config::tests::upload_limits_reject_min_part_size_larger_than_max_part_size ... ok
[INFO] [stdout] test config::tests::upload_limits_return_positive_validated_values ... ok
[INFO] [stdout] test handlers::head_object::tests::parse_http_datetime_accepts_all_http_date_forms ... ok
[INFO] [stdout] test config::tests::upload_limits_reject_zero_values ... ok
[INFO] [stdout] test handlers::head_object::tests::parse_http_datetime_rejects_invalid_dates ... ok
[INFO] [stdout] test body::upload::tests::payload_hash_mode_from_headers_accepts_supported_modes ... ok
[INFO] [stdout] test body::upload::tests::aws_chunk_header_rejects_duplicate_signature_extension ... ok
[INFO] [stdout] test config::tests::auth_config_rejects_duplicate_credential_access_key_ids ... ok
[INFO] [stdout] test body::upload::tests::payload_hash_mode_from_headers_rejects_duplicate_header ... ok
[INFO] [stdout] test body::upload::tests::upload_body_state_enables_declared_checksum_trailers_case_insensitively ... ok
[INFO] [stdout] test config::tests::upload_limit_presets_are_valid ... ok
[INFO] [stdout] test config::tests::auth_config_rejects_empty_session_token ... ok
[INFO] [stdout] test config::tests::auth_config_rejects_secret_key_control_characters ... ok
[INFO] [stdout] test body::upload::tests::aws_chunk_header_rejects_malformed_extension ... ok
[INFO] [stdout] test body::upload::tests::payload_hash_mode_from_headers_rejects_invalid_values ... ok
[INFO] [stdout] test config::tests::auth_state_debug_redacts_credential_values ... ok
[INFO] [stdout] test handlers::s3::tests::detect_operation_rejects_duplicate_multipart_query_params ... ok
[INFO] [stdout] test handlers::s3::tests::detect_operation_does_not_report_invalid_list_type_as_v2 ... ok
[INFO] [stdout] test handlers::s3::tests::detect_operation_parses_upload_part ... ok
[INFO] [stdout] test config::tests::auth_state_indexes_primary_and_additional_credentials ... ok
[INFO] [stdout] test config::tests::config_builder_sets_embedded_server_options ... ok
[INFO] [stdout] test hooks::tests::redacted_headers_masks_sensitive_values ... ok
[INFO] [stdout] test handlers::s3::tests::detect_operation_requires_upload_id_and_part_number_together ... ok
[INFO] [stdout] test handlers::s3::tests::request_log_context_hashes_key_and_keeps_multipart_ids ... ok
[INFO] [stdout] test handlers::s3::tests::detect_operation_rejects_ambiguous_multipart_queries ... ok
[INFO] [stdout] test hooks::tests::tenant_id_parse_rejects_unsafe_values ... ok
[INFO] [stdout] test handlers::s3::tests::detect_operation_rejects_invalid_query_utf8 ... ok
[INFO] [stdout] test handlers::s3::tests::detect_operation_reports_list_objects_v2 ... ok
[INFO] [stdout] test handlers::s3::tests::request_log_context_supports_virtual_hosted_bucket ... ok
[INFO] [stdout] test handlers::tests::empty_request_body_headers_accept_absent_or_zero_content_length ... ok
[INFO] [stdout] test handlers::tests::empty_request_body_headers_reject_non_zero_content_length ... ok
[INFO] [stdout] test hooks::tests::authentication_result_try_custom_validates_id ... ok
[INFO] [stdout] test s3::target::tests::resolves_virtual_hosted_bucket ... ok
[INFO] [stdout] test handlers::s3::tests::record_decoded_body_bytes_adds_response_extension ... ok
[INFO] [stdout] test s3::target::tests::resolves_virtual_hosted_target ... ok
[INFO] [stdout] test handlers::s3::tests::detect_operation_reports_object_operation_for_invalid_object_key ... ok
[INFO] [stdout] test s3::target::tests::resolves_virtual_hosted_target_case_insensitively ... ok
[INFO] [stdout] test s3::types::tests::payload_hash_mode_parses_supported_values ... ok
[INFO] [stdout] test s3::target::tests::detects_virtual_hosted_bucket_case_insensitively ... ok
[INFO] [stdout] test hooks::tests::tenant_id_is_derived_from_request_principal ... ok
[INFO] [stdout] test s3::types::tests::payload_hash_mode_rejects_unsupported_or_non_lowercase_values ... ok
[INFO] [stdout] test s3::types::tests::content_length_parses_unsigned_decimal_values ... ok
[INFO] [stdout] test s3::target::tests::rejects_percent_decoded_control_character_in_virtual_hosted_bucket ... ok
[INFO] [stdout] test s3::target::tests::rejects_percent_decoded_separator_in_path_style_bucket ... ok
[INFO] [stdout] test s3::types::tests::etag_rejects_empty_and_control_characters ... ok
[INFO] [stdout] test handlers::tests::empty_request_body_headers_reject_transfer_encoding ... ok
[INFO] [stdout] test s3::types::tests::upload_id_accepts_canonical_uuid ... ok
[INFO] [stdout] test s3::types::tests::upload_id_rejects_non_uuid_or_non_canonical_values ... ok
[INFO] [stdout] test storage::tests::multipart_complete_checksum_state_is_empty_without_requested_checksums ... ok
[INFO] [stdout] test s3::types::tests::upload_id_deserialization_uses_same_validation ... ok
[INFO] [stdout] test storage::tests::upload_session_deserialization_defaults_missing_state_to_open ... ok
[INFO] [stdout] test s3::target::tests::resolves_path_style_bucket ... ok
[INFO] [stdout] test s3::types::tests::object_key_preserves_slashes_but_rejects_control_characters ... ok
[INFO] [stdout] test s3::target::tests::resolves_path_style_target ... ok
[INFO] [stdout] test s3::types::tests::request_id_rejects_empty_and_control_characters ... ok
[INFO] [stdout] test storage::tests::multipart_complete_checksum_state_enables_requested_digests ... ok
[INFO] [stdout] test storage::tests::upload_metadata_serializes_checksum_enums_as_s3_values ... ok
[INFO] [stdout] test tests::app_state_rejects_invalid_auth_config ... ok
[INFO] [stdout] test s3::types::tests::bucket_name_rejects_path_separators_and_control_characters ... ok
[INFO] [stdout] test storage::tests::multipart_store_rejects_part_creation_for_non_open_upload ... ok
[INFO] [stdout] test tests::app_builder_rejects_invalid_io_tuning ... ok
[INFO] [stdout] test tests::app_state_rejects_invalid_upload_limits ... ok
[INFO] [stdout] test tests::builder_accepts_custom_store_trait_objects ... ok
[INFO] [stdout] test tests::authorization_policy_can_deny_allowed_request ... ok
[INFO] [stdout] test tests::admission_limits_are_configurable ... ok
[INFO] [stdout] test tests::app_state_new_registers_no_upload_processors ... ok
[INFO] [stdout] test storage::tests::multipart_store_startup_removes_terminal_upload_sessions ... ok
[INFO] [stdout] test storage::tests::multipart_completion_failure_restores_upload_to_open ... ok
[INFO] [stdout] test tests::app_state_builder_registers_upload_processor_fn ... ok
[INFO] [stdout] test storage::tests::multipart_store_startup_removes_expired_open_upload_sessions ... ok
[INFO] [stdout] test tests::object_writer_admission_rejects_when_limit_is_exhausted ... ok
[INFO] [stdout] test tests::aws_chunked_decoder_admission_only_applies_to_aws_chunked_requests ... ok
[INFO] [stdout] test tests::operation_policy_can_deny_specific_operations ... ok
[INFO] [stdout] test tests::error_mapper_can_rewrite_error_and_preserve_request_id ... ok
[INFO] [stdout] test tests::clock_controls_object_last_modified_metadata ... ok
[INFO] [stdout] test tests::authentication_provider_can_replace_static_auth ... ok
[INFO] [stdout] test tests::response_mapper_can_add_headers ... ok
[INFO] [stdout] test tests::build_router_serves_custom_health_path_and_s3_routes ... ok
[INFO] [stdout] test tests::multipart_part_writer_admission_rejects_when_limit_is_exhausted ... ok
[INFO] [stdout] test tests::app_state_builder_registers_upload_processors_in_order ... ok
[INFO] [stdout] test tests::custom_auth_success_still_runs_downstream_policies ... ok
[INFO] [stdout] test tests::router_returns_slow_down_when_s3_request_admission_is_exhausted ... ok
[INFO] [stdout] test tests::custom_auth_with_invalid_principal_id_is_rejected ... ok
[INFO] [stdout] test tests::build_router_can_disable_health_route ... ok
[INFO] [stdout] test tests::disabled_operation_rejects_before_handler_dispatch ... ok
[INFO] [stdout] test tests::authorization_policy_receives_custom_auth_principal ... ok
[INFO] [stdout] test tests::request_observer_receives_parsed_request_context ... ok
[INFO] [stdout] test tests::tenant_limits_provider_permit_is_dropped_after_completion ... ok
[INFO] [stdout] test tests::tenant_limits_timeout_returns_slow_down_and_preserves_request_id ... ok
[INFO] [stdout] test tests::tenant_limits_finish_receives_operation_outcomes ... ok
[INFO] [stdout] test tests::target_policy_can_deny_key_prefixes ... ok
[INFO] [stdout] test tests::upload_policy_can_deny_uploads_before_body_is_stored ... ok
[INFO] [stdout] test tests::tenant_limits_use_custom_auth_principal_and_authenticate_once ... ok
[INFO] [stdout] test tests::s3_request_admission_rejects_when_limit_is_exhausted ... ok
[INFO] [stdout] test tests::tenant_limits_provider_can_deny_before_handler_execution ... ok
[INFO] [stdout] test tests::upload_processor_fn_can_transform_stored_object ... ok
[INFO] [stdout] test tests::timed_out_put_object_discards_temporary_object_file ... ok
[INFO] [stdout] test tests::timed_out_upload_part_discards_temporary_part_file ... ok
[INFO] [stdout] test handlers::multipart::tests::complete_multipart_parser_accepts_maximum_part_count_with_formatted_xml ... ok
[INFO] [stdout] 
[INFO] [stdout] test result: ok. 141 passed; 0 failed; 0 ignored; 0 measured; 0 filtered out; finished in 0.14s
[INFO] [stdout] 
[INFO] [stderr]      Running unittests src/main.rs (/opt/rustwide/target/release/build/s3-endpoint/1b121b4efb9c2bf9/out/s3_endpoint-1b121b4efb9c2bf9)
[INFO] [stdout] 
[INFO] [stdout] running 3 tests
[INFO] [stdout] test tests::credentials_json_allows_inactive_credentials ... ok
[INFO] [stdout] test tests::credentials_json_parses_additional_credentials ... ok
[INFO] [stdout] test tests::credentials_json_rejects_unsupported_actions ... ok
[INFO] [stdout] 
[INFO] [stdout] test result: ok. 3 passed; 0 failed; 0 ignored; 0 measured; 0 filtered out; finished in 0.00s
[INFO] [stdout] 
[INFO] [stderr]      Running tests/delete_object.rs (/opt/rustwide/target/release/build/s3-endpoint/bfeca1e2889e81ea/out/delete_object-bfeca1e2889e81ea)
[INFO] [stdout] 
[INFO] [stdout] running 6 tests
[INFO] [stdout] test delete_object_rejects_percent_decoded_control_character_in_key ... ok
[INFO] [stdout] test delete_object_supports_virtual_hosted_style ... ok
[INFO] [stdout] test delete_object_succeeds_for_missing_object ... ok
[INFO] [stdout] test delete_object_accepts_presigned_url_allowed_by_delete_object_policy ... FAILED
[INFO] [stdout] test delete_object_rejects_signed_request_for_disallowed_action ... ok
[INFO] [stdout] test delete_object_removes_stored_object ... ok
[INFO] [stderr] error: test failed, to rerun pass `--test delete_object`
[INFO] [stdout] 
[INFO] [stdout] failures:
[INFO] [stdout] 
[INFO] [stdout] ---- delete_object_accepts_presigned_url_allowed_by_delete_object_policy stdout ----
[INFO] [stdout] 
[INFO] [stdout] thread 'delete_object_accepts_presigned_url_allowed_by_delete_object_policy' (1941) panicked at tests/delete_object.rs:286:5:
[INFO] [stdout] assertion `left == right` failed: <?xml version="1.0" encoding="UTF-8"?>
[INFO] [stdout] <Error>
[INFO] [stdout]   <Code>AccessDenied</Code>
[INFO] [stdout]   <Message>Request has expired</Message>
[INFO] [stdout]   <RequestId>2cd176a5-9e32-4b9e-bc17-2f94406186f9</RequestId>
[INFO] [stdout] </Error>
[INFO] [stdout] 
[INFO] [stdout]   left: 403
[INFO] [stdout]  right: 204
[INFO] [stdout] stack backtrace:
[INFO] [stdout]    0:     0x6352a00b2e41 - <<std[617be2ca0a6fd877]::sys::backtrace::BacktraceLock>::print::DisplayBacktrace as core[a373ad73a504971]::fmt::Display>::fmt
[INFO] [stdout]    1:     0x6352a00c899a - core[a373ad73a504971]::fmt::write
[INFO] [stdout]    2:     0x6352a00b761c - <alloc[2e1b2a31b91974c5]::vec::Vec<u8> as core[a373ad73a504971]::io::write::Write>::write_fmt
[INFO] [stdout]    3:     0x6352a008ca76 - std[617be2ca0a6fd877]::panicking::default_hook::{closure#0}
[INFO] [stdout]    4:     0x6352a00aa039 - std[617be2ca0a6fd877]::panicking::default_hook
[INFO] [stdout]    5:     0x63529feefd00 - test[aada8e7e76ba119b]::test_main_inner::{closure#0}
[INFO] [stdout]    6:     0x6352a00aa362 - std[617be2ca0a6fd877]::panicking::panic_with_hook
[INFO] [stdout]    7:     0x6352a008cb22 - std[617be2ca0a6fd877]::panicking::panic_handler::{closure#0}
[INFO] [stdout]    8:     0x6352a00853e9 - std[617be2ca0a6fd877]::sys::backtrace::__rust_end_short_backtrace::<std[617be2ca0a6fd877]::panicking::panic_handler::{closure#0}, !>
[INFO] [stdout]    9:     0x6352a008d90d - __rustc[ea4f61d10b84890b]::rust_begin_unwind
[INFO] [stdout]   10:     0x6352a00c90fc - core[a373ad73a504971]::panicking::panic_fmt
[INFO] [stdout]   11:     0x6352a00c9073 - core[a373ad73a504971]::panicking::assert_failed_inner
[INFO] [stdout]   12:     0x63529fedb151 - core[a373ad73a504971]::panicking::assert_failed::<http[6d39b41872c29d69]::status::StatusCode, http[6d39b41872c29d69]::status::StatusCode>
[INFO] [stdout]   13:     0x63529feaf198 - delete_object[cf60fa0dfb199a81]::delete_object_accepts_presigned_url_allowed_by_delete_object_policy::{closure#0}
[INFO] [stdout]   14:     0x63529fedf02b - <tokio[adb41f6baa7cda3a]::runtime::runtime::Runtime>::block_on::<core[a373ad73a504971]::pin::Pin<&mut dyn core[a373ad73a504971]::future::future::Future<Output = ()>>>
[INFO] [stdout]   15:     0x63529feb820d - <delete_object[cf60fa0dfb199a81]::delete_object_accepts_presigned_url_allowed_by_delete_object_policy::{closure#0} as core[a373ad73a504971]::ops::function::FnOnce<()>>::call_once
[INFO] [stdout]   16:     0x63529fee314b - test[aada8e7e76ba119b]::__rust_begin_short_backtrace::<core[a373ad73a504971]::result::Result<(), alloc[2e1b2a31b91974c5]::string::String>, fn() -> core[a373ad73a504971]::result::Result<(), alloc[2e1b2a31b91974c5]::string::String>>
[INFO] [stdout]   17:     0x63529fef0325 - test[aada8e7e76ba119b]::run_test::{closure#0}
[INFO] [stdout]   18:     0x63529fee9c14 - std[617be2ca0a6fd877]::sys::backtrace::__rust_begin_short_backtrace::<test[aada8e7e76ba119b]::run_test::{closure#1}, ()>
[INFO] [stdout]   19:     0x63529fef33b2 - <std[617be2ca0a6fd877]::thread::lifecycle::spawn_unchecked<test[aada8e7e76ba119b]::run_test::{closure#1}, ()>::{closure#1} as core[a373ad73a504971]::ops::function::FnOnce<()>>::call_once::{shim:vtable#0}
[INFO] [stdout]   20:     0x6352a00b216f - <std[617be2ca0a6fd877]::sys::thread::unix::Thread>::new::thread_start
[INFO] [stdout]   21:     0x707d6a2b6dfa - <unknown>
[INFO] [stdout]   22:     0x707d6a34a3d4 - clone
[INFO] [stdout]   23:                0x0 - <unknown>
[INFO] [stdout] 
[INFO] [stdout] 
[INFO] [stdout] failures:
[INFO] [stdout]     delete_object_accepts_presigned_url_allowed_by_delete_object_policy
[INFO] [stdout] 
[INFO] [stdout] test result: FAILED. 5 passed; 1 failed; 0 ignored; 0 measured; 0 filtered out; finished in 0.01s
[INFO] [stdout] 
[INFO] running `Command { std: "docker" "inspect" "45866f2258bb73ec2de8fd2542b28ff5229deb7b9602c70b9ffdc0ea57b36d45", kill_on_drop: false }`
[INFO] running `Command { std: "docker" "rm" "-f" "45866f2258bb73ec2de8fd2542b28ff5229deb7b9602c70b9ffdc0ea57b36d45", kill_on_drop: false }`
[INFO] [stdout] 45866f2258bb73ec2de8fd2542b28ff5229deb7b9602c70b9ffdc0ea57b36d45
