[INFO] fetching crate s2-sdk 0.35.2...
[INFO] testing s2-sdk-0.35.2 against 1.99.0-beta.8+cargoflags=--release for beta-release-1.100-2
[INFO] extracting crate s2-sdk 0.35.2 into /workspace/builds/worker-0-tc1/source
[INFO] started tweaking crates.io crate s2-sdk 0.35.2
[INFO] removed 0 missing examples
[INFO] removed 0 missing tests
[INFO] finished tweaking crates.io crate s2-sdk 0.35.2
[INFO] tweaked toml for crates.io crate s2-sdk 0.35.2 written to /workspace/builds/worker-0-tc1/source/Cargo.toml
[INFO] validating manifest of crates.io crate s2-sdk 0.35.2 on toolchain 1.99.0-beta.8
[INFO] running `Command { std: CARGO_HOME="/workspace/cargo-home" RUSTUP_HOME="/workspace/rustup-home" "/workspace/cargo-home/bin/cargo" "+1.99.0-beta.8" "metadata" "--manifest-path" "Cargo.toml" "--no-deps", kill_on_drop: false }`
[INFO] crate crates.io crate s2-sdk 0.35.2 already has a lockfile, it will not be regenerated
[INFO] running `Command { std: CARGO_HOME="/workspace/cargo-home" RUSTUP_HOME="/workspace/rustup-home" "/workspace/cargo-home/bin/cargo" "+1.99.0-beta.8" "fetch" "--manifest-path" "Cargo.toml", kill_on_drop: false }`
[INFO] [stderr]     Blocking waiting for file lock on package cache
[INFO] [stderr]     Updating crates.io index
[INFO] [stderr]     Blocking waiting for file lock on package cache
[INFO] [stderr]  Downloading crates ...
[INFO] [stderr]   Downloaded wasm-bindgen-shared v0.2.128
[INFO] [stderr]   Downloaded wasm-bindgen-macro v0.2.128
[INFO] [stderr]   Downloaded wasm-bindgen v0.2.128
[INFO] [stderr]   Downloaded tokio-shared-rt v0.1.0
[INFO] [stderr]   Downloaded tokio-shared-rt-macro v0.1.0
[INFO] [stderr]   Downloaded tokio-muxt v0.7.0
[INFO] [stderr]   Downloaded smallvec v1.16.0
[INFO] [stderr]   Downloaded pin-project-internal v1.1.13
[INFO] [stderr]   Downloaded adler2 v2.0.1
[INFO] [stderr]   Downloaded bit-set v0.8.0
[INFO] [stderr]   Downloaded tokio-stream v0.1.19
[INFO] [stderr]   Downloaded strum v0.28.0
[INFO] [stderr]   Downloaded futures-macro v0.3.34
[INFO] [stderr]   Downloaded darling_macro v0.21.3
[INFO] [stderr]   Downloaded ident_case v1.0.1
[INFO] [stderr]   Downloaded rustc_version v0.4.1
[INFO] [stderr]   Downloaded futures-io v0.3.34
[INFO] [stderr]   Downloaded num-conv v0.2.2
[INFO] [stderr]   Downloaded secrecy v0.10.3
[INFO] [stderr]   Downloaded unarray v0.1.4
[INFO] [stderr]   Downloaded bit-vec v0.8.0
[INFO] [stderr]   Downloaded futures-task v0.3.34
[INFO] [stderr]   Downloaded test-context-macros v0.5.8
[INFO] [stderr]   Downloaded time-core v0.1.9
[INFO] [stderr]   Downloaded castaway v0.2.4
[INFO] [stderr]   Downloaded dunce v1.0.5
[INFO] [stderr]   Downloaded futures-sink v0.3.34
[INFO] [stderr]   Downloaded proc-macro-crate v3.5.0
[INFO] [stderr]   Downloaded pin-project v1.1.13
[INFO] [stderr]   Downloaded wait-timeout v0.2.1
[INFO] [stderr]   Downloaded rand v0.9.5
[INFO] [stderr]   Downloaded tokio-macros v2.7.2
[INFO] [stderr]   Downloaded test-context v0.5.8
[INFO] [stderr]   Downloaded futures-core v0.3.34
[INFO] [stderr]   Downloaded quick-error v1.2.3
[INFO] [stderr]   Downloaded rand_xorshift v0.4.0
[INFO] [stderr]   Downloaded cpufeatures v0.3.1
[INFO] [stderr]   Downloaded powerfmt v0.2.0
[INFO] [stderr]   Downloaded enumset_derive v0.15.0
[INFO] [stderr]   Downloaded static_assertions v1.1.0
[INFO] [stderr]   Downloaded base64ct v1.8.3
[INFO] [stderr]   Downloaded zstd-safe v8.0.0
[INFO] [stderr]   Downloaded futures-timer v3.0.4
[INFO] [stderr]   Downloaded assert_matches v1.5.0
[INFO] [stderr]   Downloaded thiserror-impl v2.0.20
[INFO] [stderr]   Downloaded fs_extra v1.3.0
[INFO] [stderr]   Downloaded cmake v0.1.58
[INFO] [stderr]   Downloaded relative-path v1.9.3
[INFO] [stderr]   Downloaded deranged v0.5.8
[INFO] [stderr]   Downloaded prost-derive v0.14.4
[INFO] [stderr]   Downloaded async-stream v0.3.6
[INFO] [stderr]   Downloaded async-stream-impl v0.3.6
[INFO] [stderr]   Downloaded compression-core v0.4.33
[INFO] [stderr]   Downloaded futures-executor v0.3.34
[INFO] [stderr]   Downloaded strum_macros v0.28.0
[INFO] [stderr]   Downloaded enumset v1.1.14
[INFO] [stderr]   Downloaded rusty-fork v0.3.1
[INFO] [stderr]   Downloaded rand_core v0.9.5
[INFO] [stderr]   Downloaded async-trait v0.1.92
[INFO] [stderr]   Downloaded tokio-rustls v0.26.5
[INFO] [stderr]   Downloaded rustls-native-certs v0.8.4
[INFO] [stderr]   Downloaded compression-codecs v0.4.41
[INFO] [stderr]   Downloaded pkg-config v0.3.34
[INFO] [stderr]   Downloaded find-msvc-tools v0.1.12
[INFO] [stderr]   Downloaded rand_chacha v0.9.0
[INFO] [stderr]   Downloaded ppv-lite86 v0.2.21
[INFO] [stderr]   Downloaded glob v0.3.4
[INFO] [stderr]   Downloaded http-body-util v0.1.5
[INFO] [stderr]   Downloaded either v1.18.0
[INFO] [stderr]   Downloaded toml_datetime v1.1.1+spec-1.1.0
[INFO] [stderr]   Downloaded fastrand v2.5.0
[INFO] [stderr]   Downloaded thiserror v2.0.20
[INFO] [stderr]   Downloaded s2-common v0.42.1
[INFO] [stderr]   Downloaded prost v0.14.4
[INFO] [stderr]   Downloaded rustls-pki-types v1.15.1
[INFO] [stderr]   Downloaded jobserver v0.1.35
[INFO] [stderr]   Downloaded simd-adler32 v0.3.10
[INFO] [stderr]   Downloaded async-compression v0.4.46
[INFO] [stderr]   Downloaded zstd v0.14.0
[INFO] [stderr]   Downloaded zerocopy-derive v0.8.57
[INFO] [stderr]   Downloaded hyper v1.11.1
[INFO] [stderr]   Downloaded h2 v0.4.19
[INFO] [stderr]   Downloaded toml_parser v1.1.3+spec-1.1.0
[INFO] [stderr]   Downloaded chacha20 v0.10.2
[INFO] [stderr]   Downloaded time-macros v0.2.32
[INFO] [stderr]   Downloaded zerocopy v0.8.57
[INFO] [stderr]   Downloaded uuid v1.26.1
[INFO] [stderr]   Downloaded anyhow v1.0.104
[INFO] [stderr]   Downloaded futures-channel v0.3.34
[INFO] [stderr]   Downloaded s2-api v0.32.1
[INFO] [stderr]   Downloaded log v0.4.34
[INFO] [stderr]   Downloaded crc32fast v1.5.1
[INFO] [stderr]   Downloaded mio v1.2.3
[INFO] [stderr]   Downloaded darling v0.21.3
[INFO] [stderr]   Downloaded wasm-bindgen-macro-support v0.2.128
[INFO] [stderr]   Downloaded rstest v0.27.0
[INFO] [stderr]   Downloaded toml_edit v0.25.15+spec-1.1.0
[INFO] [stderr]   Downloaded darling_core v0.21.3
[INFO] [stderr]   Downloaded futures v0.3.34
[INFO] [stderr]   Downloaded flate2 v1.1.10
[INFO] [stderr]   Downloaded miniz_oxide v0.9.1
[INFO] [stderr]   Downloaded rstest_macros v0.27.0
[INFO] [stderr]   Downloaded compact_str v0.10.0
[INFO] [stderr]   Downloaded rustls-webpki v0.103.15
[INFO] [stderr]   Downloaded cc v1.4.5
[INFO] [stderr]   Downloaded js-sys v0.3.105
[INFO] [stderr]   Downloaded http v1.5.0
[INFO] [stderr]   Downloaded rand v0.10.2
[INFO] [stderr]   Downloaded tokio-util v0.7.19
[INFO] [stderr]   Downloaded regex v1.13.1
[INFO] [stderr]   Downloaded futures-util v0.3.34
[INFO] [stderr]   Downloaded itertools v0.15.0
[INFO] [stderr]   Downloaded aho-corasick v1.1.5
[INFO] [stderr]   Downloaded winnow v1.0.4
[INFO] [stderr]   Downloaded zlib-rs v0.6.7
[INFO] [stderr]   Downloaded proptest v1.11.0
[INFO] [stderr]   Downloaded aws-lc-rs v1.18.1
[INFO] [stderr]   Downloaded time v0.3.55
[INFO] [stderr]   Downloaded syn v3.0.5
[INFO] [stderr]   Downloaded rustls v0.23.45
[INFO] [stderr]   Downloaded regex-automata v0.4.18
[INFO] [stderr]   Downloaded zstd-sys v2.1.0+zstd.1.5.7
[INFO] [stderr]   Downloaded tokio v1.53.1
[INFO] [stderr]   Downloaded aws-lc-sys v0.45.0
[INFO] running `Command { std: "docker" "create" "-v" "/var/lib/crater-agent-workspace/builds/worker-0-tc1/source:/opt/rustwide/workdir:ro,Z" "-v" "/var/lib/crater-agent-workspace/builds/worker-0-tc1/target:/opt/rustwide/target:rw,Z" "-v" "/var/lib/crater-agent-workspace/cargo-home:/opt/rustwide/cargo-home:ro,Z" "-v" "/var/lib/crater-agent-workspace/rustup-home:/opt/rustwide/rustup-home:ro,Z" "-m" "1610612736" "--network" "none" "ghcr.io/rust-lang/crates-build-env/linux@sha256:77db811e55d90add9212f6832c23229e3de5f1c1f9905e8cb07319ea15df73ac" "sleep" "infinity", kill_on_drop: false }`
[INFO] [stdout] 077f8f797c60c0a0e2ab2959801de2d0b017daa1d41cd5111136d4941059ec90
[INFO] running `Command { std: "docker" "start" "077f8f797c60c0a0e2ab2959801de2d0b017daa1d41cd5111136d4941059ec90", kill_on_drop: false }`
[INFO] running `Command { std: "docker" "inspect" "077f8f797c60c0a0e2ab2959801de2d0b017daa1d41cd5111136d4941059ec90", kill_on_drop: false }`
[INFO] running `Command { std: "docker" "exec" "-e" "SOURCE_DIR=/opt/rustwide/workdir" "-e" "CARGO_HOME=/opt/rustwide/cargo-home" "-e" "RUSTUP_HOME=/opt/rustwide/rustup-home" "-e" "CARGO_TARGET_DIR=/opt/rustwide/target" "-w" "/opt/rustwide/workdir" "--user" "0:0" "077f8f797c60c0a0e2ab2959801de2d0b017daa1d41cd5111136d4941059ec90" "/opt/rustwide/cargo-home/bin/cargo" "+1.99.0-beta.8" "metadata" "--no-deps" "--format-version=1", kill_on_drop: false }`
[INFO] running `Command { std: "docker" "inspect" "077f8f797c60c0a0e2ab2959801de2d0b017daa1d41cd5111136d4941059ec90", kill_on_drop: false }`
[INFO] running `Command { std: "docker" "exec" "-e" "SOURCE_DIR=/opt/rustwide/workdir" "-e" "CARGO_HOME=/opt/rustwide/cargo-home" "-e" "RUSTUP_HOME=/opt/rustwide/rustup-home" "-e" "CARGO_TARGET_DIR=/opt/rustwide/target" "-e" "CARGO_INCREMENTAL=0" "-e" "RUST_BACKTRACE=full" "-e" "RUSTFLAGS=--cap-lints=warn" "-e" "RUSTDOCFLAGS=--cap-lints=warn" "-w" "/opt/rustwide/workdir" "--user" "0:0" "077f8f797c60c0a0e2ab2959801de2d0b017daa1d41cd5111136d4941059ec90" "/opt/rustwide/cargo-home/bin/cargo" "+1.99.0-beta.8" "build" "--frozen" "--message-format=json" "--release", kill_on_drop: false }`
[INFO] [stderr]    Compiling proc-macro2 v1.0.107
[INFO] [stderr]    Compiling unicode-ident v1.0.24
[INFO] [stderr]    Compiling quote v1.0.47
[INFO] [stderr]    Compiling libc v0.2.189
[INFO] [stderr]    Compiling shlex v2.0.1
[INFO] [stderr]    Compiling find-msvc-tools v0.1.12
[INFO] [stderr]    Compiling pkg-config v0.3.34
[INFO] [stderr]    Compiling bytes v1.12.1
[INFO] [stderr]    Compiling pin-project-lite v0.2.17
[INFO] [stderr]    Compiling itoa v1.0.18
[INFO] [stderr]    Compiling cfg-if v1.0.4
[INFO] [stderr]    Compiling futures-core v0.3.34
[INFO] [stderr]    Compiling serde_core v1.0.229
[INFO] [stderr]    Compiling zeroize v1.9.0
[INFO] [stderr]    Compiling dunce v1.0.5
[INFO] [stderr]    Compiling fs_extra v1.3.0
[INFO] [stderr]    Compiling once_cell v1.21.4
[INFO] [stderr]    Compiling futures-task v0.3.34
[INFO] [stderr]    Compiling fnv v1.0.7
[INFO] [stderr]    Compiling slab v0.4.12
[INFO] [stderr]    Compiling ident_case v1.0.1
[INFO] [stderr]    Compiling aws-lc-rs v1.18.1
[INFO] [stderr]    Compiling serde v1.0.229
[INFO] [stderr]    Compiling zstd-safe v8.0.0
[INFO] [stderr]    Compiling getrandom v0.4.3
[INFO] [stderr]    Compiling futures-sink v0.3.34
[INFO] [stderr]    Compiling crc32fast v1.5.1
[INFO] [stderr]    Compiling rustversion v1.0.23
[INFO] [stderr]    Compiling rand_core v0.10.1
[INFO] [stderr]    Compiling zmij v1.0.23
[INFO] [stderr]    Compiling tracing-core v0.1.36
[INFO] [stderr]    Compiling rustls-pki-types v1.15.1
[INFO] [stderr]    Compiling hashbrown v0.17.1
[INFO] [stderr]    Compiling equivalent v1.0.2
[INFO] [stderr]    Compiling simd-adler32 v0.3.10
[INFO] [stderr]    Compiling anyhow v1.0.104
[INFO] [stderr]    Compiling httparse v1.10.1
[INFO] [stderr]    Compiling adler2 v2.0.1
[INFO] [stderr]    Compiling cpufeatures v0.3.1
[INFO] [stderr]    Compiling chacha20 v0.10.2
[INFO] [stderr]    Compiling miniz_oxide v0.9.1
[INFO] [stderr]    Compiling either v1.18.0
[INFO] [stderr]    Compiling heck v0.5.0
[INFO] [stderr]    Compiling atomic-waker v1.1.2
[INFO] [stderr]    Compiling try-lock v0.2.5
[INFO] [stderr]    Compiling memchr v2.8.3
[INFO] [stderr]    Compiling thiserror v2.0.20
[INFO] [stderr]    Compiling untrusted v0.9.0
[INFO] [stderr]    Compiling rustls v0.23.45
[INFO] [stderr]    Compiling castaway v0.2.4
[INFO] [stderr]    Compiling want v0.3.1
[INFO] [stderr]    Compiling itertools v0.14.0
[INFO] [stderr]    Compiling futures-channel v0.3.34
[INFO] [stderr]    Compiling static_assertions v1.1.0
[INFO] [stderr]    Compiling smallvec v1.16.0
[INFO] [stderr]    Compiling syn v2.0.119
[INFO] [stderr]    Compiling syn v3.0.5
[INFO] [stderr]    Compiling http v1.5.0
[INFO] [stderr]    Compiling powerfmt v0.2.0
[INFO] [stderr]    Compiling num-conv v0.2.2
[INFO] [stderr]    Compiling serde_json v1.0.151
[INFO] [stderr]    Compiling mio v1.2.3
[INFO] [stderr]    Compiling socket2 v0.6.5
[INFO] [stderr]    Compiling indexmap v2.14.2
[INFO] [stderr]    Compiling flate2 v1.1.10
[INFO] [stderr]    Compiling log v0.4.34
[INFO] [stderr]    Compiling time-core v0.1.9
[INFO] [stderr]    Compiling jobserver v0.1.35
[INFO] [stderr]    Compiling rand v0.10.2
[INFO] [stderr]    Compiling subtle v2.6.1
[INFO] [stderr]    Compiling cc v1.4.5
[INFO] [stderr]    Compiling secrecy v0.10.3
[INFO] [stderr]    Compiling percent-encoding v2.3.2
[INFO] [stderr]    Compiling openssl-probe v0.2.1
[INFO] [stderr]    Compiling compression-core v0.4.33
[INFO] [stderr]    Compiling tower-service v0.3.3
[INFO] [stderr]    Compiling base64ct v1.8.3
[INFO] [stderr]    Compiling s2-api v0.32.1
[INFO] [stderr]    Compiling itertools v0.15.0
[INFO] [stderr]    Compiling rustls-native-certs v0.8.4
[INFO] [stderr]    Compiling form_urlencoded v1.2.2
[INFO] [stderr]    Compiling ryu v1.0.23
[INFO] [stderr]    Compiling mime v0.3.17
[INFO] [stderr]    Compiling urlencoding v2.1.3
[INFO] [stderr]    Compiling http-body v1.1.0
[INFO] [stderr]    Compiling http-body-util v0.1.5
[INFO] [stderr]    Compiling uuid v1.26.1
[INFO] [stderr]    Compiling cmake v0.1.58
[INFO] [stderr]    Compiling zstd-sys v2.1.0+zstd.1.5.7
[INFO] [stderr]    Compiling aws-lc-sys v0.45.0
[INFO] [stderr]    Compiling deranged v0.5.8
[INFO] [stderr]    Compiling time v0.3.55
[INFO] [stderr]    Compiling tokio-macros v2.7.2
[INFO] [stderr]    Compiling tokio v1.53.1
[INFO] [stderr]    Compiling futures-macro v0.3.34
[INFO] [stderr]    Compiling darling_core v0.21.3
[INFO] [stderr]    Compiling serde_derive v1.0.229
[INFO] [stderr]    Compiling tracing-attributes v0.1.31
[INFO] [stderr]    Compiling futures-util v0.3.34
[INFO] [stderr]    Compiling strum_macros v0.28.0
[INFO] [stderr]    Compiling thiserror-impl v2.0.20
[INFO] [stderr]    Compiling pin-project-internal v1.1.13
[INFO] [stderr]    Compiling prost-derive v0.14.4
[INFO] [stderr]    Compiling async-stream-impl v0.3.6
[INFO] [stderr]    Compiling pin-project v1.1.13
[INFO] [stderr]    Compiling async-trait v0.1.92
[INFO] [stderr]    Compiling async-stream v0.3.6
[INFO] [stderr]    Compiling tracing v0.1.44
[INFO] [stderr]    Compiling prost v0.14.4
[INFO] [stderr]    Compiling darling_macro v0.21.3
[INFO] [stderr]    Compiling strum v0.28.0
[INFO] [stderr]    Compiling darling v0.21.3
[INFO] [stderr]    Compiling enumset_derive v0.15.0
[INFO] [stderr]    Compiling compact_str v0.10.0
[INFO] [stderr]    Compiling serde_urlencoded v0.7.1
[INFO] [stderr]    Compiling enumset v1.1.14
[INFO] [stderr]    Compiling tokio-util v0.7.19
[INFO] [stderr]    Compiling tokio-muxt v0.7.0
[INFO] [stderr]    Compiling tokio-stream v0.1.19
[INFO] [stderr]    Compiling s2-common v0.42.1
[INFO] [stderr]    Compiling h2 v0.4.19
[INFO] [stderr]    Compiling hyper v1.11.1
[INFO] [stderr]    Compiling zstd v0.14.0
[INFO] [stderr]    Compiling hyper-util v0.1.20
[INFO] [stderr]    Compiling compression-codecs v0.4.41
[INFO] [stderr]    Compiling async-compression v0.4.46
[INFO] [stderr]    Compiling rustls-webpki v0.103.15
[INFO] [stderr]    Compiling tokio-rustls v0.26.5
[INFO] [stderr]    Compiling hyper-rustls v0.27.9
[INFO] [stderr]    Compiling s2-sdk v0.35.2 (/opt/rustwide/workdir)
[INFO] [stdout] warning: use of deprecated method `std::sync::atomic::Atomic::<usize>::fetch_update`: renamed to `try_update` for consistency
[INFO] [stdout]    --> src/client.rs:812:14
[INFO] [stdout]     |
[INFO] [stdout] 812 |             .fetch_update(Ordering::Relaxed, Ordering::Relaxed, |ar| {
[INFO] [stdout]     |              ^^^^^^^^^^^^
[INFO] [stdout]     |
[INFO] [stdout]     = note: `#[warn(deprecated)]` on by default
[INFO] [stdout] help: replace the use of the deprecated method
[INFO] [stdout]     |
[INFO] [stdout] 812 -             .fetch_update(Ordering::Relaxed, Ordering::Relaxed, |ar| {
[INFO] [stdout] 812 +             .try_update(Ordering::Relaxed, Ordering::Relaxed, |ar| {
[INFO] [stdout]     |
[INFO] [stdout] 
[INFO] [stdout] 
[INFO] [stderr]     Finished `release` profile [optimized] target(s) in 2m 32s
[INFO] running `Command { std: "docker" "inspect" "077f8f797c60c0a0e2ab2959801de2d0b017daa1d41cd5111136d4941059ec90", kill_on_drop: false }`
[INFO] running `Command { std: "docker" "exec" "-e" "SOURCE_DIR=/opt/rustwide/workdir" "-e" "CARGO_HOME=/opt/rustwide/cargo-home" "-e" "RUSTUP_HOME=/opt/rustwide/rustup-home" "-e" "CARGO_TARGET_DIR=/opt/rustwide/target" "-e" "CARGO_INCREMENTAL=0" "-e" "RUST_BACKTRACE=full" "-e" "RUSTFLAGS=--cap-lints=warn" "-e" "RUSTDOCFLAGS=--cap-lints=warn" "-w" "/opt/rustwide/workdir" "--user" "0:0" "077f8f797c60c0a0e2ab2959801de2d0b017daa1d41cd5111136d4941059ec90" "/opt/rustwide/cargo-home/bin/cargo" "+1.99.0-beta.8" "test" "--frozen" "--no-run" "--message-format=json" "--release", kill_on_drop: false }`
[INFO] [stderr]    Compiling syn v2.0.119
[INFO] [stderr]    Compiling parking_lot_core v0.9.12
[INFO] [stderr]    Compiling scopeguard v1.2.0
[INFO] [stderr]    Compiling errno v0.3.14
[INFO] [stderr]    Compiling futures-io v0.3.34
[INFO] [stderr]    Compiling futures-channel v0.3.34
[INFO] [stderr]    Compiling getrandom v0.3.4
[INFO] [stderr]    Compiling semver v1.0.28
[INFO] [stderr]    Compiling equivalent v1.0.2
[INFO] [stderr]    Compiling winnow v1.0.4
[INFO] [stderr]    Compiling hashbrown v0.17.1
[INFO] [stderr]    Compiling rustix v1.1.4
[INFO] [stderr]    Compiling zerocopy v0.8.57
[INFO] [stderr]    Compiling memchr v2.8.3
[INFO] [stderr]    Compiling autocfg v1.5.1
[INFO] [stderr]    Compiling linux-raw-sys v0.12.1
[INFO] [stderr]    Compiling bitflags v2.13.2
[INFO] [stderr]    Compiling lock_api v0.4.14
[INFO] [stderr]    Compiling signal-hook-registry v1.4.8
[INFO] [stderr]    Compiling toml_datetime v1.1.1+spec-1.1.0
[INFO] [stderr]    Compiling rand_core v0.9.5
[INFO] [stderr]    Compiling regex-syntax v0.8.11
[INFO] [stderr]    Compiling rustc_version v0.4.1
[INFO] [stderr]    Compiling num-traits v0.2.19
[INFO] [stderr]    Compiling fastrand v2.5.0
[INFO] [stderr]    Compiling futures-util v0.3.34
[INFO] [stderr]    Compiling wait-timeout v0.2.1
[INFO] [stderr]    Compiling cfg-if v1.0.4
[INFO] [stderr]    Compiling parking_lot v0.12.5
[INFO] [stderr]    Compiling glob v0.3.4
[INFO] [stderr]    Compiling rstest_macros v0.27.0
[INFO] [stderr]    Compiling relative-path v1.9.3
[INFO] [stderr]    Compiling bit-vec v0.8.0
[INFO] [stderr]    Compiling quick-error v1.2.3
[INFO] [stderr]    Compiling rand_xorshift v0.4.0
[INFO] [stderr]    Compiling rand v0.9.5
[INFO] [stderr]    Compiling tokio v1.53.1
[INFO] [stderr]    Compiling bit-set v0.8.0
[INFO] [stderr]    Compiling aho-corasick v1.1.5
[INFO] [stderr]    Compiling unarray v0.1.4
[INFO] [stderr]    Compiling futures-timer v3.0.4
[INFO] [stderr]    Compiling assert_matches v1.5.0
[INFO] [stderr]    Compiling indexmap v2.14.2
[INFO] [stderr]    Compiling regex-automata v0.4.18
[INFO] [stderr]    Compiling toml_parser v1.1.3+spec-1.1.0
[INFO] [stderr]    Compiling toml_edit v0.25.15+spec-1.1.0
[INFO] [stderr]    Compiling futures-executor v0.3.34
[INFO] [stderr]    Compiling futures v0.3.34
[INFO] [stderr]    Compiling tempfile v3.27.0
[INFO] [stderr]    Compiling proc-macro-crate v3.5.0
[INFO] [stderr]    Compiling rusty-fork v0.3.1
[INFO] [stderr]    Compiling darling_core v0.21.3
[INFO] [stderr]    Compiling regex v1.13.1
[INFO] [stderr]    Compiling tracing-attributes v0.1.31
[INFO] [stderr]    Compiling strum_macros v0.28.0
[INFO] [stderr]    Compiling prost-derive v0.14.4
[INFO] [stderr]    Compiling pin-project-internal v1.1.13
[INFO] [stderr]    Compiling async-stream-impl v0.3.6
[INFO] [stderr]    Compiling test-context-macros v0.5.8
[INFO] [stderr]    Compiling tokio-shared-rt-macro v0.1.0
[INFO] [stderr]    Compiling test-context v0.5.8
[INFO] [stderr]    Compiling async-stream v0.3.6
[INFO] [stderr]    Compiling tracing v0.1.44
[INFO] [stderr]    Compiling pin-project v1.1.13
[INFO] [stderr]    Compiling prost v0.14.4
[INFO] [stderr]    Compiling tokio-util v0.7.19
[INFO] [stderr]    Compiling tokio-rustls v0.26.5
[INFO] [stderr]    Compiling async-compression v0.4.46
[INFO] [stderr]    Compiling tokio-stream v0.1.19
[INFO] [stderr]    Compiling tokio-muxt v0.7.0
[INFO] [stderr]    Compiling tokio-shared-rt v0.1.0
[INFO] [stderr]    Compiling ppv-lite86 v0.2.21
[INFO] [stderr]    Compiling rand_chacha v0.9.0
[INFO] [stderr]    Compiling darling_macro v0.21.3
[INFO] [stderr]    Compiling proptest v1.11.0
[INFO] [stderr]    Compiling darling v0.21.3
[INFO] [stderr]    Compiling strum v0.28.0
[INFO] [stderr]    Compiling enumset_derive v0.15.0
[INFO] [stderr]    Compiling rstest v0.27.0
[INFO] [stderr]    Compiling h2 v0.4.19
[INFO] [stderr]    Compiling enumset v1.1.14
[INFO] [stderr]    Compiling s2-common v0.42.1
[INFO] [stderr]    Compiling s2-api v0.32.1
[INFO] [stderr]    Compiling hyper v1.11.1
[INFO] [stderr]    Compiling hyper-util v0.1.20
[INFO] [stderr]    Compiling hyper-rustls v0.27.9
[INFO] [stderr]    Compiling s2-sdk v0.35.2 (/opt/rustwide/workdir)
[INFO] [stdout] warning: use of deprecated method `std::sync::atomic::Atomic::<usize>::fetch_update`: renamed to `try_update` for consistency
[INFO] [stdout]    --> src/client.rs:812:14
[INFO] [stdout]     |
[INFO] [stdout] 812 |             .fetch_update(Ordering::Relaxed, Ordering::Relaxed, |ar| {
[INFO] [stdout]     |              ^^^^^^^^^^^^
[INFO] [stdout]     |
[INFO] [stdout]     = note: `#[warn(deprecated)]` on by default
[INFO] [stdout] help: replace the use of the deprecated method
[INFO] [stdout]     |
[INFO] [stdout] 812 -             .fetch_update(Ordering::Relaxed, Ordering::Relaxed, |ar| {
[INFO] [stdout] 812 +             .try_update(Ordering::Relaxed, Ordering::Relaxed, |ar| {
[INFO] [stdout]     |
[INFO] [stdout] 
[INFO] [stdout] 
[INFO] [stdout] warning: use of deprecated method `std::sync::atomic::Atomic::<usize>::fetch_update`: renamed to `try_update` for consistency
[INFO] [stdout]    --> src/client.rs:812:14
[INFO] [stdout]     |
[INFO] [stdout] 812 |             .fetch_update(Ordering::Relaxed, Ordering::Relaxed, |ar| {
[INFO] [stdout]     |              ^^^^^^^^^^^^
[INFO] [stdout]     |
[INFO] [stdout]     = note: `#[warn(deprecated)]` on by default
[INFO] [stdout] help: replace the use of the deprecated method
[INFO] [stdout]     |
[INFO] [stdout] 812 -             .fetch_update(Ordering::Relaxed, Ordering::Relaxed, |ar| {
[INFO] [stdout] 812 +             .try_update(Ordering::Relaxed, Ordering::Relaxed, |ar| {
[INFO] [stdout]     |
[INFO] [stdout] 
[INFO] [stdout] 
[INFO] [stderr]     Finished `release` profile [optimized] target(s) in 2m 21s
[INFO] running `Command { std: "docker" "inspect" "077f8f797c60c0a0e2ab2959801de2d0b017daa1d41cd5111136d4941059ec90", kill_on_drop: false }`
[INFO] running `Command { std: "docker" "exec" "-e" "SOURCE_DIR=/opt/rustwide/workdir" "-e" "CARGO_HOME=/opt/rustwide/cargo-home" "-e" "RUSTUP_HOME=/opt/rustwide/rustup-home" "-e" "CARGO_TARGET_DIR=/opt/rustwide/target" "-e" "CARGO_INCREMENTAL=0" "-e" "RUST_BACKTRACE=full" "-e" "RUSTFLAGS=--cap-lints=warn" "-e" "RUSTDOCFLAGS=--cap-lints=warn" "-w" "/opt/rustwide/workdir" "--user" "0:0" "077f8f797c60c0a0e2ab2959801de2d0b017daa1d41cd5111136d4941059ec90" "/opt/rustwide/cargo-home/bin/cargo" "+1.99.0-beta.8" "test" "--frozen" "--release", kill_on_drop: false }`
[INFO] [stderr] warning: use of deprecated method `std::sync::atomic::Atomic::<usize>::fetch_update`: renamed to `try_update` for consistency
[INFO] [stderr]    --> src/client.rs:812:14
[INFO] [stderr]     |
[INFO] [stderr] 812 |             .fetch_update(Ordering::Relaxed, Ordering::Relaxed, |ar| {
[INFO] [stderr]     |              ^^^^^^^^^^^^
[INFO] [stderr]     |
[INFO] [stderr]     = note: `#[warn(deprecated)]` on by default
[INFO] [stderr] help: replace the use of the deprecated method
[INFO] [stderr]     |
[INFO] [stderr] 812 -             .fetch_update(Ordering::Relaxed, Ordering::Relaxed, |ar| {
[INFO] [stderr] 812 +             .try_update(Ordering::Relaxed, Ordering::Relaxed, |ar| {
[INFO] [stderr]     |
[INFO] [stderr] 
[INFO] [stderr] warning: `s2-sdk` (lib) generated 1 warning (run `cargo fix --lib -p s2-sdk` to apply 1 suggestion)
[INFO] [stderr] warning: `s2-sdk` (lib test) generated 1 warning (1 duplicate)
[INFO] [stderr]     Finished `release` profile [optimized] target(s) in 0.32s
[INFO] [stderr]      Running unittests src/lib.rs (/opt/rustwide/target/release/deps/s2_sdk-39e64509ed6d4824)
[INFO] [stdout] 
[INFO] [stdout] running 118 tests
[INFO] [stdout] test api::tests::unary_append_wraps_definite_terminal_errors::case_1_condition_failed ... ok
[INFO] [stdout] test api::tests::safe_to_retry_unary_no_policy ... ok
[INFO] [stdout] test api::tests::unary_append_failure_preserves_uncertainty_and_final_error::case_5 ... ok
[INFO] [stdout] test api::tests::safe_to_retry_unary_no_side_effects_policy ... ok
[INFO] [stdout] test api::tests::unary_append_failure_preserves_uncertainty_and_final_error::case_4 ... ok
[INFO] [stdout] test api::tests::unary_append_failure_preserves_uncertainty_and_final_error::case_3 ... ok
[INFO] [stdout] test api::tests::unary_append_failure_preserves_uncertainty_and_final_error::case_2 ... ok
[INFO] [stdout] test batching::tests::batches_flush_after_linger_when_stream_remains_open ... ok
[INFO] [stdout] test api::tests::unary_append_wraps_definite_terminal_errors::case_2_malformed_access_token ... ok
[INFO] [stdout] test batching::tests::eager_batching_should_error_when_record_is_oversized ... ok
[INFO] [stdout] test batching::tests::batches_should_be_empty_when_record_stream_is_empty ... ok
[INFO] [stdout] test client::tests::default_connector_accepts_explicit_crypto_provider_for_insecure_tls ... ok
[INFO] [stdout] test batching::tests::batching_should_error_when_it_sees_oversized_record ... ok
[INFO] [stdout] test client::tests::checkout_within_capacity ... ok
[INFO] [stdout] test api::tests::safe_to_retry_unary_all_policy ... ok
[INFO] [stdout] test api::tests::unary_append_failure_preserves_uncertainty_and_final_error::case_1 ... ok
[INFO] [stdout] test client::tests::no_verifier_uses_configured_provider_signature_schemes ... ok
[INFO] [stdout] test client::tests::different_hosts_get_independent_pools ... ok
[INFO] [stdout] test batching::tests::eager_batches_respect_count_limit ... ok
[INFO] [stdout] test batching::tests::batches_respect_bytes_limit ... ok
[INFO] [stdout] test client::tests::default_headers_preserve_multiple_values_and_sensitive_flags_on_wire_request ... ok
[INFO] [stdout] test batching::tests::eager_batches_respect_bytes_limit ... ok
[INFO] [stdout] test frame_signal::tests::clone_shares_state ... ok
[INFO] [stdout] test batching::tests::batches_respect_count_limit ... ok
[INFO] [stdout] test batching::tests::eager_batches_should_be_empty_when_record_iter_is_empty ... ok
[INFO] [stdout] test frame_signal::tests::empty_body_does_not_signal ... ok
[INFO] [stdout] test client::tests::custom_request_cap_bounds_client ... ok
[INFO] [stdout] test frame_signal::tests::full_body_signals_on_frame ... ok
[INFO] [stdout] test frame_signal::tests::reset_between_attempts ... ok
[INFO] [stdout] test frame_signal::tests::signal_starts_unsignalled ... ok
[INFO] [stdout] test frame_signal::tests::signal_round_trip ... ok
[INFO] [stdout] test retry::tests::backoffs ... ok
[INFO] [stdout] test error::tests::error_response_preserves_raw_and_known_codes ... ok
[INFO] [stdout] test client::tests::reaper_removes_empty_host_entries ... ok
[INFO] [stdout] test session::append::tests::session_failure_preserves_uncertainty_and_latest_error::case_1 ... ok
[INFO] [stdout] test client::tests::overflow_creates_new_client ... ok
[INFO] [stdout] test error::tests::internal_client_errors_preserve_the_failure_stage ... ok
[INFO] [stdout] test client::tests::reaper_removes_idle_clients ... ok
[INFO] [stdout] test session::append::tests::session_failure_preserves_uncertainty_and_latest_error::case_3 ... ok
[INFO] [stdout] test client::tests::uri_with_path_percent_encoded_segment ... ok
[INFO] [stdout] test client::tests::permit_drop_frees_capacity ... ok
[INFO] [stdout] test error::tests::server_classification_fails_closed_on_status_mismatch ... ok
[INFO] [stdout] test error::tests::nested_errors_expose_request_and_server_errors ... ok
[INFO] [stdout] test session::read::tests::empty_tail_anchors_relative_resume_start ... ok
[INFO] [stdout] test retry::tests::next_or_max_continues_with_capped_jitter ... ok
[INFO] [stdout] test client::tests::query_appends_to_existing_query ... ok
[INFO] [stdout] test session::read::tests::heartbeat_waits_for_visible_batch ... ok
[INFO] [stdout] test retry::tests::backoff_with_reset ... ok
[INFO] [stdout] test session::read::tests::read_error_after_caught_up_preserves_resolved_future ... ok
[INFO] [stdout] test session::read::tests::filtered_command_counts_toward_caught_up ... ok
[INFO] [stdout] test session::read::tests::read_error_rejects_wait ... ok
[INFO] [stdout] test session::read::tests::unchanged_heartbeat_reuses_caught_up_future ... ok
[INFO] [stdout] test types::tests::account_endpoint_parse::case_1_https_with_scheme ... ok
[INFO] [stdout] test session::append::tests::session_failure_preserves_uncertainty_and_latest_error::case_5 ... ok
[INFO] [stdout] test session::read::tests::empty_tail_exposes_absolute_resume_seq_num ... ok
[INFO] [stdout] test types::tests::account_endpoint_parse::case_2_http_with_scheme ... ok
[INFO] [stdout] test session::append::tests::safe_to_retry_session_all_policy ... ok
[INFO] [stdout] test session::append::tests::session_failure_preserves_uncertainty_and_latest_error::case_2 ... ok
[INFO] [stdout] test session::append::tests::safe_to_retry_session_no_side_effects_policy ... ok
[INFO] [stdout] test session::append::tests::session_failure_preserves_uncertainty_and_latest_error::case_4 ... ok
[INFO] [stdout] test types::tests::basin_endpoint_parse::case_2_http_direct ... ok
[INFO] [stdout] test types::tests::append_record_batch_too_many_records ... ok
[INFO] [stdout] test session::read::tests::dropping_session_rejects_wait ... ok
[INFO] [stdout] test session::read::tests::caught_up_follows_delivery_and_pins_tail ... ok
[INFO] [stdout] test error::tests::unknown_codes_retain_retryable_status_fallback ... ok
[INFO] [stdout] test types::tests::append_record_preserves_fields_and_metered_byte_formula ... ok
[INFO] [stdout] test session::read::tests::caught_up_wait_survives_retry ... ok
[INFO] [stdout] test session::read::tests::clean_end_rejects_wait ... ok
[INFO] [stdout] test types::tests::compression_conversion::case_2_gzip ... ok
[INFO] [stdout] test types::tests::compression_conversion::case_1_none ... ok
[INFO] [stdout] test types::tests::account_endpoint_parse::case_3_default_https ... ok
[INFO] [stdout] test types::tests::basin_endpoint_parse::case_3_default_https_parent_zone ... ok
[INFO] [stdout] test types::tests::command_record_fence ... ok
[INFO] [stdout] test types::tests::command_record_trim ... ok
[INFO] [stdout] test types::tests::append_ack_from_proto_preserves_present_positions_and_defaults_missing ... ok
[INFO] [stdout] test types::tests::append_record_batch_empty_is_err ... ok
[INFO] [stdout] test types::tests::append_record_too_large ... ok
[INFO] [stdout] test types::tests::basin_config_builder_and_roundtrip ... ok
[INFO] [stdout] test types::tests::basin_endpoint_parse::case_1_https_parent_zone ... ok
[INFO] [stdout] test types::tests::delete_on_empty_config_roundtrip ... ok
[INFO] [stdout] test types::tests::compression_conversion::case_3_zstd ... ok
[INFO] [stdout] test types::tests::http2_config_bounds ... ok
[INFO] [stdout] test types::tests::s2_config_defaults ... ok
[INFO] [stdout] test types::tests::create_basin_input_to_api ... ok
[INFO] [stdout] test types::tests::retry_config_max_retries ... ok
[INFO] [stdout] test types::tests::retention_policy_roundtrip::case_2_infinite ... ok
[INFO] [stdout] test types::tests::header_proto_roundtrip_preserves_binary_parts ... ok
[INFO] [stdout] test types::tests::retention_policy_roundtrip::case_1_age ... ok
[INFO] [stdout] test types::tests::s2_datetime_parse_invalid ... ok
[INFO] [stdout] test types::tests::read_batch_from_api ... ok
[INFO] [stdout] test types::tests::create_stream_input_to_api ... ok
[INFO] [stdout] test types::tests::read_stop_to_api ... ok
[INFO] [stdout] test types::tests::retry_config_defaults ... ok
[INFO] [stdout] test types::tests::s2_datetime_parse_with_offset ... ok
[INFO] [stdout] test types::tests::s2_datetime_roundtrip_via_offset_datetime ... ok
[INFO] [stdout] test types::tests::fencing_token_parse_accepts_only_within_byte_limit ... ok
[INFO] [stdout] test types::tests::operation_roundtrip_all_variants ... ok
[INFO] [stdout] test types::tests::metric_unit_conversion ... ok
[INFO] [stdout] test types::tests::s2_datetime_parse_valid_rfc3339 ... ok
[INFO] [stdout] test types::tests::read_start_to_api_sets_only_selected_position_field ... ok
[INFO] [stdout] test types::tests::s2_endpoints_for_endpoint_rejects_invalid_endpoint ... ok
[INFO] [stdout] test types::tests::timestamping_mode_roundtrip::case_1_client_prefer ... ok
[INFO] [stdout] test types::tests::stream_position_display ... ok
[INFO] [stdout] test types::tests::sequenced_record_command_detection::case_2_regular ... ok
[INFO] [stdout] test types::tests::sequenced_record_from_proto ... ok
[INFO] [stdout] test types::tests::s2_endpoints_for_endpoint_accepts_explicit_scheme ... ok
[INFO] [stdout] test types::tests::sequenced_record_command_detection::case_1_command ... ok
[INFO] [stdout] test types::tests::s2_endpoints_new_same_scheme_succeeds ... ok
[INFO] [stdout] test types::tests::stream_config_builder_and_roundtrip ... ok
[INFO] [stdout] test types::tests::s2_endpoints_for_endpoint_defaults_to_https ... ok
[INFO] [stdout] test types::tests::sequenced_record_command_detection::case_3_no_headers ... ok
[INFO] [stdout] test types::tests::s2_endpoints_new_requires_same_scheme ... ok
[INFO] [stdout] test types::tests::stream_position_conversions_preserve_values ... ok
[INFO] [stdout] test types::tests::timestamping_config_roundtrip ... ok
[INFO] [stdout] test types::tests::timestamping_mode_roundtrip::case_2_client_require ... ok
[INFO] [stdout] test types::tests::timestamping_mode_roundtrip::case_3_arrival ... ok
[INFO] [stdout] test types::tests::append_record_batch_metered_bytes_is_sum_of_records ... ok
[INFO] [stdout] test api::tests::dns_errors_are_classified_as_connect ... ok
[INFO] [stdout] 
[INFO] [stdout] test result: ok. 118 passed; 0 failed; 0 ignored; 0 measured; 0 filtered out; finished in 0.47s
[INFO] [stdout] 
[INFO] [stdout] 
[INFO] [stdout] running 18 tests
[INFO] [stderr]      Running tests/account_ops.rs (/opt/rustwide/target/release/deps/account_ops-1ad4824a208a6b14)
[INFO] [stdout] test list_access_tokens_with_limit ... FAILED
[INFO] [stdout] test issue_access_token_with_auto_prefix_streams_but_without_prefix_errors ... FAILED
[INFO] [stdout] test basin_config_roundtrip ... FAILED
[INFO] [stdout] test issue_access_token_with_no_permitted_ops_errors ... FAILED
[INFO] [stdout] test ensure_basin_created ... FAILED
[INFO] [stdout] test ensure_basin_config_updated ... FAILED
[INFO] [stdout] test list_access_tokens_with_prefix ... FAILED
[INFO] [stdout] test list_basins_with_limit ... FAILED
[INFO] [stdout] test get_basin_config ... FAILED
[INFO] [stdout] test delete_nonexistent_basin_with_ignore ... FAILED
[INFO] [stdout] test delete_nonexistent_basin_errors ... FAILED
[INFO] [stdout] test create_list_and_delete_basin ... FAILED
[INFO] [stdout] test issue_access_token_with_expiration_and_auto_prefix_streams ... FAILED
[INFO] [stdout] test ensure_basin_config_unchanged ... FAILED
[INFO] [stdout] test list_basins_with_prefix_and_start_after ... FAILED
[INFO] [stdout] test list_basins_with_prefix ... FAILED
[INFO] [stdout] test issue_list_and_revoke_access_token ... FAILED
[INFO] [stderr] error: test failed, to rerun pass `--test account_ops`
[INFO] [stdout] test reconfigure_basin ... FAILED
[INFO] [stdout] 
[INFO] [stdout] failures:
[INFO] [stdout] 
[INFO] [stdout] ---- list_access_tokens_with_limit stdout ----
[INFO] [stdout] 
[INFO] [stdout] thread 'list_access_tokens_with_limit' (6821) panicked at tests/common/mod.rs:194:38:
[INFO] [stdout] valid S2 config: ValidationError("S2_ACCESS_TOKEN env var not set")
[INFO] [stdout] stack backtrace:
[INFO] [stdout]    0:     0x5e89320b10a1 - <<std[70759c8f55707aa4]::sys::backtrace::BacktraceLock>::print::DisplayBacktrace as core[df12db4294e9bfd3]::fmt::Display>::fmt
[INFO] [stdout]    1:     0x5e89320c75da - core[df12db4294e9bfd3]::fmt::write
[INFO] [stdout]    2:     0x5e89320b5f9c - <alloc[2182bb758b4b3781]::vec::Vec<u8> as core[df12db4294e9bfd3]::io::write::Write>::write_fmt
[INFO] [stdout]    3:     0x5e893208c036 - std[70759c8f55707aa4]::panicking::default_hook::{closure#0}
[INFO] [stdout]    4:     0x5e89320a8e39 - std[70759c8f55707aa4]::panicking::default_hook
[INFO] [stdout]    5:     0x5e8931ba0660 - test[9d35eded1c95d3be]::test_main_inner::<test[9d35eded1c95d3be]::test_main_static::{closure#0}>::{closure#0}
[INFO] [stdout]    6:     0x5e89320a9162 - std[70759c8f55707aa4]::panicking::panic_with_hook
[INFO] [stdout]    7:     0x5e893208c0e2 - std[70759c8f55707aa4]::panicking::panic_handler::{closure#0}
[INFO] [stdout]    8:     0x5e8932084ce9 - std[70759c8f55707aa4]::sys::backtrace::__rust_end_short_backtrace::<std[70759c8f55707aa4]::panicking::panic_handler::{closure#0}, !>
[INFO] [stdout]    9:     0x5e893208cecd - __rustc[8fa7c3cbc660c2b3]::rust_begin_unwind
[INFO] [stdout]   10:     0x5e89320c7d3c - core[df12db4294e9bfd3]::panicking::panic_fmt
[INFO] [stdout]   11:     0x5e89320c7b12 - core[df12db4294e9bfd3]::result::unwrap_failed
[INFO] [stdout]   12:     0x5e8931b7f853 - account_ops[acab72b5de49d299]::common::s2
[INFO] [stdout]   13:     0x5e8931b5c396 - account_ops[acab72b5de49d299]::list_access_tokens_with_limit::{closure#0}
[INFO] [stdout]   14:     0x5e8931b89290 - <tokio[63f397da4923b324]::runtime::scheduler::current_thread::CurrentThread>::block_on::<core[df12db4294e9bfd3]::pin::Pin<&mut dyn core[df12db4294e9bfd3]::future::future::Future<Output = core[df12db4294e9bfd3]::result::Result<(), alloc[2182bb758b4b3781]::boxed::Box<dyn core[df12db4294e9bfd3]::error::Error>>>>>
[INFO] [stdout]   15:     0x5e8931b90412 - <tokio[63f397da4923b324]::runtime::runtime::Runtime>::block_on::<core[df12db4294e9bfd3]::pin::Pin<&mut dyn core[df12db4294e9bfd3]::future::future::Future<Output = core[df12db4294e9bfd3]::result::Result<(), alloc[2182bb758b4b3781]::boxed::Box<dyn core[df12db4294e9bfd3]::error::Error>>>>>
[INFO] [stdout]   16:     0x5e8931b6d3b2 - <account_ops[acab72b5de49d299]::list_access_tokens_with_limit::{closure#0} as core[df12db4294e9bfd3]::ops::function::FnOnce<()>>::call_once
[INFO] [stdout]   17:     0x5e8931b9394b - test[9d35eded1c95d3be]::__rust_begin_short_backtrace::<core[df12db4294e9bfd3]::result::Result<(), alloc[2182bb758b4b3781]::string::String>, fn() -> core[df12db4294e9bfd3]::result::Result<(), alloc[2182bb758b4b3781]::string::String>>
[INFO] [stdout]   18:     0x5e8931ba0fb5 - test[9d35eded1c95d3be]::run_test::{closure#0}
[INFO] [stdout]   19:     0x5e8931b9a874 - std[70759c8f55707aa4]::sys::backtrace::__rust_begin_short_backtrace::<test[9d35eded1c95d3be]::run_test::{closure#1}, ()>
[INFO] [stdout]   20:     0x5e8931ba4112 - <std[70759c8f55707aa4]::thread::lifecycle::spawn_unchecked<test[9d35eded1c95d3be]::run_test::{closure#1}, ()>::{closure#1} as core[df12db4294e9bfd3]::ops::function::FnOnce<()>>::call_once::{shim:vtable#0}
[INFO] [stdout]   21:     0x5e89320b05c9 - <std[70759c8f55707aa4]::sys::thread::unix::Thread>::new::thread_start
[INFO] [stdout]   22:     0x704658e98dfa - <unknown>
[INFO] [stdout]   23:     0x704658f2c3d4 - clone
[INFO] [stdout]   24:                0x0 - <unknown>
[INFO] [stdout] 
[INFO] [stdout] ---- issue_access_token_with_auto_prefix_streams_but_without_prefix_errors stdout ----
[INFO] [stdout] 
[INFO] [stdout] thread 'issue_access_token_with_auto_prefix_streams_but_without_prefix_errors' (6817) panicked at tests/common/mod.rs:194:38:
[INFO] [stdout] valid S2 config: ValidationError("S2_ACCESS_TOKEN env var not set")
[INFO] [stdout] stack backtrace:
[INFO] [stdout]    0:     0x5e89320b10a1 - <<std[70759c8f55707aa4]::sys::backtrace::BacktraceLock>::print::DisplayBacktrace as core[df12db4294e9bfd3]::fmt::Display>::fmt
[INFO] [stdout]    1:     0x5e89320c75da - core[df12db4294e9bfd3]::fmt::write
[INFO] [stdout]    2:     0x5e89320b5f9c - <alloc[2182bb758b4b3781]::vec::Vec<u8> as core[df12db4294e9bfd3]::io::write::Write>::write_fmt
[INFO] [stdout]    3:     0x5e893208c036 - std[70759c8f55707aa4]::panicking::default_hook::{closure#0}
[INFO] [stdout]    4:     0x5e89320a8e39 - std[70759c8f55707aa4]::panicking::default_hook
[INFO] [stdout]    5:     0x5e8931ba0660 - test[9d35eded1c95d3be]::test_main_inner::<test[9d35eded1c95d3be]::test_main_static::{closure#0}>::{closure#0}
[INFO] [stdout]    6:     0x5e89320a9162 - std[70759c8f55707aa4]::panicking::panic_with_hook
[INFO] [stdout]    7:     0x5e893208c0e2 - std[70759c8f55707aa4]::panicking::panic_handler::{closure#0}
[INFO] [stdout]    8:     0x5e8932084ce9 - std[70759c8f55707aa4]::sys::backtrace::__rust_end_short_backtrace::<std[70759c8f55707aa4]::panicking::panic_handler::{closure#0}, !>
[INFO] [stdout]    9:     0x5e893208cecd - __rustc[8fa7c3cbc660c2b3]::rust_begin_unwind
[INFO] [stdout]   10:     0x5e89320c7d3c - core[df12db4294e9bfd3]::panicking::panic_fmt
[INFO] [stdout]   11:     0x5e89320c7b12 - core[df12db4294e9bfd3]::result::unwrap_failed
[INFO] [stdout]   12:     0x5e8931b7f853 - account_ops[acab72b5de49d299]::common::s2
[INFO] [stdout]   13:     0x5e8931b625f9 - account_ops[acab72b5de49d299]::issue_access_token_with_auto_prefix_streams_but_without_prefix_errors::{closure#0}
[INFO] [stdout]   14:     0x5e8931b89290 - <tokio[63f397da4923b324]::runtime::scheduler::current_thread::CurrentThread>::block_on::<core[df12db4294e9bfd3]::pin::Pin<&mut dyn core[df12db4294e9bfd3]::future::future::Future<Output = core[df12db4294e9bfd3]::result::Result<(), alloc[2182bb758b4b3781]::boxed::Box<dyn core[df12db4294e9bfd3]::error::Error>>>>>
[INFO] [stdout]   15:     0x5e8931b90412 - <tokio[63f397da4923b324]::runtime::runtime::Runtime>::block_on::<core[df12db4294e9bfd3]::pin::Pin<&mut dyn core[df12db4294e9bfd3]::future::future::Future<Output = core[df12db4294e9bfd3]::result::Result<(), alloc[2182bb758b4b3781]::boxed::Box<dyn core[df12db4294e9bfd3]::error::Error>>>>>
[INFO] [stdout]   16:     0x5e8931b6dfc2 - <account_ops[acab72b5de49d299]::issue_access_token_with_auto_prefix_streams_but_without_prefix_errors::{closure#0} as core[df12db4294e9bfd3]::ops::function::FnOnce<()>>::call_once
[INFO] [stdout]   17:     0x5e8931b9394b - test[9d35eded1c95d3be]::__rust_begin_short_backtrace::<core[df12db4294e9bfd3]::result::Result<(), alloc[2182bb758b4b3781]::string::String>, fn() -> core[df12db4294e9bfd3]::result::Result<(), alloc[2182bb758b4b3781]::string::String>>
[INFO] [stdout]   18:     0x5e8931ba0fb5 - test[9d35eded1c95d3be]::run_test::{closure#0}
[INFO] [stdout]   19:     0x5e8931b9a874 - std[70759c8f55707aa4]::sys::backtrace::__rust_begin_short_backtrace::<test[9d35eded1c95d3be]::run_test::{closure#1}, ()>
[INFO] [stdout]   20:     0x5e8931ba4112 - <std[70759c8f55707aa4]::thread::lifecycle::spawn_unchecked<test[9d35eded1c95d3be]::run_test::{closure#1}, ()>::{closure#1} as core[df12db4294e9bfd3]::ops::function::FnOnce<()>>::call_once::{shim:vtable#0}
[INFO] [stdout]   21:     0x5e89320b05c9 - <std[70759c8f55707aa4]::sys::thread::unix::Thread>::new::thread_start
[INFO] [stdout]   22:     0x704658e98dfa - <unknown>
[INFO] [stdout]   23:     0x704658f2c3d4 - clone
[INFO] [stdout]   24:                0x0 - <unknown>
[INFO] [stdout] 
[INFO] [stdout] ---- basin_config_roundtrip stdout ----
[INFO] [stdout] 
[INFO] [stdout] thread 'basin_config_roundtrip' (6809) panicked at tests/common/mod.rs:194:38:
[INFO] [stdout] valid S2 config: ValidationError("S2_ACCESS_TOKEN env var not set")
[INFO] [stdout] stack backtrace:
[INFO] [stdout]    0:     0x5e89320b10a1 - <<std[70759c8f55707aa4]::sys::backtrace::BacktraceLock>::print::DisplayBacktrace as core[df12db4294e9bfd3]::fmt::Display>::fmt
[INFO] [stdout]    1:     0x5e89320c75da - core[df12db4294e9bfd3]::fmt::write
[INFO] [stdout]    2:     0x5e89320b5f9c - <alloc[2182bb758b4b3781]::vec::Vec<u8> as core[df12db4294e9bfd3]::io::write::Write>::write_fmt
[INFO] [stdout]    3:     0x5e893208c036 - std[70759c8f55707aa4]::panicking::default_hook::{closure#0}
[INFO] [stdout]    4:     0x5e89320a8e39 - std[70759c8f55707aa4]::panicking::default_hook
[INFO] [stdout]    5:     0x5e8931ba0660 - test[9d35eded1c95d3be]::test_main_inner::<test[9d35eded1c95d3be]::test_main_static::{closure#0}>::{closure#0}
[INFO] [stdout]    6:     0x5e89320a9162 - std[70759c8f55707aa4]::panicking::panic_with_hook
[INFO] [stdout]    7:     0x5e893208c0e2 - std[70759c8f55707aa4]::panicking::panic_handler::{closure#0}
[INFO] [stdout]    8:     0x5e8932084ce9 - std[70759c8f55707aa4]::sys::backtrace::__rust_end_short_backtrace::<std[70759c8f55707aa4]::panicking::panic_handler::{closure#0}, !>
[INFO] [stdout]    9:     0x5e893208cecd - __rustc[8fa7c3cbc660c2b3]::rust_begin_unwind
[INFO] [stdout]   10:     0x5e89320c7d3c - core[df12db4294e9bfd3]::panicking::panic_fmt
[INFO] [stdout]   11:     0x5e89320c7b12 - core[df12db4294e9bfd3]::result::unwrap_failed
[INFO] [stdout]   12:     0x5e8931b7f853 - account_ops[acab72b5de49d299]::common::s2
[INFO] [stdout]   13:     0x5e8931b55cf1 - account_ops[acab72b5de49d299]::basin_config_roundtrip::{closure#0}
[INFO] [stdout]   14:     0x5e8931b89290 - <tokio[63f397da4923b324]::runtime::scheduler::current_thread::CurrentThread>::block_on::<core[df12db4294e9bfd3]::pin::Pin<&mut dyn core[df12db4294e9bfd3]::future::future::Future<Output = core[df12db4294e9bfd3]::result::Result<(), alloc[2182bb758b4b3781]::boxed::Box<dyn core[df12db4294e9bfd3]::error::Error>>>>>
[INFO] [stdout]   15:     0x5e8931b90412 - <tokio[63f397da4923b324]::runtime::runtime::Runtime>::block_on::<core[df12db4294e9bfd3]::pin::Pin<&mut dyn core[df12db4294e9bfd3]::future::future::Future<Output = core[df12db4294e9bfd3]::result::Result<(), alloc[2182bb758b4b3781]::boxed::Box<dyn core[df12db4294e9bfd3]::error::Error>>>>>
[INFO] [stdout]   16:     0x5e8931b6cb12 - <account_ops[acab72b5de49d299]::basin_config_roundtrip::{closure#0} as core[df12db4294e9bfd3]::ops::function::FnOnce<()>>::call_once
[INFO] [stdout]   17:     0x5e8931b9394b - test[9d35eded1c95d3be]::__rust_begin_short_backtrace::<core[df12db4294e9bfd3]::result::Result<(), alloc[2182bb758b4b3781]::string::String>, fn() -> core[df12db4294e9bfd3]::result::Result<(), alloc[2182bb758b4b3781]::string::String>>
[INFO] [stdout]   18:     0x5e8931ba0fb5 - test[9d35eded1c95d3be]::run_test::{closure#0}
[INFO] [stdout]   19:     0x5e8931b9a874 - std[70759c8f55707aa4]::sys::backtrace::__rust_begin_short_backtrace::<test[9d35eded1c95d3be]::run_test::{closure#1}, ()>
[INFO] [stdout]   20:     0x5e8931ba4112 - <std[70759c8f55707aa4]::thread::lifecycle::spawn_unchecked<test[9d35eded1c95d3be]::run_test::{closure#1}, ()>::{closure#1} as core[df12db4294e9bfd3]::ops::function::FnOnce<()>>::call_once::{shim:vtable#0}
[INFO] [stdout]   21:     0x5e89320b05c9 - <std[70759c8f55707aa4]::sys::thread::unix::Thread>::new::thread_start
[INFO] [stdout]   22:     0x704658e98dfa - <unknown>
[INFO] [stdout]   23:     0x704658f2c3d4 - clone
[INFO] [stdout]   24:                0x0 - <unknown>
[INFO] [stdout] 
[INFO] [stdout] ---- issue_access_token_with_no_permitted_ops_errors stdout ----
[INFO] [stdout] 
[INFO] [stdout] thread 'issue_access_token_with_no_permitted_ops_errors' (6819) panicked at tests/common/mod.rs:194:38:
[INFO] [stdout] valid S2 config: ValidationError("S2_ACCESS_TOKEN env var not set")
[INFO] [stdout] stack backtrace:
[INFO] [stdout]    0:     0x5e89320b10a1 - <<std[70759c8f55707aa4]::sys::backtrace::BacktraceLock>::print::DisplayBacktrace as core[df12db4294e9bfd3]::fmt::Display>::fmt
[INFO] [stdout]    1:     0x5e89320c75da - core[df12db4294e9bfd3]::fmt::write
[INFO] [stdout]    2:     0x5e89320b5f9c - <alloc[2182bb758b4b3781]::vec::Vec<u8> as core[df12db4294e9bfd3]::io::write::Write>::write_fmt
[INFO] [stdout]    3:     0x5e893208c036 - std[70759c8f55707aa4]::panicking::default_hook::{closure#0}
[INFO] [stdout]    4:     0x5e89320a8e39 - std[70759c8f55707aa4]::panicking::default_hook
[INFO] [stdout]    5:     0x5e8931ba0660 - test[9d35eded1c95d3be]::test_main_inner::<test[9d35eded1c95d3be]::test_main_static::{closure#0}>::{closure#0}
[INFO] [stdout]    6:     0x5e89320a9162 - std[70759c8f55707aa4]::panicking::panic_with_hook
[INFO] [stdout]    7:     0x5e893208c0e2 - std[70759c8f55707aa4]::panicking::panic_handler::{closure#0}
[INFO] [stdout]    8:     0x5e8932084ce9 - std[70759c8f55707aa4]::sys::backtrace::__rust_end_short_backtrace::<std[70759c8f55707aa4]::panicking::panic_handler::{closure#0}, !>
[INFO] [stdout]    9:     0x5e893208cecd - __rustc[8fa7c3cbc660c2b3]::rust_begin_unwind
[INFO] [stdout]   10:     0x5e89320c7d3c - core[df12db4294e9bfd3]::panicking::panic_fmt
[INFO] [stdout]   11:     0x5e89320c7b12 - core[df12db4294e9bfd3]::result::unwrap_failed
[INFO] [stdout]   12:     0x5e8931b7f853 - account_ops[acab72b5de49d299]::common::s2
[INFO] [stdout]   13:     0x5e8931b60ca9 - account_ops[acab72b5de49d299]::issue_access_token_with_no_permitted_ops_errors::{closure#0}
[INFO] [stdout]   14:     0x5e8931b89290 - <tokio[63f397da4923b324]::runtime::scheduler::current_thread::CurrentThread>::block_on::<core[df12db4294e9bfd3]::pin::Pin<&mut dyn core[df12db4294e9bfd3]::future::future::Future<Output = core[df12db4294e9bfd3]::result::Result<(), alloc[2182bb758b4b3781]::boxed::Box<dyn core[df12db4294e9bfd3]::error::Error>>>>>
[INFO] [stdout]   15:     0x5e8931b90412 - <tokio[63f397da4923b324]::runtime::runtime::Runtime>::block_on::<core[df12db4294e9bfd3]::pin::Pin<&mut dyn core[df12db4294e9bfd3]::future::future::Future<Output = core[df12db4294e9bfd3]::result::Result<(), alloc[2182bb758b4b3781]::boxed::Box<dyn core[df12db4294e9bfd3]::error::Error>>>>>
[INFO] [stdout]   16:     0x5e8931b6dce2 - <account_ops[acab72b5de49d299]::issue_access_token_with_no_permitted_ops_errors::{closure#0} as core[df12db4294e9bfd3]::ops::function::FnOnce<()>>::call_once
[INFO] [stdout]   17:     0x5e8931b9394b - test[9d35eded1c95d3be]::__rust_begin_short_backtrace::<core[df12db4294e9bfd3]::result::Result<(), alloc[2182bb758b4b3781]::string::String>, fn() -> core[df12db4294e9bfd3]::result::Result<(), alloc[2182bb758b4b3781]::string::String>>
[INFO] [stdout]   18:     0x5e8931ba0fb5 - test[9d35eded1c95d3be]::run_test::{closure#0}
[INFO] [stdout]   19:     0x5e8931b9a874 - std[70759c8f55707aa4]::sys::backtrace::__rust_begin_short_backtrace::<test[9d35eded1c95d3be]::run_test::{closure#1}, ()>
[INFO] [stdout]   20:     0x5e8931ba4112 - <std[70759c8f55707aa4]::thread::lifecycle::spawn_unchecked<test[9d35eded1c95d3be]::run_test::{closure#1}, ()>::{closure#1} as core[df12db4294e9bfd3]::ops::function::FnOnce<()>>::call_once::{shim:vtable#0}
[INFO] [stdout]   21:     0x5e89320b05c9 - <std[70759c8f55707aa4]::sys::thread::unix::Thread>::new::thread_start
[INFO] [stdout]   22:     0x704658e98dfa - <unknown>
[INFO] [stdout]   23:     0x704658f2c3d4 - clone
[INFO] [stdout]   24:                0x0 - <unknown>
[INFO] [stdout] 
[INFO] [stdout] ---- ensure_basin_created stdout ----
[INFO] [stdout] 
[INFO] [stdout] thread 'ensure_basin_created' (6815) panicked at tests/common/mod.rs:194:38:
[INFO] [stdout] valid S2 config: ValidationError("S2_ACCESS_TOKEN env var not set")
[INFO] [stdout] stack backtrace:
[INFO] [stdout]    0:     0x5e89320b10a1 - <<std[70759c8f55707aa4]::sys::backtrace::BacktraceLock>::print::DisplayBacktrace as core[df12db4294e9bfd3]::fmt::Display>::fmt
[INFO] [stdout]    1:     0x5e89320c75da - core[df12db4294e9bfd3]::fmt::write
[INFO] [stdout]    2:     0x5e89320b5f9c - <alloc[2182bb758b4b3781]::vec::Vec<u8> as core[df12db4294e9bfd3]::io::write::Write>::write_fmt
[INFO] [stdout]    3:     0x5e893208c036 - std[70759c8f55707aa4]::panicking::default_hook::{closure#0}
[INFO] [stdout]    4:     0x5e89320a8e39 - std[70759c8f55707aa4]::panicking::default_hook
[INFO] [stdout]    5:     0x5e8931ba0660 - test[9d35eded1c95d3be]::test_main_inner::<test[9d35eded1c95d3be]::test_main_static::{closure#0}>::{closure#0}
[INFO] [stdout]    6:     0x5e89320a9162 - std[70759c8f55707aa4]::panicking::panic_with_hook
[INFO] [stdout]    7:     0x5e893208c0e2 - std[70759c8f55707aa4]::panicking::panic_handler::{closure#0}
[INFO] [stdout]    8:     0x5e8932084ce9 - std[70759c8f55707aa4]::sys::backtrace::__rust_end_short_backtrace::<std[70759c8f55707aa4]::panicking::panic_handler::{closure#0}, !>
[INFO] [stdout]    9:     0x5e893208cecd - __rustc[8fa7c3cbc660c2b3]::rust_begin_unwind
[INFO] [stdout]   10:     0x5e89320c7d3c - core[df12db4294e9bfd3]::panicking::panic_fmt
[INFO] [stdout]   11:     0x5e89320c7b12 - core[df12db4294e9bfd3]::result::unwrap_failed
[INFO] [stdout]   12:     0x5e8931b7f853 - account_ops[acab72b5de49d299]::common::s2
[INFO] [stdout]   13:     0x5e8931b552e2 - account_ops[acab72b5de49d299]::ensure_basin_created::{closure#0}
[INFO] [stdout]   14:     0x5e8931b89290 - <tokio[63f397da4923b324]::runtime::scheduler::current_thread::CurrentThread>::block_on::<core[df12db4294e9bfd3]::pin::Pin<&mut dyn core[df12db4294e9bfd3]::future::future::Future<Output = core[df12db4294e9bfd3]::result::Result<(), alloc[2182bb758b4b3781]::boxed::Box<dyn core[df12db4294e9bfd3]::error::Error>>>>>
[INFO] [stdout]   15:     0x5e8931b90412 - <tokio[63f397da4923b324]::runtime::runtime::Runtime>::block_on::<core[df12db4294e9bfd3]::pin::Pin<&mut dyn core[df12db4294e9bfd3]::future::future::Future<Output = core[df12db4294e9bfd3]::result::Result<(), alloc[2182bb758b4b3781]::boxed::Box<dyn core[df12db4294e9bfd3]::error::Error>>>>>
[INFO] [stdout]   16:     0x5e8931b6c9a2 - <account_ops[acab72b5de49d299]::ensure_basin_created::{closure#0} as core[df12db4294e9bfd3]::ops::function::FnOnce<()>>::call_once
[INFO] [stdout]   17:     0x5e8931b9394b - test[9d35eded1c95d3be]::__rust_begin_short_backtrace::<core[df12db4294e9bfd3]::result::Result<(), alloc[2182bb758b4b3781]::string::String>, fn() -> core[df12db4294e9bfd3]::result::Result<(), alloc[2182bb758b4b3781]::string::String>>
[INFO] [stdout]   18:     0x5e8931ba0fb5 - test[9d35eded1c95d3be]::run_test::{closure#0}
[INFO] [stdout]   19:     0x5e8931b9a874 - std[70759c8f55707aa4]::sys::backtrace::__rust_begin_short_backtrace::<test[9d35eded1c95d3be]::run_test::{closure#1}, ()>
[INFO] [stdout]   20:     0x5e8931ba4112 - <std[70759c8f55707aa4]::thread::lifecycle::spawn_unchecked<test[9d35eded1c95d3be]::run_test::{closure#1}, ()>::{closure#1} as core[df12db4294e9bfd3]::ops::function::FnOnce<()>>::call_once::{shim:vtable#0}
[INFO] [stdout]   21:     0x5e89320b05c9 - <std[70759c8f55707aa4]::sys::thread::unix::Thread>::new::thread_start
[INFO] [stdout]   22:     0x704658e98dfa - <unknown>
[INFO] [stdout]   23:     0x704658f2c3d4 - clone
[INFO] [stdout]   24:                0x0 - <unknown>
[INFO] [stdout] 
[INFO] [stdout] ---- ensure_basin_config_updated stdout ----
[INFO] [stdout] 
[INFO] [stdout] thread 'ensure_basin_config_updated' (6814) panicked at tests/common/mod.rs:194:38:
[INFO] [stdout] valid S2 config: ValidationError("S2_ACCESS_TOKEN env var not set")
[INFO] [stdout] stack backtrace:
[INFO] [stdout]    0:     0x5e89320b10a1 - <<std[70759c8f55707aa4]::sys::backtrace::BacktraceLock>::print::DisplayBacktrace as core[df12db4294e9bfd3]::fmt::Display>::fmt
[INFO] [stdout]    1:     0x5e89320c75da - core[df12db4294e9bfd3]::fmt::write
[INFO] [stdout]    2:     0x5e89320b5f9c - <alloc[2182bb758b4b3781]::vec::Vec<u8> as core[df12db4294e9bfd3]::io::write::Write>::write_fmt
[INFO] [stdout]    3:     0x5e893208c036 - std[70759c8f55707aa4]::panicking::default_hook::{closure#0}
[INFO] [stdout]    4:     0x5e89320a8e39 - std[70759c8f55707aa4]::panicking::default_hook
[INFO] [stdout]    5:     0x5e8931ba0660 - test[9d35eded1c95d3be]::test_main_inner::<test[9d35eded1c95d3be]::test_main_static::{closure#0}>::{closure#0}
[INFO] [stdout]    6:     0x5e89320a9162 - std[70759c8f55707aa4]::panicking::panic_with_hook
[INFO] [stdout]    7:     0x5e893208c0e2 - std[70759c8f55707aa4]::panicking::panic_handler::{closure#0}
[INFO] [stdout]    8:     0x5e8932084ce9 - std[70759c8f55707aa4]::sys::backtrace::__rust_end_short_backtrace::<std[70759c8f55707aa4]::panicking::panic_handler::{closure#0}, !>
[INFO] [stdout]    9:     0x5e893208cecd - __rustc[8fa7c3cbc660c2b3]::rust_begin_unwind
[INFO] [stdout]   10:     0x5e89320c7d3c - core[df12db4294e9bfd3]::panicking::panic_fmt
[INFO] [stdout]   11:     0x5e89320c7b12 - core[df12db4294e9bfd3]::result::unwrap_failed
[INFO] [stdout]   12:     0x5e8931b7f853 - account_ops[acab72b5de49d299]::common::s2
[INFO] [stdout]   13:     0x5e8931b58c92 - account_ops[acab72b5de49d299]::ensure_basin_config_updated::{closure#0}
[INFO] [stdout]   14:     0x5e8931b89290 - <tokio[63f397da4923b324]::runtime::scheduler::current_thread::CurrentThread>::block_on::<core[df12db4294e9bfd3]::pin::Pin<&mut dyn core[df12db4294e9bfd3]::future::future::Future<Output = core[df12db4294e9bfd3]::result::Result<(), alloc[2182bb758b4b3781]::boxed::Box<dyn core[df12db4294e9bfd3]::error::Error>>>>>
[INFO] [stdout]   15:     0x5e8931b90412 - <tokio[63f397da4923b324]::runtime::runtime::Runtime>::block_on::<core[df12db4294e9bfd3]::pin::Pin<&mut dyn core[df12db4294e9bfd3]::future::future::Future<Output = core[df12db4294e9bfd3]::result::Result<(), alloc[2182bb758b4b3781]::boxed::Box<dyn core[df12db4294e9bfd3]::error::Error>>>>>
[INFO] [stdout]   16:     0x5e8931b6cf62 - <account_ops[acab72b5de49d299]::ensure_basin_config_updated::{closure#0} as core[df12db4294e9bfd3]::ops::function::FnOnce<()>>::call_once
[INFO] [stdout]   17:     0x5e8931b9394b - test[9d35eded1c95d3be]::__rust_begin_short_backtrace::<core[df12db4294e9bfd3]::result::Result<(), alloc[2182bb758b4b3781]::string::String>, fn() -> core[df12db4294e9bfd3]::result::Result<(), alloc[2182bb758b4b3781]::string::String>>
[INFO] [stdout]   18:     0x5e8931ba0fb5 - test[9d35eded1c95d3be]::run_test::{closure#0}
[INFO] [stdout]   19:     0x5e8931b9a874 - std[70759c8f55707aa4]::sys::backtrace::__rust_begin_short_backtrace::<test[9d35eded1c95d3be]::run_test::{closure#1}, ()>
[INFO] [stdout]   20:     0x5e8931ba4112 - <std[70759c8f55707aa4]::thread::lifecycle::spawn_unchecked<test[9d35eded1c95d3be]::run_test::{closure#1}, ()>::{closure#1} as core[df12db4294e9bfd3]::ops::function::FnOnce<()>>::call_once::{shim:vtable#0}
[INFO] [stdout]   21:     0x5e89320b05c9 - <std[70759c8f55707aa4]::sys::thread::unix::Thread>::new::thread_start
[INFO] [stdout]   22:     0x704658e98dfa - <unknown>
[INFO] [stdout]   23:     0x704658f2c3d4 - clone
[INFO] [stdout]   24:                0x0 - <unknown>
[INFO] [stdout] 
[INFO] [stdout] ---- list_access_tokens_with_prefix stdout ----
[INFO] [stdout] 
[INFO] [stdout] thread 'list_access_tokens_with_prefix' (6822) panicked at tests/common/mod.rs:194:38:
[INFO] [stdout] valid S2 config: ValidationError("S2_ACCESS_TOKEN env var not set")
[INFO] [stdout] stack backtrace:
[INFO] [stdout]    0:     0x5e89320b10a1 - <<std[70759c8f55707aa4]::sys::backtrace::BacktraceLock>::print::DisplayBacktrace as core[df12db4294e9bfd3]::fmt::Display>::fmt
[INFO] [stdout]    1:     0x5e89320c75da - core[df12db4294e9bfd3]::fmt::write
[INFO] [stdout]    2:     0x5e89320b5f9c - <alloc[2182bb758b4b3781]::vec::Vec<u8> as core[df12db4294e9bfd3]::io::write::Write>::write_fmt
[INFO] [stdout]    3:     0x5e893208c036 - std[70759c8f55707aa4]::panicking::default_hook::{closure#0}
[INFO] [stdout]    4:     0x5e89320a8e39 - std[70759c8f55707aa4]::panicking::default_hook
[INFO] [stdout]    5:     0x5e8931ba0660 - test[9d35eded1c95d3be]::test_main_inner::<test[9d35eded1c95d3be]::test_main_static::{closure#0}>::{closure#0}
[INFO] [stdout]    6:     0x5e89320a9162 - std[70759c8f55707aa4]::panicking::panic_with_hook
[INFO] [stdout]    7:     0x5e893208c0e2 - std[70759c8f55707aa4]::panicking::panic_handler::{closure#0}
[INFO] [stdout]    8:     0x5e8932084ce9 - std[70759c8f55707aa4]::sys::backtrace::__rust_end_short_backtrace::<std[70759c8f55707aa4]::panicking::panic_handler::{closure#0}, !>
[INFO] [stdout]    9:     0x5e893208cecd - __rustc[8fa7c3cbc660c2b3]::rust_begin_unwind
[INFO] [stdout]   10:     0x5e89320c7d3c - core[df12db4294e9bfd3]::panicking::panic_fmt
[INFO] [stdout]   11:     0x5e89320c7b12 - core[df12db4294e9bfd3]::result::unwrap_failed
[INFO] [stdout]   12:     0x5e8931b7f853 - account_ops[acab72b5de49d299]::common::s2
[INFO] [stdout]   13:     0x5e8931b5c684 - account_ops[acab72b5de49d299]::list_access_tokens_with_prefix::{closure#0}
[INFO] [stdout]   14:     0x5e8931b89290 - <tokio[63f397da4923b324]::runtime::scheduler::current_thread::CurrentThread>::block_on::<core[df12db4294e9bfd3]::pin::Pin<&mut dyn core[df12db4294e9bfd3]::future::future::Future<Output = core[df12db4294e9bfd3]::result::Result<(), alloc[2182bb758b4b3781]::boxed::Box<dyn core[df12db4294e9bfd3]::error::Error>>>>>
[INFO] [stdout]   15:     0x5e8931b90412 - <tokio[63f397da4923b324]::runtime::runtime::Runtime>::block_on::<core[df12db4294e9bfd3]::pin::Pin<&mut dyn core[df12db4294e9bfd3]::future::future::Future<Output = core[df12db4294e9bfd3]::result::Result<(), alloc[2182bb758b4b3781]::boxed::Box<dyn core[df12db4294e9bfd3]::error::Error>>>>>
[INFO] [stdout]   16:     0x5e8931b6d552 - <account_ops[acab72b5de49d299]::list_access_tokens_with_prefix::{closure#0} as core[df12db4294e9bfd3]::ops::function::FnOnce<()>>::call_once
[INFO] [stdout]   17:     0x5e8931b9394b - test[9d35eded1c95d3be]::__rust_begin_short_backtrace::<core[df12db4294e9bfd3]::result::Result<(), alloc[2182bb758b4b3781]::string::String>, fn() -> core[df12db4294e9bfd3]::result::Result<(), alloc[2182bb758b4b3781]::string::String>>
[INFO] [stdout]   18:     0x5e8931ba0fb5 - test[9d35eded1c95d3be]::run_test::{closure#0}
[INFO] [stdout]   19:     0x5e8931b9a874 - std[70759c8f55707aa4]::sys::backtrace::__rust_begin_short_backtrace::<test[9d35eded1c95d3be]::run_test::{closure#1}, ()>
[INFO] [stdout]   20:     0x5e8931ba4112 - <std[70759c8f55707aa4]::thread::lifecycle::spawn_unchecked<test[9d35eded1c95d3be]::run_test::{closure#1}, ()>::{closure#1} as core[df12db4294e9bfd3]::ops::function::FnOnce<()>>::call_once::{shim:vtable#0}
[INFO] [stdout]   21:     0x5e89320b05c9 - <std[70759c8f55707aa4]::sys::thread::unix::Thread>::new::thread_start
[INFO] [stdout]   22:     0x704658e98dfa - <unknown>
[INFO] [stdout]   23:     0x704658f2c3d4 - clone
[INFO] [stdout]   24:                0x0 - <unknown>
[INFO] [stdout] 
[INFO] [stdout] ---- list_basins_with_limit stdout ----
[INFO] [stdout] 
[INFO] [stdout] thread 'list_basins_with_limit' (6823) panicked at tests/common/mod.rs:194:38:
[INFO] [stdout] valid S2 config: ValidationError("S2_ACCESS_TOKEN env var not set")
[INFO] [stdout] stack backtrace:
[INFO] [stdout]    0:     0x5e89320b10a1 - <<std[70759c8f55707aa4]::sys::backtrace::BacktraceLock>::print::DisplayBacktrace as core[df12db4294e9bfd3]::fmt::Display>::fmt
[INFO] [stdout]    1:     0x5e89320c75da - core[df12db4294e9bfd3]::fmt::write
[INFO] [stdout]    2:     0x5e89320b5f9c - <alloc[2182bb758b4b3781]::vec::Vec<u8> as core[df12db4294e9bfd3]::io::write::Write>::write_fmt
[INFO] [stdout]    3:     0x5e893208c036 - std[70759c8f55707aa4]::panicking::default_hook::{closure#0}
[INFO] [stdout]    4:     0x5e89320a8e39 - std[70759c8f55707aa4]::panicking::default_hook
[INFO] [stdout]    5:     0x5e8931ba0660 - test[9d35eded1c95d3be]::test_main_inner::<test[9d35eded1c95d3be]::test_main_static::{closure#0}>::{closure#0}
[INFO] [stdout]    6:     0x5e89320a9162 - std[70759c8f55707aa4]::panicking::panic_with_hook
[INFO] [stdout]    7:     0x5e893208c0e2 - std[70759c8f55707aa4]::panicking::panic_handler::{closure#0}
[INFO] [stdout]    8:     0x5e8932084ce9 - std[70759c8f55707aa4]::sys::backtrace::__rust_end_short_backtrace::<std[70759c8f55707aa4]::panicking::panic_handler::{closure#0}, !>
[INFO] [stdout]    9:     0x5e893208cecd - __rustc[8fa7c3cbc660c2b3]::rust_begin_unwind
[INFO] [stdout]   10:     0x5e89320c7d3c - core[df12db4294e9bfd3]::panicking::panic_fmt
[INFO] [stdout]   11:     0x5e89320c7b12 - core[df12db4294e9bfd3]::result::unwrap_failed
[INFO] [stdout]   12:     0x5e8931b7f853 - account_ops[acab72b5de49d299]::common::s2
[INFO] [stdout]   13:     0x5e8931b56978 - account_ops[acab72b5de49d299]::list_basins_with_limit::{closure#0}
[INFO] [stdout]   14:     0x5e8931b89290 - <tokio[63f397da4923b324]::runtime::scheduler::current_thread::CurrentThread>::block_on::<core[df12db4294e9bfd3]::pin::Pin<&mut dyn core[df12db4294e9bfd3]::future::future::Future<Output = core[df12db4294e9bfd3]::result::Result<(), alloc[2182bb758b4b3781]::boxed::Box<dyn core[df12db4294e9bfd3]::error::Error>>>>>
[INFO] [stdout]   15:     0x5e8931b90412 - <tokio[63f397da4923b324]::runtime::runtime::Runtime>::block_on::<core[df12db4294e9bfd3]::pin::Pin<&mut dyn core[df12db4294e9bfd3]::future::future::Future<Output = core[df12db4294e9bfd3]::result::Result<(), alloc[2182bb758b4b3781]::boxed::Box<dyn core[df12db4294e9bfd3]::error::Error>>>>>
[INFO] [stdout]   16:     0x5e8931b6cc82 - <account_ops[acab72b5de49d299]::list_basins_with_limit::{closure#0} as core[df12db4294e9bfd3]::ops::function::FnOnce<()>>::call_once
[INFO] [stdout]   17:     0x5e8931b9394b - test[9d35eded1c95d3be]::__rust_begin_short_backtrace::<core[df12db4294e9bfd3]::result::Result<(), alloc[2182bb758b4b3781]::string::String>, fn() -> core[df12db4294e9bfd3]::result::Result<(), alloc[2182bb758b4b3781]::string::String>>
[INFO] [stdout]   18:     0x5e8931ba0fb5 - test[9d35eded1c95d3be]::run_test::{closure#0}
[INFO] [stdout]   19:     0x5e8931b9a874 - std[70759c8f55707aa4]::sys::backtrace::__rust_begin_short_backtrace::<test[9d35eded1c95d3be]::run_test::{closure#1}, ()>
[INFO] [stdout]   20:     0x5e8931ba4112 - <std[70759c8f55707aa4]::thread::lifecycle::spawn_unchecked<test[9d35eded1c95d3be]::run_test::{closure#1}, ()>::{closure#1} as core[df12db4294e9bfd3]::ops::function::FnOnce<()>>::call_once::{shim:vtable#0}
[INFO] [stdout]   21:     0x5e89320b05c9 - <std[70759c8f55707aa4]::sys::thread::unix::Thread>::new::thread_start
[INFO] [stdout]   22:     0x704658e98dfa - <unknown>
[INFO] [stdout]   23:     0x704658f2c3d4 - clone
[INFO] [stdout]   24:                0x0 - <unknown>
[INFO] [stdout] 
[INFO] [stdout] ---- get_basin_config stdout ----
[INFO] [stdout] 
[INFO] [stdout] thread 'get_basin_config' (6816) panicked at tests/common/mod.rs:194:38:
[INFO] [stdout] valid S2 config: ValidationError("S2_ACCESS_TOKEN env var not set")
[INFO] [stdout] stack backtrace:
[INFO] [stdout]    0:     0x5e89320b10a1 - <<std[70759c8f55707aa4]::sys::backtrace::BacktraceLock>::print::DisplayBacktrace as core[df12db4294e9bfd3]::fmt::Display>::fmt
[INFO] [stdout]    1:     0x5e89320c75da - core[df12db4294e9bfd3]::fmt::write
[INFO] [stdout]    2:     0x5e89320b5f9c - <alloc[2182bb758b4b3781]::vec::Vec<u8> as core[df12db4294e9bfd3]::io::write::Write>::write_fmt
[INFO] [stdout]    3:     0x5e893208c036 - std[70759c8f55707aa4]::panicking::default_hook::{closure#0}
[INFO] [stdout]    4:     0x5e89320a8e39 - std[70759c8f55707aa4]::panicking::default_hook
[INFO] [stdout]    5:     0x5e8931ba0660 - test[9d35eded1c95d3be]::test_main_inner::<test[9d35eded1c95d3be]::test_main_static::{closure#0}>::{closure#0}
[INFO] [stdout]    6:     0x5e89320a9162 - std[70759c8f55707aa4]::panicking::panic_with_hook
[INFO] [stdout]    7:     0x5e893208c0e2 - std[70759c8f55707aa4]::panicking::panic_handler::{closure#0}
[INFO] [stdout]    8:     0x5e8932084ce9 - std[70759c8f55707aa4]::sys::backtrace::__rust_end_short_backtrace::<std[70759c8f55707aa4]::panicking::panic_handler::{closure#0}, !>
[INFO] [stdout]    9:     0x5e893208cecd - __rustc[8fa7c3cbc660c2b3]::rust_begin_unwind
[INFO] [stdout]   10:     0x5e89320c7d3c - core[df12db4294e9bfd3]::panicking::panic_fmt
[INFO] [stdout]   11:     0x5e89320c7b12 - core[df12db4294e9bfd3]::result::unwrap_failed
[INFO] [stdout]   12:     0x5e8931b7f853 - account_ops[acab72b5de49d299]::common::s2
[INFO] [stdout]   13:     0x5e8931b53033 - account_ops[acab72b5de49d299]::get_basin_config::{closure#0}
[INFO] [stdout]   14:     0x5e8931b89290 - <tokio[63f397da4923b324]::runtime::scheduler::current_thread::CurrentThread>::block_on::<core[df12db4294e9bfd3]::pin::Pin<&mut dyn core[df12db4294e9bfd3]::future::future::Future<Output = core[df12db4294e9bfd3]::result::Result<(), alloc[2182bb758b4b3781]::boxed::Box<dyn core[df12db4294e9bfd3]::error::Error>>>>>
[INFO] [stdout]   15:     0x5e8931b90412 - <tokio[63f397da4923b324]::runtime::runtime::Runtime>::block_on::<core[df12db4294e9bfd3]::pin::Pin<&mut dyn core[df12db4294e9bfd3]::future::future::Future<Output = core[df12db4294e9bfd3]::result::Result<(), alloc[2182bb758b4b3781]::boxed::Box<dyn core[df12db4294e9bfd3]::error::Error>>>>>
[INFO] [stdout]   16:     0x5e8931b6c6c2 - <account_ops[acab72b5de49d299]::get_basin_config::{closure#0} as core[df12db4294e9bfd3]::ops::function::FnOnce<()>>::call_once
[INFO] [stdout]   17:     0x5e8931b9394b - test[9d35eded1c95d3be]::__rust_begin_short_backtrace::<core[df12db4294e9bfd3]::result::Result<(), alloc[2182bb758b4b3781]::string::String>, fn() -> core[df12db4294e9bfd3]::result::Result<(), alloc[2182bb758b4b3781]::string::String>>
[INFO] [stdout]   18:     0x5e8931ba0fb5 - test[9d35eded1c95d3be]::run_test::{closure#0}
[INFO] [stdout]   19:     0x5e8931b9a874 - std[70759c8f55707aa4]::sys::backtrace::__rust_begin_short_backtrace::<test[9d35eded1c95d3be]::run_test::{closure#1}, ()>
[INFO] [stdout]   20:     0x5e8931ba4112 - <std[70759c8f55707aa4]::thread::lifecycle::spawn_unchecked<test[9d35eded1c95d3be]::run_test::{closure#1}, ()>::{closure#1} as core[df12db4294e9bfd3]::ops::function::FnOnce<()>>::call_once::{shim:vtable#0}
[INFO] [stdout]   21:     0x5e89320b05c9 - <std[70759c8f55707aa4]::sys::thread::unix::Thread>::new::thread_start
[INFO] [stdout]   22:     0x704658e98dfa - <unknown>
[INFO] [stdout]   23:     0x704658f2c3d4 - clone
[INFO] [stdout]   24:                0x0 - <unknown>
[INFO] [stdout] 
[INFO] [stdout] ---- delete_nonexistent_basin_with_ignore stdout ----
[INFO] [stdout] 
[INFO] [stdout] thread 'delete_nonexistent_basin_with_ignore' (6812) panicked at tests/common/mod.rs:194:38:
[INFO] [stdout] valid S2 config: ValidationError("S2_ACCESS_TOKEN env var not set")
[INFO] [stdout] stack backtrace:
[INFO] [stdout]    0:     0x5e89320b10a1 - <<std[70759c8f55707aa4]::sys::backtrace::BacktraceLock>::print::DisplayBacktrace as core[df12db4294e9bfd3]::fmt::Display>::fmt
[INFO] [stdout]    1:     0x5e89320c75da - core[df12db4294e9bfd3]::fmt::write
[INFO] [stdout]    2:     0x5e89320b5f9c - <alloc[2182bb758b4b3781]::vec::Vec<u8> as core[df12db4294e9bfd3]::io::write::Write>::write_fmt
[INFO] [stdout]    3:     0x5e893208c036 - std[70759c8f55707aa4]::panicking::default_hook::{closure#0}
[INFO] [stdout]    4:     0x5e89320a8e39 - std[70759c8f55707aa4]::panicking::default_hook
[INFO] [stdout]    5:     0x5e8931ba0660 - test[9d35eded1c95d3be]::test_main_inner::<test[9d35eded1c95d3be]::test_main_static::{closure#0}>::{closure#0}
[INFO] [stdout]    6:     0x5e89320a9162 - std[70759c8f55707aa4]::panicking::panic_with_hook
[INFO] [stdout]    7:     0x5e893208c0e2 - std[70759c8f55707aa4]::panicking::panic_handler::{closure#0}
[INFO] [stdout]    8:     0x5e8932084ce9 - std[70759c8f55707aa4]::sys::backtrace::__rust_end_short_backtrace::<std[70759c8f55707aa4]::panicking::panic_handler::{closure#0}, !>
[INFO] [stdout]    9:     0x5e893208cecd - __rustc[8fa7c3cbc660c2b3]::rust_begin_unwind
[INFO] [stdout]   10:     0x5e89320c7d3c - core[df12db4294e9bfd3]::panicking::panic_fmt
[INFO] [stdout]   11:     0x5e89320c7b12 - core[df12db4294e9bfd3]::result::unwrap_failed
[INFO] [stdout]   12:     0x5e8931b7f853 - account_ops[acab72b5de49d299]::common::s2
[INFO] [stdout]   13:     0x5e8931b5f6e6 - account_ops[acab72b5de49d299]::delete_nonexistent_basin_with_ignore::{closure#0}
[INFO] [stdout]   14:     0x5e8931b89290 - <tokio[63f397da4923b324]::runtime::scheduler::current_thread::CurrentThread>::block_on::<core[df12db4294e9bfd3]::pin::Pin<&mut dyn core[df12db4294e9bfd3]::future::future::Future<Output = core[df12db4294e9bfd3]::result::Result<(), alloc[2182bb758b4b3781]::boxed::Box<dyn core[df12db4294e9bfd3]::error::Error>>>>>
[INFO] [stdout]   15:     0x5e8931b90412 - <tokio[63f397da4923b324]::runtime::runtime::Runtime>::block_on::<core[df12db4294e9bfd3]::pin::Pin<&mut dyn core[df12db4294e9bfd3]::future::future::Future<Output = core[df12db4294e9bfd3]::result::Result<(), alloc[2182bb758b4b3781]::boxed::Box<dyn core[df12db4294e9bfd3]::error::Error>>>>>
[INFO] [stdout]   16:     0x5e8931b6d9d2 - <account_ops[acab72b5de49d299]::delete_nonexistent_basin_with_ignore::{closure#0} as core[df12db4294e9bfd3]::ops::function::FnOnce<()>>::call_once
[INFO] [stdout]   17:     0x5e8931b9394b - test[9d35eded1c95d3be]::__rust_begin_short_backtrace::<core[df12db4294e9bfd3]::result::Result<(), alloc[2182bb758b4b3781]::string::String>, fn() -> core[df12db4294e9bfd3]::result::Result<(), alloc[2182bb758b4b3781]::string::String>>
[INFO] [stdout]   18:     0x5e8931ba0fb5 - test[9d35eded1c95d3be]::run_test::{closure#0}
[INFO] [stdout]   19:     0x5e8931b9a874 - std[70759c8f55707aa4]::sys::backtrace::__rust_begin_short_backtrace::<test[9d35eded1c95d3be]::run_test::{closure#1}, ()>
[INFO] [stdout]   20:     0x5e8931ba4112 - <std[70759c8f55707aa4]::thread::lifecycle::spawn_unchecked<test[9d35eded1c95d3be]::run_test::{closure#1}, ()>::{closure#1} as core[df12db4294e9bfd3]::ops::function::FnOnce<()>>::call_once::{shim:vtable#0}
[INFO] [stdout]   21:     0x5e89320b05c9 - <std[70759c8f55707aa4]::sys::thread::unix::Thread>::new::thread_start
[INFO] [stdout]   22:     0x704658e98dfa - <unknown>
[INFO] [stdout]   23:     0x704658f2c3d4 - clone
[INFO] [stdout]   24:                0x0 - <unknown>
[INFO] [stdout] 
[INFO] [stdout] ---- delete_nonexistent_basin_errors stdout ----
[INFO] [stdout] 
[INFO] [stdout] thread 'delete_nonexistent_basin_errors' (6811) panicked at tests/common/mod.rs:194:38:
[INFO] [stdout] valid S2 config: ValidationError("S2_ACCESS_TOKEN env var not set")
[INFO] [stdout] stack backtrace:
[INFO] [stdout]    0:     0x5e89320b10a1 - <<std[70759c8f55707aa4]::sys::backtrace::BacktraceLock>::print::DisplayBacktrace as core[df12db4294e9bfd3]::fmt::Display>::fmt
[INFO] [stdout]    1:     0x5e89320c75da - core[df12db4294e9bfd3]::fmt::write
[INFO] [stdout]    2:     0x5e89320b5f9c - <alloc[2182bb758b4b3781]::vec::Vec<u8> as core[df12db4294e9bfd3]::io::write::Write>::write_fmt
[INFO] [stdout]    3:     0x5e893208c036 - std[70759c8f55707aa4]::panicking::default_hook::{closure#0}
[INFO] [stdout]    4:     0x5e89320a8e39 - std[70759c8f55707aa4]::panicking::default_hook
[INFO] [stdout]    5:     0x5e8931ba0660 - test[9d35eded1c95d3be]::test_main_inner::<test[9d35eded1c95d3be]::test_main_static::{closure#0}>::{closure#0}
[INFO] [stdout]    6:     0x5e89320a9162 - std[70759c8f55707aa4]::panicking::panic_with_hook
[INFO] [stdout]    7:     0x5e893208c0e2 - std[70759c8f55707aa4]::panicking::panic_handler::{closure#0}
[INFO] [stdout]    8:     0x5e8932084ce9 - std[70759c8f55707aa4]::sys::backtrace::__rust_end_short_backtrace::<std[70759c8f55707aa4]::panicking::panic_handler::{closure#0}, !>
[INFO] [stdout]    9:     0x5e893208cecd - __rustc[8fa7c3cbc660c2b3]::rust_begin_unwind
[INFO] [stdout]   10:     0x5e89320c7d3c - core[df12db4294e9bfd3]::panicking::panic_fmt
[INFO] [stdout]   11:     0x5e89320c7b12 - core[df12db4294e9bfd3]::result::unwrap_failed
[INFO] [stdout]   12:     0x5e8931b7f853 - account_ops[acab72b5de49d299]::common::s2
[INFO] [stdout]   13:     0x5e8931b5e1b6 - account_ops[acab72b5de49d299]::delete_nonexistent_basin_errors::{closure#0}
[INFO] [stdout]   14:     0x5e8931b89290 - <tokio[63f397da4923b324]::runtime::scheduler::current_thread::CurrentThread>::block_on::<core[df12db4294e9bfd3]::pin::Pin<&mut dyn core[df12db4294e9bfd3]::future::future::Future<Output = core[df12db4294e9bfd3]::result::Result<(), alloc[2182bb758b4b3781]::boxed::Box<dyn core[df12db4294e9bfd3]::error::Error>>>>>
[INFO] [stdout]   15:     0x5e8931b90412 - <tokio[63f397da4923b324]::runtime::runtime::Runtime>::block_on::<core[df12db4294e9bfd3]::pin::Pin<&mut dyn core[df12db4294e9bfd3]::future::future::Future<Output = core[df12db4294e9bfd3]::result::Result<(), alloc[2182bb758b4b3781]::boxed::Box<dyn core[df12db4294e9bfd3]::error::Error>>>>>
[INFO] [stdout]   16:     0x5e8931b6d6c2 - <account_ops[acab72b5de49d299]::delete_nonexistent_basin_errors::{closure#0} as core[df12db4294e9bfd3]::ops::function::FnOnce<()>>::call_once
[INFO] [stdout]   17:     0x5e8931b9394b - test[9d35eded1c95d3be]::__rust_begin_short_backtrace::<core[df12db4294e9bfd3]::result::Result<(), alloc[2182bb758b4b3781]::string::String>, fn() -> core[df12db4294e9bfd3]::result::Result<(), alloc[2182bb758b4b3781]::string::String>>
[INFO] [stdout]   18:     0x5e8931ba0fb5 - test[9d35eded1c95d3be]::run_test::{closure#0}
[INFO] [stdout]   19:     0x5e8931b9a874 - std[70759c8f55707aa4]::sys::backtrace::__rust_begin_short_backtrace::<test[9d35eded1c95d3be]::run_test::{closure#1}, ()>
[INFO] [stdout]   20:     0x5e8931ba4112 - <std[70759c8f55707aa4]::thread::lifecycle::spawn_unchecked<test[9d35eded1c95d3be]::run_test::{closure#1}, ()>::{closure#1} as core[df12db4294e9bfd3]::ops::function::FnOnce<()>>::call_once::{shim:vtable#0}
[INFO] [stdout]   21:     0x5e89320b05c9 - <std[70759c8f55707aa4]::sys::thread::unix::Thread>::new::thread_start
[INFO] [stdout]   22:     0x704658e98dfa - <unknown>
[INFO] [stdout]   23:     0x704658f2c3d4 - clone
[INFO] [stdout]   24:                0x0 - <unknown>
[INFO] [stdout] 
[INFO] [stdout] ---- create_list_and_delete_basin stdout ----
[INFO] [stdout] 
[INFO] [stdout] thread 'create_list_and_delete_basin' (6810) panicked at tests/common/mod.rs:194:38:
[INFO] [stdout] valid S2 config: ValidationError("S2_ACCESS_TOKEN env var not set")
[INFO] [stdout] stack backtrace:
[INFO] [stdout]    0:     0x5e89320b10a1 - <<std[70759c8f55707aa4]::sys::backtrace::BacktraceLock>::print::DisplayBacktrace as core[df12db4294e9bfd3]::fmt::Display>::fmt
[INFO] [stdout]    1:     0x5e89320c75da - core[df12db4294e9bfd3]::fmt::write
[INFO] [stdout]    2:     0x5e89320b5f9c - <alloc[2182bb758b4b3781]::vec::Vec<u8> as core[df12db4294e9bfd3]::io::write::Write>::write_fmt
[INFO] [stdout]    3:     0x5e893208c036 - std[70759c8f55707aa4]::panicking::default_hook::{closure#0}
[INFO] [stdout]    4:     0x5e89320a8e39 - std[70759c8f55707aa4]::panicking::default_hook
[INFO] [stdout]    5:     0x5e8931ba0660 - test[9d35eded1c95d3be]::test_main_inner::<test[9d35eded1c95d3be]::test_main_static::{closure#0}>::{closure#0}
[INFO] [stdout]    6:     0x5e89320a9162 - std[70759c8f55707aa4]::panicking::panic_with_hook
[INFO] [stdout]    7:     0x5e893208c0e2 - std[70759c8f55707aa4]::panicking::panic_handler::{closure#0}
[INFO] [stdout]    8:     0x5e8932084ce9 - std[70759c8f55707aa4]::sys::backtrace::__rust_end_short_backtrace::<std[70759c8f55707aa4]::panicking::panic_handler::{closure#0}, !>
[INFO] [stdout]    9:     0x5e893208cecd - __rustc[8fa7c3cbc660c2b3]::rust_begin_unwind
[INFO] [stdout]   10:     0x5e89320c7d3c - core[df12db4294e9bfd3]::panicking::panic_fmt
[INFO] [stdout]   11:     0x5e89320c7b12 - core[df12db4294e9bfd3]::result::unwrap_failed
[INFO] [stdout]   12:     0x5e8931b7f853 - account_ops[acab72b5de49d299]::common::s2
[INFO] [stdout]   13:     0x5e8931b59bc9 - account_ops[acab72b5de49d299]::create_list_and_delete_basin::{closure#0}
[INFO] [stdout]   14:     0x5e8931b89290 - <tokio[63f397da4923b324]::runtime::scheduler::current_thread::CurrentThread>::block_on::<core[df12db4294e9bfd3]::pin::Pin<&mut dyn core[df12db4294e9bfd3]::future::future::Future<Output = core[df12db4294e9bfd3]::result::Result<(), alloc[2182bb758b4b3781]::boxed::Box<dyn core[df12db4294e9bfd3]::error::Error>>>>>
[INFO] [stdout]   15:     0x5e8931b90412 - <tokio[63f397da4923b324]::runtime::runtime::Runtime>::block_on::<core[df12db4294e9bfd3]::pin::Pin<&mut dyn core[df12db4294e9bfd3]::future::future::Future<Output = core[df12db4294e9bfd3]::result::Result<(), alloc[2182bb758b4b3781]::boxed::Box<dyn core[df12db4294e9bfd3]::error::Error>>>>>
[INFO] [stdout]   16:     0x5e8931b6d0d2 - <account_ops[acab72b5de49d299]::create_list_and_delete_basin::{closure#0} as core[df12db4294e9bfd3]::ops::function::FnOnce<()>>::call_once
[INFO] [stdout]   17:     0x5e8931b9394b - test[9d35eded1c95d3be]::__rust_begin_short_backtrace::<core[df12db4294e9bfd3]::result::Result<(), alloc[2182bb758b4b3781]::string::String>, fn() -> core[df12db4294e9bfd3]::result::Result<(), alloc[2182bb758b4b3781]::string::String>>
[INFO] [stdout]   18:     0x5e8931ba0fb5 - test[9d35eded1c95d3be]::run_test::{closure#0}
[INFO] [stdout]   19:     0x5e8931b9a874 - std[70759c8f55707aa4]::sys::backtrace::__rust_begin_short_backtrace::<test[9d35eded1c95d3be]::run_test::{closure#1}, ()>
[INFO] [stdout]   20:     0x5e8931ba4112 - <std[70759c8f55707aa4]::thread::lifecycle::spawn_unchecked<test[9d35eded1c95d3be]::run_test::{closure#1}, ()>::{closure#1} as core[df12db4294e9bfd3]::ops::function::FnOnce<()>>::call_once::{shim:vtable#0}
[INFO] [stdout]   21:     0x5e89320b05c9 - <std[70759c8f55707aa4]::sys::thread::unix::Thread>::new::thread_start
[INFO] [stdout]   22:     0x704658e98dfa - <unknown>
[INFO] [stdout]   23:     0x704658f2c3d4 - clone
[INFO] [stdout]   24:                0x0 - <unknown>
[INFO] [stdout] 
[INFO] [stdout] ---- issue_access_token_with_expiration_and_auto_prefix_streams stdout ----
[INFO] [stdout] 
[INFO] [stdout] thread 'issue_access_token_with_expiration_and_auto_prefix_streams' (6818) panicked at tests/common/mod.rs:194:38:
[INFO] [stdout] valid S2 config: ValidationError("S2_ACCESS_TOKEN env var not set")
[INFO] [stdout] stack backtrace:
[INFO] [stdout]    0:     0x5e89320b10a1 - <<std[70759c8f55707aa4]::sys::backtrace::BacktraceLock>::print::DisplayBacktrace as core[df12db4294e9bfd3]::fmt::Display>::fmt
[INFO] [stdout]    1:     0x5e89320c75da - core[df12db4294e9bfd3]::fmt::write
[INFO] [stdout]    2:     0x5e89320b5f9c - <alloc[2182bb758b4b3781]::vec::Vec<u8> as core[df12db4294e9bfd3]::io::write::Write>::write_fmt
[INFO] [stdout]    3:     0x5e893208c036 - std[70759c8f55707aa4]::panicking::default_hook::{closure#0}
[INFO] [stdout]    4:     0x5e89320a8e39 - std[70759c8f55707aa4]::panicking::default_hook
[INFO] [stdout]    5:     0x5e8931ba0660 - test[9d35eded1c95d3be]::test_main_inner::<test[9d35eded1c95d3be]::test_main_static::{closure#0}>::{closure#0}
[INFO] [stdout]    6:     0x5e89320a9162 - std[70759c8f55707aa4]::panicking::panic_with_hook
[INFO] [stdout]    7:     0x5e893208c0e2 - std[70759c8f55707aa4]::panicking::panic_handler::{closure#0}
[INFO] [stdout]    8:     0x5e8932084ce9 - std[70759c8f55707aa4]::sys::backtrace::__rust_end_short_backtrace::<std[70759c8f55707aa4]::panicking::panic_handler::{closure#0}, !>
[INFO] [stdout]    9:     0x5e893208cecd - __rustc[8fa7c3cbc660c2b3]::rust_begin_unwind
[INFO] [stdout]   10:     0x5e89320c7d3c - core[df12db4294e9bfd3]::panicking::panic_fmt
[INFO] [stdout]   11:     0x5e89320c7b12 - core[df12db4294e9bfd3]::result::unwrap_failed
[INFO] [stdout]   12:     0x5e8931b7f853 - account_ops[acab72b5de49d299]::common::s2
[INFO] [stdout]   13:     0x5e8931b614c0 - account_ops[acab72b5de49d299]::issue_access_token_with_expiration_and_auto_prefix_streams::{closure#0}
[INFO] [stdout]   14:     0x5e8931b89290 - <tokio[63f397da4923b324]::runtime::scheduler::current_thread::CurrentThread>::block_on::<core[df12db4294e9bfd3]::pin::Pin<&mut dyn core[df12db4294e9bfd3]::future::future::Future<Output = core[df12db4294e9bfd3]::result::Result<(), alloc[2182bb758b4b3781]::boxed::Box<dyn core[df12db4294e9bfd3]::error::Error>>>>>
[INFO] [stdout]   15:     0x5e8931b90412 - <tokio[63f397da4923b324]::runtime::runtime::Runtime>::block_on::<core[df12db4294e9bfd3]::pin::Pin<&mut dyn core[df12db4294e9bfd3]::future::future::Future<Output = core[df12db4294e9bfd3]::result::Result<(), alloc[2182bb758b4b3781]::boxed::Box<dyn core[df12db4294e9bfd3]::error::Error>>>>>
[INFO] [stdout]   16:     0x5e8931b6de52 - <account_ops[acab72b5de49d299]::issue_access_token_with_expiration_and_auto_prefix_streams::{closure#0} as core[df12db4294e9bfd3]::ops::function::FnOnce<()>>::call_once
[INFO] [stdout]   17:     0x5e8931b9394b - test[9d35eded1c95d3be]::__rust_begin_short_backtrace::<core[df12db4294e9bfd3]::result::Result<(), alloc[2182bb758b4b3781]::string::String>, fn() -> core[df12db4294e9bfd3]::result::Result<(), alloc[2182bb758b4b3781]::string::String>>
[INFO] [stdout]   18:     0x5e8931ba0fb5 - test[9d35eded1c95d3be]::run_test::{closure#0}
[INFO] [stdout]   19:     0x5e8931b9a874 - std[70759c8f55707aa4]::sys::backtrace::__rust_begin_short_backtrace::<test[9d35eded1c95d3be]::run_test::{closure#1}, ()>
[INFO] [stdout]   20:     0x5e8931ba4112 - <std[70759c8f55707aa4]::thread::lifecycle::spawn_unchecked<test[9d35eded1c95d3be]::run_test::{closure#1}, ()>::{closure#1} as core[df12db4294e9bfd3]::ops::function::FnOnce<()>>::call_once::{shim:vtable#0}
[INFO] [stdout]   21:     0x5e89320b05c9 - <std[70759c8f55707aa4]::sys::thread::unix::Thread>::new::thread_start
[INFO] [stdout]   22:     0x704658e98dfa - <unknown>
[INFO] [stdout]   23:     0x704658f2c3d4 - clone
[INFO] [stdout]   24:                0x0 - <unknown>
[INFO] [stdout] 
[INFO] [stdout] ---- ensure_basin_config_unchanged stdout ----
[INFO] [stdout] 
[INFO] [stdout] thread 'ensure_basin_config_unchanged' (6813) panicked at tests/common/mod.rs:194:38:
[INFO] [stdout] valid S2 config: ValidationError("S2_ACCESS_TOKEN env var not set")
[INFO] [stdout] stack backtrace:
[INFO] [stdout]    0:     0x5e89320b10a1 - <<std[70759c8f55707aa4]::sys::backtrace::BacktraceLock>::print::DisplayBacktrace as core[df12db4294e9bfd3]::fmt::Display>::fmt
[INFO] [stdout]    1:     0x5e89320c75da - core[df12db4294e9bfd3]::fmt::write
[INFO] [stdout]    2:     0x5e89320b5f9c - <alloc[2182bb758b4b3781]::vec::Vec<u8> as core[df12db4294e9bfd3]::io::write::Write>::write_fmt
[INFO] [stdout]    3:     0x5e893208c036 - std[70759c8f55707aa4]::panicking::default_hook::{closure#0}
[INFO] [stdout]    4:     0x5e89320a8e39 - std[70759c8f55707aa4]::panicking::default_hook
[INFO] [stdout]    5:     0x5e8931ba0660 - test[9d35eded1c95d3be]::test_main_inner::<test[9d35eded1c95d3be]::test_main_static::{closure#0}>::{closure#0}
[INFO] [stdout]    6:     0x5e89320a9162 - std[70759c8f55707aa4]::panicking::panic_with_hook
[INFO] [stdout]    7:     0x5e893208c0e2 - std[70759c8f55707aa4]::panicking::panic_handler::{closure#0}
[INFO] [stdout]    8:     0x5e8932084ce9 - std[70759c8f55707aa4]::sys::backtrace::__rust_end_short_backtrace::<std[70759c8f55707aa4]::panicking::panic_handler::{closure#0}, !>
[INFO] [stdout]    9:     0x5e893208cecd - __rustc[8fa7c3cbc660c2b3]::rust_begin_unwind
[INFO] [stdout]   10:     0x5e89320c7d3c - core[df12db4294e9bfd3]::panicking::panic_fmt
[INFO] [stdout]   11:     0x5e89320c7b12 - core[df12db4294e9bfd3]::result::unwrap_failed
[INFO] [stdout]   12:     0x5e8931b7f853 - account_ops[acab72b5de49d299]::common::s2
[INFO] [stdout]   13:     0x5e8931b5b062 - account_ops[acab72b5de49d299]::ensure_basin_config_unchanged::{closure#0}
[INFO] [stdout]   14:     0x5e8931b89290 - <tokio[63f397da4923b324]::runtime::scheduler::current_thread::CurrentThread>::block_on::<core[df12db4294e9bfd3]::pin::Pin<&mut dyn core[df12db4294e9bfd3]::future::future::Future<Output = core[df12db4294e9bfd3]::result::Result<(), alloc[2182bb758b4b3781]::boxed::Box<dyn core[df12db4294e9bfd3]::error::Error>>>>>
[INFO] [stdout]   15:     0x5e8931b90412 - <tokio[63f397da4923b324]::runtime::runtime::Runtime>::block_on::<core[df12db4294e9bfd3]::pin::Pin<&mut dyn core[df12db4294e9bfd3]::future::future::Future<Output = core[df12db4294e9bfd3]::result::Result<(), alloc[2182bb758b4b3781]::boxed::Box<dyn core[df12db4294e9bfd3]::error::Error>>>>>
[INFO] [stdout]   16:     0x5e8931b6d242 - <account_ops[acab72b5de49d299]::ensure_basin_config_unchanged::{closure#0} as core[df12db4294e9bfd3]::ops::function::FnOnce<()>>::call_once
[INFO] [stdout]   17:     0x5e8931b9394b - test[9d35eded1c95d3be]::__rust_begin_short_backtrace::<core[df12db4294e9bfd3]::result::Result<(), alloc[2182bb758b4b3781]::string::String>, fn() -> core[df12db4294e9bfd3]::result::Result<(), alloc[2182bb758b4b3781]::string::String>>
[INFO] [stdout]   18:     0x5e8931ba0fb5 - test[9d35eded1c95d3be]::run_test::{closure#0}
[INFO] [stdout]   19:     0x5e8931b9a874 - std[70759c8f55707aa4]::sys::backtrace::__rust_begin_short_backtrace::<test[9d35eded1c95d3be]::run_test::{closure#1}, ()>
[INFO] [stdout]   20:     0x5e8931ba4112 - <std[70759c8f55707aa4]::thread::lifecycle::spawn_unchecked<test[9d35eded1c95d3be]::run_test::{closure#1}, ()>::{closure#1} as core[df12db4294e9bfd3]::ops::function::FnOnce<()>>::call_once::{shim:vtable#0}
[INFO] [stdout]   21:     0x5e89320b05c9 - <std[70759c8f55707aa4]::sys::thread::unix::Thread>::new::thread_start
[INFO] [stdout]   22:     0x704658e98dfa - <unknown>
[INFO] [stdout]   23:     0x704658f2c3d4 - clone
[INFO] [stdout]   24:                0x0 - <unknown>
[INFO] [stdout] 
[INFO] [stdout] ---- list_basins_with_prefix_and_start_after stdout ----
[INFO] [stdout] 
[INFO] [stdout] thread 'list_basins_with_prefix_and_start_after' (6825) panicked at tests/common/mod.rs:194:38:
[INFO] [stdout] valid S2 config: ValidationError("S2_ACCESS_TOKEN env var not set")
[INFO] [stdout] stack backtrace:
[INFO] [stdout]    0:     0x5e89320b10a1 - <<std[70759c8f55707aa4]::sys::backtrace::BacktraceLock>::print::DisplayBacktrace as core[df12db4294e9bfd3]::fmt::Display>::fmt
[INFO] [stdout]    1:     0x5e89320c75da - core[df12db4294e9bfd3]::fmt::write
[INFO] [stdout]    2:     0x5e89320b5f9c - <alloc[2182bb758b4b3781]::vec::Vec<u8> as core[df12db4294e9bfd3]::io::write::Write>::write_fmt
[INFO] [stdout]    3:     0x5e893208c036 - std[70759c8f55707aa4]::panicking::default_hook::{closure#0}
[INFO] [stdout]    4:     0x5e89320a8e39 - std[70759c8f55707aa4]::panicking::default_hook
[INFO] [stdout]    5:     0x5e8931ba0660 - test[9d35eded1c95d3be]::test_main_inner::<test[9d35eded1c95d3be]::test_main_static::{closure#0}>::{closure#0}
[INFO] [stdout]    6:     0x5e89320a9162 - std[70759c8f55707aa4]::panicking::panic_with_hook
[INFO] [stdout]    7:     0x5e893208c0e2 - std[70759c8f55707aa4]::panicking::panic_handler::{closure#0}
[INFO] [stdout]    8:     0x5e8932084ce9 - std[70759c8f55707aa4]::sys::backtrace::__rust_end_short_backtrace::<std[70759c8f55707aa4]::panicking::panic_handler::{closure#0}, !>
[INFO] [stdout]    9:     0x5e893208cecd - __rustc[8fa7c3cbc660c2b3]::rust_begin_unwind
[INFO] [stdout]   10:     0x5e89320c7d3c - core[df12db4294e9bfd3]::panicking::panic_fmt
[INFO] [stdout]   11:     0x5e89320c7b12 - core[df12db4294e9bfd3]::result::unwrap_failed
[INFO] [stdout]   12:     0x5e8931b7f853 - account_ops[acab72b5de49d299]::common::s2
[INFO] [stdout]   13:     0x5e8931b5f8bf - account_ops[acab72b5de49d299]::list_basins_with_prefix_and_start_after::{closure#0}
[INFO] [stdout]   14:     0x5e8931b89290 - <tokio[63f397da4923b324]::runtime::scheduler::current_thread::CurrentThread>::block_on::<core[df12db4294e9bfd3]::pin::Pin<&mut dyn core[df12db4294e9bfd3]::future::future::Future<Output = core[df12db4294e9bfd3]::result::Result<(), alloc[2182bb758b4b3781]::boxed::Box<dyn core[df12db4294e9bfd3]::error::Error>>>>>
[INFO] [stdout]   15:     0x5e8931b90412 - <tokio[63f397da4923b324]::runtime::runtime::Runtime>::block_on::<core[df12db4294e9bfd3]::pin::Pin<&mut dyn core[df12db4294e9bfd3]::future::future::Future<Output = core[df12db4294e9bfd3]::result::Result<(), alloc[2182bb758b4b3781]::boxed::Box<dyn core[df12db4294e9bfd3]::error::Error>>>>>
[INFO] [stdout]   16:     0x5e8931b6db72 - <account_ops[acab72b5de49d299]::list_basins_with_prefix_and_start_after::{closure#0} as core[df12db4294e9bfd3]::ops::function::FnOnce<()>>::call_once
[INFO] [stdout]   17:     0x5e8931b9394b - test[9d35eded1c95d3be]::__rust_begin_short_backtrace::<core[df12db4294e9bfd3]::result::Result<(), alloc[2182bb758b4b3781]::string::String>, fn() -> core[df12db4294e9bfd3]::result::Result<(), alloc[2182bb758b4b3781]::string::String>>
[INFO] [stdout]   18:     0x5e8931ba0fb5 - test[9d35eded1c95d3be]::run_test::{closure#0}
[INFO] [stdout]   19:     0x5e8931b9a874 - std[70759c8f55707aa4]::sys::backtrace::__rust_begin_short_backtrace::<test[9d35eded1c95d3be]::run_test::{closure#1}, ()>
[INFO] [stdout]   20:     0x5e8931ba4112 - <std[70759c8f55707aa4]::thread::lifecycle::spawn_unchecked<test[9d35eded1c95d3be]::run_test::{closure#1}, ()>::{closure#1} as core[df12db4294e9bfd3]::ops::function::FnOnce<()>>::call_once::{shim:vtable#0}
[INFO] [stdout]   21:     0x5e89320b05c9 - <std[70759c8f55707aa4]::sys::thread::unix::Thread>::new::thread_start
[INFO] [stdout]   22:     0x704658e98dfa - <unknown>
[INFO] [stdout]   23:     0x704658f2c3d4 - clone
[INFO] [stdout]   24:                0x0 - <unknown>
[INFO] [stdout] 
[INFO] [stdout] ---- list_basins_with_prefix stdout ----
[INFO] [stdout] 
[INFO] [stdout] thread 'list_basins_with_prefix' (6824) panicked at tests/common/mod.rs:194:38:
[INFO] [stdout] valid S2 config: ValidationError("S2_ACCESS_TOKEN env var not set")
[INFO] [stdout] stack backtrace:
[INFO] [stdout]    0:     0x5e89320b10a1 - <<std[70759c8f55707aa4]::sys::backtrace::BacktraceLock>::print::DisplayBacktrace as core[df12db4294e9bfd3]::fmt::Display>::fmt
[INFO] [stdout]    1:     0x5e89320c75da - core[df12db4294e9bfd3]::fmt::write
[INFO] [stdout]    2:     0x5e89320b5f9c - <alloc[2182bb758b4b3781]::vec::Vec<u8> as core[df12db4294e9bfd3]::io::write::Write>::write_fmt
[INFO] [stdout]    3:     0x5e893208c036 - std[70759c8f55707aa4]::panicking::default_hook::{closure#0}
[INFO] [stdout]    4:     0x5e89320a8e39 - std[70759c8f55707aa4]::panicking::default_hook
[INFO] [stdout]    5:     0x5e8931ba0660 - test[9d35eded1c95d3be]::test_main_inner::<test[9d35eded1c95d3be]::test_main_static::{closure#0}>::{closure#0}
[INFO] [stdout]    6:     0x5e89320a9162 - std[70759c8f55707aa4]::panicking::panic_with_hook
[INFO] [stdout]    7:     0x5e893208c0e2 - std[70759c8f55707aa4]::panicking::panic_handler::{closure#0}
[INFO] [stdout]    8:     0x5e8932084ce9 - std[70759c8f55707aa4]::sys::backtrace::__rust_end_short_backtrace::<std[70759c8f55707aa4]::panicking::panic_handler::{closure#0}, !>
[INFO] [stdout]    9:     0x5e893208cecd - __rustc[8fa7c3cbc660c2b3]::rust_begin_unwind
[INFO] [stdout]   10:     0x5e89320c7d3c - core[df12db4294e9bfd3]::panicking::panic_fmt
[INFO] [stdout]   11:     0x5e89320c7b12 - core[df12db4294e9bfd3]::result::unwrap_failed
[INFO] [stdout]   12:     0x5e8931b7f853 - account_ops[acab72b5de49d299]::common::s2
[INFO] [stdout]   13:     0x5e8931b577ef - account_ops[acab72b5de49d299]::list_basins_with_prefix::{closure#0}
[INFO] [stdout]   14:     0x5e8931b89290 - <tokio[63f397da4923b324]::runtime::scheduler::current_thread::CurrentThread>::block_on::<core[df12db4294e9bfd3]::pin::Pin<&mut dyn core[df12db4294e9bfd3]::future::future::Future<Output = core[df12db4294e9bfd3]::result::Result<(), alloc[2182bb758b4b3781]::boxed::Box<dyn core[df12db4294e9bfd3]::error::Error>>>>>
[INFO] [stdout]   15:     0x5e8931b90412 - <tokio[63f397da4923b324]::runtime::runtime::Runtime>::block_on::<core[df12db4294e9bfd3]::pin::Pin<&mut dyn core[df12db4294e9bfd3]::future::future::Future<Output = core[df12db4294e9bfd3]::result::Result<(), alloc[2182bb758b4b3781]::boxed::Box<dyn core[df12db4294e9bfd3]::error::Error>>>>>
[INFO] [stdout]   16:     0x5e8931b6cdf2 - <account_ops[acab72b5de49d299]::list_basins_with_prefix::{closure#0} as core[df12db4294e9bfd3]::ops::function::FnOnce<()>>::call_once
[INFO] [stdout]   17:     0x5e8931b9394b - test[9d35eded1c95d3be]::__rust_begin_short_backtrace::<core[df12db4294e9bfd3]::result::Result<(), alloc[2182bb758b4b3781]::string::String>, fn() -> core[df12db4294e9bfd3]::result::Result<(), alloc[2182bb758b4b3781]::string::String>>
[INFO] [stdout]   18:     0x5e8931ba0fb5 - test[9d35eded1c95d3be]::run_test::{closure#0}
[INFO] [stdout]   19:     0x5e8931b9a874 - std[70759c8f55707aa4]::sys::backtrace::__rust_begin_short_backtrace::<test[9d35eded1c95d3be]::run_test::{closure#1}, ()>
[INFO] [stdout]   20:     0x5e8931ba4112 - <std[70759c8f55707aa4]::thread::lifecycle::spawn_unchecked<test[9d35eded1c95d3be]::run_test::{closure#1}, ()>::{closure#1} as core[df12db4294e9bfd3]::ops::function::FnOnce<()>>::call_once::{shim:vtable#0}
[INFO] [stdout]   21:     0x5e89320b05c9 - <std[70759c8f55707aa4]::sys::thread::unix::Thread>::new::thread_start
[INFO] [stdout]   22:     0x704658e98dfa - <unknown>
[INFO] [stdout]   23:     0x704658f2c3d4 - clone
[INFO] [stdout]   24:                0x0 - <unknown>
[INFO] [stdout] 
[INFO] [stdout] ---- issue_list_and_revoke_access_token stdout ----
[INFO] [stdout] 
[INFO] [stdout] thread 'issue_list_and_revoke_access_token' (6820) panicked at tests/common/mod.rs:194:38:
[INFO] [stdout] valid S2 config: ValidationError("S2_ACCESS_TOKEN env var not set")
[INFO] [stdout] stack backtrace:
[INFO] [stdout]    0:     0x5e89320b10a1 - <<std[70759c8f55707aa4]::sys::backtrace::BacktraceLock>::print::DisplayBacktrace as core[df12db4294e9bfd3]::fmt::Display>::fmt
[INFO] [stdout]    1:     0x5e89320c75da - core[df12db4294e9bfd3]::fmt::write
[INFO] [stdout]    2:     0x5e89320b5f9c - <alloc[2182bb758b4b3781]::vec::Vec<u8> as core[df12db4294e9bfd3]::io::write::Write>::write_fmt
[INFO] [stdout]    3:     0x5e893208c036 - std[70759c8f55707aa4]::panicking::default_hook::{closure#0}
[INFO] [stdout]    4:     0x5e89320a8e39 - std[70759c8f55707aa4]::panicking::default_hook
[INFO] [stdout]    5:     0x5e8931ba0660 - test[9d35eded1c95d3be]::test_main_inner::<test[9d35eded1c95d3be]::test_main_static::{closure#0}>::{closure#0}
[INFO] [stdout]    6:     0x5e89320a9162 - std[70759c8f55707aa4]::panicking::panic_with_hook
[INFO] [stdout]    7:     0x5e893208c0e2 - std[70759c8f55707aa4]::panicking::panic_handler::{closure#0}
[INFO] [stdout]    8:     0x5e8932084ce9 - std[70759c8f55707aa4]::sys::backtrace::__rust_end_short_backtrace::<std[70759c8f55707aa4]::panicking::panic_handler::{closure#0}, !>
[INFO] [stdout]    9:     0x5e893208cecd - __rustc[8fa7c3cbc660c2b3]::rust_begin_unwind
[INFO] [stdout]   10:     0x5e89320c7d3c - core[df12db4294e9bfd3]::panicking::panic_fmt
[INFO] [stdout]   11:     0x5e89320c7b12 - core[df12db4294e9bfd3]::result::unwrap_failed
[INFO] [stdout]   12:     0x5e8931b7f853 - account_ops[acab72b5de49d299]::common::s2
[INFO] [stdout]   13:     0x5e8931b5e459 - account_ops[acab72b5de49d299]::issue_list_and_revoke_access_token::{closure#0}
[INFO] [stdout]   14:     0x5e8931b89290 - <tokio[63f397da4923b324]::runtime::scheduler::current_thread::CurrentThread>::block_on::<core[df12db4294e9bfd3]::pin::Pin<&mut dyn core[df12db4294e9bfd3]::future::future::Future<Output = core[df12db4294e9bfd3]::result::Result<(), alloc[2182bb758b4b3781]::boxed::Box<dyn core[df12db4294e9bfd3]::error::Error>>>>>
[INFO] [stdout]   15:     0x5e8931b90412 - <tokio[63f397da4923b324]::runtime::runtime::Runtime>::block_on::<core[df12db4294e9bfd3]::pin::Pin<&mut dyn core[df12db4294e9bfd3]::future::future::Future<Output = core[df12db4294e9bfd3]::result::Result<(), alloc[2182bb758b4b3781]::boxed::Box<dyn core[df12db4294e9bfd3]::error::Error>>>>>
[INFO] [stdout]   16:     0x5e8931b6d862 - <account_ops[acab72b5de49d299]::issue_list_and_revoke_access_token::{closure#0} as core[df12db4294e9bfd3]::ops::function::FnOnce<()>>::call_once
[INFO] [stdout]   17:     0x5e8931b9394b - test[9d35eded1c95d3be]::__rust_begin_short_backtrace::<core[df12db4294e9bfd3]::result::Result<(), alloc[2182bb758b4b3781]::string::String>, fn() -> core[df12db4294e9bfd3]::result::Result<(), alloc[2182bb758b4b3781]::string::String>>
[INFO] [stdout]   18:     0x5e8931ba0fb5 - test[9d35eded1c95d3be]::run_test::{closure#0}
[INFO] [stdout]   19:     0x5e8931b9a874 - std[70759c8f55707aa4]::sys::backtrace::__rust_begin_short_backtrace::<test[9d35eded1c95d3be]::run_test::{closure#1}, ()>
[INFO] [stdout]   20:     0x5e8931ba4112 - <std[70759c8f55707aa4]::thread::lifecycle::spawn_unchecked<test[9d35eded1c95d3be]::run_test::{closure#1}, ()>::{closure#1} as core[df12db4294e9bfd3]::ops::function::FnOnce<()>>::call_once::{shim:vtable#0}
[INFO] [stdout]   21:     0x5e89320b05c9 - <std[70759c8f55707aa4]::sys::thread::unix::Thread>::new::thread_start
[INFO] [stdout]   22:     0x704658e98dfa - <unknown>
[INFO] [stdout]   23:     0x704658f2c3d4 - clone
[INFO] [stdout]   24:                0x0 - <unknown>
[INFO] [stdout] 
[INFO] [stdout] ---- reconfigure_basin stdout ----
[INFO] [stdout] 
[INFO] [stdout] thread 'reconfigure_basin' (6826) panicked at tests/common/mod.rs:194:38:
[INFO] [stdout] valid S2 config: ValidationError("S2_ACCESS_TOKEN env var not set")
[INFO] [stdout] stack backtrace:
[INFO] [stdout]    0:     0x5e89320b10a1 - <<std[70759c8f55707aa4]::sys::backtrace::BacktraceLock>::print::DisplayBacktrace as core[df12db4294e9bfd3]::fmt::Display>::fmt
[INFO] [stdout]    1:     0x5e89320c75da - core[df12db4294e9bfd3]::fmt::write
[INFO] [stdout]    2:     0x5e89320b5f9c - <alloc[2182bb758b4b3781]::vec::Vec<u8> as core[df12db4294e9bfd3]::io::write::Write>::write_fmt
[INFO] [stdout]    3:     0x5e893208c036 - std[70759c8f55707aa4]::panicking::default_hook::{closure#0}
[INFO] [stdout]    4:     0x5e89320a8e39 - std[70759c8f55707aa4]::panicking::default_hook
[INFO] [stdout]    5:     0x5e8931ba0660 - test[9d35eded1c95d3be]::test_main_inner::<test[9d35eded1c95d3be]::test_main_static::{closure#0}>::{closure#0}
[INFO] [stdout]    6:     0x5e89320a9162 - std[70759c8f55707aa4]::panicking::panic_with_hook
[INFO] [stdout]    7:     0x5e893208c0e2 - std[70759c8f55707aa4]::panicking::panic_handler::{closure#0}
[INFO] [stdout]    8:     0x5e8932084ce9 - std[70759c8f55707aa4]::sys::backtrace::__rust_end_short_backtrace::<std[70759c8f55707aa4]::panicking::panic_handler::{closure#0}, !>
[INFO] [stdout]    9:     0x5e893208cecd - __rustc[8fa7c3cbc660c2b3]::rust_begin_unwind
[INFO] [stdout]   10:     0x5e89320c7d3c - core[df12db4294e9bfd3]::panicking::panic_fmt
[INFO] [stdout]   11:     0x5e89320c7b12 - core[df12db4294e9bfd3]::result::unwrap_failed
[INFO] [stdout]   12:     0x5e8931b7f853 - account_ops[acab72b5de49d299]::common::s2
[INFO] [stdout]   13:     0x5e8931b53ba2 - account_ops[acab72b5de49d299]::reconfigure_basin::{closure#0}
[INFO] [stdout]   14:     0x5e8931b89290 - <tokio[63f397da4923b324]::runtime::scheduler::current_thread::CurrentThread>::block_on::<core[df12db4294e9bfd3]::pin::Pin<&mut dyn core[df12db4294e9bfd3]::future::future::Future<Output = core[df12db4294e9bfd3]::result::Result<(), alloc[2182bb758b4b3781]::boxed::Box<dyn core[df12db4294e9bfd3]::error::Error>>>>>
[INFO] [stdout]   15:     0x5e8931b90412 - <tokio[63f397da4923b324]::runtime::runtime::Runtime>::block_on::<core[df12db4294e9bfd3]::pin::Pin<&mut dyn core[df12db4294e9bfd3]::future::future::Future<Output = core[df12db4294e9bfd3]::result::Result<(), alloc[2182bb758b4b3781]::boxed::Box<dyn core[df12db4294e9bfd3]::error::Error>>>>>
[INFO] [stdout]   16:     0x5e8931b6c832 - <account_ops[acab72b5de49d299]::reconfigure_basin::{closure#0} as core[df12db4294e9bfd3]::ops::function::FnOnce<()>>::call_once
[INFO] [stdout]   17:     0x5e8931b9394b - test[9d35eded1c95d3be]::__rust_begin_short_backtrace::<core[df12db4294e9bfd3]::result::Result<(), alloc[2182bb758b4b3781]::string::String>, fn() -> core[df12db4294e9bfd3]::result::Result<(), alloc[2182bb758b4b3781]::string::String>>
[INFO] [stdout]   18:     0x5e8931ba0fb5 - test[9d35eded1c95d3be]::run_test::{closure#0}
[INFO] [stdout]   19:     0x5e8931b9a874 - std[70759c8f55707aa4]::sys::backtrace::__rust_begin_short_backtrace::<test[9d35eded1c95d3be]::run_test::{closure#1}, ()>
[INFO] [stdout]   20:     0x5e8931ba4112 - <std[70759c8f55707aa4]::thread::lifecycle::spawn_unchecked<test[9d35eded1c95d3be]::run_test::{closure#1}, ()>::{closure#1} as core[df12db4294e9bfd3]::ops::function::FnOnce<()>>::call_once::{shim:vtable#0}
[INFO] [stdout]   21:     0x5e89320b05c9 - <std[70759c8f55707aa4]::sys::thread::unix::Thread>::new::thread_start
[INFO] [stdout]   22:     0x704658e98dfa - <unknown>
[INFO] [stdout]   23:     0x704658f2c3d4 - clone
[INFO] [stdout]   24:                0x0 - <unknown>
[INFO] [stdout] 
[INFO] [stdout] 
[INFO] [stdout] failures:
[INFO] [stdout]     basin_config_roundtrip
[INFO] [stdout]     create_list_and_delete_basin
[INFO] [stdout]     delete_nonexistent_basin_errors
[INFO] [stdout]     delete_nonexistent_basin_with_ignore
[INFO] [stdout]     ensure_basin_config_unchanged
[INFO] [stdout]     ensure_basin_config_updated
[INFO] [stdout]     ensure_basin_created
[INFO] [stdout]     get_basin_config
[INFO] [stdout]     issue_access_token_with_auto_prefix_streams_but_without_prefix_errors
[INFO] [stdout]     issue_access_token_with_expiration_and_auto_prefix_streams
[INFO] [stdout]     issue_access_token_with_no_permitted_ops_errors
[INFO] [stdout]     issue_list_and_revoke_access_token
[INFO] [stdout]     list_access_tokens_with_limit
[INFO] [stdout]     list_access_tokens_with_prefix
[INFO] [stdout]     list_basins_with_limit
[INFO] [stdout]     list_basins_with_prefix
[INFO] [stdout]     list_basins_with_prefix_and_start_after
[INFO] [stdout]     reconfigure_basin
[INFO] [stdout] 
[INFO] [stdout] test result: FAILED. 0 passed; 18 failed; 0 ignored; 0 measured; 0 filtered out; finished in 0.02s
[INFO] [stdout] 
[INFO] running `Command { std: "docker" "inspect" "077f8f797c60c0a0e2ab2959801de2d0b017daa1d41cd5111136d4941059ec90", kill_on_drop: false }`
[INFO] running `Command { std: "docker" "rm" "-f" "077f8f797c60c0a0e2ab2959801de2d0b017daa1d41cd5111136d4941059ec90", kill_on_drop: false }`
[INFO] [stdout] 077f8f797c60c0a0e2ab2959801de2d0b017daa1d41cd5111136d4941059ec90
