[INFO] fetching crate s2-pmtiles 1.0.1...
[INFO] testing s2-pmtiles-1.0.1 against 1.99.0-beta.8+cargoflags=--release for beta-release-1.100-2
[INFO] extracting crate s2-pmtiles 1.0.1 into /workspace/builds/worker-7-tc1/source
[INFO] removed /workspace/builds/worker-7-tc1/source/rust-toolchain.toml
[INFO] started tweaking crates.io crate s2-pmtiles 1.0.1
[INFO] finished tweaking crates.io crate s2-pmtiles 1.0.1
[INFO] tweaked toml for crates.io crate s2-pmtiles 1.0.1 written to /workspace/builds/worker-7-tc1/source/Cargo.toml
[INFO] validating manifest of crates.io crate s2-pmtiles 1.0.1 on toolchain 1.99.0-beta.8
[INFO] running `Command { std: CARGO_HOME="/workspace/cargo-home" RUSTUP_HOME="/workspace/rustup-home" "/workspace/cargo-home/bin/cargo" "+1.99.0-beta.8" "metadata" "--manifest-path" "Cargo.toml" "--no-deps", kill_on_drop: false }`
[INFO] crate crates.io crate s2-pmtiles 1.0.1 already has a lockfile, it will not be regenerated
[INFO] running `Command { std: CARGO_HOME="/workspace/cargo-home" RUSTUP_HOME="/workspace/rustup-home" "/workspace/cargo-home/bin/cargo" "+1.99.0-beta.8" "fetch" "--manifest-path" "Cargo.toml", kill_on_drop: false }`
[INFO] [stderr]     Updating crates.io index
[INFO] [stderr]  Downloading crates ...
[INFO] [stderr]   Downloaded errno v0.3.9
[INFO] [stderr]   Downloaded fastrand v2.1.0
[INFO] [stderr]   Downloaded quote v1.0.36
[INFO] [stderr]   Downloaded tempfile v3.12.0
[INFO] [stderr]   Downloaded proc-macro2 v1.0.86
[INFO] [stderr]   Downloaded miniz_oxide v0.7.4
[INFO] [stderr]   Downloaded serde_derive v1.0.204
[INFO] [stderr]   Downloaded serde v1.0.204
[INFO] [stderr]   Downloaded s2-tilejson v0.5.0
[INFO] [stderr]   Downloaded flate2 v1.0.31
[INFO] [stderr]   Downloaded serde_json v1.0.120
[INFO] [stderr]   Downloaded syn v2.0.72
[INFO] [stderr]   Downloaded rustix v0.38.34
[INFO] [stderr]   Downloaded libc v0.2.155
[INFO] running `Command { std: "docker" "create" "-v" "/var/lib/crater-agent-workspace/builds/worker-7-tc1/source:/opt/rustwide/workdir:ro,Z" "-v" "/var/lib/crater-agent-workspace/builds/worker-7-tc1/target:/opt/rustwide/target:rw,Z" "-v" "/var/lib/crater-agent-workspace/cargo-home:/opt/rustwide/cargo-home:ro,Z" "-v" "/var/lib/crater-agent-workspace/rustup-home:/opt/rustwide/rustup-home:ro,Z" "-m" "1610612736" "--network" "none" "ghcr.io/rust-lang/crates-build-env/linux@sha256:77db811e55d90add9212f6832c23229e3de5f1c1f9905e8cb07319ea15df73ac" "sleep" "infinity", kill_on_drop: false }`
[INFO] [stdout] fedf1ae46cff0968abd0e06fbfad97eaded1d93bcfdccd5c4addd8c380c699e4
[INFO] running `Command { std: "docker" "start" "fedf1ae46cff0968abd0e06fbfad97eaded1d93bcfdccd5c4addd8c380c699e4", kill_on_drop: false }`
[INFO] running `Command { std: "docker" "inspect" "fedf1ae46cff0968abd0e06fbfad97eaded1d93bcfdccd5c4addd8c380c699e4", kill_on_drop: false }`
[INFO] running `Command { std: "docker" "exec" "-e" "SOURCE_DIR=/opt/rustwide/workdir" "-e" "CARGO_HOME=/opt/rustwide/cargo-home" "-e" "RUSTUP_HOME=/opt/rustwide/rustup-home" "-e" "CARGO_TARGET_DIR=/opt/rustwide/target" "-w" "/opt/rustwide/workdir" "--user" "0:0" "fedf1ae46cff0968abd0e06fbfad97eaded1d93bcfdccd5c4addd8c380c699e4" "/opt/rustwide/cargo-home/bin/cargo" "+1.99.0-beta.8" "metadata" "--no-deps" "--format-version=1", kill_on_drop: false }`
[INFO] running `Command { std: "docker" "inspect" "fedf1ae46cff0968abd0e06fbfad97eaded1d93bcfdccd5c4addd8c380c699e4", kill_on_drop: false }`
[INFO] running `Command { std: "docker" "exec" "-e" "SOURCE_DIR=/opt/rustwide/workdir" "-e" "CARGO_HOME=/opt/rustwide/cargo-home" "-e" "RUSTUP_HOME=/opt/rustwide/rustup-home" "-e" "CARGO_TARGET_DIR=/opt/rustwide/target" "-e" "CARGO_INCREMENTAL=0" "-e" "RUST_BACKTRACE=full" "-e" "RUSTFLAGS=--cap-lints=warn" "-e" "RUSTDOCFLAGS=--cap-lints=warn" "-w" "/opt/rustwide/workdir" "--user" "0:0" "fedf1ae46cff0968abd0e06fbfad97eaded1d93bcfdccd5c4addd8c380c699e4" "/opt/rustwide/cargo-home/bin/cargo" "+1.99.0-beta.8" "build" "--frozen" "--message-format=json" "--release", kill_on_drop: false }`
[INFO] [stderr]    Compiling proc-macro2 v1.0.86
[INFO] [stderr]    Compiling typenum v1.17.0
[INFO] [stderr]    Compiling unicode-ident v1.0.12
[INFO] [stderr]    Compiling serde v1.0.204
[INFO] [stderr]    Compiling serde_json v1.0.120
[INFO] [stderr]    Compiling cfg-if v1.0.0
[INFO] [stderr]    Compiling ryu v1.0.18
[INFO] [stderr]    Compiling itoa v1.0.11
[INFO] [stderr]    Compiling adler v1.0.2
[INFO] [stderr]    Compiling cpufeatures v0.2.12
[INFO] [stderr]    Compiling crc32fast v1.4.2
[INFO] [stderr]    Compiling miniz_oxide v0.7.4
[INFO] [stderr]    Compiling quote v1.0.36
[INFO] [stderr]    Compiling flate2 v1.0.31
[INFO] [stderr]    Compiling syn v2.0.72
[INFO] [stderr]    Compiling generic-array v0.14.7
[INFO] [stderr]    Compiling crypto-common v0.1.6
[INFO] [stderr]    Compiling block-buffer v0.10.4
[INFO] [stderr]    Compiling digest v0.10.7
[INFO] [stderr]    Compiling sha2 v0.10.8
[INFO] [stderr]    Compiling serde_derive v1.0.204
[INFO] [stderr]    Compiling s2-tilejson v0.5.0
[INFO] [stderr]    Compiling s2-pmtiles v1.0.1 (/opt/rustwide/workdir)
[INFO] [stderr]     Finished `release` profile [optimized] target(s) in 19.49s
[INFO] running `Command { std: "docker" "inspect" "fedf1ae46cff0968abd0e06fbfad97eaded1d93bcfdccd5c4addd8c380c699e4", kill_on_drop: false }`
[INFO] running `Command { std: "docker" "exec" "-e" "SOURCE_DIR=/opt/rustwide/workdir" "-e" "CARGO_HOME=/opt/rustwide/cargo-home" "-e" "RUSTUP_HOME=/opt/rustwide/rustup-home" "-e" "CARGO_TARGET_DIR=/opt/rustwide/target" "-e" "CARGO_INCREMENTAL=0" "-e" "RUST_BACKTRACE=full" "-e" "RUSTFLAGS=--cap-lints=warn" "-e" "RUSTDOCFLAGS=--cap-lints=warn" "-w" "/opt/rustwide/workdir" "--user" "0:0" "fedf1ae46cff0968abd0e06fbfad97eaded1d93bcfdccd5c4addd8c380c699e4" "/opt/rustwide/cargo-home/bin/cargo" "+1.99.0-beta.8" "test" "--frozen" "--no-run" "--message-format=json" "--release", kill_on_drop: false }`
[INFO] [stderr]    Compiling rustix v0.38.34
[INFO] [stderr]    Compiling linux-raw-sys v0.4.14
[INFO] [stderr]    Compiling bitflags v2.6.0
[INFO] [stderr]    Compiling once_cell v1.19.0
[INFO] [stderr]    Compiling fastrand v2.1.0
[INFO] [stderr]    Compiling tempfile v3.12.0
[INFO] [stderr]    Compiling s2-pmtiles v1.0.1 (/opt/rustwide/workdir)
[INFO] [stderr]     Finished `release` profile [optimized] target(s) in 9.86s
[INFO] running `Command { std: "docker" "inspect" "fedf1ae46cff0968abd0e06fbfad97eaded1d93bcfdccd5c4addd8c380c699e4", kill_on_drop: false }`
[INFO] running `Command { std: "docker" "exec" "-e" "SOURCE_DIR=/opt/rustwide/workdir" "-e" "CARGO_HOME=/opt/rustwide/cargo-home" "-e" "RUSTUP_HOME=/opt/rustwide/rustup-home" "-e" "CARGO_TARGET_DIR=/opt/rustwide/target" "-e" "CARGO_INCREMENTAL=0" "-e" "RUST_BACKTRACE=full" "-e" "RUSTFLAGS=--cap-lints=warn" "-e" "RUSTDOCFLAGS=--cap-lints=warn" "-w" "/opt/rustwide/workdir" "--user" "0:0" "fedf1ae46cff0968abd0e06fbfad97eaded1d93bcfdccd5c4addd8c380c699e4" "/opt/rustwide/cargo-home/bin/cargo" "+1.99.0-beta.8" "test" "--frozen" "--release", kill_on_drop: false }`
[INFO] [stderr]     Finished `release` profile [optimized] target(s) in 0.05s
[INFO] [stderr]      Running unittests rust/lib.rs (/opt/rustwide/target/release/deps/s2_pmtiles-f9ddc8ab94c3f014)
[INFO] [stdout] 
[INFO] [stdout] running 42 tests
[INFO] [stdout] test bit_cast::tests::test_bitcast_bool ... ok
[INFO] [stdout] test bit_cast::tests::test_bitcast_u16 ... ok
[INFO] [stdout] test buffer::tests::test_buffer ... ok
[INFO] [stdout] test bit_cast::tests::test_bitcast_u64 ... ok
[INFO] [stdout] test buffer::tests::test_get_u16 ... ok
[INFO] [stdout] test buffer::tests::test_get_i64 ... ok
[INFO] [stdout] test buffer::tests::test_get_u32 ... ok
[INFO] [stdout] test buffer::tests::test_get_u8 ... ok
[INFO] [stdout] test buffer::tests::test_get_i32 ... ok
[INFO] [stdout] test buffer::tests::test_decode_varint ... ok
[INFO] [stdout] test bit_cast::tests::test_bitcast_usize ... ok
[INFO] [stdout] test buffer::tests::test_get_u64 ... ok
[INFO] [stdout] test bit_cast::tests::test_bitcast_u8 ... ok
[INFO] [stdout] test buffer::tests::test_is_empty ... ok
[INFO] [stdout] test buffer::tests::test_len ... ok
[INFO] [stdout] test pmtiles::tests::test_compression ... ok
[INFO] [stdout] test pmtiles::tests::test_directory ... ok
[INFO] [stdout] test pmtiles::tests::test_find_tile ... ok
[INFO] [stdout] test bit_cast::tests::test_bitcast_i16 ... ok
[INFO] [stdout] test buffer::tests::test_set_pos ... ok
[INFO] [stdout] test buffer::tests::test_take ... ok
[INFO] [stdout] test bit_cast::tests::test_bitcast_f64 ... ok
[INFO] [stdout] test cache::tests::test_functionality ... ok
[INFO] [stdout] test bit_cast::tests::test_bitcast_i8 ... ok
[INFO] [stdout] test cache::tests::test_max_size ... ok
[INFO] [stdout] test bit_cast::tests::test_bitcast_i32 ... ok
[INFO] [stdout] test bit_cast::tests::test_bitcast_i64 ... ok
[INFO] [stdout] test pmtiles::tests::test_entry ... ok
[INFO] [stdout] test bit_cast::tests::test_bitcast_f32 ... ok
[INFO] [stdout] test reader::tests::decompress_test_panic - should panic ... ok
[INFO] [stdout] test reader::tests::test_fixture_1_local_manager ... FAILED
[INFO] [stdout] test pmtiles::tests::test_tile_type ... ok
[INFO] [stdout] test pmtiles::tests::test_tile ... ok
[INFO] [stdout] test s2pmtiles::tests::test_s2_entries ... ok
[INFO] [stdout] test bit_cast::tests::test_bitcast_u32 ... ok
[INFO] [stdout] test writer::tests::test_file_writer_s2 ... ok
[INFO] [stdout] test s2pmtiles::tests::test_header ... ok
[INFO] [stdout] test writer::tests::test_file_writer_wm ... ok
[INFO] [stdout] test pmtiles::tests::test_header ... ok
[INFO] [stdout] test reader::tests::decompress_test ... ok
[INFO] [stdout] test reader::tests::test_fixture_1 ... FAILED
[INFO] [stdout] test writer::tests::test_file_writer_wm_large ... ok
[INFO] [stdout] 
[INFO] [stdout] failures:
[INFO] [stdout] 
[INFO] [stdout] ---- reader::tests::test_fixture_1_local_manager stdout ----
[INFO] [stdout] 
[INFO] [stdout] thread 'reader::tests::test_fixture_1_local_manager' (714) panicked at rust/reader.rs:367:76:
[INFO] [stdout] called `Result::unwrap()` on an `Err` value: Os { code: 2, kind: NotFound, message: "No such file or directory" }
[INFO] [stdout] stack backtrace:
[INFO] [stdout]    0:     0x562e2866d431 - <<std[70759c8f55707aa4]::sys::backtrace::BacktraceLock>::print::DisplayBacktrace as core[df12db4294e9bfd3]::fmt::Display>::fmt
[INFO] [stdout]    1:     0x562e286835aa - core[df12db4294e9bfd3]::fmt::write
[INFO] [stdout]    2:     0x562e2867199c - <alloc[2182bb758b4b3781]::vec::Vec<u8> as core[df12db4294e9bfd3]::io::write::Write>::write_fmt
[INFO] [stdout]    3:     0x562e28648d26 - std[70759c8f55707aa4]::panicking::default_hook::{closure#0}
[INFO] [stdout]    4:     0x562e286651d9 - std[70759c8f55707aa4]::panicking::default_hook
[INFO] [stdout]    5:     0x562e285f7080 - test[9d35eded1c95d3be]::test_main_inner::<test[9d35eded1c95d3be]::test_main_static::{closure#0}>::{closure#0}
[INFO] [stdout]    6:     0x562e28665392 - std[70759c8f55707aa4]::panicking::panic_with_hook
[INFO] [stdout]    7:     0x562e28648dd2 - std[70759c8f55707aa4]::panicking::panic_handler::{closure#0}
[INFO] [stdout]    8:     0x562e28641919 - std[70759c8f55707aa4]::sys::backtrace::__rust_end_short_backtrace::<std[70759c8f55707aa4]::panicking::panic_handler::{closure#0}, !>
[INFO] [stdout]    9:     0x562e286499cd - __rustc[8fa7c3cbc660c2b3]::rust_begin_unwind
[INFO] [stdout]   10:     0x562e28683d0c - core[df12db4294e9bfd3]::panicking::panic_fmt
[INFO] [stdout]   11:     0x562e28683ae2 - core[df12db4294e9bfd3]::result::unwrap_failed
[INFO] [stdout]   12:     0x562e285ce445 - s2_pmtiles[3329b81606353b6d]::reader::tests::test_fixture_1_local_manager
[INFO] [stdout]   13:     0x562e285e3159 - <s2_pmtiles[3329b81606353b6d]::reader::tests::test_fixture_1_local_manager::{closure#0} as core[df12db4294e9bfd3]::ops::function::FnOnce<()>>::call_once
[INFO] [stdout]   14:     0x562e285ea36b - test[9d35eded1c95d3be]::__rust_begin_short_backtrace::<core[df12db4294e9bfd3]::result::Result<(), alloc[2182bb758b4b3781]::string::String>, fn() -> core[df12db4294e9bfd3]::result::Result<(), alloc[2182bb758b4b3781]::string::String>>
[INFO] [stdout]   15:     0x562e285f79d5 - test[9d35eded1c95d3be]::run_test::{closure#0}
[INFO] [stdout]   16:     0x562e285f1294 - std[70759c8f55707aa4]::sys::backtrace::__rust_begin_short_backtrace::<test[9d35eded1c95d3be]::run_test::{closure#1}, ()>
[INFO] [stdout]   17:     0x562e285fab32 - <std[70759c8f55707aa4]::thread::lifecycle::spawn_unchecked<test[9d35eded1c95d3be]::run_test::{closure#1}, ()>::{closure#1} as core[df12db4294e9bfd3]::ops::function::FnOnce<()>>::call_once::{shim:vtable#0}
[INFO] [stdout]   18:     0x562e2866c9e9 - <std[70759c8f55707aa4]::sys::thread::unix::Thread>::new::thread_start
[INFO] [stdout]   19:     0x750e7341ddfa - <unknown>
[INFO] [stdout]   20:     0x750e734b13d4 - clone
[INFO] [stdout]   21:                0x0 - <unknown>
[INFO] [stdout] 
[INFO] [stdout] ---- reader::tests::test_fixture_1 stdout ----
[INFO] [stdout] 
[INFO] [stdout] thread 'reader::tests::test_fixture_1' (713) panicked at rust/reader.rs:272:87:
[INFO] [stdout] called `Result::unwrap()` on an `Err` value: Os { code: 2, kind: NotFound, message: "No such file or directory" }
[INFO] [stdout] stack backtrace:
[INFO] [stdout]    0:     0x562e2866d431 - <<std[70759c8f55707aa4]::sys::backtrace::BacktraceLock>::print::DisplayBacktrace as core[df12db4294e9bfd3]::fmt::Display>::fmt
[INFO] [stdout]    1:     0x562e286835aa - core[df12db4294e9bfd3]::fmt::write
[INFO] [stdout]    2:     0x562e2867199c - <alloc[2182bb758b4b3781]::vec::Vec<u8> as core[df12db4294e9bfd3]::io::write::Write>::write_fmt
[INFO] [stdout]    3:     0x562e28648d26 - std[70759c8f55707aa4]::panicking::default_hook::{closure#0}
[INFO] [stdout]    4:     0x562e286651d9 - std[70759c8f55707aa4]::panicking::default_hook
[INFO] [stdout]    5:     0x562e285f7080 - test[9d35eded1c95d3be]::test_main_inner::<test[9d35eded1c95d3be]::test_main_static::{closure#0}>::{closure#0}
[INFO] [stdout]    6:     0x562e28665392 - std[70759c8f55707aa4]::panicking::panic_with_hook
[INFO] [stdout]    7:     0x562e28648dd2 - std[70759c8f55707aa4]::panicking::panic_handler::{closure#0}
[INFO] [stdout]    8:     0x562e28641919 - std[70759c8f55707aa4]::sys::backtrace::__rust_end_short_backtrace::<std[70759c8f55707aa4]::panicking::panic_handler::{closure#0}, !>
[INFO] [stdout]    9:     0x562e286499cd - __rustc[8fa7c3cbc660c2b3]::rust_begin_unwind
[INFO] [stdout]   10:     0x562e28683d0c - core[df12db4294e9bfd3]::panicking::panic_fmt
[INFO] [stdout]   11:     0x562e28683ae2 - core[df12db4294e9bfd3]::result::unwrap_failed
[INFO] [stdout]   12:     0x562e285cd849 - s2_pmtiles[3329b81606353b6d]::reader::tests::test_fixture_1
[INFO] [stdout]   13:     0x562e285e30f9 - <s2_pmtiles[3329b81606353b6d]::reader::tests::test_fixture_1::{closure#0} as core[df12db4294e9bfd3]::ops::function::FnOnce<()>>::call_once
[INFO] [stdout]   14:     0x562e285ea36b - test[9d35eded1c95d3be]::__rust_begin_short_backtrace::<core[df12db4294e9bfd3]::result::Result<(), alloc[2182bb758b4b3781]::string::String>, fn() -> core[df12db4294e9bfd3]::result::Result<(), alloc[2182bb758b4b3781]::string::String>>
[INFO] [stdout]   15:     0x562e285f79d5 - test[9d35eded1c95d3be]::run_test::{closure#0}
[INFO] [stdout]   16:     0x562e285f1294 - std[70759c8f55707aa4]::sys::backtrace::__rust_begin_short_backtrace::<test[9d35eded1c95d3be]::run_test::{closure#1}, ()>
[INFO] [stdout]   17:     0x562e285fab32 - <std[70759c8f55707aa4]::thread::lifecycle::spawn_unchecked<test[9d35eded1c95d3be]::run_test::{closure#1}, ()>::{closure#1} as core[df12db4294e9bfd3]::ops::function::FnOnce<()>>::call_once::{shim:vtable#0}
[INFO] [stdout]   18:     0x562e2866c9e9 - <std[70759c8f55707aa4]::sys::thread::unix::Thread>::new::thread_start
[INFO] [stdout]   19:     0x750e7341ddfa - <unknown>
[INFO] [stdout]   20:     0x750e734b13d4 - clone
[INFO] [stdout]   21:                0x0 - <unknown>
[INFO] [stdout] 
[INFO] [stdout] 
[INFO] [stdout] failures:
[INFO] [stdout]     reader::tests::test_fixture_1
[INFO] [stdout]     reader::tests::test_fixture_1_local_manager
[INFO] [stdout] 
[INFO] [stdout] test result: FAILED. 40 passed; 2 failed; 0 ignored; 0 measured; 0 filtered out; finished in 0.04s
[INFO] [stdout] 
[INFO] [stderr] error: test failed, to rerun pass `--lib`
[INFO] running `Command { std: "docker" "inspect" "fedf1ae46cff0968abd0e06fbfad97eaded1d93bcfdccd5c4addd8c380c699e4", kill_on_drop: false }`
[INFO] running `Command { std: "docker" "rm" "-f" "fedf1ae46cff0968abd0e06fbfad97eaded1d93bcfdccd5c4addd8c380c699e4", kill_on_drop: false }`
[INFO] [stdout] fedf1ae46cff0968abd0e06fbfad97eaded1d93bcfdccd5c4addd8c380c699e4
