[INFO] fetching crate s0lari_create 0.1.1...
[INFO] testing s0lari_create-0.1.1 against 1.99.0-beta.8+cargoflags=--release for beta-release-1.100-2
[INFO] extracting crate s0lari_create 0.1.1 into /workspace/builds/worker-5-tc1/source
[INFO] started tweaking crates.io crate s0lari_create 0.1.1
[INFO] finished tweaking crates.io crate s0lari_create 0.1.1
[INFO] tweaked toml for crates.io crate s0lari_create 0.1.1 written to /workspace/builds/worker-5-tc1/source/Cargo.toml
[INFO] validating manifest of crates.io crate s0lari_create 0.1.1 on toolchain 1.99.0-beta.8
[INFO] running `Command { std: CARGO_HOME="/workspace/cargo-home" RUSTUP_HOME="/workspace/rustup-home" "/workspace/cargo-home/bin/cargo" "+1.99.0-beta.8" "metadata" "--manifest-path" "Cargo.toml" "--no-deps", kill_on_drop: false }`
[INFO] crate crates.io crate s0lari_create 0.1.1 already has a lockfile, it will not be regenerated
[INFO] running `Command { std: CARGO_HOME="/workspace/cargo-home" RUSTUP_HOME="/workspace/rustup-home" "/workspace/cargo-home/bin/cargo" "+1.99.0-beta.8" "fetch" "--manifest-path" "Cargo.toml", kill_on_drop: false }`
[INFO] running `Command { std: "docker" "create" "-v" "/var/lib/crater-agent-workspace/builds/worker-5-tc1/source:/opt/rustwide/workdir:ro,Z" "-v" "/var/lib/crater-agent-workspace/builds/worker-5-tc1/target:/opt/rustwide/target:rw,Z" "-v" "/var/lib/crater-agent-workspace/cargo-home:/opt/rustwide/cargo-home:ro,Z" "-v" "/var/lib/crater-agent-workspace/rustup-home:/opt/rustwide/rustup-home:ro,Z" "-m" "1610612736" "--network" "none" "ghcr.io/rust-lang/crates-build-env/linux@sha256:77db811e55d90add9212f6832c23229e3de5f1c1f9905e8cb07319ea15df73ac" "sleep" "infinity", kill_on_drop: false }`
[INFO] [stdout] fd10919e41c3fd3c951781b7fc3b7b3077fface797125218fb08cf559a91e651
[INFO] running `Command { std: "docker" "start" "fd10919e41c3fd3c951781b7fc3b7b3077fface797125218fb08cf559a91e651", kill_on_drop: false }`
[INFO] running `Command { std: "docker" "inspect" "fd10919e41c3fd3c951781b7fc3b7b3077fface797125218fb08cf559a91e651", kill_on_drop: false }`
[INFO] running `Command { std: "docker" "exec" "-e" "SOURCE_DIR=/opt/rustwide/workdir" "-e" "CARGO_HOME=/opt/rustwide/cargo-home" "-e" "RUSTUP_HOME=/opt/rustwide/rustup-home" "-e" "CARGO_TARGET_DIR=/opt/rustwide/target" "-w" "/opt/rustwide/workdir" "--user" "0:0" "fd10919e41c3fd3c951781b7fc3b7b3077fface797125218fb08cf559a91e651" "/opt/rustwide/cargo-home/bin/cargo" "+1.99.0-beta.8" "metadata" "--no-deps" "--format-version=1", kill_on_drop: false }`
[INFO] running `Command { std: "docker" "inspect" "fd10919e41c3fd3c951781b7fc3b7b3077fface797125218fb08cf559a91e651", kill_on_drop: false }`
[INFO] running `Command { std: "docker" "exec" "-e" "SOURCE_DIR=/opt/rustwide/workdir" "-e" "CARGO_HOME=/opt/rustwide/cargo-home" "-e" "RUSTUP_HOME=/opt/rustwide/rustup-home" "-e" "CARGO_TARGET_DIR=/opt/rustwide/target" "-e" "CARGO_INCREMENTAL=0" "-e" "RUST_BACKTRACE=full" "-e" "RUSTFLAGS=--cap-lints=warn" "-e" "RUSTDOCFLAGS=--cap-lints=warn" "-w" "/opt/rustwide/workdir" "--user" "0:0" "fd10919e41c3fd3c951781b7fc3b7b3077fface797125218fb08cf559a91e651" "/opt/rustwide/cargo-home/bin/cargo" "+1.99.0-beta.8" "build" "--frozen" "--message-format=json" "--release", kill_on_drop: false }`
[INFO] [stderr]    Compiling s0lari_create v0.1.1 (/opt/rustwide/workdir)
[INFO] [stderr]     Finished `release` profile [optimized] target(s) in 0.20s
[INFO] running `Command { std: "docker" "inspect" "fd10919e41c3fd3c951781b7fc3b7b3077fface797125218fb08cf559a91e651", kill_on_drop: false }`
[INFO] running `Command { std: "docker" "exec" "-e" "SOURCE_DIR=/opt/rustwide/workdir" "-e" "CARGO_HOME=/opt/rustwide/cargo-home" "-e" "RUSTUP_HOME=/opt/rustwide/rustup-home" "-e" "CARGO_TARGET_DIR=/opt/rustwide/target" "-e" "CARGO_INCREMENTAL=0" "-e" "RUST_BACKTRACE=full" "-e" "RUSTFLAGS=--cap-lints=warn" "-e" "RUSTDOCFLAGS=--cap-lints=warn" "-w" "/opt/rustwide/workdir" "--user" "0:0" "fd10919e41c3fd3c951781b7fc3b7b3077fface797125218fb08cf559a91e651" "/opt/rustwide/cargo-home/bin/cargo" "+1.99.0-beta.8" "test" "--frozen" "--no-run" "--message-format=json" "--release", kill_on_drop: false }`
[INFO] [stderr]    Compiling s0lari_create v0.1.1 (/opt/rustwide/workdir)
[INFO] [stderr]     Finished `release` profile [optimized] target(s) in 0.28s
[INFO] running `Command { std: "docker" "inspect" "fd10919e41c3fd3c951781b7fc3b7b3077fface797125218fb08cf559a91e651", kill_on_drop: false }`
[INFO] running `Command { std: "docker" "exec" "-e" "SOURCE_DIR=/opt/rustwide/workdir" "-e" "CARGO_HOME=/opt/rustwide/cargo-home" "-e" "RUSTUP_HOME=/opt/rustwide/rustup-home" "-e" "CARGO_TARGET_DIR=/opt/rustwide/target" "-e" "CARGO_INCREMENTAL=0" "-e" "RUST_BACKTRACE=full" "-e" "RUSTFLAGS=--cap-lints=warn" "-e" "RUSTDOCFLAGS=--cap-lints=warn" "-w" "/opt/rustwide/workdir" "--user" "0:0" "fd10919e41c3fd3c951781b7fc3b7b3077fface797125218fb08cf559a91e651" "/opt/rustwide/cargo-home/bin/cargo" "+1.99.0-beta.8" "test" "--frozen" "--release", kill_on_drop: false }`
[INFO] [stderr]     Finished `release` profile [optimized] target(s) in 0.05s
[INFO] [stderr]      Running unittests src/lib.rs (/opt/rustwide/target/release/deps/s0lari_create-71ed522c875d4d30)
[INFO] [stdout] 
[INFO] [stderr]      Running unittests src/main.rs (/opt/rustwide/target/release/deps/s0lari_create-c5caed80f60c5855)
[INFO] [stdout] running 0 tests
[INFO] [stdout] 
[INFO] [stdout] test result: ok. 0 passed; 0 failed; 0 ignored; 0 measured; 0 filtered out; finished in 0.00s
[INFO] [stdout] 
[INFO] [stdout] 
[INFO] [stdout] running 0 tests
[INFO] [stdout] 
[INFO] [stdout] test result: ok. 0 passed; 0 failed; 0 ignored; 0 measured; 0 filtered out; finished in 0.00s
[INFO] [stdout] 
[INFO] [stderr]    Doc-tests s0lari_create
[INFO] [stdout] 
[INFO] [stdout] running 3 tests
[INFO] [stdout] test src/lib.rs - square (line 29) ... FAILED
[INFO] [stdout] test src/lib.rs - calculate_length (line 44) ... FAILED
[INFO] [stdout] test src/lib.rs - add_one (line 14) ... FAILED
[INFO] [stdout] 
[INFO] [stdout] failures:
[INFO] [stdout] 
[INFO] [stdout] ---- src/lib.rs - square (line 29) stdout ----
[INFO] [stdout] error[E0425]: cannot find function `square` in this scope
[INFO] [stdout]   --> src/lib.rs:31:14
[INFO] [stdout]    |
[INFO] [stdout] 31 | let result = square(number);
[INFO] [stdout]    |              ^^^^^^ not found in this scope
[INFO] [stdout] 
[INFO] [stdout] error: aborting due to 1 previous error
[INFO] [stdout] 
[INFO] [stdout] For more information about this error, try `rustc --explain E0425`.
[INFO] [stdout] Couldn't compile the test.
[INFO] [stdout] ---- src/lib.rs - calculate_length (line 44) stdout ----
[INFO] [stdout] error[E0425]: cannot find function `calculate_length` in this scope
[INFO] [stdout]   --> src/lib.rs:46:14
[INFO] [stdout]    |
[INFO] [stdout] 46 | let length = calculate_length(&string);
[INFO] [stdout]    |              ^^^^^^^^^^^^^^^^ not found in this scope
[INFO] [stdout] 
[INFO] [stdout] error: aborting due to 1 previous error
[INFO] [stdout] 
[INFO] [stdout] For more information about this error, try `rustc --explain E0425`.
[INFO] [stdout] Couldn't compile the test.
[INFO] [stdout] ---- src/lib.rs - add_one (line 14) stdout ----
[INFO] [stdout] error[E0433]: cannot find module or crate `my_crate` in this scope
[INFO] [stdout]   --> src/lib.rs:16:14
[INFO] [stdout]    |
[INFO] [stdout] 16 | let answer = my_crate::add_one(arg);
[INFO] [stdout]    |              ^^^^^^^^ use of unresolved module or unlinked crate `my_crate`
[INFO] [stdout]    |
[INFO] [stdout]    = help: if you wanted to use a crate named `my_crate`, use `cargo add my_crate` to add it to your `Cargo.toml`
[INFO] [stdout] 
[INFO] [stdout] error: aborting due to 1 previous error
[INFO] [stdout] 
[INFO] [stdout] For more information about this error, try `rustc --explain E0433`.
[INFO] [stdout] Couldn't compile the test.
[INFO] [stdout] 
[INFO] [stdout] failures:
[INFO] [stdout]     src/lib.rs - add_one (line 14)
[INFO] [stdout]     src/lib.rs - calculate_length (line 44)
[INFO] [stdout]     src/lib.rs - square (line 29)
[INFO] [stdout] 
[INFO] [stdout] test result: FAILED. 0 passed; 3 failed; 0 ignored; 0 measured; 0 filtered out; finished in 0.14s
[INFO] [stdout] 
[INFO] [stdout] all doctests ran in 0.22s; merged doctests compilation took 0.08s
[INFO] [stderr] error: doctest failed, to rerun pass `--doc`
[INFO] running `Command { std: "docker" "inspect" "fd10919e41c3fd3c951781b7fc3b7b3077fface797125218fb08cf559a91e651", kill_on_drop: false }`
[INFO] running `Command { std: "docker" "rm" "-f" "fd10919e41c3fd3c951781b7fc3b7b3077fface797125218fb08cf559a91e651", kill_on_drop: false }`
[INFO] [stdout] fd10919e41c3fd3c951781b7fc3b7b3077fface797125218fb08cf559a91e651
