[INFO] fetching crate rymder 0.8.0...
[INFO] testing rymder-0.8.0 against 1.100.0-beta.1+cargoflags=--release for beta-release-1.100-2
[INFO] extracting crate rymder 0.8.0 into /workspace/builds/worker-1-tc2/source
[INFO] started tweaking crates.io crate rymder 0.8.0
[INFO] finished tweaking crates.io crate rymder 0.8.0
[INFO] tweaked toml for crates.io crate rymder 0.8.0 written to /workspace/builds/worker-1-tc2/source/Cargo.toml
[INFO] validating manifest of crates.io crate rymder 0.8.0 on toolchain 1.100.0-beta.1
[INFO] running `Command { std: CARGO_HOME="/workspace/cargo-home" RUSTUP_HOME="/workspace/rustup-home" "/workspace/cargo-home/bin/cargo" "+1.100.0-beta.1" "metadata" "--manifest-path" "Cargo.toml" "--no-deps", kill_on_drop: false }`
[INFO] running `Command { std: CARGO_HOME="/workspace/cargo-home" RUSTUP_HOME="/workspace/rustup-home" "/workspace/cargo-home/bin/cargo" "+1.100.0-beta.1" "generate-lockfile" "--manifest-path" "Cargo.toml", kill_on_drop: false }`
[INFO] [stderr]     Updating crates.io index
[INFO] [stderr]      Locking 97 packages to highest compatible versions
[INFO] [stderr]       Adding http v0.2.12 (available: v1.5.0)
[INFO] [stderr]       Adding prost v0.12.6 (available: v0.14.4)
[INFO] [stderr]       Adding tonic v0.10.2 (available: v0.14.6)
[INFO] running `Command { std: CARGO_HOME="/workspace/cargo-home" RUSTUP_HOME="/workspace/rustup-home" "/workspace/cargo-home/bin/cargo" "+1.100.0-beta.1" "fetch" "--manifest-path" "Cargo.toml", kill_on_drop: false }`
[INFO] [stderr] warning: `package.homepage` is redundant with `package.repository`
[INFO] [stderr]   --> Cargo.toml:42:12
[INFO] [stderr]    |
[INFO] [stderr] 42 | homepage = "https://github.com/EmbarkStudios/rymder"
[INFO] [stderr]    |            ^^^^^^^^^^^^^^^^^^^^^^^^^^^^^^^^^^^^^^^^^
[INFO] [stderr] ...
[INFO] [stderr] 47 | repository = "https://github.com/EmbarkStudios/rymder"
[INFO] [stderr]    |              -----------------------------------------
[INFO] [stderr]    |
[INFO] [stderr]    = note: `cargo::redundant_homepage` is set to `warn` by default
[INFO] [stderr] help: consider removing `package.homepage`
[INFO] [stderr] warning: `rymder` (manifest) generated 1 warning
[INFO] running `Command { std: "docker" "create" "-v" "/var/lib/crater-agent-workspace/builds/worker-1-tc2/source:/opt/rustwide/workdir:ro,Z" "-v" "/var/lib/crater-agent-workspace/builds/worker-1-tc2/target:/opt/rustwide/target:rw,Z" "-v" "/var/lib/crater-agent-workspace/cargo-home:/opt/rustwide/cargo-home:ro,Z" "-v" "/var/lib/crater-agent-workspace/rustup-home:/opt/rustwide/rustup-home:ro,Z" "-m" "1610612736" "--network" "none" "ghcr.io/rust-lang/crates-build-env/linux@sha256:77db811e55d90add9212f6832c23229e3de5f1c1f9905e8cb07319ea15df73ac" "sleep" "infinity", kill_on_drop: false }`
[INFO] [stdout] 8a55ff44c4fb58033b9e477d9777fca6fbe0c4dc5515ff21fe2c6893ea0e4755
[INFO] running `Command { std: "docker" "start" "8a55ff44c4fb58033b9e477d9777fca6fbe0c4dc5515ff21fe2c6893ea0e4755", kill_on_drop: false }`
[INFO] running `Command { std: "docker" "inspect" "8a55ff44c4fb58033b9e477d9777fca6fbe0c4dc5515ff21fe2c6893ea0e4755", kill_on_drop: false }`
[INFO] running `Command { std: "docker" "exec" "-e" "SOURCE_DIR=/opt/rustwide/workdir" "-e" "CARGO_HOME=/opt/rustwide/cargo-home" "-e" "RUSTUP_HOME=/opt/rustwide/rustup-home" "-e" "CARGO_TARGET_DIR=/opt/rustwide/target" "-w" "/opt/rustwide/workdir" "--user" "0:0" "8a55ff44c4fb58033b9e477d9777fca6fbe0c4dc5515ff21fe2c6893ea0e4755" "/opt/rustwide/cargo-home/bin/cargo" "+1.100.0-beta.1" "metadata" "--no-deps" "--format-version=1", kill_on_drop: false }`
[INFO] running `Command { std: "docker" "inspect" "8a55ff44c4fb58033b9e477d9777fca6fbe0c4dc5515ff21fe2c6893ea0e4755", kill_on_drop: false }`
[INFO] running `Command { std: "docker" "exec" "-e" "SOURCE_DIR=/opt/rustwide/workdir" "-e" "CARGO_HOME=/opt/rustwide/cargo-home" "-e" "RUSTUP_HOME=/opt/rustwide/rustup-home" "-e" "CARGO_TARGET_DIR=/opt/rustwide/target" "-e" "CARGO_INCREMENTAL=0" "-e" "RUST_BACKTRACE=full" "-e" "RUSTFLAGS=--cap-lints=warn" "-e" "RUSTDOCFLAGS=--cap-lints=warn" "-w" "/opt/rustwide/workdir" "--user" "0:0" "8a55ff44c4fb58033b9e477d9777fca6fbe0c4dc5515ff21fe2c6893ea0e4755" "/opt/rustwide/cargo-home/bin/cargo" "+1.100.0-beta.1" "build" "--frozen" "--message-format=json" "--release", kill_on_drop: false }`
[INFO] [stderr] warning: `package.homepage` is redundant with `package.repository`
[INFO] [stderr]   --> Cargo.toml:42:12
[INFO] [stderr]    |
[INFO] [stderr] 42 | homepage = "https://github.com/EmbarkStudios/rymder"
[INFO] [stderr]    |            ^^^^^^^^^^^^^^^^^^^^^^^^^^^^^^^^^^^^^^^^^
[INFO] [stderr] ...
[INFO] [stderr] 47 | repository = "https://github.com/EmbarkStudios/rymder"
[INFO] [stderr]    |              -----------------------------------------
[INFO] [stderr]    |
[INFO] [stderr]    = note: `cargo::redundant_homepage` is set to `warn` by default
[INFO] [stderr] help: consider removing `package.homepage`
[INFO] [stderr] warning: `rymder` (manifest) generated 1 warning
[INFO] [stderr]    Compiling rustversion v1.0.23
[INFO] [stderr]    Compiling zerocopy v0.8.63
[INFO] [stderr]    Compiling anyhow v1.0.104
[INFO] [stderr]    Compiling futures-channel v0.3.34
[INFO] [stderr]    Compiling tower-layer v0.3.3
[INFO] [stderr]    Compiling syn v2.0.119
[INFO] [stderr]    Compiling syn v3.0.9
[INFO] [stderr]    Compiling getrandom v0.2.17
[INFO] [stderr]    Compiling indexmap v1.9.3
[INFO] [stderr]    Compiling tokio v1.53.3
[INFO] [stderr]    Compiling hashbrown v0.12.3
[INFO] [stderr]    Compiling serde v1.0.229
[INFO] [stderr]    Compiling either v1.19.0
[INFO] [stderr]    Compiling mime v0.3.17
[INFO] [stderr]    Compiling bitflags v1.3.2
[INFO] [stderr]    Compiling sync_wrapper v0.1.2
[INFO] [stderr]    Compiling matchit v0.7.3
[INFO] [stderr]    Compiling deranged v0.5.9
[INFO] [stderr]    Compiling powerfmt v0.2.1
[INFO] [stderr]    Compiling rand_core v0.6.4
[INFO] [stderr]    Compiling itertools v0.12.1
[INFO] [stderr]    Compiling num-conv v0.2.2
[INFO] [stderr]    Compiling base64 v0.21.7
[INFO] [stderr]    Compiling time-core v0.1.9
[INFO] [stderr]    Compiling axum-core v0.3.4
[INFO] [stderr]    Compiling axum v0.6.20
[INFO] [stderr]    Compiling time v0.3.55
[INFO] [stderr]    Compiling futures-macro v0.3.34
[INFO] [stderr]    Compiling async-trait v0.1.92
[INFO] [stderr]    Compiling tracing-attributes v0.1.31
[INFO] [stderr]    Compiling pin-project-internal v1.1.13
[INFO] [stderr]    Compiling async-stream-impl v0.3.6
[INFO] [stderr]    Compiling prost-derive v0.12.6
[INFO] [stderr]    Compiling futures-util v0.3.34
[INFO] [stderr]    Compiling tracing v0.1.44
[INFO] [stderr]    Compiling pin-project v1.1.13
[INFO] [stderr]    Compiling async-stream v0.3.6
[INFO] [stderr]    Compiling tokio-util v0.7.20
[INFO] [stderr]    Compiling tokio-io-timeout v1.2.1
[INFO] [stderr]    Compiling tokio-stream v0.1.19
[INFO] [stderr]    Compiling prost v0.12.6
[INFO] [stderr]    Compiling ppv-lite86 v0.2.21
[INFO] [stderr]    Compiling rand_chacha v0.3.1
[INFO] [stderr]    Compiling rand v0.8.8
[INFO] [stderr]    Compiling h2 v0.3.27
[INFO] [stderr]    Compiling tower v0.4.13
[INFO] [stderr]    Compiling hyper v0.14.32
[INFO] [stderr]    Compiling hyper-timeout v0.4.1
[INFO] [stderr]    Compiling tonic v0.10.2
[INFO] [stderr]    Compiling rymder v0.8.0 (/opt/rustwide/workdir)
[INFO] [stdout] warning: struct `Http` is never constructed
[INFO] [stdout]  --> src/generated/google/api.rs:6:12
[INFO] [stdout]   |
[INFO] [stdout] 6 | pub struct Http {
[INFO] [stdout]   |            ^^^^
[INFO] [stdout]   |
[INFO] [stdout]   = note: `#[warn(dead_code)]` (part of `#[warn(unused)]`) on by default
[INFO] [stdout] 
[INFO] [stdout] 
[INFO] [stdout] warning: struct `HttpRule` is never constructed
[INFO] [stdout]    --> src/generated/google/api.rs:258:12
[INFO] [stdout]     |
[INFO] [stdout] 258 | pub struct HttpRule {
[INFO] [stdout]     |            ^^^^^^^^
[INFO] [stdout] 
[INFO] [stdout] 
[INFO] [stdout] warning: struct `CustomHttpPattern` is never constructed
[INFO] [stdout]    --> src/generated/google/api.rs:320:12
[INFO] [stdout]     |
[INFO] [stdout] 320 | pub struct CustomHttpPattern {
[INFO] [stdout]     |            ^^^^^^^^^^^^^^^^^
[INFO] [stdout] 
[INFO] [stdout] 
[INFO] [stdout] warning: enum `Pattern` is never used
[INFO] [stdout]    --> src/generated/google/api.rs:293:14
[INFO] [stdout]     |
[INFO] [stdout] 293 |     pub enum Pattern {
[INFO] [stdout]     |              ^^^^^^^
[INFO] [stdout] 
[INFO] [stdout] 
[INFO] [stderr]     Finished `release` profile [optimized] target(s) in 45.86s
[INFO] running `Command { std: "docker" "inspect" "8a55ff44c4fb58033b9e477d9777fca6fbe0c4dc5515ff21fe2c6893ea0e4755", kill_on_drop: false }`
[INFO] running `Command { std: "docker" "exec" "-e" "SOURCE_DIR=/opt/rustwide/workdir" "-e" "CARGO_HOME=/opt/rustwide/cargo-home" "-e" "RUSTUP_HOME=/opt/rustwide/rustup-home" "-e" "CARGO_TARGET_DIR=/opt/rustwide/target" "-e" "CARGO_INCREMENTAL=0" "-e" "RUST_BACKTRACE=full" "-e" "RUSTFLAGS=--cap-lints=warn" "-e" "RUSTDOCFLAGS=--cap-lints=warn" "-w" "/opt/rustwide/workdir" "--user" "0:0" "8a55ff44c4fb58033b9e477d9777fca6fbe0c4dc5515ff21fe2c6893ea0e4755" "/opt/rustwide/cargo-home/bin/cargo" "+1.100.0-beta.1" "test" "--frozen" "--no-run" "--message-format=json" "--release", kill_on_drop: false }`
[INFO] [stderr] warning: `package.homepage` is redundant with `package.repository`
[INFO] [stderr]   --> Cargo.toml:42:12
[INFO] [stderr]    |
[INFO] [stderr] 42 | homepage = "https://github.com/EmbarkStudios/rymder"
[INFO] [stderr]    |            ^^^^^^^^^^^^^^^^^^^^^^^^^^^^^^^^^^^^^^^^^
[INFO] [stderr] ...
[INFO] [stderr] 47 | repository = "https://github.com/EmbarkStudios/rymder"
[INFO] [stderr]    |              -----------------------------------------
[INFO] [stderr]    |
[INFO] [stderr]    = note: `cargo::redundant_homepage` is set to `warn` by default
[INFO] [stderr] help: consider removing `package.homepage`
[INFO] [stderr] warning: `rymder` (manifest) generated 1 warning
[INFO] [stderr]    Compiling tokio-macros v2.7.2
[INFO] [stderr]    Compiling tokio v1.53.3
[INFO] [stderr]    Compiling tokio-util v0.7.20
[INFO] [stderr]    Compiling tokio-io-timeout v1.2.1
[INFO] [stderr]    Compiling tokio-stream v0.1.19
[INFO] [stderr]    Compiling h2 v0.3.27
[INFO] [stderr]    Compiling tower v0.4.13
[INFO] [stderr]    Compiling hyper v0.14.32
[INFO] [stderr]    Compiling axum v0.6.20
[INFO] [stderr]    Compiling hyper-timeout v0.4.1
[INFO] [stderr]    Compiling tonic v0.10.2
[INFO] [stderr]    Compiling rymder v0.8.0 (/opt/rustwide/workdir)
[INFO] [stdout] warning: struct `Http` is never constructed
[INFO] [stdout]  --> src/generated/google/api.rs:6:12
[INFO] [stdout]   |
[INFO] [stdout] 6 | pub struct Http {
[INFO] [stdout]   |            ^^^^
[INFO] [stdout]   |
[INFO] [stdout]   = note: `#[warn(dead_code)]` (part of `#[warn(unused)]`) on by default
[INFO] [stdout] 
[INFO] [stdout] 
[INFO] [stdout] warning: struct `HttpRule` is never constructed
[INFO] [stdout]    --> src/generated/google/api.rs:258:12
[INFO] [stdout]     |
[INFO] [stdout] 258 | pub struct HttpRule {
[INFO] [stdout]     |            ^^^^^^^^
[INFO] [stdout] 
[INFO] [stdout] 
[INFO] [stdout] warning: struct `CustomHttpPattern` is never constructed
[INFO] [stdout]    --> src/generated/google/api.rs:320:12
[INFO] [stdout]     |
[INFO] [stdout] 320 | pub struct CustomHttpPattern {
[INFO] [stdout]     |            ^^^^^^^^^^^^^^^^^
[INFO] [stdout] 
[INFO] [stdout] 
[INFO] [stdout] warning: enum `Pattern` is never used
[INFO] [stdout]    --> src/generated/google/api.rs:293:14
[INFO] [stdout]     |
[INFO] [stdout] 293 |     pub enum Pattern {
[INFO] [stdout]     |              ^^^^^^^
[INFO] [stdout] 
[INFO] [stdout] 
[INFO] [stdout] warning: struct `Http` is never constructed
[INFO] [stdout]  --> src/generated/google/api.rs:6:12
[INFO] [stdout]   |
[INFO] [stdout] 6 | pub struct Http {
[INFO] [stdout]   |            ^^^^
[INFO] [stdout]   |
[INFO] [stdout]   = note: `#[warn(dead_code)]` (part of `#[warn(unused)]`) on by default
[INFO] [stdout] 
[INFO] [stdout] 
[INFO] [stdout] warning: struct `HttpRule` is never constructed
[INFO] [stdout]    --> src/generated/google/api.rs:258:12
[INFO] [stdout]     |
[INFO] [stdout] 258 | pub struct HttpRule {
[INFO] [stdout]     |            ^^^^^^^^
[INFO] [stdout] 
[INFO] [stdout] 
[INFO] [stdout] warning: struct `CustomHttpPattern` is never constructed
[INFO] [stdout]    --> src/generated/google/api.rs:320:12
[INFO] [stdout]     |
[INFO] [stdout] 320 | pub struct CustomHttpPattern {
[INFO] [stdout]     |            ^^^^^^^^^^^^^^^^^
[INFO] [stdout] 
[INFO] [stdout] 
[INFO] [stdout] warning: enum `Pattern` is never used
[INFO] [stdout]    --> src/generated/google/api.rs:293:14
[INFO] [stdout]     |
[INFO] [stdout] 293 |     pub enum Pattern {
[INFO] [stdout]     |              ^^^^^^^
[INFO] [stdout] 
[INFO] [stdout] 
[INFO] [stderr]     Finished `release` profile [optimized] target(s) in 48.13s
[INFO] running `Command { std: "docker" "inspect" "8a55ff44c4fb58033b9e477d9777fca6fbe0c4dc5515ff21fe2c6893ea0e4755", kill_on_drop: false }`
[INFO] running `Command { std: "docker" "exec" "-e" "SOURCE_DIR=/opt/rustwide/workdir" "-e" "CARGO_HOME=/opt/rustwide/cargo-home" "-e" "RUSTUP_HOME=/opt/rustwide/rustup-home" "-e" "CARGO_TARGET_DIR=/opt/rustwide/target" "-e" "CARGO_INCREMENTAL=0" "-e" "RUST_BACKTRACE=full" "-e" "RUSTFLAGS=--cap-lints=warn" "-e" "RUSTDOCFLAGS=--cap-lints=warn" "-w" "/opt/rustwide/workdir" "--user" "0:0" "8a55ff44c4fb58033b9e477d9777fca6fbe0c4dc5515ff21fe2c6893ea0e4755" "/opt/rustwide/cargo-home/bin/cargo" "+1.100.0-beta.1" "test" "--frozen" "--release", kill_on_drop: false }`
[INFO] [stderr] warning: `package.homepage` is redundant with `package.repository`
[INFO] [stderr]   --> Cargo.toml:42:12
[INFO] [stderr]    |
[INFO] [stderr] 42 | homepage = "https://github.com/EmbarkStudios/rymder"
[INFO] [stderr]    |            ^^^^^^^^^^^^^^^^^^^^^^^^^^^^^^^^^^^^^^^^^
[INFO] [stderr] ...
[INFO] [stderr] 47 | repository = "https://github.com/EmbarkStudios/rymder"
[INFO] [stderr]    |              -----------------------------------------
[INFO] [stderr]    |
[INFO] [stderr]    = note: `cargo::redundant_homepage` is set to `warn` by default
[INFO] [stderr] help: consider removing `package.homepage`
[INFO] [stderr] warning: `rymder` (manifest) generated 1 warning
[INFO] [stderr] warning: struct `Http` is never constructed
[INFO] [stderr]  --> src/generated/google/api.rs:6:12
[INFO] [stderr]   |
[INFO] [stderr] 6 | pub struct Http {
[INFO] [stderr]   |            ^^^^
[INFO] [stderr]   |
[INFO] [stderr]   = note: `#[warn(dead_code)]` (part of `#[warn(unused)]`) on by default
[INFO] [stderr] 
[INFO] [stderr] warning: struct `HttpRule` is never constructed
[INFO] [stderr]    --> src/generated/google/api.rs:258:12
[INFO] [stderr]     |
[INFO] [stderr] 258 | pub struct HttpRule {
[INFO] [stderr]     |            ^^^^^^^^
[INFO] [stderr] 
[INFO] [stderr] warning: struct `CustomHttpPattern` is never constructed
[INFO] [stderr]    --> src/generated/google/api.rs:320:12
[INFO] [stderr]     |
[INFO] [stderr] 320 | pub struct CustomHttpPattern {
[INFO] [stderr]     |            ^^^^^^^^^^^^^^^^^
[INFO] [stderr] 
[INFO] [stderr] warning: enum `Pattern` is never used
[INFO] [stderr]    --> src/generated/google/api.rs:293:14
[INFO] [stderr]     |
[INFO] [stderr] 293 |     pub enum Pattern {
[INFO] [stderr]     |              ^^^^^^^
[INFO] [stderr] 
[INFO] [stderr] warning: `rymder` (lib) generated 4 warnings
[INFO] [stderr] warning: `rymder` (lib test) generated 4 warnings (4 duplicates)
[INFO] [stderr]     Finished `release` profile [optimized] target(s) in 0.13s
[INFO] [stderr]      Running unittests src/lib.rs (/opt/rustwide/target/release/build/rymder/510f0a414020eaff/out/rymder-510f0a414020eaff)
[INFO] [stdout] 
[INFO] [stdout] running 1 test
[INFO] [stdout] test sdk::gameserver::test::string_states ... ok
[INFO] [stdout] 
[INFO] [stdout] test result: ok. 1 passed; 0 failed; 0 ignored; 0 measured; 0 filtered out; finished in 0.00s
[INFO] [stdout] 
[INFO] [stderr]      Running tests/all.rs (/opt/rustwide/target/release/build/rymder/c7c816d2e42bbb41/out/all-c7c816d2e42bbb41)
[INFO] [stdout] 
[INFO] [stdout] running 1 test
[INFO] [stdout] test sdk ... FAILED
[INFO] [stdout] 
[INFO] [stdout] failures:
[INFO] [stdout] 
[INFO] [stdout] ---- sdk stdout ----
[INFO] [stdout] Command {
[INFO] [stdout]     program: "agones-sdk-server",
[INFO] [stdout]     args: [
[INFO] [stdout]         "agones-sdk-server",
[INFO] [stdout]         "--local",
[INFO] [stdout]         "--sdk-name",
[INFO] [stdout]         "rymder",
[INFO] [stdout]         "--grpc-port",
[INFO] [stdout]         "9357",
[INFO] [stdout]         "--http-port",
[INFO] [stdout]         "0",
[INFO] [stdout]         "--timeout",
[INFO] [stdout]         "10",
[INFO] [stdout]         "--test",
[INFO] [stdout]         "ready,reserve,allocate,label,annotate,watch,health,shutdown",
[INFO] [stdout]     ],
[INFO] [stdout]     stdout: Some(
[INFO] [stdout]         MakePipe,
[INFO] [stdout]     ),
[INFO] [stdout]     stderr: Some(
[INFO] [stdout]         MakePipe,
[INFO] [stdout]     ),
[INFO] [stdout]     create_pidfd: false,
[INFO] [stdout] }
[INFO] [stdout] 
[INFO] [stdout] thread 'sdk' (1483) panicked at tests/all.rs:41:21:
[INFO] [stdout] unable to exec agones-sdk-server: Os { code: 2, kind: NotFound, message: "No such file or directory" }
[INFO] [stderr] error: test failed, to rerun pass `--test all`
[INFO] [stdout] stack backtrace:
[INFO] [stdout]    0:     0x6389e121dab1 - <<std[617be2ca0a6fd877]::sys::backtrace::BacktraceLock>::print::DisplayBacktrace as core[a373ad73a504971]::fmt::Display>::fmt
[INFO] [stdout]    1:     0x6389e12349ca - core[a373ad73a504971]::fmt::write
[INFO] [stdout]    2:     0x6389e122354c - <alloc[2e1b2a31b91974c5]::vec::Vec<u8> as core[a373ad73a504971]::io::write::Write>::write_fmt
[INFO] [stdout]    3:     0x6389e11f8b96 - std[617be2ca0a6fd877]::panicking::default_hook::{closure#0}
[INFO] [stdout]    4:     0x6389e1215a49 - std[617be2ca0a6fd877]::panicking::default_hook
[INFO] [stdout]    5:     0x6389e1113770 - test[aada8e7e76ba119b]::test_main_inner::{closure#0}
[INFO] [stdout]    6:     0x6389e1215d72 - std[617be2ca0a6fd877]::panicking::panic_with_hook
[INFO] [stdout]    7:     0x6389e11f8c42 - std[617be2ca0a6fd877]::panicking::panic_handler::{closure#0}
[INFO] [stdout]    8:     0x6389e11f1879 - std[617be2ca0a6fd877]::sys::backtrace::__rust_end_short_backtrace::<std[617be2ca0a6fd877]::panicking::panic_handler::{closure#0}, !>
[INFO] [stdout]    9:     0x6389e11f9a3d - __rustc[ea4f61d10b84890b]::rust_begin_unwind
[INFO] [stdout]   10:     0x6389e123512c - core[a373ad73a504971]::panicking::panic_fmt
[INFO] [stdout]   11:     0x6389e1234f02 - core[a373ad73a504971]::result::unwrap_failed
[INFO] [stdout]   12:     0x6389e1103397 - all[63b89e8607eed042]::sdk::{closure#0}
[INFO] [stdout]   13:     0x6389e1096cd3 - <tokio[33b2e86fd9b52e7d]::runtime::scheduler::current_thread::Context>::enter::<core[a373ad73a504971]::task::poll::Poll<()>, <tokio[33b2e86fd9b52e7d]::runtime::scheduler::current_thread::CoreGuard>::block_on<core[a373ad73a504971]::pin::Pin<&mut core[a373ad73a504971]::pin::Pin<&mut dyn core[a373ad73a504971]::future::future::Future<Output = ()>>>>::{closure#0}::{closure#0}>
[INFO] [stdout]   14:     0x6389e10a073c - <tokio[33b2e86fd9b52e7d]::runtime::context::scoped::Scoped<tokio[33b2e86fd9b52e7d]::runtime::scheduler::Context>>::set::<<tokio[33b2e86fd9b52e7d]::runtime::scheduler::current_thread::CoreGuard>::enter<<tokio[33b2e86fd9b52e7d]::runtime::scheduler::current_thread::CoreGuard>::block_on<core[a373ad73a504971]::pin::Pin<&mut core[a373ad73a504971]::pin::Pin<&mut dyn core[a373ad73a504971]::future::future::Future<Output = ()>>>>::{closure#0}, core[a373ad73a504971]::option::Option<()>>::{closure#0}, (alloc[2e1b2a31b91974c5]::boxed::Box<tokio[33b2e86fd9b52e7d]::runtime::scheduler::current_thread::Core>, core[a373ad73a504971]::option::Option<()>)>
[INFO] [stdout]   15:     0x6389e109617f - <tokio[33b2e86fd9b52e7d]::runtime::runtime::Runtime>::block_on::<core[a373ad73a504971]::pin::Pin<&mut dyn core[a373ad73a504971]::future::future::Future<Output = ()>>>
[INFO] [stdout]   16:     0x6389e1106a7e - <all[63b89e8607eed042]::sdk::{closure#0} as core[a373ad73a504971]::ops::function::FnOnce<()>>::call_once
[INFO] [stdout]   17:     0x6389e1106bbb - test[aada8e7e76ba119b]::__rust_begin_short_backtrace::<core[a373ad73a504971]::result::Result<(), alloc[2e1b2a31b91974c5]::string::String>, fn() -> core[a373ad73a504971]::result::Result<(), alloc[2e1b2a31b91974c5]::string::String>>
[INFO] [stdout]   18:     0x6389e1113d95 - test[aada8e7e76ba119b]::run_test::{closure#0}
[INFO] [stdout]   19:     0x6389e110d684 - std[617be2ca0a6fd877]::sys::backtrace::__rust_begin_short_backtrace::<test[aada8e7e76ba119b]::run_test::{closure#1}, ()>
[INFO] [stdout]   20:     0x6389e1116e22 - <std[617be2ca0a6fd877]::thread::lifecycle::spawn_unchecked<test[aada8e7e76ba119b]::run_test::{closure#1}, ()>::{closure#1} as core[a373ad73a504971]::ops::function::FnOnce<()>>::call_once::{shim:vtable#0}
[INFO] [stdout]   21:     0x6389e121cedf - <std[617be2ca0a6fd877]::sys::thread::unix::Thread>::new::thread_start
[INFO] [stdout]   22:     0x71943a774dfa - <unknown>
[INFO] [stdout]   23:     0x71943a8083d4 - clone
[INFO] [stdout]   24:                0x0 - <unknown>
[INFO] [stdout] 
[INFO] [stdout] 
[INFO] [stdout] failures:
[INFO] [stdout]     sdk
[INFO] [stdout] 
[INFO] [stdout] test result: FAILED. 0 passed; 1 failed; 0 ignored; 0 measured; 0 filtered out; finished in 0.01s
[INFO] [stdout] 
[INFO] running `Command { std: "docker" "inspect" "8a55ff44c4fb58033b9e477d9777fca6fbe0c4dc5515ff21fe2c6893ea0e4755", kill_on_drop: false }`
[INFO] running `Command { std: "docker" "rm" "-f" "8a55ff44c4fb58033b9e477d9777fca6fbe0c4dc5515ff21fe2c6893ea0e4755", kill_on_drop: false }`
[INFO] [stdout] 8a55ff44c4fb58033b9e477d9777fca6fbe0c4dc5515ff21fe2c6893ea0e4755
