[INFO] fetching crate rxpress 0.3.1...
[INFO] testing rxpress-0.3.1 against 1.99.0-beta.8+cargoflags=--release for beta-release-1.100-2
[INFO] extracting crate rxpress 0.3.1 into /workspace/builds/worker-5-tc1/source
[INFO] started tweaking crates.io crate rxpress 0.3.1
[INFO] finished tweaking crates.io crate rxpress 0.3.1
[INFO] tweaked toml for crates.io crate rxpress 0.3.1 written to /workspace/builds/worker-5-tc1/source/Cargo.toml
[INFO] validating manifest of crates.io crate rxpress 0.3.1 on toolchain 1.99.0-beta.8
[INFO] running `Command { std: CARGO_HOME="/workspace/cargo-home" RUSTUP_HOME="/workspace/rustup-home" "/workspace/cargo-home/bin/cargo" "+1.99.0-beta.8" "metadata" "--manifest-path" "Cargo.toml" "--no-deps", kill_on_drop: false }`
[INFO] crate crates.io crate rxpress 0.3.1 already has a lockfile, it will not be regenerated
[INFO] running `Command { std: CARGO_HOME="/workspace/cargo-home" RUSTUP_HOME="/workspace/rustup-home" "/workspace/cargo-home/bin/cargo" "+1.99.0-beta.8" "fetch" "--manifest-path" "Cargo.toml", kill_on_drop: false }`
[INFO] [stderr]     Blocking waiting for file lock on package cache
[INFO] [stderr]     Blocking waiting for file lock on package cache
[INFO] running `Command { std: "docker" "create" "-v" "/var/lib/crater-agent-workspace/builds/worker-5-tc1/source:/opt/rustwide/workdir:ro,Z" "-v" "/var/lib/crater-agent-workspace/builds/worker-5-tc1/target:/opt/rustwide/target:rw,Z" "-v" "/var/lib/crater-agent-workspace/cargo-home:/opt/rustwide/cargo-home:ro,Z" "-v" "/var/lib/crater-agent-workspace/rustup-home:/opt/rustwide/rustup-home:ro,Z" "-m" "1610612736" "--network" "none" "ghcr.io/rust-lang/crates-build-env/linux@sha256:77db811e55d90add9212f6832c23229e3de5f1c1f9905e8cb07319ea15df73ac" "sleep" "infinity", kill_on_drop: false }`
[INFO] [stdout] 44988b26e7b9b10b95f3d18bfa0dd7811f9c196b403ec740c36190882ea4343b
[INFO] running `Command { std: "docker" "start" "44988b26e7b9b10b95f3d18bfa0dd7811f9c196b403ec740c36190882ea4343b", kill_on_drop: false }`
[INFO] running `Command { std: "docker" "inspect" "44988b26e7b9b10b95f3d18bfa0dd7811f9c196b403ec740c36190882ea4343b", kill_on_drop: false }`
[INFO] running `Command { std: "docker" "exec" "-e" "SOURCE_DIR=/opt/rustwide/workdir" "-e" "CARGO_HOME=/opt/rustwide/cargo-home" "-e" "RUSTUP_HOME=/opt/rustwide/rustup-home" "-e" "CARGO_TARGET_DIR=/opt/rustwide/target" "-w" "/opt/rustwide/workdir" "--user" "0:0" "44988b26e7b9b10b95f3d18bfa0dd7811f9c196b403ec740c36190882ea4343b" "/opt/rustwide/cargo-home/bin/cargo" "+1.99.0-beta.8" "metadata" "--no-deps" "--format-version=1", kill_on_drop: false }`
[INFO] running `Command { std: "docker" "inspect" "44988b26e7b9b10b95f3d18bfa0dd7811f9c196b403ec740c36190882ea4343b", kill_on_drop: false }`
[INFO] running `Command { std: "docker" "exec" "-e" "SOURCE_DIR=/opt/rustwide/workdir" "-e" "CARGO_HOME=/opt/rustwide/cargo-home" "-e" "RUSTUP_HOME=/opt/rustwide/rustup-home" "-e" "CARGO_TARGET_DIR=/opt/rustwide/target" "-e" "CARGO_INCREMENTAL=0" "-e" "RUST_BACKTRACE=full" "-e" "RUSTFLAGS=--cap-lints=warn" "-e" "RUSTDOCFLAGS=--cap-lints=warn" "-w" "/opt/rustwide/workdir" "--user" "0:0" "44988b26e7b9b10b95f3d18bfa0dd7811f9c196b403ec740c36190882ea4343b" "/opt/rustwide/cargo-home/bin/cargo" "+1.99.0-beta.8" "build" "--frozen" "--message-format=json" "--release", kill_on_drop: false }`
[INFO] [stderr]    Compiling rxpress v0.3.1 (/opt/rustwide/workdir)
[INFO] [stderr]     Finished `release` profile [optimized] target(s) in 0.95s
[INFO] running `Command { std: "docker" "inspect" "44988b26e7b9b10b95f3d18bfa0dd7811f9c196b403ec740c36190882ea4343b", kill_on_drop: false }`
[INFO] running `Command { std: "docker" "exec" "-e" "SOURCE_DIR=/opt/rustwide/workdir" "-e" "CARGO_HOME=/opt/rustwide/cargo-home" "-e" "RUSTUP_HOME=/opt/rustwide/rustup-home" "-e" "CARGO_TARGET_DIR=/opt/rustwide/target" "-e" "CARGO_INCREMENTAL=0" "-e" "RUST_BACKTRACE=full" "-e" "RUSTFLAGS=--cap-lints=warn" "-e" "RUSTDOCFLAGS=--cap-lints=warn" "-w" "/opt/rustwide/workdir" "--user" "0:0" "44988b26e7b9b10b95f3d18bfa0dd7811f9c196b403ec740c36190882ea4343b" "/opt/rustwide/cargo-home/bin/cargo" "+1.99.0-beta.8" "test" "--frozen" "--no-run" "--message-format=json" "--release", kill_on_drop: false }`
[INFO] [stderr]    Compiling rxpress v0.3.1 (/opt/rustwide/workdir)
[INFO] [stderr]     Finished `release` profile [optimized] target(s) in 1.21s
[INFO] running `Command { std: "docker" "inspect" "44988b26e7b9b10b95f3d18bfa0dd7811f9c196b403ec740c36190882ea4343b", kill_on_drop: false }`
[INFO] running `Command { std: "docker" "exec" "-e" "SOURCE_DIR=/opt/rustwide/workdir" "-e" "CARGO_HOME=/opt/rustwide/cargo-home" "-e" "RUSTUP_HOME=/opt/rustwide/rustup-home" "-e" "CARGO_TARGET_DIR=/opt/rustwide/target" "-e" "CARGO_INCREMENTAL=0" "-e" "RUST_BACKTRACE=full" "-e" "RUSTFLAGS=--cap-lints=warn" "-e" "RUSTDOCFLAGS=--cap-lints=warn" "-w" "/opt/rustwide/workdir" "--user" "0:0" "44988b26e7b9b10b95f3d18bfa0dd7811f9c196b403ec740c36190882ea4343b" "/opt/rustwide/cargo-home/bin/cargo" "+1.99.0-beta.8" "test" "--frozen" "--release", kill_on_drop: false }`
[INFO] [stderr]     Finished `release` profile [optimized] target(s) in 0.02s
[INFO] [stderr]      Running unittests src/lib.rs (/opt/rustwide/target/release/deps/rxpress-d2c5f0d2b7717ea9)
[INFO] [stdout] 
[INFO] [stdout] running 23 tests
[INFO] [stdout] test request::tests::test_param_or ... ok
[INFO] [stdout] test response::tests::test_html_sets_content_type ... ok
[INFO] [stdout] test request::tests::test_param_expect ... ok
[INFO] [stdout] test request::tests::test_param_insertion_and_lookup ... ok
[INFO] [stdout] test request::tests::test_query_lookup ... ok
[INFO] [stdout] test request::tests::test_query_expect ... ok
[INFO] [stdout] test request::tests::test_query_or ... ok
[INFO] [stdout] test request::tests::test_header_case_insensitive ... ok
[INFO] [stdout] test response::tests::test_set_header ... ok
[INFO] [stdout] test response::tests::test_status_with_enum ... ok
[INFO] [stdout] test response::tests::test_send_and_json_set_content_type ... ok
[INFO] [stdout] test response::tests::test_html_file_success_and_failure ... FAILED
[INFO] [stdout] test response::tests::test_status_with_custom_code_and_reason ... ok
[INFO] [stdout] test request::tests::test_parse_query_function ... ok
[INFO] [stdout] test request::tests::test_header_expect ... ok
[INFO] [stdout] test request::tests::test_header_or ... ok
[INFO] [stderr] error: test failed, to rerun pass `--lib`
[INFO] [stdout] test route::tests::test_route_match_with_param ... ok
[INFO] [stdout] test server::tests::test_server_new ... ok
[INFO] [stdout] test route::tests::test_route_with_missing_param ... ok
[INFO] [stdout] test status::tests::test_http_status_codes ... ok
[INFO] [stdout] test status::tests::test_http_status_reason_lookup ... ok
[INFO] [stdout] test status::tests::test_status_arg_from ... ok
[INFO] [stdout] test route::tests::test_route_match_static ... ok
[INFO] [stdout] 
[INFO] [stdout] failures:
[INFO] [stdout] 
[INFO] [stdout] ---- response::tests::test_html_file_success_and_failure stdout ----
[INFO] [stdout] 
[INFO] [stdout] thread 'response::tests::test_html_file_success_and_failure' (173) panicked at src/response.rs:339:47:
[INFO] [stdout] called `Result::unwrap()` on an `Err` value: Os { code: 30, kind: ReadOnlyFilesystem, message: "Read-only file system" }
[INFO] [stdout] stack backtrace:
[INFO] [stdout]    0:     0x5b538d844561 - <<std[70759c8f55707aa4]::sys::backtrace::BacktraceLock>::print::DisplayBacktrace as core[df12db4294e9bfd3]::fmt::Display>::fmt
[INFO] [stdout]    1:     0x5b538d859f0a - core[df12db4294e9bfd3]::fmt::write
[INFO] [stdout]    2:     0x5b538d848d1c - <alloc[2182bb758b4b3781]::vec::Vec<u8> as core[df12db4294e9bfd3]::io::write::Write>::write_fmt
[INFO] [stdout]    3:     0x5b538d81f766 - std[70759c8f55707aa4]::panicking::default_hook::{closure#0}
[INFO] [stdout]    4:     0x5b538d83bf19 - std[70759c8f55707aa4]::panicking::default_hook
[INFO] [stdout]    5:     0x5b538d7d76b0 - test[9d35eded1c95d3be]::test_main_inner::<test[9d35eded1c95d3be]::test_main_static::{closure#0}>::{closure#0}
[INFO] [stdout]    6:     0x5b538d83c0d2 - std[70759c8f55707aa4]::panicking::panic_with_hook
[INFO] [stdout]    7:     0x5b538d81f812 - std[70759c8f55707aa4]::panicking::panic_handler::{closure#0}
[INFO] [stdout]    8:     0x5b538d8182a9 - std[70759c8f55707aa4]::sys::backtrace::__rust_end_short_backtrace::<std[70759c8f55707aa4]::panicking::panic_handler::{closure#0}, !>
[INFO] [stdout]    9:     0x5b538d8205fd - __rustc[8fa7c3cbc660c2b3]::rust_begin_unwind
[INFO] [stdout]   10:     0x5b538d85a63c - core[df12db4294e9bfd3]::panicking::panic_fmt
[INFO] [stdout]   11:     0x5b538d85a412 - core[df12db4294e9bfd3]::result::unwrap_failed
[INFO] [stdout]   12:     0x5b538d7c2a40 - rxpress[35f6c8321815daa1]::response::tests::test_html_file_success_and_failure
[INFO] [stdout]   13:     0x5b538d7ca8e9 - <rxpress[35f6c8321815daa1]::response::tests::test_html_file_success_and_failure::{closure#0} as core[df12db4294e9bfd3]::ops::function::FnOnce<()>>::call_once
[INFO] [stdout]   14:     0x5b538d7ca99b - test[9d35eded1c95d3be]::__rust_begin_short_backtrace::<core[df12db4294e9bfd3]::result::Result<(), alloc[2182bb758b4b3781]::string::String>, fn() -> core[df12db4294e9bfd3]::result::Result<(), alloc[2182bb758b4b3781]::string::String>>
[INFO] [stdout]   15:     0x5b538d7d8005 - test[9d35eded1c95d3be]::run_test::{closure#0}
[INFO] [stdout]   16:     0x5b538d7d18c4 - std[70759c8f55707aa4]::sys::backtrace::__rust_begin_short_backtrace::<test[9d35eded1c95d3be]::run_test::{closure#1}, ()>
[INFO] [stdout]   17:     0x5b538d7db162 - <std[70759c8f55707aa4]::thread::lifecycle::spawn_unchecked<test[9d35eded1c95d3be]::run_test::{closure#1}, ()>::{closure#1} as core[df12db4294e9bfd3]::ops::function::FnOnce<()>>::call_once::{shim:vtable#0}
[INFO] [stdout]   18:     0x5b538d843169 - <std[70759c8f55707aa4]::sys::thread::unix::Thread>::new::thread_start
[INFO] [stdout]   19:     0x727c2836ddfa - <unknown>
[INFO] [stdout]   20:     0x727c284013d4 - clone
[INFO] [stdout]   21:                0x0 - <unknown>
[INFO] [stdout] 
[INFO] [stdout] 
[INFO] [stdout] failures:
[INFO] [stdout]     response::tests::test_html_file_success_and_failure
[INFO] [stdout] 
[INFO] [stdout] test result: FAILED. 22 passed; 1 failed; 0 ignored; 0 measured; 0 filtered out; finished in 0.02s
[INFO] [stdout] 
[INFO] running `Command { std: "docker" "inspect" "44988b26e7b9b10b95f3d18bfa0dd7811f9c196b403ec740c36190882ea4343b", kill_on_drop: false }`
[INFO] running `Command { std: "docker" "rm" "-f" "44988b26e7b9b10b95f3d18bfa0dd7811f9c196b403ec740c36190882ea4343b", kill_on_drop: false }`
[INFO] [stdout] 44988b26e7b9b10b95f3d18bfa0dd7811f9c196b403ec740c36190882ea4343b
