[INFO] fetching crate rword-ooxml 0.1.1...
[INFO] testing rword-ooxml-0.1.1 against 1.99.0-beta.8+cargoflags=--release for beta-release-1.100-2
[INFO] extracting crate rword-ooxml 0.1.1 into /workspace/builds/worker-0-tc1/source
[INFO] started tweaking crates.io crate rword-ooxml 0.1.1
[INFO] removed 0 missing tests
[INFO] finished tweaking crates.io crate rword-ooxml 0.1.1
[INFO] tweaked toml for crates.io crate rword-ooxml 0.1.1 written to /workspace/builds/worker-0-tc1/source/Cargo.toml
[INFO] validating manifest of crates.io crate rword-ooxml 0.1.1 on toolchain 1.99.0-beta.8
[INFO] running `Command { std: CARGO_HOME="/workspace/cargo-home" RUSTUP_HOME="/workspace/rustup-home" "/workspace/cargo-home/bin/cargo" "+1.99.0-beta.8" "metadata" "--manifest-path" "Cargo.toml" "--no-deps", kill_on_drop: false }`
[INFO] crate crates.io crate rword-ooxml 0.1.1 already has a lockfile, it will not be regenerated
[INFO] running `Command { std: CARGO_HOME="/workspace/cargo-home" RUSTUP_HOME="/workspace/rustup-home" "/workspace/cargo-home/bin/cargo" "+1.99.0-beta.8" "fetch" "--manifest-path" "Cargo.toml", kill_on_drop: false }`
[INFO] [stderr]     Updating crates.io index
[INFO] [stderr]     Blocking waiting for file lock on package cache
[INFO] [stderr]  Downloading crates ...
[INFO] [stderr]   Downloaded rword-dom v0.1.1
[INFO] running `Command { std: "docker" "create" "-v" "/var/lib/crater-agent-workspace/builds/worker-0-tc1/source:/opt/rustwide/workdir:ro,Z" "-v" "/var/lib/crater-agent-workspace/builds/worker-0-tc1/target:/opt/rustwide/target:rw,Z" "-v" "/var/lib/crater-agent-workspace/cargo-home:/opt/rustwide/cargo-home:ro,Z" "-v" "/var/lib/crater-agent-workspace/rustup-home:/opt/rustwide/rustup-home:ro,Z" "-m" "1610612736" "--network" "none" "ghcr.io/rust-lang/crates-build-env/linux@sha256:77db811e55d90add9212f6832c23229e3de5f1c1f9905e8cb07319ea15df73ac" "sleep" "infinity", kill_on_drop: false }`
[INFO] [stdout] 10dd1036cff6bdb51a3b384c35580f74d57d6b931bbd8ceace9385a8c7abb2aa
[INFO] running `Command { std: "docker" "start" "10dd1036cff6bdb51a3b384c35580f74d57d6b931bbd8ceace9385a8c7abb2aa", kill_on_drop: false }`
[INFO] running `Command { std: "docker" "inspect" "10dd1036cff6bdb51a3b384c35580f74d57d6b931bbd8ceace9385a8c7abb2aa", kill_on_drop: false }`
[INFO] running `Command { std: "docker" "exec" "-e" "SOURCE_DIR=/opt/rustwide/workdir" "-e" "CARGO_HOME=/opt/rustwide/cargo-home" "-e" "RUSTUP_HOME=/opt/rustwide/rustup-home" "-e" "CARGO_TARGET_DIR=/opt/rustwide/target" "-w" "/opt/rustwide/workdir" "--user" "0:0" "10dd1036cff6bdb51a3b384c35580f74d57d6b931bbd8ceace9385a8c7abb2aa" "/opt/rustwide/cargo-home/bin/cargo" "+1.99.0-beta.8" "metadata" "--no-deps" "--format-version=1", kill_on_drop: false }`
[INFO] running `Command { std: "docker" "inspect" "10dd1036cff6bdb51a3b384c35580f74d57d6b931bbd8ceace9385a8c7abb2aa", kill_on_drop: false }`
[INFO] running `Command { std: "docker" "exec" "-e" "SOURCE_DIR=/opt/rustwide/workdir" "-e" "CARGO_HOME=/opt/rustwide/cargo-home" "-e" "RUSTUP_HOME=/opt/rustwide/rustup-home" "-e" "CARGO_TARGET_DIR=/opt/rustwide/target" "-e" "CARGO_INCREMENTAL=0" "-e" "RUST_BACKTRACE=full" "-e" "RUSTFLAGS=--cap-lints=warn" "-e" "RUSTDOCFLAGS=--cap-lints=warn" "-w" "/opt/rustwide/workdir" "--user" "0:0" "10dd1036cff6bdb51a3b384c35580f74d57d6b931bbd8ceace9385a8c7abb2aa" "/opt/rustwide/cargo-home/bin/cargo" "+1.99.0-beta.8" "build" "--frozen" "--message-format=json" "--release", kill_on_drop: false }`
[INFO] [stderr]    Compiling proc-macro2 v1.0.106
[INFO] [stderr]    Compiling quote v1.0.45
[INFO] [stderr]    Compiling libc v0.2.185
[INFO] [stderr]    Compiling bitflags v2.11.1
[INFO] [stderr]    Compiling quick-xml v0.31.0
[INFO] [stderr]    Compiling flate2 v1.1.9
[INFO] [stderr]    Compiling rustix v1.1.4
[INFO] [stderr]    Compiling zip v0.6.6
[INFO] [stderr]    Compiling syn v2.0.117
[INFO] [stderr]    Compiling getrandom v0.4.2
[INFO] [stderr]    Compiling uuid v1.23.1
[INFO] [stderr]    Compiling tempfile v3.27.0
[INFO] [stderr]    Compiling serde_derive v1.0.228
[INFO] [stderr]    Compiling serde v1.0.228
[INFO] [stderr]    Compiling rword-dom v0.1.1
[INFO] [stderr]    Compiling rword-ooxml v0.1.1 (/opt/rustwide/workdir)
[INFO] [stderr]     Finished `release` profile [optimized] target(s) in 17.69s
[INFO] running `Command { std: "docker" "inspect" "10dd1036cff6bdb51a3b384c35580f74d57d6b931bbd8ceace9385a8c7abb2aa", kill_on_drop: false }`
[INFO] running `Command { std: "docker" "exec" "-e" "SOURCE_DIR=/opt/rustwide/workdir" "-e" "CARGO_HOME=/opt/rustwide/cargo-home" "-e" "RUSTUP_HOME=/opt/rustwide/rustup-home" "-e" "CARGO_TARGET_DIR=/opt/rustwide/target" "-e" "CARGO_INCREMENTAL=0" "-e" "RUST_BACKTRACE=full" "-e" "RUSTFLAGS=--cap-lints=warn" "-e" "RUSTDOCFLAGS=--cap-lints=warn" "-w" "/opt/rustwide/workdir" "--user" "0:0" "10dd1036cff6bdb51a3b384c35580f74d57d6b931bbd8ceace9385a8c7abb2aa" "/opt/rustwide/cargo-home/bin/cargo" "+1.99.0-beta.8" "test" "--frozen" "--no-run" "--message-format=json" "--release", kill_on_drop: false }`
[INFO] [stderr]    Compiling fdeflate v0.3.7
[INFO] [stderr]    Compiling pxfm v0.1.29
[INFO] [stderr]    Compiling zip v0.6.6
[INFO] [stderr]    Compiling png v0.18.1
[INFO] [stderr]    Compiling rword-ooxml v0.1.1 (/opt/rustwide/workdir)
[INFO] [stderr]    Compiling moxcms v0.8.1
[INFO] [stderr]    Compiling image v0.25.10
[INFO] [stderr]     Finished `release` profile [optimized] target(s) in 54.16s
[INFO] running `Command { std: "docker" "inspect" "10dd1036cff6bdb51a3b384c35580f74d57d6b931bbd8ceace9385a8c7abb2aa", kill_on_drop: false }`
[INFO] running `Command { std: "docker" "exec" "-e" "SOURCE_DIR=/opt/rustwide/workdir" "-e" "CARGO_HOME=/opt/rustwide/cargo-home" "-e" "RUSTUP_HOME=/opt/rustwide/rustup-home" "-e" "CARGO_TARGET_DIR=/opt/rustwide/target" "-e" "CARGO_INCREMENTAL=0" "-e" "RUST_BACKTRACE=full" "-e" "RUSTFLAGS=--cap-lints=warn" "-e" "RUSTDOCFLAGS=--cap-lints=warn" "-w" "/opt/rustwide/workdir" "--user" "0:0" "10dd1036cff6bdb51a3b384c35580f74d57d6b931bbd8ceace9385a8c7abb2aa" "/opt/rustwide/cargo-home/bin/cargo" "+1.99.0-beta.8" "test" "--frozen" "--release", kill_on_drop: false }`
[INFO] [stderr]     Finished `release` profile [optimized] target(s) in 0.10s
[INFO] [stderr]      Running unittests src/lib.rs (/opt/rustwide/target/release/deps/rword_ooxml-920bec43353e3f02)
[INFO] [stdout] 
[INFO] [stdout] running 180 tests
[INFO] [stdout] test reader::document::tests::test_parse_footnote_reference_with_id ... ok
[INFO] [stdout] test reader::document::tests::test_parse_break_type_page ... ok
[INFO] [stdout] test reader::document::tests::test_parse_columns_with_col_children ... ok
[INFO] [stdout] test reader::document::tests::test_parse_columns_equal_width_empty ... ok
[INFO] [stdout] test reader::common::tests::test_parse_context_variants ... ok
[INFO] [stdout] test reader::document::tests::test_parse_frame_pr_drop_cap ... ok
[INFO] [stdout] test reader::document::tests::test_parse_sdt_default_value ... ok
[INFO] [stdout] test reader::document::tests::test_parse_sdt_empty_sdt_content ... ok
[INFO] [stdout] test reader::document::tests::test_parse_frame_pr_drop_cap_none_wrap ... ok
[INFO] [stdout] test reader::document::tests::test_parse_header_footer_references ... ok
[INFO] [stdout] test reader::document::tests::test_parse_inline_sect_pr ... ok
[INFO] [stdout] test reader::document::tests::test_parse_sdt_date_with_format ... ok
[INFO] [stdout] test reader::document::tests::test_parse_sdt_default_type_is_text ... ok
[INFO] [stdout] test reader::document::tests::test_parse_inline_sect_pr_with_headers ... ok
[INFO] [stdout] test reader::document::tests::test_parse_run_toggle_explicit_off ... ok
[INFO] [stdout] test reader::document::tests::test_parse_sdt_checked ... ok
[INFO] [stdout] test reader::document::tests::test_parse_sdt_checked_false ... ok
[INFO] [stdout] test reader::document::tests::test_parse_sdt_combobox_with_list_items ... ok
[INFO] [stdout] test reader::document::tests::test_parse_sdt_lock_values ... ok
[INFO] [stdout] test reader::document::tests::test_parse_sdt_with_lock ... ok
[INFO] [stdout] test reader::document::tests::test_parse_sdt_types ... ok
[INFO] [stdout] test reader::document::tests::test_parse_sdt_with_multiple_paragraphs ... ok
[INFO] [stdout] test reader::document::tests::test_parse_sdt_mixed_with_paragraphs ... ok
[INFO] [stdout] test reader::document::tests::test_parse_sdt_data_binding ... ok
[INFO] [stdout] test reader::document::tests::test_parse_frame_pr_no_drop_cap ... ok
[INFO] [stdout] test reader::document::tests::test_parse_sdt_no_content ... ok
[INFO] [stdout] test reader::document::tests::test_parse_simple_text_sdt ... ok
[INFO] [stdout] test reader::document::tests::test_read_document_parses_tab_stops ... ok
[INFO] [stdout] test reader::document::tests::test_read_document_parses_pstyle_and_rstyle ... ok
[INFO] [stdout] test reader::document::tests::test_parse_text_direction_in_section ... ok
[INFO] [stdout] test reader::document::tests::test_read_sdt_checkbox_maps_to_checkbox_item ... ok
[INFO] [stdout] test reader::document::tests::test_parse_text_direction_lr_tb_default ... ok
[INFO] [stdout] test reader::document::tests::test_parse_sdt_with_tag_and_alias ... ok
[INFO] [stdout] test reader::document::tests::test_read_ins_with_multiple_runs_all_get_mark ... ok
[INFO] [stdout] test reader::document::tests::test_read_del_wraps_run_with_deleted_mark ... ok
[INFO] [stdout] test reader::document::tests::test_read_nested_ins_del_preserves_stack_order ... ok
[INFO] [stdout] test reader::document::tests::test_parse_text_direction_in_paragraph ... ok
[INFO] [stdout] test reader::document::tests::test_read_ins_wraps_run_with_inserted_mark ... ok
[INFO] [stdout] test reader::document::tests::test_read_document_parses_num_pr ... ok
[INFO] [stdout] test reader::document::tests::test_read_sdt_auto_fills_uid_when_missing ... ok
[INFO] [stdout] test reader::document::tests::test_read_sdt_protected_zero_means_false ... ok
[INFO] [stdout] test reader::document::tests::test_parse_section_type_continuous ... ok
[INFO] [stdout] test reader::document::tests::test_parse_sdt_dropdown_list_with_list_items ... ok
[INFO] [stdout] test reader::document::tests::test_read_sdt_richtext_maps_to_text ... ok
[INFO] [stdout] test reader::document::tests::test_read_sdt_with_rword_extensions ... ok
[INFO] [stdout] test reader::document::tests::test_read_sdt_with_type_multi_select_upgrades_type ... ok
[INFO] [stdout] test reader::document::tests::test_parse_run_toggle_default_on ... ok
[INFO] [stdout] test reader::document::tests::test_read_sdt_with_type_number_overrides_text ... ok
[INFO] [stdout] test reader::document::tests::test_read_document_parses_table_pagination_properties ... ok
[INFO] [stdout] test reader::document::tests::test_read_test_column_docx_preserves_inline_sections_in_order ... FAILED
[INFO] [stdout] test reader::drawing::tests::test_parse_anchor_drawing_align_position ... ok
[INFO] [stdout] test reader::drawing::tests::test_parse_anchor_drawing_offset_position ... ok
[INFO] [stdout] test reader::drawing::tests::test_parse_inline_drawing_without_src_rect ... ok
[INFO] [stdout] test reader::drawing::tests::test_parse_inline_drawing ... ok
[INFO] [stdout] test reader::drawing::tests::test_read_anchor_wrap_square ... ok
[INFO] [stdout] test reader::drawing::tests::test_anchor_returns_none ... ok
[INFO] [stdout] test reader::drawing::tests::test_inline_drawing_still_works_after_anchor_support ... ok
[INFO] [stdout] test reader::drawing::tests::test_parse_inline_drawing_with_src_rect ... ok
[INFO] [stdout] test reader::drawing::tests::test_parse_inline_drawing_zero_src_rect_produces_none ... ok
[INFO] [stdout] test reader::drawing::tests::test_read_anchor_wrap_top_and_bottom ... ok
[INFO] [stdout] test reader::document::tests::test_read_sdt_dropdown_list_with_dict_items ... ok
[INFO] [stdout] test reader::drawing::tests::test_read_drawing_returns_anchor_for_anchor_xml ... ok
[INFO] [stdout] test reader::drawing::tests::test_target_outside_media_dir_returns_none ... ok
[INFO] [stdout] test reader::drawing::tests::test_unresolved_rid_returns_none ... ok
[INFO] [stdout] test reader::numbering::tests::test_parse_bullet_list ... ok
[INFO] [stdout] test reader::numbering::tests::test_parse_numbered_list ... ok
[INFO] [stdout] test reader::rels::tests::test_parse_rels_empty ... ok
[INFO] [stdout] test reader::drawing::tests::test_zero_extent_returns_none ... ok
[INFO] [stdout] test reader::styles::tests::test_parse_style_with_font ... ok
[INFO] [stdout] test reader::rels::tests::test_parse_rels_basic ... ok
[INFO] [stdout] test reader::header_footer::tests::test_parse_footer_empty ... ok
[INFO] [stdout] test reader::rels::tests::test_parse_rels_malformed_returns_empty ... ok
[INFO] [stdout] test reader::styles::tests::test_default_attribute_before_style_id ... ok
[INFO] [stdout] test reader::styles::tests::test_default_attribute_zero_does_not_register ... ok
[INFO] [stdout] test reader::styles::tests::test_parse_basic_styles ... ok
[INFO] [stdout] test reader::styles::tests::test_parse_default_character_style ... ok
[INFO] [stdout] test reader::numbering::tests::test_parse_multilevel_list ... ok
[INFO] [stdout] test reader::styles::tests::test_parse_style_with_properties ... ok
[INFO] [stdout] test reader::styles::tests::test_parse_style_with_num_pr ... ok
[INFO] [stdout] test reader::drawing::tests::test_read_anchor_wrap_none_default ... ok
[INFO] [stdout] test reader::numbering::tests::test_parse_lvl_override ... ok
[INFO] [stdout] test reader::header_footer::tests::test_parse_header_with_paragraph ... ok
[INFO] [stdout] test reader::table::extended_table_property_tests::read_cell_border_reuses_border_parser ... ok
[INFO] [stdout] test reader::styles::tests::test_parse_default_paragraph_style ... ok
[INFO] [stdout] test reader::styles::tests::test_style_inheritance_merges_properties ... ok
[INFO] [stdout] test reader::table::extended_table_property_tests::read_cell_margin_parses_width ... ok
[INFO] [stdout] test writer::document::tests::test_roundtrip_date_sdt ... ok
[INFO] [stdout] test writer::document::tests::test_roundtrip_checkbox_item_sdt ... ok
[INFO] [stdout] test writer::document::tests::test_atomic_write ... ok
[INFO] [stdout] test writer::document::tests::test_roundtrip_drop_cap ... ok
[INFO] [stdout] test writer::document::tests::test_break_type_page_round_trips ... ok
[INFO] [stdout] test writer::document::tests::test_roundtrip_dropdown_sdt ... ok
[INFO] [stdout] test reader::styles::tests::test_style_inheritance ... ok
[INFO] [stdout] test writer::document::tests::test_roundtrip_columns_unequal ... ok
[INFO] [stdout] test writer::document::tests::test_roundtrip_columns_default_single ... ok
[INFO] [stdout] test reader::table::extended_table_property_tests::read_table_indent_parses_dxa ... ok
[INFO] [stdout] test writer::document::tests::test_roundtrip_richtext_sdt ... ok
[INFO] [stdout] test writer::document::tests::test_roundtrip_combobox_sdt ... ok
[INFO] [stdout] test writer::document::tests::test_roundtrip_multiselect_sdt_with_rword_extensions ... ok
[INFO] [stdout] test writer::document::tests::test_roundtrip_all_six_sdt_types ... ok
[INFO] [stdout] test writer::document::tests::test_roundtrip_number_sdt_with_format ... ok
[INFO] [stdout] test writer::document::tests::test_roundtrip_inline_sect_pr_with_page_size ... ok
[INFO] [stdout] test writer::document::tests::test_roundtrip_columns_equal_width ... ok
[INFO] [stdout] test writer::document::tests::test_roundtrip_sdt_all_lock_values ... ok
[INFO] [stdout] test writer::document::tests::test_roundtrip_sdt_no_content ... ok
[INFO] [stdout] test writer::document::tests::test_roundtrip_paragraph_text_direction ... ok
[INFO] [stdout] test writer::document::tests::test_roundtrip_inline_sect_pr ... ok
[INFO] [stdout] test writer::document::tests::test_roundtrip_section_watermark ... ok
[INFO] [stdout] test writer::document::tests::test_roundtrip_section_text_direction ... ok
[INFO] [stdout] test writer::document::tests::test_roundtrip_section_properties ... ok
[INFO] [stdout] test writer::document::tests::test_section_type_round_trips ... ok
[INFO] [stdout] test writer::document::tests::test_serialize_empty_body ... ok
[INFO] [stdout] test writer::drawing::tests::test_write_inline_drawing_without_src_rect ... ok
[INFO] [stdout] test writer::drawing::tests::test_anchor_wrap_square_round_trips ... ok
[INFO] [stdout] test writer::drawing::tests::test_cropped_drawing_round_trips ... ok
[INFO] [stdout] test writer::document::tests::test_roundtrip_simple_document ... ok
[INFO] [stdout] test writer::drawing::tests::test_write_roundtrips_through_reader ... ok
[INFO] [stdout] test writer::drawing::tests::test_anchor_round_trips_through_reader ... ok
[INFO] [stdout] test writer::header_footer::tests::materialized_header_round_trips ... ok
[INFO] [stdout] test writer::header_footer::tests::header_table_and_sdt_round_trip ... ok
[INFO] [stdout] test writer::rels::tests::test_add_image_assigns_sequential_ids ... ok
[INFO] [stdout] test writer::drawing::tests::test_write_anchor_drawing_wrap_none ... ok
[INFO] [stdout] test writer::document::tests::test_roundtrip_text_sdt ... ok
[INFO] [stdout] test writer::drawing::tests::test_write_anchor_drawing_with_align ... ok
[INFO] [stdout] test writer::drawing::tests::test_write_anchor_drawing_wrap_top_and_bottom ... ok
[INFO] [stdout] test writer::drawing::tests::test_write_anchor_drawing_wrap_square ... ok
[INFO] [stdout] test writer::drawing::tests::test_write_anchor_drawing_with_offset ... ok
[INFO] [stdout] test writer::rels::tests::test_add_image_reuses_existing ... ok
[INFO] [stdout] test writer::paragraph::tests::test_serialize_paragraph_with_alignment ... ok
[INFO] [stdout] test writer::run::tests::test_no_changes_writes_plain_run ... ok
[INFO] [stdout] test writer::paragraph::tests::test_serialize_paragraph_with_properties ... ok
[INFO] [stdout] test writer::rels::tests::test_to_xml_contains_image_relationship ... ok
[INFO] [stdout] test writer::paragraph::tests::test_serialize_paragraph_with_runs ... ok
[INFO] [stdout] test writer::run::tests::test_inserted_mark_wraps_run_in_w_ins ... ok
[INFO] [stdout] test writer::sdt::tests::test_serialize_combobox_sdt_with_entries ... ok
[INFO] [stdout] test writer::run::tests::test_author_attr_escaped ... ok
[INFO] [stdout] test writer::run::tests::test_stacked_changes_nest_outer_first ... ok
[INFO] [stdout] test writer::sdt::tests::test_serialize_all_lock_values ... ok
[INFO] [stdout] test writer::run::tests::test_deleted_mark_wraps_run_in_w_del ... ok
[INFO] [stdout] test writer::sdt::tests::test_serialize_combobox_sdt_empty_entries ... ok
[INFO] [stdout] test writer::sdt::tests::test_serialize_date_sdt_with_format_and_uid ... ok
[INFO] [stdout] test writer::sdt::tests::test_serialize_checkbox_item_sdt_with_uid ... ok
[INFO] [stdout] test writer::sdt::tests::test_serialize_checkbox_sdt ... ok
[INFO] [stdout] test writer::sdt::tests::test_serialize_date_sdt_with_format ... ok
[INFO] [stdout] test writer::header_footer::tests::test_serialize_footer ... ok
[INFO] [stdout] test writer::header_footer::tests::test_serialize_header ... ok
[INFO] [stdout] test writer::numbering::tests::serialize_abstract_num_and_num ... ok
[INFO] [stdout] test writer::sdt::tests::test_serialize_sdt_lock ... ok
[INFO] [stdout] test writer::sdt::tests::test_serialize_sdt_no_content ... ok
[INFO] [stdout] test writer::sdt::tests::test_serialize_sdt_checkbox_unchecked ... ok
[INFO] [stdout] test writer::sdt::tests::test_serialize_sdt_checkbox_no_state_self_closing ... ok
[INFO] [stdout] test writer::sdt::tests::test_serialize_sdt_no_lock_when_unlocked ... ok
[INFO] [stdout] test writer::sdt::tests::test_serialize_sdt_skips_default_extension_fields ... ok
[INFO] [stdout] test writer::sdt::tests::test_serialize_date_sdt_without_format ... ok
[INFO] [stdout] test writer::sdt::tests::test_serialize_dropdown_sdt_with_entries ... ok
[INFO] [stdout] test writer::sdt::tests::test_serialize_multi_select_sdt_emits_rword_type ... ok
[INFO] [stdout] test writer::sdt::tests::test_serialize_sdt_checkbox_checked ... ok
[INFO] [stdout] test writer::sdt::tests::test_serialize_sdt_writes_placeholder_and_protected_when_set ... ok
[INFO] [stdout] test writer::sdt::tests::test_serialize_sdt_writes_selected_items ... ok
[INFO] [stdout] test writer::sdt::tests::test_serialize_select_sdt_writes_dropdown_with_listitems ... ok
[INFO] [stdout] test writer::sdt::tests::test_serialize_text_sdt ... ok
[INFO] [stdout] test writer::sdt::tests::test_serialize_text_sdt_writes_w_text_with_uid ... ok
[INFO] [stdout] test writer::sdt::tests::test_xml_escape_attr ... ok
[INFO] [stdout] test writer::styles::tests::serialize_default_style_emits_default_attr ... ok
[INFO] [stdout] test writer::styles::tests::serialize_named_paragraph_style ... ok
[INFO] [stdout] test writer::table::tests::cell_properties_without_width_emit_tcpr_but_no_tcw ... ok
[INFO] [stdout] test writer::sdt::tests::test_serialize_number_sdt_emits_rword_type_and_format ... ok
[INFO] [stdout] test writer::sdt::tests::test_serialize_richtext_sdt ... ok
[INFO] [stdout] test writer::sdt::tests::test_serialize_sdt_inline_content ... ok
[INFO] [stdout] test writer::styles::tests::serialize_empty_styles ... ok
[INFO] [stdout] test writer::table::tests::property_less_cell_emits_no_tcpr ... ok
[INFO] [stdout] test writer::sdt::tests::test_serialize_sdt_with_data_binding ... ok
[INFO] [stdout] test writer::sdt::tests::test_serialize_sdt_with_default_value ... ok
[INFO] [stdout] test writer::sdt::tests::test_serialize_sdt_with_tag_and_alias ... ok
[INFO] [stdout] test writer::sdt::tests::test_serialize_sdt_with_data_binding_minimal ... ok
[INFO] [stdout] test writer::sdt::tests::test_serialize_sdt_writes_dict_id ... ok
[INFO] [stdout] test writer::zip::tests::test_zip_creates_valid_structure ... ok
[INFO] [stdout] test writer::drawing::tests::test_write_inline_drawing_contains_extent_and_rid ... ok
[INFO] [stdout] test writer::drawing::tests::test_write_inline_drawing_with_src_rect ... ok
[INFO] [stdout] test writer::numbering::tests::serialize_empty_numbering ... ok
[INFO] [stdout] 
[INFO] [stdout] failures:
[INFO] [stdout] 
[INFO] [stdout] ---- reader::document::tests::test_read_test_column_docx_preserves_inline_sections_in_order stdout ----
[INFO] [stdout] 
[INFO] [stdout] thread 'reader::document::tests::test_read_test_column_docx_preserves_inline_sections_in_order' (1146) panicked at src/reader/document.rs:3432:14:
[INFO] [stdout] test_column.docx should parse: Os { code: 2, kind: NotFound, message: "No such file or directory" }
[INFO] [stdout] stack backtrace:
[INFO] [stdout]    0:     0x64fbaf435891 - <<std[70759c8f55707aa4]::sys::backtrace::BacktraceLock>::print::DisplayBacktrace as core[df12db4294e9bfd3]::fmt::Display>::fmt
[INFO] [stdout]    1:     0x64fbaf44ae4a - core[df12db4294e9bfd3]::fmt::write
[INFO] [stdout]    2:     0x64fbaf43a07c - <alloc[2182bb758b4b3781]::vec::Vec<u8> as core[df12db4294e9bfd3]::io::write::Write>::write_fmt
[INFO] [stdout]    3:     0x64fbaf410686 - std[70759c8f55707aa4]::panicking::default_hook::{closure#0}
[INFO] [stdout]    4:     0x64fbaf42d6a9 - std[70759c8f55707aa4]::panicking::default_hook
[INFO] [stdout]    5:     0x64fbaf3ab580 - test[9d35eded1c95d3be]::test_main_inner::<test[9d35eded1c95d3be]::test_main_static::{closure#0}>::{closure#0}
[INFO] [stdout]    6:     0x64fbaf42d862 - std[70759c8f55707aa4]::panicking::panic_with_hook
[INFO] [stdout]    7:     0x64fbaf410732 - std[70759c8f55707aa4]::panicking::panic_handler::{closure#0}
[INFO] [stdout]    8:     0x64fbaf409339 - std[70759c8f55707aa4]::sys::backtrace::__rust_end_short_backtrace::<std[70759c8f55707aa4]::panicking::panic_handler::{closure#0}, !>
[INFO] [stdout]    9:     0x64fbaf41141d - __rustc[8fa7c3cbc660c2b3]::rust_begin_unwind
[INFO] [stdout]   10:     0x64fbaf44b57c - core[df12db4294e9bfd3]::panicking::panic_fmt
[INFO] [stdout]   11:     0x64fbaf44b352 - core[df12db4294e9bfd3]::result::unwrap_failed
[INFO] [stdout]   12:     0x64fbaf33c319 - rword_ooxml[d3dceb7ced324165]::reader::document::tests::test_read_test_column_docx_preserves_inline_sections_in_order
[INFO] [stdout]   13:     0x64fbaf359829 - <rword_ooxml[d3dceb7ced324165]::reader::document::tests::test_read_test_column_docx_preserves_inline_sections_in_order::{closure#0} as core[df12db4294e9bfd3]::ops::function::FnOnce<()>>::call_once
[INFO] [stdout]   14:     0x64fbaf39e86b - test[9d35eded1c95d3be]::__rust_begin_short_backtrace::<core[df12db4294e9bfd3]::result::Result<(), alloc[2182bb758b4b3781]::string::String>, fn() -> core[df12db4294e9bfd3]::result::Result<(), alloc[2182bb758b4b3781]::string::String>>
[INFO] [stdout]   15:     0x64fbaf3abed5 - test[9d35eded1c95d3be]::run_test::{closure#0}
[INFO] [stdout]   16:     0x64fbaf3a5794 - std[70759c8f55707aa4]::sys::backtrace::__rust_begin_short_backtrace::<test[9d35eded1c95d3be]::run_test::{closure#1}, ()>
[INFO] [stdout]   17:     0x64fbaf3af032 - <std[70759c8f55707aa4]::thread::lifecycle::spawn_unchecked<test[9d35eded1c95d3be]::run_test::{closure#1}, ()>::{closure#1} as core[df12db4294e9bfd3]::ops::function::FnOnce<()>>::call_once::{shim:vtable#0}
[INFO] [stdout]   18:     0x64fbaf435169 - <std[70759c8f55707aa4]::sys::thread::unix::Thread>::new::thread_start
[INFO] [stdout]   19:     0x7b14c7b58dfa - <unknown>
[INFO] [stdout]   20:     0x7b14c7bec3d4 - clone
[INFO] [stdout]   21:                0x0 - <unknown>
[INFO] [stdout] 
[INFO] [stdout] 
[INFO] [stdout] failures:
[INFO] [stdout]     reader::document::tests::test_read_test_column_docx_preserves_inline_sections_in_order
[INFO] [stdout] 
[INFO] [stdout] test result: FAILED. 179 passed; 1 failed; 0 ignored; 0 measured; 0 filtered out; finished in 0.12s
[INFO] [stdout] 
[INFO] [stderr] error: test failed, to rerun pass `--lib`
[INFO] running `Command { std: "docker" "inspect" "10dd1036cff6bdb51a3b384c35580f74d57d6b931bbd8ceace9385a8c7abb2aa", kill_on_drop: false }`
[INFO] running `Command { std: "docker" "rm" "-f" "10dd1036cff6bdb51a3b384c35580f74d57d6b931bbd8ceace9385a8c7abb2aa", kill_on_drop: false }`
[INFO] [stdout] 10dd1036cff6bdb51a3b384c35580f74d57d6b931bbd8ceace9385a8c7abb2aa
