[INFO] fetching crate rvlite 0.3.1...
[INFO] testing rvlite-0.3.1 against 1.99.0-beta.8+cargoflags=--release for beta-release-1.100-2
[INFO] extracting crate rvlite 0.3.1 into /workspace/builds/worker-0-tc1/source
[INFO] started tweaking crates.io crate rvlite 0.3.1
[INFO] removed 0 missing tests
[INFO] finished tweaking crates.io crate rvlite 0.3.1
[INFO] tweaked toml for crates.io crate rvlite 0.3.1 written to /workspace/builds/worker-0-tc1/source/Cargo.toml
[INFO] validating manifest of crates.io crate rvlite 0.3.1 on toolchain 1.99.0-beta.8
[INFO] running `Command { std: CARGO_HOME="/workspace/cargo-home" RUSTUP_HOME="/workspace/rustup-home" "/workspace/cargo-home/bin/cargo" "+1.99.0-beta.8" "metadata" "--manifest-path" "Cargo.toml" "--no-deps", kill_on_drop: false }`
[INFO] crate crates.io crate rvlite 0.3.1 already has a lockfile, it will not be regenerated
[INFO] running `Command { std: CARGO_HOME="/workspace/cargo-home" RUSTUP_HOME="/workspace/rustup-home" "/workspace/cargo-home/bin/cargo" "+1.99.0-beta.8" "fetch" "--manifest-path" "Cargo.toml", kill_on_drop: false }`
[INFO] [stderr]     Updating crates.io index
[INFO] [stderr]  Downloading crates ...
[INFO] [stderr]   Downloaded wasm-bindgen-test-macro v0.3.63
[INFO] [stderr]   Downloaded wasm-bindgen-test v0.3.63
[INFO] [stderr]   Downloaded wasm-bindgen-test-shared v0.2.113
[INFO] [stderr]   Downloaded rvf-types v0.2.0
[INFO] [stderr]   Downloaded rkyv_derive v0.8.15
[INFO] [stderr]   Downloaded rvf-runtime v0.2.0
[INFO] [stderr]   Downloaded ruvector-core v2.0.4
[INFO] [stderr]   Downloaded rkyv v0.8.15
[INFO] running `Command { std: "docker" "create" "-v" "/var/lib/crater-agent-workspace/builds/worker-0-tc1/source:/opt/rustwide/workdir:ro,Z" "-v" "/var/lib/crater-agent-workspace/builds/worker-0-tc1/target:/opt/rustwide/target:rw,Z" "-v" "/var/lib/crater-agent-workspace/cargo-home:/opt/rustwide/cargo-home:ro,Z" "-v" "/var/lib/crater-agent-workspace/rustup-home:/opt/rustwide/rustup-home:ro,Z" "-m" "1610612736" "--network" "none" "ghcr.io/rust-lang/crates-build-env/linux@sha256:77db811e55d90add9212f6832c23229e3de5f1c1f9905e8cb07319ea15df73ac" "sleep" "infinity", kill_on_drop: false }`
[INFO] [stdout] 8b53e1247acb4a0589401d528b9064a2786d7b44cff26be6c94fdca3c1816163
[INFO] running `Command { std: "docker" "start" "8b53e1247acb4a0589401d528b9064a2786d7b44cff26be6c94fdca3c1816163", kill_on_drop: false }`
[INFO] running `Command { std: "docker" "inspect" "8b53e1247acb4a0589401d528b9064a2786d7b44cff26be6c94fdca3c1816163", kill_on_drop: false }`
[INFO] running `Command { std: "docker" "exec" "-e" "SOURCE_DIR=/opt/rustwide/workdir" "-e" "CARGO_HOME=/opt/rustwide/cargo-home" "-e" "RUSTUP_HOME=/opt/rustwide/rustup-home" "-e" "CARGO_TARGET_DIR=/opt/rustwide/target" "-w" "/opt/rustwide/workdir" "--user" "0:0" "8b53e1247acb4a0589401d528b9064a2786d7b44cff26be6c94fdca3c1816163" "/opt/rustwide/cargo-home/bin/cargo" "+1.99.0-beta.8" "metadata" "--no-deps" "--format-version=1", kill_on_drop: false }`
[INFO] running `Command { std: "docker" "inspect" "8b53e1247acb4a0589401d528b9064a2786d7b44cff26be6c94fdca3c1816163", kill_on_drop: false }`
[INFO] running `Command { std: "docker" "exec" "-e" "SOURCE_DIR=/opt/rustwide/workdir" "-e" "CARGO_HOME=/opt/rustwide/cargo-home" "-e" "RUSTUP_HOME=/opt/rustwide/rustup-home" "-e" "CARGO_TARGET_DIR=/opt/rustwide/target" "-e" "CARGO_INCREMENTAL=0" "-e" "RUST_BACKTRACE=full" "-e" "RUSTFLAGS=--cap-lints=warn" "-e" "RUSTDOCFLAGS=--cap-lints=warn" "-w" "/opt/rustwide/workdir" "--user" "0:0" "8b53e1247acb4a0589401d528b9064a2786d7b44cff26be6c94fdca3c1816163" "/opt/rustwide/cargo-home/bin/cargo" "+1.99.0-beta.8" "build" "--frozen" "--message-format=json" "--release", kill_on_drop: false }`
[INFO] [stderr]    Compiling unicode-ident v1.0.24
[INFO] [stderr]    Compiling proc-macro2 v1.0.106
[INFO] [stderr]    Compiling quote v1.0.44
[INFO] [stderr]    Compiling cfg-if v1.0.4
[INFO] [stderr]    Compiling libc v0.2.182
[INFO] [stderr]    Compiling autocfg v1.5.0
[INFO] [stderr]    Compiling wasm-bindgen-shared v0.2.113
[INFO] [stderr]    Compiling once_cell v1.21.3
[INFO] [stderr]    Compiling rustversion v1.0.22
[INFO] [stderr]    Compiling serde_core v1.0.228
[INFO] [stderr]    Compiling libm v0.2.16
[INFO] [stderr]    Compiling bumpalo v3.20.2
[INFO] [stderr]    Compiling zerocopy v0.8.39
[INFO] [stderr]    Compiling serde v1.0.228
[INFO] [stderr]    Compiling parking_lot_core v0.9.12
[INFO] [stderr]    Compiling pin-project-lite v0.2.16
[INFO] [stderr]    Compiling scopeguard v1.2.0
[INFO] [stderr]    Compiling simdutf8 v0.1.5
[INFO] [stderr]    Compiling smallvec v1.15.1
[INFO] [stderr]    Compiling crossbeam-utils v0.8.21
[INFO] [stderr]    Compiling zmij v1.0.21
[INFO] [stderr]    Compiling getrandom v0.4.1
[INFO] [stderr]    Compiling lock_api v0.4.14
[INFO] [stderr]    Compiling rawpointer v0.2.1
[INFO] [stderr]    Compiling virtue v0.0.18
[INFO] [stderr]    Compiling anyhow v1.0.102
[INFO] [stderr]    Compiling thiserror v2.0.18
[INFO] [stderr]    Compiling serde_json v1.0.149
[INFO] [stderr]    Compiling tracing-core v0.1.36
[INFO] [stderr]    Compiling thiserror v1.0.69
[INFO] [stderr]    Compiling futures-core v0.3.32
[INFO] [stderr]    Compiling unty v0.0.4
[INFO] [stderr]    Compiling futures-task v0.3.32
[INFO] [stderr]    Compiling iana-time-zone v0.1.65
[INFO] [stderr]    Compiling itoa v1.0.17
[INFO] [stderr]    Compiling hashbrown v0.16.1
[INFO] [stderr]    Compiling memchr v2.8.0
[INFO] [stderr]    Compiling slab v0.4.12
[INFO] [stderr]    Compiling hashbrown v0.14.5
[INFO] [stderr]    Compiling rvlite v0.3.1 (/opt/rustwide/workdir)
[INFO] [stderr]    Compiling futures-util v0.3.32
[INFO] [stderr]    Compiling num-traits v0.2.19
[INFO] [stderr]    Compiling syn v2.0.117
[INFO] [stderr]    Compiling matrixmultiply v0.3.10
[INFO] [stderr]    Compiling wasm-bindgen v0.2.113
[INFO] [stderr]    Compiling bincode_derive v2.0.1
[INFO] [stderr]    Compiling getrandom v0.2.17
[INFO] [stderr]    Compiling rand_core v0.6.4
[INFO] [stderr]    Compiling dashmap v6.1.0
[INFO] [stderr]    Compiling parking_lot v0.12.5
[INFO] [stderr]    Compiling num-complex v0.4.6
[INFO] [stderr]    Compiling num-integer v0.1.46
[INFO] [stderr]    Compiling chrono v0.4.44
[INFO] [stderr]    Compiling uuid v1.21.0
[INFO] [stderr]    Compiling ppv-lite86 v0.2.21
[INFO] [stderr]    Compiling rand_chacha v0.3.1
[INFO] [stderr]    Compiling rand v0.8.5
[INFO] [stderr]    Compiling wasm-bindgen-macro-support v0.2.113
[INFO] [stderr]    Compiling rand_distr v0.4.3
[INFO] [stderr]    Compiling ptr_meta_derive v0.3.1
[INFO] [stderr]    Compiling serde_derive v1.0.228
[INFO] [stderr]    Compiling bytecheck_derive v0.8.2
[INFO] [stderr]    Compiling munge_macro v0.4.7
[INFO] [stderr]    Compiling rkyv_derive v0.8.15
[INFO] [stderr]    Compiling thiserror-impl v2.0.18
[INFO] [stderr]    Compiling tracing-attributes v0.1.31
[INFO] [stderr]    Compiling thiserror-impl v1.0.69
[INFO] [stderr]    Compiling ptr_meta v0.3.1
[INFO] [stderr]    Compiling rancor v0.1.1
[INFO] [stderr]    Compiling bytecheck v0.8.2
[INFO] [stderr]    Compiling munge v0.4.7
[INFO] [stderr]    Compiling rend v0.5.3
[INFO] [stderr]    Compiling tracing v0.1.44
[INFO] [stderr]    Compiling wasm-bindgen-macro v0.2.113
[INFO] [stderr]    Compiling ndarray v0.16.1
[INFO] [stderr]    Compiling bincode v2.0.1
[INFO] [stderr]    Compiling rkyv v0.8.15
[INFO] [stderr]    Compiling js-sys v0.3.90
[INFO] [stderr]    Compiling console_error_panic_hook v0.1.7
[INFO] [stderr]    Compiling ruvector-core v2.0.4
[INFO] [stderr]    Compiling wasm-bindgen-futures v0.4.63
[INFO] [stderr]    Compiling web-sys v0.3.90
[INFO] [stderr]    Compiling serde-wasm-bindgen v0.6.5
[INFO] [stdout] warning: unused imports: `Deserialize` and `Serialize`
[INFO] [stdout]   --> src/cypher/mod.rs:30:13
[INFO] [stdout]    |
[INFO] [stdout] 30 | use serde::{Deserialize, Serialize};
[INFO] [stdout]    |             ^^^^^^^^^^^  ^^^^^^^^^
[INFO] [stdout]    |
[INFO] [stdout]    = note: `#[warn(unused_imports)]` (part of `#[warn(unused)]`) on by default
[INFO] [stdout] 
[INFO] [stdout] 
[INFO] [stdout] warning: unused import: `std::collections::HashMap`
[INFO] [stdout]   --> src/cypher/mod.rs:31:5
[INFO] [stdout]    |
[INFO] [stdout] 31 | use std::collections::HashMap;
[INFO] [stdout]    |     ^^^^^^^^^^^^^^^^^^^^^^^^^
[INFO] [stdout] 
[INFO] [stdout] 
[INFO] [stdout] warning: unused imports: `IdbObjectStore` and `IdbTransaction`
[INFO] [stdout]   --> src/storage/indexeddb.rs:11:28
[INFO] [stdout]    |
[INFO] [stdout] 11 | use web_sys::{IdbDatabase, IdbObjectStore, IdbRequest, IdbTransaction, IdbTransactionMode};
[INFO] [stdout]    |                            ^^^^^^^^^^^^^^              ^^^^^^^^^^^^^^
[INFO] [stdout] 
[INFO] [stdout] 
[INFO] [stdout] warning: field `storage` is never read
[INFO] [stdout]    --> src/lib.rs:186:5
[INFO] [stdout]     |
[INFO] [stdout] 180 | pub struct RvLite {
[INFO] [stdout]     |            ------ field in this struct
[INFO] [stdout] ...
[INFO] [stdout] 186 |     storage: Option<storage::IndexedDBStorage>,
[INFO] [stdout]     |     ^^^^^^^
[INFO] [stdout]     |
[INFO] [stdout]     = note: `#[warn(dead_code)]` (part of `#[warn(unused)]`) on by default
[INFO] [stdout] 
[INFO] [stdout] 
[INFO] [stdout] warning: method `find_vector_column` is never used
[INFO] [stdout]   --> src/sql/executor.rs:20:8
[INFO] [stdout]    |
[INFO] [stdout] 18 | impl TableSchema {
[INFO] [stdout]    | ---------------- method in this implementation
[INFO] [stdout] 19 |     /// Find the vector column in the schema
[INFO] [stdout] 20 |     fn find_vector_column(&self) -> Option<(String, usize)> {
[INFO] [stdout]    |        ^^^^^^^^^^^^^^^^^^
[INFO] [stdout] 
[INFO] [stdout] 
[INFO] [stderr]     Finished `release` profile [optimized] target(s) in 1m 28s
[INFO] running `Command { std: "docker" "inspect" "8b53e1247acb4a0589401d528b9064a2786d7b44cff26be6c94fdca3c1816163", kill_on_drop: false }`
[INFO] running `Command { std: "docker" "exec" "-e" "SOURCE_DIR=/opt/rustwide/workdir" "-e" "CARGO_HOME=/opt/rustwide/cargo-home" "-e" "RUSTUP_HOME=/opt/rustwide/rustup-home" "-e" "CARGO_TARGET_DIR=/opt/rustwide/target" "-e" "CARGO_INCREMENTAL=0" "-e" "RUST_BACKTRACE=full" "-e" "RUSTFLAGS=--cap-lints=warn" "-e" "RUSTDOCFLAGS=--cap-lints=warn" "-w" "/opt/rustwide/workdir" "--user" "0:0" "8b53e1247acb4a0589401d528b9064a2786d7b44cff26be6c94fdca3c1816163" "/opt/rustwide/cargo-home/bin/cargo" "+1.99.0-beta.8" "test" "--frozen" "--no-run" "--message-format=json" "--release", kill_on_drop: false }`
[INFO] [stderr]    Compiling cfg-if v1.0.4
[INFO] [stderr]    Compiling once_cell v1.21.3
[INFO] [stderr]    Compiling unicode-ident v1.0.24
[INFO] [stderr]    Compiling pin-project-lite v0.2.16
[INFO] [stderr]    Compiling libc v0.2.182
[INFO] [stderr]    Compiling serde_core v1.0.228
[INFO] [stderr]    Compiling libm v0.2.16
[INFO] [stderr]    Compiling zerocopy v0.8.39
[INFO] [stderr]    Compiling ptr_meta v0.3.1
[INFO] [stderr]    Compiling simdutf8 v0.1.5
[INFO] [stderr]    Compiling smallvec v1.15.1
[INFO] [stderr]    Compiling scopeguard v1.2.0
[INFO] [stderr]    Compiling serde_json v1.0.149
[INFO] [stderr]    Compiling zmij v1.0.21
[INFO] [stderr]    Compiling rawpointer v0.2.1
[INFO] [stderr]    Compiling futures-task v0.3.32
[INFO] [stderr]    Compiling itoa v1.0.17
[INFO] [stderr]    Compiling memchr v2.8.0
[INFO] [stderr]    Compiling rancor v0.1.1
[INFO] [stderr]    Compiling slab v0.4.12
[INFO] [stderr]    Compiling wasm-bindgen-shared v0.2.113
[INFO] [stderr]    Compiling futures-core v0.3.32
[INFO] [stderr]    Compiling lock_api v0.4.14
[INFO] [stderr]    Compiling matrixmultiply v0.3.10
[INFO] [stderr]    Compiling munge v0.4.7
[INFO] [stderr]    Compiling crossbeam-utils v0.8.21
[INFO] [stderr]    Compiling hashbrown v0.14.5
[INFO] [stderr]    Compiling wasm-bindgen v0.2.113
[INFO] [stderr]    Compiling bytecheck v0.8.2
[INFO] [stderr]    Compiling tracing-core v0.1.36
[INFO] [stderr]    Compiling unty v0.0.4
[INFO] [stderr]    Compiling futures-util v0.3.32
[INFO] [stderr]    Compiling iana-time-zone v0.1.65
[INFO] [stderr]    Compiling hashbrown v0.16.1
[INFO] [stderr]    Compiling rend v0.5.3
[INFO] [stderr]    Compiling thiserror v2.0.18
[INFO] [stderr]    Compiling anyhow v1.0.102
[INFO] [stderr]    Compiling thiserror v1.0.69
[INFO] [stderr]    Compiling async-trait v0.1.89
[INFO] [stderr]    Compiling wasm-bindgen-test-macro v0.3.63
[INFO] [stderr]    Compiling nu-ansi-term v0.50.3
[INFO] [stderr]    Compiling tracing v0.1.44
[INFO] [stderr]    Compiling cast v0.3.0
[INFO] [stderr]    Compiling oorandom v11.1.5
[INFO] [stderr]    Compiling wasm-bindgen-test-shared v0.2.113
[INFO] [stderr]    Compiling getrandom v0.2.17
[INFO] [stderr]    Compiling parking_lot_core v0.9.12
[INFO] [stderr]    Compiling getrandom v0.4.1
[INFO] [stderr]    Compiling num-traits v0.2.19
[INFO] [stderr]    Compiling rand_core v0.6.4
[INFO] [stderr]    Compiling dashmap v6.1.0
[INFO] [stderr]    Compiling js-sys v0.3.90
[INFO] [stderr]    Compiling num-complex v0.4.6
[INFO] [stderr]    Compiling num-integer v0.1.46
[INFO] [stderr]    Compiling chrono v0.4.44
[INFO] [stderr]    Compiling parking_lot v0.12.5
[INFO] [stderr]    Compiling console_error_panic_hook v0.1.7
[INFO] [stderr]    Compiling serde v1.0.228
[INFO] [stderr]    Compiling uuid v1.21.0
[INFO] [stderr]    Compiling bincode v2.0.1
[INFO] [stderr]    Compiling ndarray v0.16.1
[INFO] [stderr]    Compiling ppv-lite86 v0.2.21
[INFO] [stderr]    Compiling rkyv v0.8.15
[INFO] [stderr]    Compiling rand_chacha v0.3.1
[INFO] [stderr]    Compiling rand v0.8.5
[INFO] [stderr]    Compiling rand_distr v0.4.3
[INFO] [stderr]    Compiling ruvector-core v2.0.4
[INFO] [stderr]    Compiling wasm-bindgen-futures v0.4.63
[INFO] [stderr]    Compiling serde-wasm-bindgen v0.6.5
[INFO] [stderr]    Compiling web-sys v0.3.90
[INFO] [stderr]    Compiling wasm-bindgen-test v0.3.63
[INFO] [stderr]    Compiling rvlite v0.3.1 (/opt/rustwide/workdir)
[INFO] [stdout] warning: unused imports: `Deserialize` and `Serialize`
[INFO] [stdout]   --> src/cypher/mod.rs:30:13
[INFO] [stdout]    |
[INFO] [stdout] 30 | use serde::{Deserialize, Serialize};
[INFO] [stdout]    |             ^^^^^^^^^^^  ^^^^^^^^^
[INFO] [stdout]    |
[INFO] [stdout]    = note: `#[warn(unused_imports)]` (part of `#[warn(unused)]`) on by default
[INFO] [stdout] 
[INFO] [stdout] 
[INFO] [stdout] warning: unused import: `std::collections::HashMap`
[INFO] [stdout]   --> src/cypher/mod.rs:31:5
[INFO] [stdout]    |
[INFO] [stdout] 31 | use std::collections::HashMap;
[INFO] [stdout]    |     ^^^^^^^^^^^^^^^^^^^^^^^^^
[INFO] [stdout] 
[INFO] [stdout] 
[INFO] [stdout] warning: unused imports: `IdbObjectStore` and `IdbTransaction`
[INFO] [stdout]   --> src/storage/indexeddb.rs:11:28
[INFO] [stdout]    |
[INFO] [stdout] 11 | use web_sys::{IdbDatabase, IdbObjectStore, IdbRequest, IdbTransaction, IdbTransactionMode};
[INFO] [stdout]    |                            ^^^^^^^^^^^^^^              ^^^^^^^^^^^^^^
[INFO] [stdout] 
[INFO] [stdout] 
[INFO] [stdout] warning: unused imports: `Deserialize` and `Serialize`
[INFO] [stdout]   --> src/cypher/mod.rs:30:13
[INFO] [stdout]    |
[INFO] [stdout] 30 | use serde::{Deserialize, Serialize};
[INFO] [stdout]    |             ^^^^^^^^^^^  ^^^^^^^^^
[INFO] [stdout]    |
[INFO] [stdout]    = note: `#[warn(unused_imports)]` (part of `#[warn(unused)]`) on by default
[INFO] [stdout] 
[INFO] [stdout] 
[INFO] [stdout] warning: unused import: `std::collections::HashMap`
[INFO] [stdout]   --> src/cypher/mod.rs:31:5
[INFO] [stdout]    |
[INFO] [stdout] 31 | use std::collections::HashMap;
[INFO] [stdout]    |     ^^^^^^^^^^^^^^^^^^^^^^^^^
[INFO] [stdout] 
[INFO] [stdout] 
[INFO] [stdout] warning: unused imports: `IdbObjectStore` and `IdbTransaction`
[INFO] [stdout]   --> src/storage/indexeddb.rs:11:28
[INFO] [stdout]    |
[INFO] [stdout] 11 | use web_sys::{IdbDatabase, IdbObjectStore, IdbRequest, IdbTransaction, IdbTransactionMode};
[INFO] [stdout]    |                            ^^^^^^^^^^^^^^              ^^^^^^^^^^^^^^
[INFO] [stdout] 
[INFO] [stdout] 
[INFO] [stdout] warning: field `storage` is never read
[INFO] [stdout]    --> src/lib.rs:186:5
[INFO] [stdout]     |
[INFO] [stdout] 180 | pub struct RvLite {
[INFO] [stdout]     |            ------ field in this struct
[INFO] [stdout] ...
[INFO] [stdout] 186 |     storage: Option<storage::IndexedDBStorage>,
[INFO] [stdout]     |     ^^^^^^^
[INFO] [stdout]     |
[INFO] [stdout]     = note: `#[warn(dead_code)]` (part of `#[warn(unused)]`) on by default
[INFO] [stdout] 
[INFO] [stdout] 
[INFO] [stdout] warning: method `find_vector_column` is never used
[INFO] [stdout]   --> src/sql/executor.rs:20:8
[INFO] [stdout]    |
[INFO] [stdout] 18 | impl TableSchema {
[INFO] [stdout]    | ---------------- method in this implementation
[INFO] [stdout] 19 |     /// Find the vector column in the schema
[INFO] [stdout] 20 |     fn find_vector_column(&self) -> Option<(String, usize)> {
[INFO] [stdout]    |        ^^^^^^^^^^^^^^^^^^
[INFO] [stdout] 
[INFO] [stdout] 
[INFO] [stdout] warning: field `storage` is never read
[INFO] [stdout]    --> src/lib.rs:186:5
[INFO] [stdout]     |
[INFO] [stdout] 180 | pub struct RvLite {
[INFO] [stdout]     |            ------ field in this struct
[INFO] [stdout] ...
[INFO] [stdout] 186 |     storage: Option<storage::IndexedDBStorage>,
[INFO] [stdout]     |     ^^^^^^^
[INFO] [stdout]     |
[INFO] [stdout]     = note: `#[warn(dead_code)]` (part of `#[warn(unused)]`) on by default
[INFO] [stdout] 
[INFO] [stdout] 
[INFO] [stdout] warning: method `find_vector_column` is never used
[INFO] [stdout]   --> src/sql/executor.rs:20:8
[INFO] [stdout]    |
[INFO] [stdout] 18 | impl TableSchema {
[INFO] [stdout]    | ---------------- method in this implementation
[INFO] [stdout] 19 |     /// Find the vector column in the schema
[INFO] [stdout] 20 |     fn find_vector_column(&self) -> Option<(String, usize)> {
[INFO] [stdout]    |        ^^^^^^^^^^^^^^^^^^
[INFO] [stdout] 
[INFO] [stdout] 
[INFO] [stderr]     Finished `release` profile [optimized] target(s) in 1m 14s
[INFO] running `Command { std: "docker" "inspect" "8b53e1247acb4a0589401d528b9064a2786d7b44cff26be6c94fdca3c1816163", kill_on_drop: false }`
[INFO] running `Command { std: "docker" "exec" "-e" "SOURCE_DIR=/opt/rustwide/workdir" "-e" "CARGO_HOME=/opt/rustwide/cargo-home" "-e" "RUSTUP_HOME=/opt/rustwide/rustup-home" "-e" "CARGO_TARGET_DIR=/opt/rustwide/target" "-e" "CARGO_INCREMENTAL=0" "-e" "RUST_BACKTRACE=full" "-e" "RUSTFLAGS=--cap-lints=warn" "-e" "RUSTDOCFLAGS=--cap-lints=warn" "-w" "/opt/rustwide/workdir" "--user" "0:0" "8b53e1247acb4a0589401d528b9064a2786d7b44cff26be6c94fdca3c1816163" "/opt/rustwide/cargo-home/bin/cargo" "+1.99.0-beta.8" "test" "--frozen" "--release", kill_on_drop: false }`
[INFO] [stderr] warning: unused imports: `Deserialize` and `Serialize`
[INFO] [stderr]   --> src/cypher/mod.rs:30:13
[INFO] [stderr]    |
[INFO] [stderr] 30 | use serde::{Deserialize, Serialize};
[INFO] [stderr]    |             ^^^^^^^^^^^  ^^^^^^^^^
[INFO] [stderr]    |
[INFO] [stderr]    = note: `#[warn(unused_imports)]` (part of `#[warn(unused)]`) on by default
[INFO] [stderr] 
[INFO] [stderr] warning: unused import: `std::collections::HashMap`
[INFO] [stderr]   --> src/cypher/mod.rs:31:5
[INFO] [stderr]    |
[INFO] [stderr] 31 | use std::collections::HashMap;
[INFO] [stderr]    |     ^^^^^^^^^^^^^^^^^^^^^^^^^
[INFO] [stderr] 
[INFO] [stderr] warning: unused imports: `IdbObjectStore` and `IdbTransaction`
[INFO] [stderr]   --> src/storage/indexeddb.rs:11:28
[INFO] [stderr]    |
[INFO] [stderr] 11 | use web_sys::{IdbDatabase, IdbObjectStore, IdbRequest, IdbTransaction, IdbTransactionMode};
[INFO] [stderr]    |                            ^^^^^^^^^^^^^^              ^^^^^^^^^^^^^^
[INFO] [stderr] 
[INFO] [stderr] warning: field `storage` is never read
[INFO] [stderr]    --> src/lib.rs:186:5
[INFO] [stderr]     |
[INFO] [stderr] 180 | pub struct RvLite {
[INFO] [stderr]     |            ------ field in this struct
[INFO] [stderr] ...
[INFO] [stderr] 186 |     storage: Option<storage::IndexedDBStorage>,
[INFO] [stderr]     |     ^^^^^^^
[INFO] [stderr]     |
[INFO] [stderr]     = note: `#[warn(dead_code)]` (part of `#[warn(unused)]`) on by default
[INFO] [stderr] 
[INFO] [stderr] warning: method `find_vector_column` is never used
[INFO] [stderr]   --> src/sql/executor.rs:20:8
[INFO] [stderr]    |
[INFO] [stderr] 18 | impl TableSchema {
[INFO] [stderr]    | ---------------- method in this implementation
[INFO] [stderr] 19 |     /// Find the vector column in the schema
[INFO] [stderr] 20 |     fn find_vector_column(&self) -> Option<(String, usize)> {
[INFO] [stderr]    |        ^^^^^^^^^^^^^^^^^^
[INFO] [stderr] 
[INFO] [stderr] warning: `rvlite` (lib) generated 5 warnings (run `cargo fix --lib -p rvlite` to apply 3 suggestions)
[INFO] [stderr] warning: `rvlite` (lib test) generated 5 warnings (5 duplicates)
[INFO] [stderr]     Finished `release` profile [optimized] target(s) in 0.14s
[INFO] [stderr]      Running unittests src/lib.rs (/opt/rustwide/target/release/deps/rvlite-5d1fee8850fa3aae)
[INFO] [stdout] 
[INFO] [stdout] running 65 tests
[INFO] [stdout] test cypher::parser::tests::test_nested_map_literal ... ignored, Nested map literals require recursive Expression parsing - future enhancement
[INFO] [stdout] test cypher::parser::tests::test_parse_hyperedge ... ignored, Hyperedge syntax not yet implemented in parser
[INFO] [stdout] test cypher::parser::tests::test_parse_match_with_where ... ok
[INFO] [stdout] test cypher::lexer::tests::test_string ... ok
[INFO] [stdout] test cypher::lexer::tests::test_simple_tokens ... ok
[INFO] [stdout] test cypher::parser::tests::test_chained_relationship_outgoing ... ok
[INFO] [stdout] test cypher::parser::tests::test_map_literal_in_return ... ok
[INFO] [stdout] test cypher::parser::tests::test_map_with_string_keys ... ok
[INFO] [stdout] test cypher::parser::tests::test_parse_aggregation ... ok
[INFO] [stdout] test cypher::parser::tests::test_parse_relationship ... ok
[INFO] [stdout] test cypher::tests::test_create_node ... ok
[INFO] [stdout] test cypher::tests::test_create_relationship ... ok
[INFO] [stdout] test cypher::tests::test_match_nodes ... ok
[INFO] [stdout] test cypher::parser::tests::test_whitespace_only_query_rejected ... ok
[INFO] [stdout] test cypher::tests::test_parser ... ok
[INFO] [stdout] test cypher::lexer::tests::test_relationship ... ok
[INFO] [stdout] test cypher::parser::tests::test_triple_chained_relationship ... ok
[INFO] [stdout] test cypher::parser::tests::test_undirected_relationship ... ok
[INFO] [stdout] test sparql::ast::tests::test_rdf_term_creation ... ok
[INFO] [stdout] test sparql::ast::tests::test_triple_pattern ... ok
[INFO] [stdout] test sparql::executor::tests::test_ask_query ... ok
[INFO] [stdout] test sparql::executor::tests::test_select_with_filter ... ok
[INFO] [stdout] test sparql::ast::tests::test_expression_builder ... ok
[INFO] [stdout] test sparql::parser::tests::test_parse_aggregates ... ok
[INFO] [stdout] test cypher::parser::tests::test_remove_label ... ok
[INFO] [stdout] test sparql::parser::tests::test_parse_order_limit ... ok
[INFO] [stdout] test cypher::parser::tests::test_chained_relationship_mixed ... ok
[INFO] [stdout] test sparql::executor::tests::test_simple_select ... FAILED
[INFO] [stdout] test cypher::lexer::tests::test_number ... ok
[INFO] [stdout] test cypher::parser::tests::test_empty_map_literal ... ok
[INFO] [stdout] test cypher::parser::tests::test_parse_simple_match ... ok
[INFO] [stdout] test cypher::parser::tests::test_parse_create ... ok
[INFO] [stdout] test sparql::parser::tests::test_parse_select_distinct ... ok
[INFO] [stdout] test sparql::parser::tests::test_parse_ask ... ok
[INFO] [stdout] test sparql::tests::test_triple_store_basic ... ok
[INFO] [stdout] test sparql::parser::tests::test_parse_values ... ok
[INFO] [stdout] test sparql::parser::tests::test_parse_union ... ok
[INFO] [stdout] test sparql::parser::tests::test_parse_select_with_filter ... ok
[INFO] [stdout] test sparql::tests::test_parse_simple_select ... ok
[INFO] [stdout] test sparql::parser::tests::test_parse_construct ... ok
[INFO] [stdout] test sparql::parser::tests::test_parse_simple_select ... ok
[INFO] [stdout] test cypher::parser::tests::test_empty_query_rejected ... ok
[INFO] [stdout] test sparql::parser::tests::test_parse_delete_data ... ok
[INFO] [stdout] test sql::parser::tests::test_parse_create_table ... ok
[INFO] [stdout] test sparql::triple_store::tests::test_query_by_subject ... ok
[INFO] [stdout] test sparql::triple_store::tests::test_statistics ... ok
[INFO] [stdout] test sql::tests::tests::test_cosine_distance ... ok
[INFO] [stdout] test sql::executor::tests::test_vector_search ... ok
[INFO] [stdout] test sparql::parser::tests::test_parse_describe ... FAILED
[INFO] [stdout] test sparql::triple_store::tests::test_insert_and_query ... ok
[INFO] [stdout] test sql::parser::tests::test_parse_insert ... ok
[INFO] [stdout] test sql::executor::tests::test_create_and_insert ... ok
[INFO] [stdout] test sql::parser::tests::test_parse_select_with_vector_search ... ok
[INFO] [stdout] test sparql::parser::tests::test_parse_insert_data ... ok
[INFO] [stdout] test sparql::parser::tests::test_parse_optional ... ok
[INFO] [stdout] test sql::tests::tests::test_drop_table ... ok
[INFO] [stdout] test sql::tests::tests::test_metadata_filtering ... ok
[INFO] [stdout] test sparql::parser::tests::test_parse_property_path ... ok
[INFO] [stdout] test cypher::parser::tests::test_remove_property ... ok
[INFO] [stdout] test storage::indexeddb::tests::test_storage_new ... ok
[INFO] [stdout] test tests::test_config_creation ... ok
[INFO] [stdout] test sql::tests::tests::test_full_workflow ... ok
[INFO] [stdout] test sparql::ast::tests::test_literal_parsing ... ok
[INFO] [stdout] test sparql::tests::test_sparql_execution ... ok
[INFO] [stderr] error: test failed, to rerun pass `--lib`
[INFO] [stdout] test sql::tests::tests::test_vector_similarity_search ... ok
[INFO] [stdout] 
[INFO] [stdout] failures:
[INFO] [stdout] 
[INFO] [stdout] ---- sparql::executor::tests::test_simple_select stdout ----
[INFO] [stdout] 
[INFO] [stdout] thread 'sparql::executor::tests::test_simple_select' (2649) panicked at src/sparql/executor.rs:886:53:
[INFO] [stdout] called `Result::unwrap()` on an `Err` value: PropertyPathError("Complex property paths not yet supported in WASM build")
[INFO] [stdout] stack backtrace:
[INFO] [stdout]    0:     0x5c4cbe2903e7 - <unknown>
[INFO] [stdout]    1:     0x5c4cbe26d7f4 - <unknown>
[INFO] [stdout]    2:     0x5c4cbe28f9ab - <unknown>
[INFO] [stdout]    3:     0x5c4cbe28f5a9 - <unknown>
[INFO] [stdout]    4:     0x5c4cbe28f22a - <unknown>
[INFO] [stdout]    5:     0x5c4cbe28ed63 - <unknown>
[INFO] [stdout]    6:     0x5c4cbe2b4eb1 - <unknown>
[INFO] [stdout]    7:     0x5c4cbe2b4e69 - <unknown>
[INFO] [stdout]    8:     0x5c4cbe2b536c - <unknown>
[INFO] [stdout]    9:     0x5c4cbe26d68b - <unknown>
[INFO] [stdout]   10:     0x5c4cbe271601 - <unknown>
[INFO] [stdout]   11:     0x5c4cbe26b02f - <unknown>
[INFO] [stdout]   12:     0x5c4cbe2cc80b - <unknown>
[INFO] [stdout]   13:     0x5c4cbe2c8162 - <unknown>
[INFO] [stdout]   14:     0x5c4cbe2c7c0c - <unknown>
[INFO] [stdout]   15:     0x5c4cbe2e1b4c - <unknown>
[INFO] [stdout]   16:     0x5c4cbe2b640a - <unknown>
[INFO] [stdout]   17:     0x7dd2c084bdfa - <unknown>
[INFO] [stdout]   18:     0x7dd2c08df3d4 - clone
[INFO] [stdout]   19:                0x0 - <unknown>
[INFO] [stdout] 
[INFO] [stdout] ---- sparql::parser::tests::test_parse_describe stdout ----
[INFO] [stdout] 
[INFO] [stdout] thread 'sparql::parser::tests::test_parse_describe' (2654) panicked at src/sparql/parser.rs:2433:9:
[INFO] [stdout] assertion failed: result.is_ok()
[INFO] [stdout] stack backtrace:
[INFO] [stdout]    0:     0x5c4cbe2903e7 - <unknown>
[INFO] [stdout]    1:     0x5c4cbe26d7f4 - <unknown>
[INFO] [stdout]    2:     0x5c4cbe28f9ab - <unknown>
[INFO] [stdout]    3:     0x5c4cbe28f5a9 - <unknown>
[INFO] [stdout]    4:     0x5c4cbe28f22a - <unknown>
[INFO] [stdout]    5:     0x5c4cbe28ed63 - <unknown>
[INFO] [stdout]    6:     0x5c4cbe2b4ee2 - <unknown>
[INFO] [stdout]    7:     0x5c4cbe2b4e69 - <unknown>
[INFO] [stdout]    8:     0x5c4cbe2b536c - <unknown>
[INFO] [stdout]    9:     0x5c4cbe26d68b - <unknown>
[INFO] [stdout]   10:     0x5c4cbe26f411 - <unknown>
[INFO] [stdout]   11:     0x5c4cbe26a4e2 - <unknown>
[INFO] [stdout]   12:     0x5c4cbe2cc80b - <unknown>
[INFO] [stdout]   13:     0x5c4cbe2c8162 - <unknown>
[INFO] [stdout]   14:     0x5c4cbe2c7c0c - <unknown>
[INFO] [stdout]   15:     0x5c4cbe2e1b4c - <unknown>
[INFO] [stdout]   16:     0x5c4cbe2b640a - <unknown>
[INFO] [stdout]   17:     0x7dd2c084bdfa - <unknown>
[INFO] [stdout]   18:     0x7dd2c08df3d4 - clone
[INFO] [stdout]   19:                0x0 - <unknown>
[INFO] [stdout] 
[INFO] [stdout] 
[INFO] [stdout] failures:
[INFO] [stdout]     sparql::executor::tests::test_simple_select
[INFO] [stdout]     sparql::parser::tests::test_parse_describe
[INFO] [stdout] 
[INFO] [stdout] test result: FAILED. 61 passed; 2 failed; 2 ignored; 0 measured; 0 filtered out; finished in 0.02s
[INFO] [stdout] 
[INFO] running `Command { std: "docker" "inspect" "8b53e1247acb4a0589401d528b9064a2786d7b44cff26be6c94fdca3c1816163", kill_on_drop: false }`
[INFO] running `Command { std: "docker" "rm" "-f" "8b53e1247acb4a0589401d528b9064a2786d7b44cff26be6c94fdca3c1816163", kill_on_drop: false }`
[INFO] [stdout] 8b53e1247acb4a0589401d528b9064a2786d7b44cff26be6c94fdca3c1816163
