[INFO] fetching crate rvcr 0.2.1...
[INFO] testing rvcr-0.2.1 against 1.99.0-beta.8+cargoflags=--release for beta-release-1.100-2
[INFO] extracting crate rvcr 0.2.1 into /workspace/builds/worker-6-tc1/source
[INFO] started tweaking crates.io crate rvcr 0.2.1
[INFO] removed 0 missing tests
[INFO] finished tweaking crates.io crate rvcr 0.2.1
[INFO] tweaked toml for crates.io crate rvcr 0.2.1 written to /workspace/builds/worker-6-tc1/source/Cargo.toml
[INFO] validating manifest of crates.io crate rvcr 0.2.1 on toolchain 1.99.0-beta.8
[INFO] running `Command { std: CARGO_HOME="/workspace/cargo-home" RUSTUP_HOME="/workspace/rustup-home" "/workspace/cargo-home/bin/cargo" "+1.99.0-beta.8" "metadata" "--manifest-path" "Cargo.toml" "--no-deps", kill_on_drop: false }`
[INFO] running `Command { std: CARGO_HOME="/workspace/cargo-home" RUSTUP_HOME="/workspace/rustup-home" "/workspace/cargo-home/bin/cargo" "+1.99.0-beta.8" "generate-lockfile" "--manifest-path" "Cargo.toml", kill_on_drop: false }`
[INFO] [stderr]     Updating crates.io index
[INFO] [stderr]      Locking 228 packages to highest compatible versions
[INFO] [stderr]       Adding base64 v0.21.7 (available: v0.23.1)
[INFO] [stderr]       Adding generic-array v0.14.7 (available: v0.14.9)
[INFO] [stderr]       Adding http v0.2.12 (available: v1.5.0)
[INFO] [stderr]       Adding reqwest v0.11.27 (available: v0.13.5)
[INFO] [stderr]       Adding reqwest-middleware v0.2.5 (available: v0.5.2)
[INFO] [stderr]       Adding zip v0.6.6 (available: v9.0.5)
[INFO] running `Command { std: CARGO_HOME="/workspace/cargo-home" RUSTUP_HOME="/workspace/rustup-home" "/workspace/cargo-home/bin/cargo" "+1.99.0-beta.8" "fetch" "--manifest-path" "Cargo.toml", kill_on_drop: false }`
[INFO] [stderr]  Downloading crates ...
[INFO] [stderr]   Downloaded pkg-config v0.3.34
[INFO] [stderr]   Downloaded inout v0.1.4
[INFO] [stderr]   Downloaded zip v0.6.6
[INFO] [stderr]   Downloaded sha1 v0.10.7
[INFO] [stderr]   Downloaded zerofrom-derive v0.1.8
[INFO] [stderr]   Downloaded litemap v0.8.3
[INFO] [stderr]   Downloaded potential_utf v0.1.6
[INFO] [stderr]   Downloaded tracing-test-macro v0.2.6
[INFO] [stderr]   Downloaded thread_local v1.1.10
[INFO] [stderr]   Downloaded tokio-macros v2.7.2
[INFO] [stderr]   Downloaded task-local-extensions v0.1.4
[INFO] [stderr]   Downloaded reqwest-middleware v0.2.5
[INFO] [stderr]   Downloaded cc v1.8.0
[INFO] [stderr]   Downloaded powerfmt v0.2.1
[INFO] [stderr]   Downloaded constant_time_eq v0.1.5
[INFO] [stderr]   Downloaded vcr-cassette v2.0.1
[INFO] [stderr]   Downloaded yoke-derive v0.8.4
[INFO] [stderr]   Downloaded android_system_properties v0.1.6
[INFO] [stderr]   Downloaded tracing-test v0.2.6
[INFO] [stderr]   Downloaded lazy_static v1.5.1
[INFO] [stderr]   Downloaded pin-utils v0.1.1
[INFO] [stderr]   Downloaded wasm-bindgen-futures v0.4.79
[INFO] [stderr]   Downloaded want v0.3.2
[INFO] [stderr]   Downloaded futures-sink v0.3.34
[INFO] [stderr]   Downloaded equivalent v1.0.3
[INFO] [stderr]   Downloaded multiversion_no_op v1.0.0
[INFO] [stderr]   Downloaded simd-adler32 v0.3.10
[INFO] [stderr]   Downloaded synstructure v0.14.0
[INFO] [stderr]   Downloaded deranged v0.5.9
[INFO] [stderr]   Downloaded cipher v0.4.4
[INFO] [stderr]   Downloaded displaydoc v0.2.7
[INFO] [stderr]   Downloaded tinystr v0.8.4
[INFO] [stderr]   Downloaded mime_guess v2.0.5
[INFO] [stderr]   Downloaded unicase v2.10.0
[INFO] [stderr]   Downloaded ipnet v2.12.2
[INFO] [stderr]   Downloaded futures-channel v0.3.34
[INFO] [stderr]   Downloaded core_detect v1.0.0
[INFO] [stderr]   Downloaded jobserver v0.1.35
[INFO] [stderr]   Downloaded password-hash v0.4.2
[INFO] [stderr]   Downloaded crc32fast v1.5.2
[INFO] [stderr]   Downloaded bzip2 v0.4.4
[INFO] [stderr]   Downloaded smallvec v1.16.3
[INFO] [stderr]   Downloaded zerovec-derive v0.11.6
[INFO] [stderr]   Downloaded writeable v0.6.4
[INFO] [stderr]   Downloaded log v0.4.34
[INFO] [stderr]   Downloaded bytes v1.12.1
[INFO] [stderr]   Downloaded async-trait v0.1.92
[INFO] [stderr]   Downloaded anyhow v1.0.104
[INFO] [stderr]   Downloaded icu_locale_core v2.3.0
[INFO] [stderr]   Downloaded icu_normalizer_data v2.3.0
[INFO] [stderr]   Downloaded socket2 v0.6.5
[INFO] [stderr]   Downloaded schannel v0.1.30
[INFO] [stderr]   Downloaded openssl-sys v0.9.117
[INFO] [stderr]   Downloaded flate2 v1.1.10
[INFO] [stderr]   Downloaded icu_provider v2.3.1
[INFO] [stderr]   Downloaded miniz_oxide v0.9.1
[INFO] [stderr]   Downloaded icu_properties v2.3.0
[INFO] [stderr]   Downloaded zerotrie v0.2.5
[INFO] [stderr]   Downloaded icu_collections v2.3.0
[INFO] [stderr]   Downloaded mio v1.2.4
[INFO] [stderr]   Downloaded indexmap v2.14.2
[INFO] [stderr]   Downloaded zerovec v0.11.8
[INFO] [stderr]   Downloaded aes v0.8.4
[INFO] [stderr]   Downloaded icu_properties_data v2.3.0
[INFO] [stderr]   Downloaded serde_json v1.0.154
[INFO] [stderr]   Downloaded tokio-util v0.7.20
[INFO] [stderr]   Downloaded time v0.3.55
[INFO] [stderr]   Downloaded openssl v0.10.81
[INFO] [stderr]   Downloaded icu_normalizer v2.3.0
[INFO] [stderr]   Downloaded encoding_rs v0.8.42
[INFO] [stderr]   Downloaded bzip2-sys v0.1.13+1.0.8
[INFO] [stderr]   Downloaded zstd-sys v2.1.2+zstd.1.5.7
[INFO] [stderr]   Downloaded libc v0.2.191
[INFO] [stderr]   Downloaded tokio v1.53.3
[INFO] running `Command { std: "docker" "create" "-v" "/var/lib/crater-agent-workspace/builds/worker-6-tc1/source:/opt/rustwide/workdir:ro,Z" "-v" "/var/lib/crater-agent-workspace/builds/worker-6-tc1/target:/opt/rustwide/target:rw,Z" "-v" "/var/lib/crater-agent-workspace/cargo-home:/opt/rustwide/cargo-home:ro,Z" "-v" "/var/lib/crater-agent-workspace/rustup-home:/opt/rustwide/rustup-home:ro,Z" "-m" "1610612736" "--network" "none" "ghcr.io/rust-lang/crates-build-env/linux@sha256:77db811e55d90add9212f6832c23229e3de5f1c1f9905e8cb07319ea15df73ac" "sleep" "infinity", kill_on_drop: false }`
[INFO] [stdout] 03dc05b87e5e8239c146821ac3eae93aa0212f35f5487a05e5002a66fb0fb5ce
[INFO] running `Command { std: "docker" "start" "03dc05b87e5e8239c146821ac3eae93aa0212f35f5487a05e5002a66fb0fb5ce", kill_on_drop: false }`
[INFO] running `Command { std: "docker" "inspect" "03dc05b87e5e8239c146821ac3eae93aa0212f35f5487a05e5002a66fb0fb5ce", kill_on_drop: false }`
[INFO] running `Command { std: "docker" "exec" "-e" "SOURCE_DIR=/opt/rustwide/workdir" "-e" "CARGO_HOME=/opt/rustwide/cargo-home" "-e" "RUSTUP_HOME=/opt/rustwide/rustup-home" "-e" "CARGO_TARGET_DIR=/opt/rustwide/target" "-w" "/opt/rustwide/workdir" "--user" "0:0" "03dc05b87e5e8239c146821ac3eae93aa0212f35f5487a05e5002a66fb0fb5ce" "/opt/rustwide/cargo-home/bin/cargo" "+1.99.0-beta.8" "metadata" "--no-deps" "--format-version=1", kill_on_drop: false }`
[INFO] running `Command { std: "docker" "inspect" "03dc05b87e5e8239c146821ac3eae93aa0212f35f5487a05e5002a66fb0fb5ce", kill_on_drop: false }`
[INFO] running `Command { std: "docker" "exec" "-e" "SOURCE_DIR=/opt/rustwide/workdir" "-e" "CARGO_HOME=/opt/rustwide/cargo-home" "-e" "RUSTUP_HOME=/opt/rustwide/rustup-home" "-e" "CARGO_TARGET_DIR=/opt/rustwide/target" "-e" "CARGO_INCREMENTAL=0" "-e" "RUST_BACKTRACE=full" "-e" "RUSTFLAGS=--cap-lints=warn" "-e" "RUSTDOCFLAGS=--cap-lints=warn" "-w" "/opt/rustwide/workdir" "--user" "0:0" "03dc05b87e5e8239c146821ac3eae93aa0212f35f5487a05e5002a66fb0fb5ce" "/opt/rustwide/cargo-home/bin/cargo" "+1.99.0-beta.8" "build" "--frozen" "--message-format=json" "--release", kill_on_drop: false }`
[INFO] [stderr]    Compiling proc-macro2 v1.0.107
[INFO] [stderr]    Compiling libc v0.2.191
[INFO] [stderr]    Compiling stable_deref_trait v1.2.1
[INFO] [stderr]    Compiling shlex v2.0.1
[INFO] [stderr]    Compiling find-msvc-tools v0.1.14
[INFO] [stderr]    Compiling vcpkg v0.2.15
[INFO] [stderr]    Compiling pin-project-lite v0.2.17
[INFO] [stderr]    Compiling pkg-config v0.3.34
[INFO] [stderr]    Compiling writeable v0.6.4
[INFO] [stderr]    Compiling bytes v1.12.1
[INFO] [stderr]    Compiling litemap v0.8.3
[INFO] [stderr]    Compiling icu_normalizer_data v2.3.0
[INFO] [stderr]    Compiling utf8_iter v1.0.4
[INFO] [stderr]    Compiling icu_properties_data v2.3.0
[INFO] [stderr]    Compiling log v0.4.34
[INFO] [stderr]    Compiling futures-core v0.3.34
[INFO] [stderr]    Compiling rustversion v1.0.23
[INFO] [stderr]    Compiling once_cell v1.21.4
[INFO] [stderr]    Compiling smallvec v1.16.3
[INFO] [stderr]    Compiling cc v1.8.0
[INFO] [stderr]    Compiling openssl v0.10.81
[INFO] [stderr]    Compiling cfg-if v1.0.5
[INFO] [stderr]    Compiling fnv v1.0.7
[INFO] [stderr]    Compiling foreign-types-shared v0.1.1
[INFO] [stderr]    Compiling httparse v1.10.1
[INFO] [stderr]    Compiling foreign-types v0.3.2
[INFO] [stderr]    Compiling percent-encoding v2.3.2
[INFO] [stderr]    Compiling futures-task v0.3.34
[INFO] [stderr]    Compiling futures-sink v0.3.34
[INFO] [stderr]    Compiling tracing-core v0.1.36
[INFO] [stderr]    Compiling hashbrown v0.17.1
[INFO] [stderr]    Compiling equivalent v1.0.3
[INFO] [stderr]    Compiling native-tls v0.2.18
[INFO] [stderr]    Compiling bitflags v2.13.2
[INFO] [stderr]    Compiling futures-util v0.3.34
[INFO] [stderr]    Compiling slab v0.4.12
[INFO] [stderr]    Compiling try-lock v0.2.5
[INFO] [stderr]    Compiling unicase v2.10.0
[INFO] [stderr]    Compiling quote v1.0.47
[INFO] [stderr]    Compiling form_urlencoded v1.2.2
[INFO] [stderr]    Compiling openssl-probe v0.2.1
[INFO] [stderr]    Compiling want v0.3.2
[INFO] [stderr]    Compiling futures-channel v0.3.34
[INFO] [stderr]    Compiling httpdate v1.0.3
[INFO] [stderr]    Compiling tower-service v0.3.3
[INFO] [stderr]    Compiling mime_guess v2.0.5
[INFO] [stderr]    Compiling serde_json v1.0.154
[INFO] [stderr]    Compiling core_detect v1.0.0
[INFO] [stderr]    Compiling anyhow v1.0.104
[INFO] [stderr]    Compiling base64 v0.21.7
[INFO] [stderr]    Compiling ryu v1.0.23
[INFO] [stderr]    Compiling syn v3.0.9
[INFO] [stderr]    Compiling syn v2.0.119
[INFO] [stderr]    Compiling thiserror v1.0.69
[INFO] [stderr]    Compiling http v0.2.12
[INFO] [stderr]    Compiling encoding_rs v0.8.42
[INFO] [stderr]    Compiling scopeguard v1.2.0
[INFO] [stderr]    Compiling simdutf8 v0.1.5
[INFO] [stderr]    Compiling mime v0.3.17
[INFO] [stderr]    Compiling multiversion_no_op v1.0.0
[INFO] [stderr]    Compiling ipnet v2.12.2
[INFO] [stderr]    Compiling sync_wrapper v0.1.2
[INFO] [stderr]    Compiling pin-utils v0.1.1
[INFO] [stderr]    Compiling iana-time-zone v0.1.65
[INFO] [stderr]    Compiling task-local-extensions v0.1.4
[INFO] [stderr]    Compiling rustls-pemfile v1.0.4
[INFO] [stderr]    Compiling indexmap v2.14.2
[INFO] [stderr]    Compiling mio v1.2.4
[INFO] [stderr]    Compiling socket2 v0.6.5
[INFO] [stderr]    Compiling socket2 v0.5.10
[INFO] [stderr]    Compiling tokio v1.53.3
[INFO] [stderr]    Compiling void v1.0.2
[INFO] [stderr]    Compiling http-body v0.4.6
[INFO] [stderr]    Compiling lazy_static v1.5.1
[INFO] [stderr]    Compiling openssl-sys v0.9.117
[INFO] [stderr]    Compiling tracing-attributes v0.1.31
[INFO] [stderr]    Compiling openssl-macros v0.1.1
[INFO] [stderr]    Compiling thiserror-impl v1.0.69
[INFO] [stderr]    Compiling synstructure v0.14.0
[INFO] [stderr]    Compiling zerofrom-derive v0.1.8
[INFO] [stderr]    Compiling yoke-derive v0.8.4
[INFO] [stderr]    Compiling zerovec-derive v0.11.6
[INFO] [stderr]    Compiling displaydoc v0.2.7
[INFO] [stderr]    Compiling serde_derive v1.0.229
[INFO] [stderr]    Compiling async-trait v0.1.92
[INFO] [stderr]    Compiling tracing v0.1.44
[INFO] [stderr]    Compiling tokio-util v0.7.20
[INFO] [stderr]    Compiling zerofrom v0.1.8
[INFO] [stderr]    Compiling yoke v0.8.3
[INFO] [stderr]    Compiling zerovec v0.11.8
[INFO] [stderr]    Compiling zerotrie v0.2.5
[INFO] [stderr]    Compiling h2 v0.3.27
[INFO] [stderr]    Compiling tinystr v0.8.4
[INFO] [stderr]    Compiling potential_utf v0.1.6
[INFO] [stderr]    Compiling icu_collections v2.3.0
[INFO] [stderr]    Compiling icu_locale_core v2.3.0
[INFO] [stderr]    Compiling icu_provider v2.3.1
[INFO] [stderr]    Compiling icu_normalizer v2.3.0
[INFO] [stderr]    Compiling icu_properties v2.3.0
[INFO] [stderr]    Compiling serde v1.0.229
[INFO] [stderr]    Compiling serde_urlencoded v0.7.1
[INFO] [stderr]    Compiling chrono v0.4.45
[INFO] [stderr]    Compiling tokio-native-tls v0.3.1
[INFO] [stderr]    Compiling idna_adapter v1.2.2
[INFO] [stderr]    Compiling idna v1.1.0
[INFO] [stderr]    Compiling url v2.5.8
[INFO] [stderr]    Compiling hyper v0.14.32
[INFO] [stderr]    Compiling vcr-cassette v2.0.1
[INFO] [stderr]    Compiling hyper-tls v0.5.0
[INFO] [stderr]    Compiling reqwest v0.11.27
[INFO] [stderr]    Compiling reqwest-middleware v0.2.5
[INFO] [stderr]    Compiling rvcr v0.2.1 (/opt/rustwide/workdir)
[INFO] [stderr]     Finished `release` profile [optimized] target(s) in 1m 09s
[INFO] running `Command { std: "docker" "inspect" "03dc05b87e5e8239c146821ac3eae93aa0212f35f5487a05e5002a66fb0fb5ce", kill_on_drop: false }`
[INFO] running `Command { std: "docker" "exec" "-e" "SOURCE_DIR=/opt/rustwide/workdir" "-e" "CARGO_HOME=/opt/rustwide/cargo-home" "-e" "RUSTUP_HOME=/opt/rustwide/rustup-home" "-e" "CARGO_TARGET_DIR=/opt/rustwide/target" "-e" "CARGO_INCREMENTAL=0" "-e" "RUST_BACKTRACE=full" "-e" "RUSTFLAGS=--cap-lints=warn" "-e" "RUSTDOCFLAGS=--cap-lints=warn" "-w" "/opt/rustwide/workdir" "--user" "0:0" "03dc05b87e5e8239c146821ac3eae93aa0212f35f5487a05e5002a66fb0fb5ce" "/opt/rustwide/cargo-home/bin/cargo" "+1.99.0-beta.8" "test" "--frozen" "--no-run" "--message-format=json" "--release", kill_on_drop: false }`
[INFO] [stderr]    Compiling parking_lot_core v0.9.12
[INFO] [stderr]    Compiling log v0.4.34
[INFO] [stderr]    Compiling lock_api v0.4.14
[INFO] [stderr]    Compiling errno v0.3.14
[INFO] [stderr]    Compiling tracing-core v0.1.36
[INFO] [stderr]    Compiling tokio-macros v2.7.2
[INFO] [stderr]    Compiling regex-syntax v0.8.11
[INFO] [stderr]    Compiling sharded-slab v0.1.7
[INFO] [stderr]    Compiling thread_local v1.1.10
[INFO] [stderr]    Compiling nu-ansi-term v0.50.3
[INFO] [stderr]    Compiling tracing-test-macro v0.2.6
[INFO] [stderr]    Compiling signal-hook-registry v1.4.8
[INFO] [stderr]    Compiling native-tls v0.2.18
[INFO] [stderr]    Compiling parking_lot v0.12.5
[INFO] [stderr]    Compiling tokio v1.53.3
[INFO] [stderr]    Compiling tracing v0.1.44
[INFO] [stderr]    Compiling tracing-log v0.2.0
[INFO] [stderr]    Compiling regex-automata v0.4.18
[INFO] [stderr]    Compiling matchers v0.2.0
[INFO] [stderr]    Compiling tracing-subscriber v0.3.23
[INFO] [stderr]    Compiling tokio-util v0.7.20
[INFO] [stderr]    Compiling tokio-native-tls v0.3.1
[INFO] [stderr]    Compiling h2 v0.3.27
[INFO] [stderr]    Compiling tracing-test v0.2.6
[INFO] [stderr]    Compiling hyper v0.14.32
[INFO] [stderr]    Compiling hyper-tls v0.5.0
[INFO] [stderr]    Compiling reqwest v0.11.27
[INFO] [stderr]    Compiling reqwest-middleware v0.2.5
[INFO] [stderr]    Compiling rvcr v0.2.1 (/opt/rustwide/workdir)
[INFO] [stderr]     Finished `release` profile [optimized] target(s) in 56.99s
[INFO] running `Command { std: "docker" "inspect" "03dc05b87e5e8239c146821ac3eae93aa0212f35f5487a05e5002a66fb0fb5ce", kill_on_drop: false }`
[INFO] running `Command { std: "docker" "exec" "-e" "SOURCE_DIR=/opt/rustwide/workdir" "-e" "CARGO_HOME=/opt/rustwide/cargo-home" "-e" "RUSTUP_HOME=/opt/rustwide/rustup-home" "-e" "CARGO_TARGET_DIR=/opt/rustwide/target" "-e" "CARGO_INCREMENTAL=0" "-e" "RUST_BACKTRACE=full" "-e" "RUSTFLAGS=--cap-lints=warn" "-e" "RUSTDOCFLAGS=--cap-lints=warn" "-w" "/opt/rustwide/workdir" "--user" "0:0" "03dc05b87e5e8239c146821ac3eae93aa0212f35f5487a05e5002a66fb0fb5ce" "/opt/rustwide/cargo-home/bin/cargo" "+1.99.0-beta.8" "test" "--frozen" "--release", kill_on_drop: false }`
[INFO] [stderr]     Finished `release` profile [optimized] target(s) in 0.18s
[INFO] [stderr]      Running unittests src/lib.rs (/opt/rustwide/target/release/deps/rvcr-8735c901eef86f63)
[INFO] [stdout] 
[INFO] [stdout] running 0 tests
[INFO] [stdout] 
[INFO] [stderr]      Running tests/integration/lib.rs (/opt/rustwide/target/release/deps/integration-800d347436a51124)
[INFO] [stdout] test result: ok. 0 passed; 0 failed; 0 ignored; 0 measured; 0 filtered out; finished in 0.00s
[INFO] [stdout] 
[INFO] [stdout] 
[INFO] [stdout] running 6 tests
[INFO] [stdout] test modifiers::test_modifier_request ... FAILED
[INFO] [stdout] test modifiers::test_modifier_response ... FAILED
[INFO] [stdout] test e2e::test_rvcr_failed_debug ... ok
[INFO] [stdout] test e2e::test_rvcr_replay_skip_found ... FAILED
[INFO] [stdout] test e2e::test_rvcr_replay_search_all ... FAILED
[INFO] [stdout] test e2e::test_rvcr_replay ... FAILED
[INFO] [stdout] 
[INFO] [stdout] failures:
[INFO] [stdout] 
[INFO] [stdout] ---- modifiers::test_modifier_request stdout ----
[INFO] [stdout] 2026-10-18T16:36:30.402178Z TRACE hyper::client::pool: checkout waiting for idle connection: ("http", 127.0.0.1:38282)
[INFO] [stdout] 2026-10-18T16:36:30.402226Z TRACE hyper::client::connect::http: Http::connect; scheme=Some("http"), host=Some("127.0.0.1"), port=Some(Port(38282))
[INFO] [stdout] 2026-10-18T16:36:30.402232Z DEBUG hyper::client::connect::http: connecting to 127.0.0.1:38282
[INFO] [stdout] 2026-10-18T16:36:30.402315Z TRACE hyper::client::connect::http: connect error for 127.0.0.1:38282: ConnectError("tcp connect error", Os { code: 111, kind: ConnectionRefused, message: "Connection refused" })
[INFO] [stdout] 2026-10-18T16:36:30.402326Z TRACE hyper::client::pool: checkout dropped for ("http", 127.0.0.1:38282)
[INFO] [stdout] 
[INFO] [stdout] thread 'modifiers::test_modifier_request' (2781) panicked at tests/integration/modifiers.rs:78:10:
[INFO] [stdout] Can not send request: Reqwest(reqwest::Error { kind: Request, url: Url { scheme: "http", cannot_be_a_base: false, username: "", password: None, host: Some(Ipv4(127.0.0.1)), port: Some(38282), path: "/post", query: Some("access_token=s3cr3t&spam=eggs&secret=s3cr3t"), fragment: None }, source: hyper::Error(Connect, ConnectError("tcp connect error", Os { code: 111, kind: ConnectionRefused, message: "Connection refused" })) })
[INFO] [stdout] stack backtrace:
[INFO] [stdout]    0:     0x581de6452b11 - <<std[70759c8f55707aa4]::sys::backtrace::BacktraceLock>::print::DisplayBacktrace as core[df12db4294e9bfd3]::fmt::Display>::fmt
[INFO] [stdout]    1:     0x581de646b86a - core[df12db4294e9bfd3]::fmt::write
[INFO] [stdout]    2:     0x581de6457b2c - <alloc[2182bb758b4b3781]::vec::Vec<u8> as core[df12db4294e9bfd3]::io::write::Write>::write_fmt
[INFO] [stdout]    3:     0x581de642d366 - std[70759c8f55707aa4]::panicking::default_hook::{closure#0}
[INFO] [stdout]    4:     0x581de644a549 - std[70759c8f55707aa4]::panicking::default_hook
[INFO] [stdout]    5:     0x581de61d8b00 - test[9d35eded1c95d3be]::test_main_inner::<test[9d35eded1c95d3be]::test_main_static::{closure#0}>::{closure#0}
[INFO] [stdout]    6:     0x581de644a872 - std[70759c8f55707aa4]::panicking::panic_with_hook
[INFO] [stdout]    7:     0x581de642d412 - std[70759c8f55707aa4]::panicking::panic_handler::{closure#0}
[INFO] [stdout]    8:     0x581de64258e9 - std[70759c8f55707aa4]::sys::backtrace::__rust_end_short_backtrace::<std[70759c8f55707aa4]::panicking::panic_handler::{closure#0}, !>
[INFO] [stdout]    9:     0x581de642e30d - __rustc[8fa7c3cbc660c2b3]::rust_begin_unwind
[INFO] [stdout]   10:     0x581de646c04c - core[df12db4294e9bfd3]::panicking::panic_fmt
[INFO] [stdout]   11:     0x581de646be22 - core[df12db4294e9bfd3]::result::unwrap_failed
[INFO] [stdout]   12:     0x581de61a623b - integration[7700ae54bc08674f]::modifiers::test_modifier_request::{closure#0}
[INFO] [stdout]   13:     0x581de61ae36a - <tokio[802eaeee5dbcae8]::runtime::context::scoped::Scoped<tokio[802eaeee5dbcae8]::runtime::scheduler::Context>>::set::<<tokio[802eaeee5dbcae8]::runtime::scheduler::current_thread::CoreGuard>::enter<<tokio[802eaeee5dbcae8]::runtime::scheduler::current_thread::CoreGuard>::block_on<core[df12db4294e9bfd3]::pin::Pin<&mut core[df12db4294e9bfd3]::pin::Pin<&mut dyn core[df12db4294e9bfd3]::future::future::Future<Output = ()>>>>::{closure#0}, core[df12db4294e9bfd3]::option::Option<()>>::{closure#0}, (alloc[2182bb758b4b3781]::boxed::Box<tokio[802eaeee5dbcae8]::runtime::scheduler::current_thread::Core>, core[df12db4294e9bfd3]::option::Option<()>)>
[INFO] [stdout]   14:     0x581de61aea03 - <tokio[802eaeee5dbcae8]::runtime::scheduler::current_thread::CurrentThread>::block_on::<core[df12db4294e9bfd3]::pin::Pin<&mut dyn core[df12db4294e9bfd3]::future::future::Future<Output = ()>>>
[INFO] [stdout]   15:     0x581de61aa2f2 - <tokio[802eaeee5dbcae8]::runtime::runtime::Runtime>::block_on::<core[df12db4294e9bfd3]::pin::Pin<&mut dyn core[df12db4294e9bfd3]::future::future::Future<Output = ()>>>
[INFO] [stdout]   16:     0x581de61a7c5b - integration[7700ae54bc08674f]::modifiers::test_modifier_request
[INFO] [stdout]   17:     0x581de61b7fd9 - <integration[7700ae54bc08674f]::modifiers::test_modifier_request::{closure#0} as core[df12db4294e9bfd3]::ops::function::FnOnce<()>>::call_once
[INFO] [stdout]   18:     0x581de61cbdeb - test[9d35eded1c95d3be]::__rust_begin_short_backtrace::<core[df12db4294e9bfd3]::result::Result<(), alloc[2182bb758b4b3781]::string::String>, fn() -> core[df12db4294e9bfd3]::result::Result<(), alloc[2182bb758b4b3781]::string::String>>
[INFO] [stdout]   19:     0x581de61d9455 - test[9d35eded1c95d3be]::run_test::{closure#0}
[INFO] [stdout]   20:     0x581de61d2d14 - std[70759c8f55707aa4]::sys::backtrace::__rust_begin_short_backtrace::<test[9d35eded1c95d3be]::run_test::{closure#1}, ()>
[INFO] [stdout]   21:     0x581de61dc5b2 - <std[70759c8f55707aa4]::thread::lifecycle::spawn_unchecked<test[9d35eded1c95d3be]::run_test::{closure#1}, ()>::{closure#1} as core[df12db4294e9bfd3]::ops::function::FnOnce<()>>::call_once::{shim:vtable#0}
[INFO] [stdout]   22:     0x581de6451b29 - <std[70759c8f55707aa4]::sys::thread::unix::Thread>::new::thread_start
[INFO] [stdout]   23:     0x7fefa7a55dfa - <unknown>
[INFO] [stdout]   24:     0x7fefa7ae93d4 - clone
[INFO] [stdout]   25:                0x0 - <unknown>
[INFO] [stdout] 2026-10-18T16:36:30.407608Z  INFO rvcr: Written VCR cassette file at "/tmp/request-modifer-test-case.vcr.json"
[INFO] [stdout] 
[INFO] [stdout] ---- modifiers::test_modifier_response stdout ----
[INFO] [stdout] 2026-10-18T16:36:30.399504Z TRACE hyper::client::pool: checkout waiting for idle connection: ("http", 127.0.0.1:38282)
[INFO] [stdout] 2026-10-18T16:36:30.399554Z TRACE hyper::client::connect::http: Http::connect; scheme=Some("http"), host=Some("127.0.0.1"), port=Some(Port(38282))
[INFO] [stdout] 2026-10-18T16:36:30.399566Z DEBUG hyper::client::connect::http: connecting to 127.0.0.1:38282
[INFO] [stdout] 2026-10-18T16:36:30.399731Z TRACE hyper::client::connect::http: connect error for 127.0.0.1:38282: ConnectError("tcp connect error", Os { code: 111, kind: ConnectionRefused, message: "Connection refused" })
[INFO] [stdout] 2026-10-18T16:36:30.399760Z TRACE hyper::client::pool: checkout dropped for ("http", 127.0.0.1:38282)
[INFO] [stdout] 
[INFO] [stdout] thread 'modifiers::test_modifier_response' (2782) panicked at tests/integration/modifiers.rs:117:10:
[INFO] [stdout] Can not send request: Reqwest(reqwest::Error { kind: Request, url: Url { scheme: "http", cannot_be_a_base: false, username: "", password: None, host: Some(Ipv4(127.0.0.1)), port: Some(38282), path: "/post", query: None, fragment: None }, source: hyper::Error(Connect, ConnectError("tcp connect error", Os { code: 111, kind: ConnectionRefused, message: "Connection refused" })) })
[INFO] [stdout] stack backtrace:
[INFO] [stdout]    0:     0x581de6452b11 - <<std[70759c8f55707aa4]::sys::backtrace::BacktraceLock>::print::DisplayBacktrace as core[df12db4294e9bfd3]::fmt::Display>::fmt
[INFO] [stdout]    1:     0x581de646b86a - core[df12db4294e9bfd3]::fmt::write
[INFO] [stdout]    2:     0x581de6457b2c - <alloc[2182bb758b4b3781]::vec::Vec<u8> as core[df12db4294e9bfd3]::io::write::Write>::write_fmt
[INFO] [stdout]    3:     0x581de642d366 - std[70759c8f55707aa4]::panicking::default_hook::{closure#0}
[INFO] [stdout]    4:     0x581de644a549 - std[70759c8f55707aa4]::panicking::default_hook
[INFO] [stdout]    5:     0x581de61d8b00 - test[9d35eded1c95d3be]::test_main_inner::<test[9d35eded1c95d3be]::test_main_static::{closure#0}>::{closure#0}
[INFO] [stdout]    6:     0x581de644a872 - std[70759c8f55707aa4]::panicking::panic_with_hook
[INFO] [stdout]    7:     0x581de642d412 - std[70759c8f55707aa4]::panicking::panic_handler::{closure#0}
[INFO] [stdout]    8:     0x581de64258e9 - std[70759c8f55707aa4]::sys::backtrace::__rust_end_short_backtrace::<std[70759c8f55707aa4]::panicking::panic_handler::{closure#0}, !>
[INFO] [stdout]    9:     0x581de642e30d - __rustc[8fa7c3cbc660c2b3]::rust_begin_unwind
[INFO] [stdout]   10:     0x581de646c04c - core[df12db4294e9bfd3]::panicking::panic_fmt
[INFO] [stdout]   11:     0x581de646be22 - core[df12db4294e9bfd3]::result::unwrap_failed
[INFO] [stdout]   12:     0x581de61a7050 - integration[7700ae54bc08674f]::modifiers::test_modifier_response::{closure#0}
[INFO] [stdout]   13:     0x581de61ae36a - <tokio[802eaeee5dbcae8]::runtime::context::scoped::Scoped<tokio[802eaeee5dbcae8]::runtime::scheduler::Context>>::set::<<tokio[802eaeee5dbcae8]::runtime::scheduler::current_thread::CoreGuard>::enter<<tokio[802eaeee5dbcae8]::runtime::scheduler::current_thread::CoreGuard>::block_on<core[df12db4294e9bfd3]::pin::Pin<&mut core[df12db4294e9bfd3]::pin::Pin<&mut dyn core[df12db4294e9bfd3]::future::future::Future<Output = ()>>>>::{closure#0}, core[df12db4294e9bfd3]::option::Option<()>>::{closure#0}, (alloc[2182bb758b4b3781]::boxed::Box<tokio[802eaeee5dbcae8]::runtime::scheduler::current_thread::Core>, core[df12db4294e9bfd3]::option::Option<()>)>
[INFO] [stdout]   14:     0x581de61aea03 - <tokio[802eaeee5dbcae8]::runtime::scheduler::current_thread::CurrentThread>::block_on::<core[df12db4294e9bfd3]::pin::Pin<&mut dyn core[df12db4294e9bfd3]::future::future::Future<Output = ()>>>
[INFO] [stdout]   15:     0x581de61aa2f2 - <tokio[802eaeee5dbcae8]::runtime::runtime::Runtime>::block_on::<core[df12db4294e9bfd3]::pin::Pin<&mut dyn core[df12db4294e9bfd3]::future::future::Future<Output = ()>>>
[INFO] [stdout]   16:     0x581de61a7dab - integration[7700ae54bc08674f]::modifiers::test_modifier_response
[INFO] [stdout]   17:     0x581de61b7ff9 - <integration[7700ae54bc08674f]::modifiers::test_modifier_response::{closure#0} as core[df12db4294e9bfd3]::ops::function::FnOnce<()>>::call_once
[INFO] [stdout]   18:     0x581de61cbdeb - test[9d35eded1c95d3be]::__rust_begin_short_backtrace::<core[df12db4294e9bfd3]::result::Result<(), alloc[2182bb758b4b3781]::string::String>, fn() -> core[df12db4294e9bfd3]::result::Result<(), alloc[2182bb758b4b3781]::string::String>>
[INFO] [stdout]   19:     0x581de61d9455 - test[9d35eded1c95d3be]::run_test::{closure#0}
[INFO] [stdout]   20:     0x581de61d2d14 - std[70759c8f55707aa4]::sys::backtrace::__rust_begin_short_backtrace::<test[9d35eded1c95d3be]::run_test::{closure#1}, ()>
[INFO] [stdout]   21:     0x581de61dc5b2 - <std[70759c8f55707aa4]::thread::lifecycle::spawn_unchecked<test[9d35eded1c95d3be]::run_test::{closure#1}, ()>::{closure#1} as core[df12db4294e9bfd3]::ops::function::FnOnce<()>>::call_once::{shim:vtable#0}
[INFO] [stdout]   22:     0x581de6451b29 - <std[70759c8f55707aa4]::sys::thread::unix::Thread>::new::thread_start
[INFO] [stdout]   23:     0x7fefa7a55dfa - <unknown>
[INFO] [stdout]   24:     0x7fefa7ae93d4 - clone
[INFO] [stdout]   25:                0x0 - <unknown>
[INFO] [stdout] 2026-10-18T16:36:30.407693Z  INFO rvcr: Written VCR cassette file at "/tmp/response-modifer-test-case.vcr.json"
[INFO] [stdout] 
[INFO] [stdout] ---- e2e::test_rvcr_replay_skip_found stdout ----
[INFO] [stdout] 2026-10-18T16:36:30.472523Z TRACE hyper::client::pool: checkout waiting for idle connection: ("http", 127.0.0.1:38282)
[INFO] [stdout] 2026-10-18T16:36:30.472567Z TRACE hyper::client::connect::http: Http::connect; scheme=Some("http"), host=Some("127.0.0.1"), port=Some(Port(38282))
[INFO] [stdout] 2026-10-18T16:36:30.472576Z DEBUG hyper::client::connect::http: connecting to 127.0.0.1:38282
[INFO] [stdout] 2026-10-18T16:36:30.472711Z TRACE hyper::client::connect::http: connect error for 127.0.0.1:38282: ConnectError("tcp connect error", Os { code: 111, kind: ConnectionRefused, message: "Connection refused" })
[INFO] [stdout] 2026-10-18T16:36:30.472729Z TRACE hyper::client::pool: checkout dropped for ("http", 127.0.0.1:38282)
[INFO] [stdout] 
[INFO] [stdout] thread 'e2e::test_rvcr_replay_skip_found' (2780) panicked at tests/integration/e2e.rs:40:68:
[INFO] [stdout] called `Result::unwrap()` on an `Err` value: reqwest::Error { kind: Request, url: Url { scheme: "http", cannot_be_a_base: false, username: "", password: None, host: Some(Ipv4(127.0.0.1)), port: Some(38282), path: "/get", query: None, fragment: None }, source: hyper::Error(Connect, ConnectError("tcp connect error", Os { code: 111, kind: ConnectionRefused, message: "Connection refused" })) }
[INFO] [stdout] stack backtrace:
[INFO] [stdout]    0:     0x581de6452b11 - <<std[70759c8f55707aa4]::sys::backtrace::BacktraceLock>::print::DisplayBacktrace as core[df12db4294e9bfd3]::fmt::Display>::fmt
[INFO] [stdout]    1:     0x581de646b86a - core[df12db4294e9bfd3]::fmt::write
[INFO] [stdout]    2:     0x581de6457b2c - <alloc[2182bb758b4b3781]::vec::Vec<u8> as core[df12db4294e9bfd3]::io::write::Write>::write_fmt
[INFO] [stdout]    3:     0x581de642d366 - std[70759c8f55707aa4]::panicking::default_hook::{closure#0}
[INFO] [stdout]    4:     0x581de644a549 - std[70759c8f55707aa4]::panicking::default_hook
[INFO] [stdout]    5:     0x581de61d8b00 - test[9d35eded1c95d3be]::test_main_inner::<test[9d35eded1c95d3be]::test_main_static::{closure#0}>::{closure#0}
[INFO] [stdout]    6:     0x581de644a872 - std[70759c8f55707aa4]::panicking::panic_with_hook
[INFO] [stdout]    7:     0x581de642d412 - std[70759c8f55707aa4]::panicking::panic_handler::{closure#0}
[INFO] [stdout]    8:     0x581de64258e9 - std[70759c8f55707aa4]::sys::backtrace::__rust_end_short_backtrace::<std[70759c8f55707aa4]::panicking::panic_handler::{closure#0}, !>
[INFO] [stdout]    9:     0x581de642e30d - __rustc[8fa7c3cbc660c2b3]::rust_begin_unwind
[INFO] [stdout]   10:     0x581de646c04c - core[df12db4294e9bfd3]::panicking::panic_fmt
[INFO] [stdout]   11:     0x581de646be22 - core[df12db4294e9bfd3]::result::unwrap_failed
[INFO] [stdout]   12:     0x581de619c899 - integration[7700ae54bc08674f]::e2e::send_and_compare::{closure#0}
[INFO] [stdout]   13:     0x581de619fbea - integration[7700ae54bc08674f]::e2e::test_rvcr_replay_skip_found::{closure#0}
[INFO] [stdout]   14:     0x581de61ae36a - <tokio[802eaeee5dbcae8]::runtime::context::scoped::Scoped<tokio[802eaeee5dbcae8]::runtime::scheduler::Context>>::set::<<tokio[802eaeee5dbcae8]::runtime::scheduler::current_thread::CoreGuard>::enter<<tokio[802eaeee5dbcae8]::runtime::scheduler::current_thread::CoreGuard>::block_on<core[df12db4294e9bfd3]::pin::Pin<&mut core[df12db4294e9bfd3]::pin::Pin<&mut dyn core[df12db4294e9bfd3]::future::future::Future<Output = ()>>>>::{closure#0}, core[df12db4294e9bfd3]::option::Option<()>>::{closure#0}, (alloc[2182bb758b4b3781]::boxed::Box<tokio[802eaeee5dbcae8]::runtime::scheduler::current_thread::Core>, core[df12db4294e9bfd3]::option::Option<()>)>
[INFO] [stdout]   15:     0x581de61aea03 - <tokio[802eaeee5dbcae8]::runtime::scheduler::current_thread::CurrentThread>::block_on::<core[df12db4294e9bfd3]::pin::Pin<&mut dyn core[df12db4294e9bfd3]::future::future::Future<Output = ()>>>
[INFO] [stdout]   16:     0x581de61aa2f2 - <tokio[802eaeee5dbcae8]::runtime::runtime::Runtime>::block_on::<core[df12db4294e9bfd3]::pin::Pin<&mut dyn core[df12db4294e9bfd3]::future::future::Future<Output = ()>>>
[INFO] [stdout]   17:     0x581de61a132b - integration[7700ae54bc08674f]::e2e::test_rvcr_replay_skip_found
[INFO] [stdout]   18:     0x581de61b7fb9 - <integration[7700ae54bc08674f]::e2e::test_rvcr_replay_skip_found::{closure#0} as core[df12db4294e9bfd3]::ops::function::FnOnce<()>>::call_once
[INFO] [stdout]   19:     0x581de61cbdeb - test[9d35eded1c95d3be]::__rust_begin_short_backtrace::<core[df12db4294e9bfd3]::result::Result<(), alloc[2182bb758b4b3781]::string::String>, fn() -> core[df12db4294e9bfd3]::result::Result<(), alloc[2182bb758b4b3781]::string::String>>
[INFO] [stdout]   20:     0x581de61d9455 - test[9d35eded1c95d3be]::run_test::{closure#0}
[INFO] [stdout]   21:     0x581de61d2d14 - std[70759c8f55707aa4]::sys::backtrace::__rust_begin_short_backtrace::<test[9d35eded1c95d3be]::run_test::{closure#1}, ()>
[INFO] [stdout]   22:     0x581de61dc5b2 - <std[70759c8f55707aa4]::thread::lifecycle::spawn_unchecked<test[9d35eded1c95d3be]::run_test::{closure#1}, ()>::{closure#1} as core[df12db4294e9bfd3]::ops::function::FnOnce<()>>::call_once::{shim:vtable#0}
[INFO] [stdout]   23:     0x581de6451b29 - <std[70759c8f55707aa4]::sys::thread::unix::Thread>::new::thread_start
[INFO] [stdout]   24:     0x7fefa7a55dfa - <unknown>
[INFO] [stdout]   25:     0x7fefa7ae93d4 - clone
[INFO] [stdout]   26:                0x0 - <unknown>
[INFO] [stdout] 
[INFO] [stdout] ---- e2e::test_rvcr_replay_search_all stdout ----
[INFO] [stdout] 2026-10-18T16:36:30.494577Z TRACE hyper::client::pool: checkout waiting for idle connection: ("http", 127.0.0.1:38282)
[INFO] [stdout] 2026-10-18T16:36:30.494657Z TRACE hyper::client::connect::http: Http::connect; scheme=Some("http"), host=Some("127.0.0.1"), port=Some(Port(38282))
[INFO] [stdout] 2026-10-18T16:36:30.494667Z DEBUG hyper::client::connect::http: connecting to 127.0.0.1:38282
[INFO] [stdout] 2026-10-18T16:36:30.494811Z TRACE hyper::client::connect::http: connect error for 127.0.0.1:38282: ConnectError("tcp connect error", Os { code: 111, kind: ConnectionRefused, message: "Connection refused" })
[INFO] [stdout] 2026-10-18T16:36:30.494829Z TRACE hyper::client::pool: checkout dropped for ("http", 127.0.0.1:38282)
[INFO] [stdout] 
[INFO] [stdout] thread 'e2e::test_rvcr_replay_search_all' (2779) panicked at tests/integration/e2e.rs:40:68:
[INFO] [stdout] called `Result::unwrap()` on an `Err` value: reqwest::Error { kind: Request, url: Url { scheme: "http", cannot_be_a_base: false, username: "", password: None, host: Some(Ipv4(127.0.0.1)), port: Some(38282), path: "/get", query: None, fragment: None }, source: hyper::Error(Connect, ConnectError("tcp connect error", Os { code: 111, kind: ConnectionRefused, message: "Connection refused" })) }
[INFO] [stdout] stack backtrace:
[INFO] [stdout]    0:     0x581de6452b11 - <<std[70759c8f55707aa4]::sys::backtrace::BacktraceLock>::print::DisplayBacktrace as core[df12db4294e9bfd3]::fmt::Display>::fmt
[INFO] [stdout]    1:     0x581de646b86a - core[df12db4294e9bfd3]::fmt::write
[INFO] [stdout]    2:     0x581de6457b2c - <alloc[2182bb758b4b3781]::vec::Vec<u8> as core[df12db4294e9bfd3]::io::write::Write>::write_fmt
[INFO] [stdout]    3:     0x581de642d366 - std[70759c8f55707aa4]::panicking::default_hook::{closure#0}
[INFO] [stdout]    4:     0x581de644a549 - std[70759c8f55707aa4]::panicking::default_hook
[INFO] [stdout]    5:     0x581de61d8b00 - test[9d35eded1c95d3be]::test_main_inner::<test[9d35eded1c95d3be]::test_main_static::{closure#0}>::{closure#0}
[INFO] [stdout]    6:     0x581de644a872 - std[70759c8f55707aa4]::panicking::panic_with_hook
[INFO] [stdout]    7:     0x581de642d412 - std[70759c8f55707aa4]::panicking::panic_handler::{closure#0}
[INFO] [stdout]    8:     0x581de64258e9 - std[70759c8f55707aa4]::sys::backtrace::__rust_end_short_backtrace::<std[70759c8f55707aa4]::panicking::panic_handler::{closure#0}, !>
[INFO] [stdout]    9:     0x581de642e30d - __rustc[8fa7c3cbc660c2b3]::rust_begin_unwind
[INFO] [stdout]   10:     0x581de646c04c - core[df12db4294e9bfd3]::panicking::panic_fmt
[INFO] [stdout]   11:     0x581de646be22 - core[df12db4294e9bfd3]::result::unwrap_failed
[INFO] [stdout]   12:     0x581de619c899 - integration[7700ae54bc08674f]::e2e::send_and_compare::{closure#0}
[INFO] [stdout]   13:     0x581de619e79a - integration[7700ae54bc08674f]::e2e::test_rvcr_replay_search_all::{closure#0}
[INFO] [stdout]   14:     0x581de61ae36a - <tokio[802eaeee5dbcae8]::runtime::context::scoped::Scoped<tokio[802eaeee5dbcae8]::runtime::scheduler::Context>>::set::<<tokio[802eaeee5dbcae8]::runtime::scheduler::current_thread::CoreGuard>::enter<<tokio[802eaeee5dbcae8]::runtime::scheduler::current_thread::CoreGuard>::block_on<core[df12db4294e9bfd3]::pin::Pin<&mut core[df12db4294e9bfd3]::pin::Pin<&mut dyn core[df12db4294e9bfd3]::future::future::Future<Output = ()>>>>::{closure#0}, core[df12db4294e9bfd3]::option::Option<()>>::{closure#0}, (alloc[2182bb758b4b3781]::boxed::Box<tokio[802eaeee5dbcae8]::runtime::scheduler::current_thread::Core>, core[df12db4294e9bfd3]::option::Option<()>)>
[INFO] [stdout]   15:     0x581de61aea03 - <tokio[802eaeee5dbcae8]::runtime::scheduler::current_thread::CurrentThread>::block_on::<core[df12db4294e9bfd3]::pin::Pin<&mut dyn core[df12db4294e9bfd3]::future::future::Future<Output = ()>>>
[INFO] [stdout]   16:     0x581de61aa2f2 - <tokio[802eaeee5dbcae8]::runtime::runtime::Runtime>::block_on::<core[df12db4294e9bfd3]::pin::Pin<&mut dyn core[df12db4294e9bfd3]::future::future::Future<Output = ()>>>
[INFO] [stdout]   17:     0x581de61a11db - integration[7700ae54bc08674f]::e2e::test_rvcr_replay_search_all
[INFO] [stdout]   18:     0x581de61b7f99 - <integration[7700ae54bc08674f]::e2e::test_rvcr_replay_search_all::{closure#0} as core[df12db4294e9bfd3]::ops::function::FnOnce<()>>::call_once
[INFO] [stdout]   19:     0x581de61cbdeb - test[9d35eded1c95d3be]::__rust_begin_short_backtrace::<core[df12db4294e9bfd3]::result::Result<(), alloc[2182bb758b4b3781]::string::String>, fn() -> core[df12db4294e9bfd3]::result::Result<(), alloc[2182bb758b4b3781]::string::String>>
[INFO] [stdout]   20:     0x581de61d9455 - test[9d35eded1c95d3be]::run_test::{closure#0}
[INFO] [stdout]   21:     0x581de61d2d14 - std[70759c8f55707aa4]::sys::backtrace::__rust_begin_short_backtrace::<test[9d35eded1c95d3be]::run_test::{closure#1}, ()>
[INFO] [stdout]   22:     0x581de61dc5b2 - <std[70759c8f55707aa4]::thread::lifecycle::spawn_unchecked<test[9d35eded1c95d3be]::run_test::{closure#1}, ()>::{closure#1} as core[df12db4294e9bfd3]::ops::function::FnOnce<()>>::call_once::{shim:vtable#0}
[INFO] [stdout]   23:     0x581de6451b29 - <std[70759c8f55707aa4]::sys::thread::unix::Thread>::new::thread_start
[INFO] [stdout]   24:     0x7fefa7a55dfa - <unknown>
[INFO] [stdout]   25:     0x7fefa7ae93d4 - clone
[INFO] [stdout]   26:                0x0 - <unknown>
[INFO] [stdout] 
[INFO] [stdout] ---- e2e::test_rvcr_replay stdout ----
[INFO] [stdout] 2026-10-18T16:36:30.515108Z TRACE hyper::client::pool: checkout waiting for idle connection: ("http", 127.0.0.1:38282)
[INFO] [stdout] 2026-10-18T16:36:30.515149Z TRACE hyper::client::connect::http: Http::connect; scheme=Some("http"), host=Some("127.0.0.1"), port=Some(Port(38282))
[INFO] [stdout] 2026-10-18T16:36:30.515158Z DEBUG hyper::client::connect::http: connecting to 127.0.0.1:38282
[INFO] [stdout] 2026-10-18T16:36:30.515292Z TRACE hyper::client::connect::http: connect error for 127.0.0.1:38282: ConnectError("tcp connect error", Os { code: 111, kind: ConnectionRefused, message: "Connection refused" })
[INFO] [stdout] 2026-10-18T16:36:30.515313Z TRACE hyper::client::pool: checkout dropped for ("http", 127.0.0.1:38282)
[INFO] [stdout] 
[INFO] [stdout] thread 'e2e::test_rvcr_replay' (2778) panicked at tests/integration/e2e.rs:40:68:
[INFO] [stdout] called `Result::unwrap()` on an `Err` value: reqwest::Error { kind: Request, url: Url { scheme: "http", cannot_be_a_base: false, username: "", password: None, host: Some(Ipv4(127.0.0.1)), port: Some(38282), path: "/get", query: None, fragment: None }, source: hyper::Error(Connect, ConnectError("tcp connect error", Os { code: 111, kind: ConnectionRefused, message: "Connection refused" })) }
[INFO] [stdout] stack backtrace:
[INFO] [stdout]    0:     0x581de6452b11 - <<std[70759c8f55707aa4]::sys::backtrace::BacktraceLock>::print::DisplayBacktrace as core[df12db4294e9bfd3]::fmt::Display>::fmt
[INFO] [stdout]    1:     0x581de646b86a - core[df12db4294e9bfd3]::fmt::write
[INFO] [stdout]    2:     0x581de6457b2c - <alloc[2182bb758b4b3781]::vec::Vec<u8> as core[df12db4294e9bfd3]::io::write::Write>::write_fmt
[INFO] [stdout]    3:     0x581de642d366 - std[70759c8f55707aa4]::panicking::default_hook::{closure#0}
[INFO] [stdout]    4:     0x581de644a549 - std[70759c8f55707aa4]::panicking::default_hook
[INFO] [stdout]    5:     0x581de61d8b00 - test[9d35eded1c95d3be]::test_main_inner::<test[9d35eded1c95d3be]::test_main_static::{closure#0}>::{closure#0}
[INFO] [stdout]    6:     0x581de644a872 - std[70759c8f55707aa4]::panicking::panic_with_hook
[INFO] [stdout]    7:     0x581de642d412 - std[70759c8f55707aa4]::panicking::panic_handler::{closure#0}
[INFO] [stdout]    8:     0x581de64258e9 - std[70759c8f55707aa4]::sys::backtrace::__rust_end_short_backtrace::<std[70759c8f55707aa4]::panicking::panic_handler::{closure#0}, !>
[INFO] [stdout]    9:     0x581de642e30d - __rustc[8fa7c3cbc660c2b3]::rust_begin_unwind
[INFO] [stdout]   10:     0x581de646c04c - core[df12db4294e9bfd3]::panicking::panic_fmt
[INFO] [stdout]   11:     0x581de646be22 - core[df12db4294e9bfd3]::result::unwrap_failed
[INFO] [stdout]   12:     0x581de619c899 - integration[7700ae54bc08674f]::e2e::send_and_compare::{closure#0}
[INFO] [stdout]   13:     0x581de619d2aa - integration[7700ae54bc08674f]::e2e::test_rvcr_replay::{closure#0}
[INFO] [stdout]   14:     0x581de61ae36a - <tokio[802eaeee5dbcae8]::runtime::context::scoped::Scoped<tokio[802eaeee5dbcae8]::runtime::scheduler::Context>>::set::<<tokio[802eaeee5dbcae8]::runtime::scheduler::current_thread::CoreGuard>::enter<<tokio[802eaeee5dbcae8]::runtime::scheduler::current_thread::CoreGuard>::block_on<core[df12db4294e9bfd3]::pin::Pin<&mut core[df12db4294e9bfd3]::pin::Pin<&mut dyn core[df12db4294e9bfd3]::future::future::Future<Output = ()>>>>::{closure#0}, core[df12db4294e9bfd3]::option::Option<()>>::{closure#0}, (alloc[2182bb758b4b3781]::boxed::Box<tokio[802eaeee5dbcae8]::runtime::scheduler::current_thread::Core>, core[df12db4294e9bfd3]::option::Option<()>)>
[INFO] [stdout]   15:     0x581de61aea03 - <tokio[802eaeee5dbcae8]::runtime::scheduler::current_thread::CurrentThread>::block_on::<core[df12db4294e9bfd3]::pin::Pin<&mut dyn core[df12db4294e9bfd3]::future::future::Future<Output = ()>>>
[INFO] [stdout]   16:     0x581de61aa2f2 - <tokio[802eaeee5dbcae8]::runtime::runtime::Runtime>::block_on::<core[df12db4294e9bfd3]::pin::Pin<&mut dyn core[df12db4294e9bfd3]::future::future::Future<Output = ()>>>
[INFO] [stdout]   17:     0x581de61a0f3b - integration[7700ae54bc08674f]::e2e::test_rvcr_replay
[INFO] [stdout]   18:     0x581de61b7f59 - <integration[7700ae54bc08674f]::e2e::test_rvcr_replay::{closure#0} as core[df12db4294e9bfd3]::ops::function::FnOnce<()>>::call_once
[INFO] [stdout]   19:     0x581de61cbdeb - test[9d35eded1c95d3be]::__rust_begin_short_backtrace::<core[df12db4294e9bfd3]::result::Result<(), alloc[2182bb758b4b3781]::string::String>, fn() -> core[df12db4294e9bfd3]::result::Result<(), alloc[2182bb758b4b3781]::string::String>>
[INFO] [stdout]   20:     0x581de61d9455 - test[9d35eded1c95d3be]::run_test::{closure#0}
[INFO] [stdout]   21:     0x581de61d2d14 - std[70759c8f55707aa4]::sys::backtrace::__rust_begin_short_backtrace::<test[9d35eded1c95d3be]::run_test::{closure#1}, ()>
[INFO] [stdout]   22:     0x581de61dc5b2 - <std[70759c8f55707aa4]::thread::lifecycle::spawn_unchecked<test[9d35eded1c95d3be]::run_test::{closure#1}, ()>::{closure#1} as core[df12db4294e9bfd3]::ops::function::FnOnce<()>>::call_once::{shim:vtable#0}
[INFO] [stdout]   23:     0x581de6451b29 - <std[70759c8f55707aa4]::sys::thread::unix::Thread>::new::thread_start
[INFO] [stdout]   24:     0x7fefa7a55dfa - <unknown>
[INFO] [stdout]   25:     0x7fefa7ae93d4 - clone
[INFO] [stdout]   26:                0x0 - <unknown>
[INFO] [stdout] 
[INFO] [stdout] 
[INFO] [stdout] failures:
[INFO] [stdout]     e2e::test_rvcr_replay
[INFO] [stdout]     e2e::test_rvcr_replay_search_all
[INFO] [stdout]     e2e::test_rvcr_replay_skip_found
[INFO] [stdout]     modifiers::test_modifier_request
[INFO] [stdout]     modifiers::test_modifier_response
[INFO] [stdout] 
[INFO] [stdout] test result: FAILED. 1 passed; 5 failed; 0 ignored; 0 measured; 0 filtered out; finished in 0.25s
[INFO] [stdout] 
[INFO] [stderr] error: test failed, to rerun pass `--test integration`
[INFO] running `Command { std: "docker" "inspect" "03dc05b87e5e8239c146821ac3eae93aa0212f35f5487a05e5002a66fb0fb5ce", kill_on_drop: false }`
[INFO] running `Command { std: "docker" "rm" "-f" "03dc05b87e5e8239c146821ac3eae93aa0212f35f5487a05e5002a66fb0fb5ce", kill_on_drop: false }`
[INFO] [stdout] 03dc05b87e5e8239c146821ac3eae93aa0212f35f5487a05e5002a66fb0fb5ce
