[INFO] fetching crate rv-maven-model 0.4.1...
[INFO] testing rv-maven-model-0.4.1 against 1.99.0-beta.8+cargoflags=--release for beta-release-1.100-2
[INFO] extracting crate rv-maven-model 0.4.1 into /workspace/builds/worker-5-tc1/source
[INFO] started tweaking crates.io crate rv-maven-model 0.4.1
[INFO] removed 0 missing tests
[INFO] finished tweaking crates.io crate rv-maven-model 0.4.1
[INFO] tweaked toml for crates.io crate rv-maven-model 0.4.1 written to /workspace/builds/worker-5-tc1/source/Cargo.toml
[INFO] validating manifest of crates.io crate rv-maven-model 0.4.1 on toolchain 1.99.0-beta.8
[INFO] running `Command { std: CARGO_HOME="/workspace/cargo-home" RUSTUP_HOME="/workspace/rustup-home" "/workspace/cargo-home/bin/cargo" "+1.99.0-beta.8" "metadata" "--manifest-path" "Cargo.toml" "--no-deps", kill_on_drop: false }`
[INFO] crate crates.io crate rv-maven-model 0.4.1 already has a lockfile, it will not be regenerated
[INFO] running `Command { std: CARGO_HOME="/workspace/cargo-home" RUSTUP_HOME="/workspace/rustup-home" "/workspace/cargo-home/bin/cargo" "+1.99.0-beta.8" "fetch" "--manifest-path" "Cargo.toml", kill_on_drop: false }`
[INFO] running `Command { std: "docker" "create" "-v" "/var/lib/crater-agent-workspace/builds/worker-5-tc1/source:/opt/rustwide/workdir:ro,Z" "-v" "/var/lib/crater-agent-workspace/builds/worker-5-tc1/target:/opt/rustwide/target:rw,Z" "-v" "/var/lib/crater-agent-workspace/cargo-home:/opt/rustwide/cargo-home:ro,Z" "-v" "/var/lib/crater-agent-workspace/rustup-home:/opt/rustwide/rustup-home:ro,Z" "-m" "1610612736" "--network" "none" "ghcr.io/rust-lang/crates-build-env/linux@sha256:77db811e55d90add9212f6832c23229e3de5f1c1f9905e8cb07319ea15df73ac" "sleep" "infinity", kill_on_drop: false }`
[INFO] [stdout] a5f8218d9a5eacc095916baba388b6db9061aaf44817558aaab3dcbfdde9bdb0
[INFO] running `Command { std: "docker" "start" "a5f8218d9a5eacc095916baba388b6db9061aaf44817558aaab3dcbfdde9bdb0", kill_on_drop: false }`
[INFO] running `Command { std: "docker" "inspect" "a5f8218d9a5eacc095916baba388b6db9061aaf44817558aaab3dcbfdde9bdb0", kill_on_drop: false }`
[INFO] running `Command { std: "docker" "exec" "-e" "SOURCE_DIR=/opt/rustwide/workdir" "-e" "CARGO_HOME=/opt/rustwide/cargo-home" "-e" "RUSTUP_HOME=/opt/rustwide/rustup-home" "-e" "CARGO_TARGET_DIR=/opt/rustwide/target" "-w" "/opt/rustwide/workdir" "--user" "0:0" "a5f8218d9a5eacc095916baba388b6db9061aaf44817558aaab3dcbfdde9bdb0" "/opt/rustwide/cargo-home/bin/cargo" "+1.99.0-beta.8" "metadata" "--no-deps" "--format-version=1", kill_on_drop: false }`
[INFO] running `Command { std: "docker" "inspect" "a5f8218d9a5eacc095916baba388b6db9061aaf44817558aaab3dcbfdde9bdb0", kill_on_drop: false }`
[INFO] running `Command { std: "docker" "exec" "-e" "SOURCE_DIR=/opt/rustwide/workdir" "-e" "CARGO_HOME=/opt/rustwide/cargo-home" "-e" "RUSTUP_HOME=/opt/rustwide/rustup-home" "-e" "CARGO_TARGET_DIR=/opt/rustwide/target" "-e" "CARGO_INCREMENTAL=0" "-e" "RUST_BACKTRACE=full" "-e" "RUSTFLAGS=--cap-lints=warn" "-e" "RUSTDOCFLAGS=--cap-lints=warn" "-w" "/opt/rustwide/workdir" "--user" "0:0" "a5f8218d9a5eacc095916baba388b6db9061aaf44817558aaab3dcbfdde9bdb0" "/opt/rustwide/cargo-home/bin/cargo" "+1.99.0-beta.8" "build" "--frozen" "--message-format=json" "--release", kill_on_drop: false }`
[INFO] [stderr]    Compiling strum_macros v0.28.0
[INFO] [stderr]    Compiling thiserror-impl v2.0.18
[INFO] [stderr]    Compiling indexmap v2.14.0
[INFO] [stderr]    Compiling quick-xml v0.41.0
[INFO] [stderr]    Compiling thiserror v2.0.18
[INFO] [stderr]    Compiling strum v0.28.0
[INFO] [stderr]    Compiling rv-maven-model v0.4.1 (/opt/rustwide/workdir)
[INFO] [stderr]     Finished `release` profile [optimized] target(s) in 12.14s
[INFO] running `Command { std: "docker" "inspect" "a5f8218d9a5eacc095916baba388b6db9061aaf44817558aaab3dcbfdde9bdb0", kill_on_drop: false }`
[INFO] running `Command { std: "docker" "exec" "-e" "SOURCE_DIR=/opt/rustwide/workdir" "-e" "CARGO_HOME=/opt/rustwide/cargo-home" "-e" "RUSTUP_HOME=/opt/rustwide/rustup-home" "-e" "CARGO_TARGET_DIR=/opt/rustwide/target" "-e" "CARGO_INCREMENTAL=0" "-e" "RUST_BACKTRACE=full" "-e" "RUSTFLAGS=--cap-lints=warn" "-e" "RUSTDOCFLAGS=--cap-lints=warn" "-w" "/opt/rustwide/workdir" "--user" "0:0" "a5f8218d9a5eacc095916baba388b6db9061aaf44817558aaab3dcbfdde9bdb0" "/opt/rustwide/cargo-home/bin/cargo" "+1.99.0-beta.8" "test" "--frozen" "--no-run" "--message-format=json" "--release", kill_on_drop: false }`
[INFO] [stderr]    Compiling libc v0.2.184
[INFO] [stderr]    Compiling regex-syntax v0.8.10
[INFO] [stderr]    Compiling getrandom v0.4.2
[INFO] [stderr]    Compiling crossbeam-epoch v0.9.21
[INFO] [stderr]    Compiling clap_builder v4.6.0
[INFO] [stderr]    Compiling zerocopy-derive v0.8.48
[INFO] [stderr]    Compiling serde_json v1.0.149
[INFO] [stderr]    Compiling serde v1.0.228
[INFO] [stderr]    Compiling plotters v0.3.7
[INFO] [stderr]    Compiling indexmap v2.14.0
[INFO] [stderr]    Compiling rustix v1.1.4
[INFO] [stderr]    Compiling crossbeam-deque v0.8.6
[INFO] [stderr]    Compiling rayon-core v1.13.0
[INFO] [stderr]    Compiling quick-xml v0.41.0
[INFO] [stderr]    Compiling rayon v1.11.0
[INFO] [stderr]    Compiling zerocopy v0.8.48
[INFO] [stderr]    Compiling regex-automata v0.4.14
[INFO] [stderr]    Compiling parking_lot_core v0.9.12
[INFO] [stderr]    Compiling parking_lot v0.12.5
[INFO] [stderr]    Compiling tinytemplate v1.2.1
[INFO] [stderr]    Compiling is-terminal v0.4.17
[INFO] [stderr]    Compiling temp-env v0.3.6
[INFO] [stderr]    Compiling clap v4.6.0
[INFO] [stderr]    Compiling tempfile v3.27.0
[INFO] [stderr]    Compiling rv-maven-model v0.4.1 (/opt/rustwide/workdir)
[INFO] [stderr]    Compiling regex v1.12.3
[INFO] [stderr]    Compiling half v2.7.1
[INFO] [stderr]    Compiling ciborium-ll v0.2.2
[INFO] [stderr]    Compiling ciborium v0.2.2
[INFO] [stderr]    Compiling criterion v0.5.1
[INFO] [stderr]     Finished `release` profile [optimized] target(s) in 1m 08s
[INFO] running `Command { std: "docker" "inspect" "a5f8218d9a5eacc095916baba388b6db9061aaf44817558aaab3dcbfdde9bdb0", kill_on_drop: false }`
[INFO] running `Command { std: "docker" "exec" "-e" "SOURCE_DIR=/opt/rustwide/workdir" "-e" "CARGO_HOME=/opt/rustwide/cargo-home" "-e" "RUSTUP_HOME=/opt/rustwide/rustup-home" "-e" "CARGO_TARGET_DIR=/opt/rustwide/target" "-e" "CARGO_INCREMENTAL=0" "-e" "RUST_BACKTRACE=full" "-e" "RUSTFLAGS=--cap-lints=warn" "-e" "RUSTDOCFLAGS=--cap-lints=warn" "-w" "/opt/rustwide/workdir" "--user" "0:0" "a5f8218d9a5eacc095916baba388b6db9061aaf44817558aaab3dcbfdde9bdb0" "/opt/rustwide/cargo-home/bin/cargo" "+1.99.0-beta.8" "test" "--frozen" "--release", kill_on_drop: false }`
[INFO] [stderr]     Finished `release` profile [optimized] target(s) in 0.13s
[INFO] [stderr]      Running unittests src/lib.rs (/opt/rustwide/target/release/deps/rv_maven_model-5ffaa12b22ab2c59)
[INFO] [stdout] 
[INFO] [stdout] running 183 tests
[INFO] [stdout] test activation::tests::os_activation_matches_fields ... ok
[INFO] [stdout] test activation::tests::jdk_activation_matches_range ... ok
[INFO] [stdout] test activation::tests::active_by_default_with_failing_condition_does_not_suppress_other_default ... ok
[INFO] [stdout] test activation::tests::jdk_negation_active_when_version_differs ... ok
[INFO] [stdout] test activation::tests::jdk_negation_inactive_when_version_matches ... ok
[INFO] [stdout] test activation::tests::jdk_positive_prefix_still_works ... ok
[INFO] [stdout] test activation::tests::os_family_honours_negation_prefix ... ok
[INFO] [stdout] test activation::tests::os_field_does_not_match_substring ... ok
[INFO] [stdout] test activation::tests::os_field_honours_negation_prefix ... ok
[INFO] [stdout] test activation::tests::active_by_default_alone_activates_profile ... ok
[INFO] [stdout] test activation::tests::os_field_matches_case_insensitive_equality ... ok
[INFO] [stdout] test activation::tests::from_system_ignores_os_version_env_var ... ok
[INFO] [stdout] test activation::tests::jvm_os_arch_matches_openjdk_names ... ok
[INFO] [stdout] test activation::tests::active_by_default_with_matching_condition_suppresses_other_default ... ok
[INFO] [stdout] test activation::tests::jdk_activation_matches_maven_semantics ... ok
[INFO] [stdout] test activation::tests::env_property_activation_requires_allowlist ... ok
[INFO] [stdout] test activation::tests::file_activation_checks_base_dir ... ok
[INFO] [stdout] test activation::tests::linux_x86_64_activates_amd64_profile ... ok
[INFO] [stdout] test dependency::tests::effective_classifier_returns_explicit_classifier ... ok
[INFO] [stdout] test activation::tests::property_activation_supports_negation ... ok
[INFO] [stdout] test activation::tests::property_negated_value_semantics ... ok
[INFO] [stdout] test dependency::tests::parses_dependency_without_optional ... ok
[INFO] [stdout] test activation::tests::property_activation_matches_value ... ok
[INFO] [stdout] test dependency::tests::is_absolute_path_accepts_unix_root_on_unix ... ok
[INFO] [stdout] test activation::tests::property_negated_name_with_value_follows_maven ... ok
[INFO] [stdout] test dependency::tests::parses_optional_property_reference ... ok
[INFO] [stdout] test dependency::tests::parses_dependency ... ok
[INFO] [stdout] test dependency::tests::validate_system_scope_accepts_absolute_posix_path ... ok
[INFO] [stdout] test dependency::tests::parses_optional_false_string ... ok
[INFO] [stdout] test dependency::tests::parses_optional_true_case_insensitive ... ok
[INFO] [stdout] test dependency::tests::validate_system_scope_accepts_absolute_windows_path ... ok
[INFO] [stdout] test dependency::tests::test_jar_type_normalizes_to_jar ... ok
[INFO] [stdout] test dependency::tests::parses_system_scope_with_path ... ok
[INFO] [stdout] test activation::tests::parses_activation ... ok
[INFO] [stdout] test dependency::tests::effective_classifier_returns_none_for_regular_jar ... ok
[INFO] [stdout] test dependency::tests::parses_dependency_type_and_classifier ... ok
[INFO] [stdout] test activation::tests::property_activation_matches_env_namespace ... ok
[INFO] [stdout] test dependency::tests::test_jar_type_with_explicit_classifier ... ok
[INFO] [stdout] test dependency::tests::validate_system_scope_accepts_unc_path ... ok
[INFO] [stdout] test dependency::tests::validate_system_scope_is_noop_for_non_system_dep ... ok
[INFO] [stdout] test dependency::tests::validate_system_scope_accepts_forward_slash_unc_path ... ok
[INFO] [stdout] test inheritance::tests::can_continue_without_parent_returns_true_when_parent_provides_fields ... ok
[INFO] [stdout] test effective::tests::inactive_profile_does_not_add_modules ... ok
[INFO] [stdout] test dependency::tests::validate_system_scope_defers_on_unresolved_property ... ok
[INFO] [stdout] test dependency::tests::validate_system_scope_rejects_blank_path ... ok
[INFO] [stdout] test effective::tests::computes_ci_friendly_gav_and_active_profile_modules ... ok
[INFO] [stdout] test effective::tests::user_property_overrides_profile_property_for_gav ... ok
[INFO] [stdout] test dependency::tests::validate_system_scope_rejects_missing_path ... ok
[INFO] [stdout] test dependency::tests::validate_system_scope_rejects_relative_path ... ok
[INFO] [stdout] test inheritance::tests::can_continue_without_parent_returns_true_for_complete_pom ... ok
[INFO] [stdout] test inheritance::tests::ancestor_profile_repositories_serve_the_next_parent_lookup ... ok
[INFO] [stdout] test inheritance::tests::can_continue_without_parent_returns_false_for_empty_parent_group_id ... ok
[INFO] [stdout] test inheritance::tests::ancestor_repositories_serve_the_next_parent_lookup ... ok
[INFO] [stdout] test effective::tests::child_identity_falls_back_to_interpolated_parent_coordinates ... ok
[INFO] [stdout] test inheritance::tests::child_repositories_override_parent_by_id ... ok
[INFO] [stdout] test inheritance::tests::merge_properties_empty_child_value_resets_parent ... ok
[INFO] [stdout] test inheritance::tests::merge_dependency_management_preserves_different_classifiers ... ok
[INFO] [stdout] test inheritance::tests::missing_parent_continues_gracefully_in_non_strict_mode ... ok
[INFO] [stdout] test pom::tests::ignores_padded_ids_in_plugin_configuration ... ok
[INFO] [stdout] test inheritance::tests::unflattened_revision_parent_matches_interpolated_request ... ok
[INFO] [stdout] test pom::tests::interior_control_character_error_names_element_path ... ok
[INFO] [stdout] test pom::tests::parses_build_resources ... ok
[INFO] [stdout] test inheritance::tests::merges_parent_fields ... ok
[INFO] [stdout] test inheritance::tests::inherits_and_dedupes_parent_repositories ... ok
[INFO] [stdout] test inheritance::tests::merge_properties_inherits_when_child_missing_key ... ok
[INFO] [stdout] test pom::tests::parses_distribution_management_relocation ... ok
[INFO] [stdout] test inheritance::tests::mismatched_parent_coord_is_rejected ... ok
[INFO] [stdout] test pom::tests::parses_parent ... ok
[INFO] [stdout] test inheritance::tests::missing_parent_fails_in_strict_mode ... ok
[INFO] [stdout] test pom::tests::parses_namespaced_pom ... ok
[INFO] [stdout] test inheritance::tests::missing_parent_still_fails_if_child_cannot_stand_alone ... ok
[INFO] [stdout] test pom::tests::parses_pom_with_utf8_bom ... ok
[INFO] [stdout] test pom::tests::parses_basic_pom ... ok
[INFO] [stdout] test inheritance::tests::missing_parent_uses_parent_declaration_for_missing_fields ... ok
[INFO] [stdout] test pom::tests::rejects_doctype_variants ... ok
[INFO] [stdout] test pom::tests::resource_filtering_defaults_to_false ... ok
[INFO] [stdout] test pom::tests::trims_whitespace_around_coordinates ... ok
[INFO] [stdout] test inheritance::tests::parent_chain_limit_is_the_shared_boundary ... ok
[INFO] [stdout] test project::bom::tests::build_imported_properties_is_first_wins ... ok
[INFO] [stdout] test project::dep_management::tests::managed_exclusions_union_with_dep_exclusions ... ok
[INFO] [stdout] test profile::tests::parses_profile_without_id ... ok
[INFO] [stdout] test project::dep_management::tests::declared_scope_wins_over_managed_scope ... ok
[INFO] [stdout] test pom::tests::rejects_nul_byte_in_group_id ... ok
[INFO] [stdout] test pom::tests::rejects_tab_in_version ... ok
[INFO] [stdout] test inheritance::tests::parent_inheriting_from_grandparent_is_accepted ... ok
[INFO] [stdout] test project::bom::tests::sibling_bom_property_does_not_resolve_other_import_coordinate ... ok
[INFO] [stdout] test project::dep_management::tests::managed_exclusions_populate_when_dep_has_none ... ok
[INFO] [stdout] test project::bom::tests::mismatched_bom_coord_is_rejected ... ok
[INFO] [stdout] test inheritance::tests::interpolated_profile_repositories_serve_child_and_ancestor_parent_lookup ... ok
[INFO] [stdout] test project::dep_management::tests::managed_version_does_not_override_declared_version ... ok
[INFO] [stdout] test project::dep_management::tests::managed_scope_absent_preserves_declared_scope ... ok
[INFO] [stdout] test project::dep_management::tests::managed_scope_fills_in_when_concrete_has_none ... ok
[INFO] [stdout] test project::bom::tests::deep_bom_chain_is_rejected ... ok
[INFO] [stdout] test project::tests::active_by_default_only_when_no_other_profiles_active ... ok
[INFO] [stdout] test project::tests::active_by_default_suppression_is_scoped_per_pom ... ok
[INFO] [stdout] test project::tests::bom_import_cycle_respects_classifier ... ok
[INFO] [stdout] test profile::tests::parses_profile ... ok
[INFO] [stdout] test project::tests::empty_group_id_after_interpolation_is_rejected ... ok
[INFO] [stdout] test project::tests::active_by_default_profile_repositories_serve_parent_fetch ... ok
[INFO] [stdout] test project::tests::child_bom_overrides_coordinates_from_inherited_bom ... ok
[INFO] [stdout] test project::tests::bom_import_first_wins ... ok
[INFO] [stdout] test project::tests::apply_managed_dependency_exclusion_precedence ... ok
[INFO] [stdout] test project::tests::bom_properties_do_not_leak_into_importer ... FAILED
[INFO] [stdout] test pom::tests::parses_build_test_resources ... ok
[INFO] [stdout] test project::tests::bom_import_defaults_type_pom ... FAILED
[INFO] [stdout] test project::tests::bom_import_with_parent_version_property ... ok
[INFO] [stdout] test project::tests::bom_parent_properties_resolve_managed_dependency_versions ... ok
[INFO] [stdout] test project::tests::bom_profiles_do_not_leak_into_importer ... FAILED
[INFO] [stdout] test project::tests::bom_import_merges_versions ... FAILED
[INFO] [stdout] test project::tests::bom_import_cycle_detected ... ok
[INFO] [stdout] test project::tests::explicit_profile_activation_overrides_conditions ... ok
[INFO] [stdout] test project::tests::inactive_profile_repositories_do_not_serve_parent_fetch ... ok
[INFO] [stdout] test project::tests::empty_version_after_interpolation_is_rejected ... ok
[INFO] [stdout] test project::tests::dependency_management_preserves_declaration_order ... ok
[INFO] [stdout] test project::tests::import_coordinate_resolves_from_importer_own_properties ... ok
[INFO] [stdout] test project::tests::local_dependency_management_overrides_bom ... FAILED
[INFO] [stdout] test project::tests::managed_dependencies_first_declaration_wins ... ok
[INFO] [stdout] test project::tests::managed_scope_applies_when_missing ... ok
[INFO] [stdout] test project::tests::managed_type_applies_when_missing ... ok
[INFO] [stdout] test project::tests::explicit_profile_deactivation_overrides_active_by_default ... ok
[INFO] [stdout] test project::tests::inactive_profile_system_dependency_without_system_path_is_ignored ... ok
[INFO] [stdout] test project::tests::explicitly_activated_profile_repositories_serve_parent_fetch ... ok
[INFO] [stdout] test project::tests::managed_exclusions_merge ... ok
[INFO] [stdout] test project::tests::filters_dependencies_by_scope ... ok
[INFO] [stdout] test project::tests::managed_optional_is_not_applied ... ok
[INFO] [stdout] test project::tests::parent_profile_modules_are_not_inherited_into_child_aggregation ... ok
[INFO] [stdout] test project::tests::observe_project_repositories_runs_before_parent_fetch ... ok
[INFO] [stdout] test project::tests::managed_versions_match_classifier_and_type ... ok
[INFO] [stdout] test project::tests::sibling_bom_property_does_not_resolve_import_coordinate ... ok
[INFO] [stdout] test project::tests::system_dependency_takes_system_path_from_management ... ok
[INFO] [stdout] test properties::tests::allowlist_overwrite_in_tests_takes_effect ... ok
[INFO] [stdout] test properties::tests::bare_coordinate_shorthand_resolves_to_project_field ... ok
[INFO] [stdout] test project::tests::whitespace_in_group_id_matches_managed_dependency ... ok
[INFO] [stdout] test project::tests::parent_version_property_interpolated_before_resolution ... ok
[INFO] [stdout] test project::tests::merges_profile_dependencies_when_active ... ok
[INFO] [stdout] test properties::tests::detects_cycles ... ok
[INFO] [stdout] test project::tests::pom_properties_do_not_drive_property_activation ... ok
[INFO] [stdout] test properties::tests::env_substitution_with_allowlist_resolves ... ok
[INFO] [stdout] test project::tests::profile_dependencies_take_base_management_before_their_own ... ok
[INFO] [stdout] test project::tests::project_prerequisites_maven_interpolates_dependency_versions ... ok
[INFO] [stdout] test properties::tests::env_substitution_without_allowlist_is_blocked ... ok
[INFO] [stdout] test properties::tests::find_matching_brace_nested ... ok
[INFO] [stdout] test properties::tests::interpolates_deeply_nested_properties ... ok
[INFO] [stdout] test properties::tests::interpolates_env_properties ... ok
[INFO] [stdout] test properties::tests::interpolates_java_sysprops ... ok
[INFO] [stdout] test properties::tests::interpolates_basedir_and_build_properties ... ok
[INFO] [stdout] test properties::tests::interpolates_project_properties ... ok
[INFO] [stdout] test properties::tests::interpolates_custom_properties ... ok
[INFO] [stdout] test properties::tests::interpolates_nested_properties ... ok
[INFO] [stdout] test project::tests::resolves_properties_and_managed_versions ... ok
[INFO] [stdout] test properties::tests::interpolates_parent_properties ... ok
[INFO] [stdout] test project::tests::orders_child_dependencies_before_inherited_ones ... ok
[INFO] [stdout] test properties::tests::resolves_bare_groupid_version_shorthands ... ok
[INFO] [stdout] test project::tests::sibling_bom_parent_chain_property_does_not_resolve_import_coordinate ... ok
[INFO] [stdout] test project::tests::merges_profile_dependency_management_when_active ... ok
[INFO] [stdout] test properties::tests::interpolates_settings_local_repository ... ok
[INFO] [stdout] test properties::tests::maven_os_name_maps_known_platforms ... ok
[INFO] [stdout] test properties::tests::pom_aliases_project_properties ... ok
[INFO] [stdout] test properties::tests::find_matching_brace_simple ... ok
[INFO] [stdout] test repository::tests::omitted_snapshot_policy_defaults_to_enabled ... ok
[INFO] [stdout] test properties::tests::interpolate_without_project ... ok
[INFO] [stdout] test properties::tests::reset_helper_restores_fail_closed_default ... ok
[INFO] [stdout] test properties::tests::resolves_os_detected_properties ... ok
[INFO] [stdout] test properties::tests::rejects_excessive_interpolation_depth ... ok
[INFO] [stdout] test scope::tests::scope_deserialize_optional_as_compile ... ok
[INFO] [stdout] test properties::tests::unresolved_property_kept ... ok
[INFO] [stdout] test scope::tests::scope_transitive_from ... ok
[INFO] [stdout] test scope::tests::scope_transitive_from_matrix_matches_maven ... ok
[INFO] [stdout] test scope::tests::scope_transitive_from_maven_compat ... ok
[INFO] [stdout] test scope::tests::unknown_scope_warns_only_once_per_value ... ok
[INFO] [stdout] test properties::tests::sysprops_include_expected_keys ... ok
[INFO] [stdout] test scope::tests::scope_deserialize_unknown_as_compile ... ok
[INFO] [stdout] test properties::tests::sensitive_sysprops_are_not_interpolated ... ok
[INFO] [stdout] test scope::tests::scope_deserialize_valid_values ... ok
[INFO] [stdout] test scope::tests::scope_invalid_strict_parse_errors_but_lenient_parse_defaults ... ok
[INFO] [stdout] test project::tests::parent_declared_repositories_are_observed_before_bom_import ... ok
[INFO] [stdout] test project::tests::observe_project_repositories_skipped_when_empty ... ok
[INFO] [stdout] test project::tests::repository_provenance_survives_inheritance_without_trusting_remote_parents ... ok
[INFO] [stdout] test scope::tests::scope_parse_and_display ... ok
[INFO] [stdout] test scope::tests::scope_is_transitive ... ok
[INFO] [stdout] test scope::tests::scope_default_compile ... ok
[INFO] [stdout] test repository::tests::parses_repository ... ok
[INFO] [stdout] test pom::tests::parse_rejects_excessive_properties ... ok
[INFO] [stdout] 
[INFO] [stdout] failures:
[INFO] [stdout] 
[INFO] [stdout] ---- project::tests::bom_properties_do_not_leak_into_importer stdout ----
[INFO] [stdout] 
[INFO] [stderr] error: test failed, to rerun pass `--lib`
[INFO] [stdout] thread 'project::tests::bom_properties_do_not_leak_into_importer' (1092) panicked at src/project/tests.rs:121:45:
[INFO] [stdout] called `Result::unwrap()` on an `Err` value: Os { code: 2, kind: NotFound, message: "No such file or directory" }
[INFO] [stdout] stack backtrace:
[INFO] [stdout]    0:     0x5da5e9685341 - <<std[70759c8f55707aa4]::sys::backtrace::BacktraceLock>::print::DisplayBacktrace as core[df12db4294e9bfd3]::fmt::Display>::fmt
[INFO] [stdout]    1:     0x5da5e969b02a - core[df12db4294e9bfd3]::fmt::write
[INFO] [stdout]    2:     0x5da5e9689a3c - <alloc[2182bb758b4b3781]::vec::Vec<u8> as core[df12db4294e9bfd3]::io::write::Write>::write_fmt
[INFO] [stdout]    3:     0x5da5e965faa6 - std[70759c8f55707aa4]::panicking::default_hook::{closure#0}
[INFO] [stdout]    4:     0x5da5e967cb49 - std[70759c8f55707aa4]::panicking::default_hook
[INFO] [stdout]    5:     0x5da5e96172d0 - test[9d35eded1c95d3be]::test_main_inner::<test[9d35eded1c95d3be]::test_main_static::{closure#0}>::{closure#0}
[INFO] [stdout]    6:     0x5da5e967cd02 - std[70759c8f55707aa4]::panicking::panic_with_hook
[INFO] [stdout]    7:     0x5da5e965fb52 - std[70759c8f55707aa4]::panicking::panic_handler::{closure#0}
[INFO] [stdout]    8:     0x5da5e9658499 - std[70759c8f55707aa4]::sys::backtrace::__rust_end_short_backtrace::<std[70759c8f55707aa4]::panicking::panic_handler::{closure#0}, !>
[INFO] [stdout]    9:     0x5da5e966096d - __rustc[8fa7c3cbc660c2b3]::rust_begin_unwind
[INFO] [stdout]   10:     0x5da5e969b78c - core[df12db4294e9bfd3]::panicking::panic_fmt
[INFO] [stdout]   11:     0x5da5e969b562 - core[df12db4294e9bfd3]::result::unwrap_failed
[INFO] [stdout]   12:     0x5da5e95bfde6 - rv_maven_model[e2bb006963ea1495]::project::tests::load_fixture
[INFO] [stdout]   13:     0x5da5e95c8f3e - rv_maven_model[e2bb006963ea1495]::project::tests::bom_properties_do_not_leak_into_importer
[INFO] [stdout]   14:     0x5da5e95759f9 - <rv_maven_model[e2bb006963ea1495]::project::tests::bom_properties_do_not_leak_into_importer::{closure#0} as core[df12db4294e9bfd3]::ops::function::FnOnce<()>>::call_once
[INFO] [stdout]   15:     0x5da5e960a5bb - test[9d35eded1c95d3be]::__rust_begin_short_backtrace::<core[df12db4294e9bfd3]::result::Result<(), alloc[2182bb758b4b3781]::string::String>, fn() -> core[df12db4294e9bfd3]::result::Result<(), alloc[2182bb758b4b3781]::string::String>>
[INFO] [stdout]   16:     0x5da5e9617c25 - test[9d35eded1c95d3be]::run_test::{closure#0}
[INFO] [stdout]   17:     0x5da5e96114e4 - std[70759c8f55707aa4]::sys::backtrace::__rust_begin_short_backtrace::<test[9d35eded1c95d3be]::run_test::{closure#1}, ()>
[INFO] [stdout]   18:     0x5da5e961ad82 - <std[70759c8f55707aa4]::thread::lifecycle::spawn_unchecked<test[9d35eded1c95d3be]::run_test::{closure#1}, ()>::{closure#1} as core[df12db4294e9bfd3]::ops::function::FnOnce<()>>::call_once::{shim:vtable#0}
[INFO] [stdout]   19:     0x5da5e9684689 - <std[70759c8f55707aa4]::sys::thread::unix::Thread>::new::thread_start
[INFO] [stdout]   20:     0x7029afde2dfa - <unknown>
[INFO] [stdout]   21:     0x7029afe763d4 - clone
[INFO] [stdout]   22:                0x0 - <unknown>
[INFO] [stdout] 
[INFO] [stdout] ---- project::tests::bom_import_defaults_type_pom stdout ----
[INFO] [stdout] 
[INFO] [stdout] thread 'project::tests::bom_import_defaults_type_pom' (1086) panicked at src/project/tests.rs:121:45:
[INFO] [stdout] called `Result::unwrap()` on an `Err` value: Os { code: 2, kind: NotFound, message: "No such file or directory" }
[INFO] [stdout] stack backtrace:
[INFO] [stdout]    0:     0x5da5e9685341 - <<std[70759c8f55707aa4]::sys::backtrace::BacktraceLock>::print::DisplayBacktrace as core[df12db4294e9bfd3]::fmt::Display>::fmt
[INFO] [stdout]    1:     0x5da5e969b02a - core[df12db4294e9bfd3]::fmt::write
[INFO] [stdout]    2:     0x5da5e9689a3c - <alloc[2182bb758b4b3781]::vec::Vec<u8> as core[df12db4294e9bfd3]::io::write::Write>::write_fmt
[INFO] [stdout]    3:     0x5da5e965faa6 - std[70759c8f55707aa4]::panicking::default_hook::{closure#0}
[INFO] [stdout]    4:     0x5da5e967cb49 - std[70759c8f55707aa4]::panicking::default_hook
[INFO] [stdout]    5:     0x5da5e96172d0 - test[9d35eded1c95d3be]::test_main_inner::<test[9d35eded1c95d3be]::test_main_static::{closure#0}>::{closure#0}
[INFO] [stdout]    6:     0x5da5e967cd02 - std[70759c8f55707aa4]::panicking::panic_with_hook
[INFO] [stdout]    7:     0x5da5e965fb52 - std[70759c8f55707aa4]::panicking::panic_handler::{closure#0}
[INFO] [stdout]    8:     0x5da5e9658499 - std[70759c8f55707aa4]::sys::backtrace::__rust_end_short_backtrace::<std[70759c8f55707aa4]::panicking::panic_handler::{closure#0}, !>
[INFO] [stdout]    9:     0x5da5e966096d - __rustc[8fa7c3cbc660c2b3]::rust_begin_unwind
[INFO] [stdout]   10:     0x5da5e969b78c - core[df12db4294e9bfd3]::panicking::panic_fmt
[INFO] [stdout]   11:     0x5da5e969b562 - core[df12db4294e9bfd3]::result::unwrap_failed
[INFO] [stdout]   12:     0x5da5e95bfde6 - rv_maven_model[e2bb006963ea1495]::project::tests::load_fixture
[INFO] [stdout]   13:     0x5da5e95c3c1c - rv_maven_model[e2bb006963ea1495]::project::tests::bom_import_defaults_type_pom
[INFO] [stdout]   14:     0x5da5e95758d9 - <rv_maven_model[e2bb006963ea1495]::project::tests::bom_import_defaults_type_pom::{closure#0} as core[df12db4294e9bfd3]::ops::function::FnOnce<()>>::call_once
[INFO] [stdout]   15:     0x5da5e960a5bb - test[9d35eded1c95d3be]::__rust_begin_short_backtrace::<core[df12db4294e9bfd3]::result::Result<(), alloc[2182bb758b4b3781]::string::String>, fn() -> core[df12db4294e9bfd3]::result::Result<(), alloc[2182bb758b4b3781]::string::String>>
[INFO] [stdout]   16:     0x5da5e9617c25 - test[9d35eded1c95d3be]::run_test::{closure#0}
[INFO] [stdout]   17:     0x5da5e96114e4 - std[70759c8f55707aa4]::sys::backtrace::__rust_begin_short_backtrace::<test[9d35eded1c95d3be]::run_test::{closure#1}, ()>
[INFO] [stdout]   18:     0x5da5e961ad82 - <std[70759c8f55707aa4]::thread::lifecycle::spawn_unchecked<test[9d35eded1c95d3be]::run_test::{closure#1}, ()>::{closure#1} as core[df12db4294e9bfd3]::ops::function::FnOnce<()>>::call_once::{shim:vtable#0}
[INFO] [stdout]   19:     0x5da5e9684689 - <std[70759c8f55707aa4]::sys::thread::unix::Thread>::new::thread_start
[INFO] [stdout]   20:     0x7029afde2dfa - <unknown>
[INFO] [stdout]   21:     0x7029afe763d4 - clone
[INFO] [stdout]   22:                0x0 - <unknown>
[INFO] [stdout] 
[INFO] [stdout] ---- project::tests::bom_profiles_do_not_leak_into_importer stdout ----
[INFO] [stdout] 
[INFO] [stdout] thread 'project::tests::bom_profiles_do_not_leak_into_importer' (1091) panicked at src/project/tests.rs:121:45:
[INFO] [stdout] called `Result::unwrap()` on an `Err` value: Os { code: 2, kind: NotFound, message: "No such file or directory" }
[INFO] [stdout] stack backtrace:
[INFO] [stdout]    0:     0x5da5e9685341 - <<std[70759c8f55707aa4]::sys::backtrace::BacktraceLock>::print::DisplayBacktrace as core[df12db4294e9bfd3]::fmt::Display>::fmt
[INFO] [stdout]    1:     0x5da5e969b02a - core[df12db4294e9bfd3]::fmt::write
[INFO] [stdout]    2:     0x5da5e9689a3c - <alloc[2182bb758b4b3781]::vec::Vec<u8> as core[df12db4294e9bfd3]::io::write::Write>::write_fmt
[INFO] [stdout]    3:     0x5da5e965faa6 - std[70759c8f55707aa4]::panicking::default_hook::{closure#0}
[INFO] [stdout]    4:     0x5da5e967cb49 - std[70759c8f55707aa4]::panicking::default_hook
[INFO] [stdout]    5:     0x5da5e96172d0 - test[9d35eded1c95d3be]::test_main_inner::<test[9d35eded1c95d3be]::test_main_static::{closure#0}>::{closure#0}
[INFO] [stdout]    6:     0x5da5e967cd02 - std[70759c8f55707aa4]::panicking::panic_with_hook
[INFO] [stdout]    7:     0x5da5e965fb52 - std[70759c8f55707aa4]::panicking::panic_handler::{closure#0}
[INFO] [stdout]    8:     0x5da5e9658499 - std[70759c8f55707aa4]::sys::backtrace::__rust_end_short_backtrace::<std[70759c8f55707aa4]::panicking::panic_handler::{closure#0}, !>
[INFO] [stdout]    9:     0x5da5e966096d - __rustc[8fa7c3cbc660c2b3]::rust_begin_unwind
[INFO] [stdout]   10:     0x5da5e969b78c - core[df12db4294e9bfd3]::panicking::panic_fmt
[INFO] [stdout]   11:     0x5da5e969b562 - core[df12db4294e9bfd3]::result::unwrap_failed
[INFO] [stdout]   12:     0x5da5e95bfde6 - rv_maven_model[e2bb006963ea1495]::project::tests::load_fixture
[INFO] [stdout]   13:     0x5da5e95c772e - rv_maven_model[e2bb006963ea1495]::project::tests::bom_profiles_do_not_leak_into_importer
[INFO] [stdout]   14:     0x5da5e9575999 - <rv_maven_model[e2bb006963ea1495]::project::tests::bom_profiles_do_not_leak_into_importer::{closure#0} as core[df12db4294e9bfd3]::ops::function::FnOnce<()>>::call_once
[INFO] [stdout]   15:     0x5da5e960a5bb - test[9d35eded1c95d3be]::__rust_begin_short_backtrace::<core[df12db4294e9bfd3]::result::Result<(), alloc[2182bb758b4b3781]::string::String>, fn() -> core[df12db4294e9bfd3]::result::Result<(), alloc[2182bb758b4b3781]::string::String>>
[INFO] [stdout]   16:     0x5da5e9617c25 - test[9d35eded1c95d3be]::run_test::{closure#0}
[INFO] [stdout]   17:     0x5da5e96114e4 - std[70759c8f55707aa4]::sys::backtrace::__rust_begin_short_backtrace::<test[9d35eded1c95d3be]::run_test::{closure#1}, ()>
[INFO] [stdout]   18:     0x5da5e961ad82 - <std[70759c8f55707aa4]::thread::lifecycle::spawn_unchecked<test[9d35eded1c95d3be]::run_test::{closure#1}, ()>::{closure#1} as core[df12db4294e9bfd3]::ops::function::FnOnce<()>>::call_once::{shim:vtable#0}
[INFO] [stdout]   19:     0x5da5e9684689 - <std[70759c8f55707aa4]::sys::thread::unix::Thread>::new::thread_start
[INFO] [stdout]   20:     0x7029afde2dfa - <unknown>
[INFO] [stdout]   21:     0x7029afe763d4 - clone
[INFO] [stdout]   22:                0x0 - <unknown>
[INFO] [stdout] 
[INFO] [stdout] ---- project::tests::bom_import_merges_versions stdout ----
[INFO] [stdout] 
[INFO] [stdout] thread 'project::tests::bom_import_merges_versions' (1088) panicked at src/project/tests.rs:121:45:
[INFO] [stdout] called `Result::unwrap()` on an `Err` value: Os { code: 2, kind: NotFound, message: "No such file or directory" }
[INFO] [stdout] stack backtrace:
[INFO] [stdout]    0:     0x5da5e9685341 - <<std[70759c8f55707aa4]::sys::backtrace::BacktraceLock>::print::DisplayBacktrace as core[df12db4294e9bfd3]::fmt::Display>::fmt
[INFO] [stdout]    1:     0x5da5e969b02a - core[df12db4294e9bfd3]::fmt::write
[INFO] [stdout]    2:     0x5da5e9689a3c - <alloc[2182bb758b4b3781]::vec::Vec<u8> as core[df12db4294e9bfd3]::io::write::Write>::write_fmt
[INFO] [stdout]    3:     0x5da5e965faa6 - std[70759c8f55707aa4]::panicking::default_hook::{closure#0}
[INFO] [stdout]    4:     0x5da5e967cb49 - std[70759c8f55707aa4]::panicking::default_hook
[INFO] [stdout]    5:     0x5da5e96172d0 - test[9d35eded1c95d3be]::test_main_inner::<test[9d35eded1c95d3be]::test_main_static::{closure#0}>::{closure#0}
[INFO] [stdout]    6:     0x5da5e967cd02 - std[70759c8f55707aa4]::panicking::panic_with_hook
[INFO] [stdout]    7:     0x5da5e965fb52 - std[70759c8f55707aa4]::panicking::panic_handler::{closure#0}
[INFO] [stdout]    8:     0x5da5e9658499 - std[70759c8f55707aa4]::sys::backtrace::__rust_end_short_backtrace::<std[70759c8f55707aa4]::panicking::panic_handler::{closure#0}, !>
[INFO] [stdout]    9:     0x5da5e966096d - __rustc[8fa7c3cbc660c2b3]::rust_begin_unwind
[INFO] [stdout]   10:     0x5da5e969b78c - core[df12db4294e9bfd3]::panicking::panic_fmt
[INFO] [stdout]   11:     0x5da5e969b562 - core[df12db4294e9bfd3]::result::unwrap_failed
[INFO] [stdout]   12:     0x5da5e95bfde6 - rv_maven_model[e2bb006963ea1495]::project::tests::load_fixture
[INFO] [stdout]   13:     0x5da5e95c35cc - rv_maven_model[e2bb006963ea1495]::project::tests::bom_import_merges_versions
[INFO] [stdout]   14:     0x5da5e95758b9 - <rv_maven_model[e2bb006963ea1495]::project::tests::bom_import_merges_versions::{closure#0} as core[df12db4294e9bfd3]::ops::function::FnOnce<()>>::call_once
[INFO] [stdout]   15:     0x5da5e960a5bb - test[9d35eded1c95d3be]::__rust_begin_short_backtrace::<core[df12db4294e9bfd3]::result::Result<(), alloc[2182bb758b4b3781]::string::String>, fn() -> core[df12db4294e9bfd3]::result::Result<(), alloc[2182bb758b4b3781]::string::String>>
[INFO] [stdout]   16:     0x5da5e9617c25 - test[9d35eded1c95d3be]::run_test::{closure#0}
[INFO] [stdout]   17:     0x5da5e96114e4 - std[70759c8f55707aa4]::sys::backtrace::__rust_begin_short_backtrace::<test[9d35eded1c95d3be]::run_test::{closure#1}, ()>
[INFO] [stdout]   18:     0x5da5e961ad82 - <std[70759c8f55707aa4]::thread::lifecycle::spawn_unchecked<test[9d35eded1c95d3be]::run_test::{closure#1}, ()>::{closure#1} as core[df12db4294e9bfd3]::ops::function::FnOnce<()>>::call_once::{shim:vtable#0}
[INFO] [stdout]   19:     0x5da5e9684689 - <std[70759c8f55707aa4]::sys::thread::unix::Thread>::new::thread_start
[INFO] [stdout]   20:     0x7029afde2dfa - <unknown>
[INFO] [stdout]   21:     0x7029afe763d4 - clone
[INFO] [stdout]   22:                0x0 - <unknown>
[INFO] [stdout] 
[INFO] [stdout] ---- project::tests::local_dependency_management_overrides_bom stdout ----
[INFO] [stdout] 
[INFO] [stdout] thread 'project::tests::local_dependency_management_overrides_bom' (1104) panicked at src/project/tests.rs:121:45:
[INFO] [stdout] called `Result::unwrap()` on an `Err` value: Os { code: 2, kind: NotFound, message: "No such file or directory" }
[INFO] [stdout] stack backtrace:
[INFO] [stdout]    0:     0x5da5e9685341 - <<std[70759c8f55707aa4]::sys::backtrace::BacktraceLock>::print::DisplayBacktrace as core[df12db4294e9bfd3]::fmt::Display>::fmt
[INFO] [stdout]    1:     0x5da5e969b02a - core[df12db4294e9bfd3]::fmt::write
[INFO] [stdout]    2:     0x5da5e9689a3c - <alloc[2182bb758b4b3781]::vec::Vec<u8> as core[df12db4294e9bfd3]::io::write::Write>::write_fmt
[INFO] [stdout]    3:     0x5da5e965faa6 - std[70759c8f55707aa4]::panicking::default_hook::{closure#0}
[INFO] [stdout]    4:     0x5da5e967cb49 - std[70759c8f55707aa4]::panicking::default_hook
[INFO] [stdout]    5:     0x5da5e96172d0 - test[9d35eded1c95d3be]::test_main_inner::<test[9d35eded1c95d3be]::test_main_static::{closure#0}>::{closure#0}
[INFO] [stdout]    6:     0x5da5e967cd02 - std[70759c8f55707aa4]::panicking::panic_with_hook
[INFO] [stdout]    7:     0x5da5e965fb52 - std[70759c8f55707aa4]::panicking::panic_handler::{closure#0}
[INFO] [stdout]    8:     0x5da5e9658499 - std[70759c8f55707aa4]::sys::backtrace::__rust_end_short_backtrace::<std[70759c8f55707aa4]::panicking::panic_handler::{closure#0}, !>
[INFO] [stdout]    9:     0x5da5e966096d - __rustc[8fa7c3cbc660c2b3]::rust_begin_unwind
[INFO] [stdout]   10:     0x5da5e969b78c - core[df12db4294e9bfd3]::panicking::panic_fmt
[INFO] [stdout]   11:     0x5da5e969b562 - core[df12db4294e9bfd3]::result::unwrap_failed
[INFO] [stdout]   12:     0x5da5e95bfde6 - rv_maven_model[e2bb006963ea1495]::project::tests::load_fixture
[INFO] [stdout]   13:     0x5da5e95cab6c - rv_maven_model[e2bb006963ea1495]::project::tests::local_dependency_management_overrides_bom
[INFO] [stdout]   14:     0x5da5e9575a39 - <rv_maven_model[e2bb006963ea1495]::project::tests::local_dependency_management_overrides_bom::{closure#0} as core[df12db4294e9bfd3]::ops::function::FnOnce<()>>::call_once
[INFO] [stdout]   15:     0x5da5e960a5bb - test[9d35eded1c95d3be]::__rust_begin_short_backtrace::<core[df12db4294e9bfd3]::result::Result<(), alloc[2182bb758b4b3781]::string::String>, fn() -> core[df12db4294e9bfd3]::result::Result<(), alloc[2182bb758b4b3781]::string::String>>
[INFO] [stdout]   16:     0x5da5e9617c25 - test[9d35eded1c95d3be]::run_test::{closure#0}
[INFO] [stdout]   17:     0x5da5e96114e4 - std[70759c8f55707aa4]::sys::backtrace::__rust_begin_short_backtrace::<test[9d35eded1c95d3be]::run_test::{closure#1}, ()>
[INFO] [stdout]   18:     0x5da5e961ad82 - <std[70759c8f55707aa4]::thread::lifecycle::spawn_unchecked<test[9d35eded1c95d3be]::run_test::{closure#1}, ()>::{closure#1} as core[df12db4294e9bfd3]::ops::function::FnOnce<()>>::call_once::{shim:vtable#0}
[INFO] [stdout]   19:     0x5da5e9684689 - <std[70759c8f55707aa4]::sys::thread::unix::Thread>::new::thread_start
[INFO] [stdout]   20:     0x7029afde2dfa - <unknown>
[INFO] [stdout]   21:     0x7029afe763d4 - clone
[INFO] [stdout]   22:                0x0 - <unknown>
[INFO] [stdout] 
[INFO] [stdout] 
[INFO] [stdout] failures:
[INFO] [stdout]     project::tests::bom_import_defaults_type_pom
[INFO] [stdout]     project::tests::bom_import_merges_versions
[INFO] [stdout]     project::tests::bom_profiles_do_not_leak_into_importer
[INFO] [stdout]     project::tests::bom_properties_do_not_leak_into_importer
[INFO] [stdout]     project::tests::local_dependency_management_overrides_bom
[INFO] [stdout] 
[INFO] [stdout] test result: FAILED. 178 passed; 5 failed; 0 ignored; 0 measured; 0 filtered out; finished in 0.06s
[INFO] [stdout] 
[INFO] running `Command { std: "docker" "inspect" "a5f8218d9a5eacc095916baba388b6db9061aaf44817558aaab3dcbfdde9bdb0", kill_on_drop: false }`
[INFO] running `Command { std: "docker" "rm" "-f" "a5f8218d9a5eacc095916baba388b6db9061aaf44817558aaab3dcbfdde9bdb0", kill_on_drop: false }`
[INFO] [stdout] a5f8218d9a5eacc095916baba388b6db9061aaf44817558aaab3dcbfdde9bdb0
