[INFO] fetching crate ruxen 0.1.3...
[INFO] testing ruxen-0.1.3 against 1.99.0-beta.8+cargoflags=--release for beta-release-1.100-2
[INFO] extracting crate ruxen 0.1.3 into /workspace/builds/worker-7-tc1/source
[INFO] started tweaking crates.io crate ruxen 0.1.3
[INFO] finished tweaking crates.io crate ruxen 0.1.3
[INFO] tweaked toml for crates.io crate ruxen 0.1.3 written to /workspace/builds/worker-7-tc1/source/Cargo.toml
[INFO] validating manifest of crates.io crate ruxen 0.1.3 on toolchain 1.99.0-beta.8
[INFO] running `Command { std: CARGO_HOME="/workspace/cargo-home" RUSTUP_HOME="/workspace/rustup-home" "/workspace/cargo-home/bin/cargo" "+1.99.0-beta.8" "metadata" "--manifest-path" "Cargo.toml" "--no-deps", kill_on_drop: false }`
[INFO] crate crates.io crate ruxen 0.1.3 already has a lockfile, it will not be regenerated
[INFO] running `Command { std: CARGO_HOME="/workspace/cargo-home" RUSTUP_HOME="/workspace/rustup-home" "/workspace/cargo-home/bin/cargo" "+1.99.0-beta.8" "fetch" "--manifest-path" "Cargo.toml", kill_on_drop: false }`
[INFO] [stderr]     Updating crates.io index
[INFO] [stderr]  Downloading crates ...
[INFO] [stderr]   Downloaded monoio-macros v0.1.0
[INFO] [stderr]   Downloaded auto-const-array v0.2.2
[INFO] [stderr]   Downloaded monoio v0.2.4
[INFO] [stderr]   Downloaded io-uring v0.6.4
[INFO] [stderr]   Downloaded rcgen v0.14.7
[INFO] [stderr]   Downloaded asn1-rs v0.7.1
[INFO] running `Command { std: "docker" "create" "-v" "/var/lib/crater-agent-workspace/builds/worker-7-tc1/source:/opt/rustwide/workdir:ro,Z" "-v" "/var/lib/crater-agent-workspace/builds/worker-7-tc1/target:/opt/rustwide/target:rw,Z" "-v" "/var/lib/crater-agent-workspace/cargo-home:/opt/rustwide/cargo-home:ro,Z" "-v" "/var/lib/crater-agent-workspace/rustup-home:/opt/rustwide/rustup-home:ro,Z" "-m" "1610612736" "--network" "none" "ghcr.io/rust-lang/crates-build-env/linux@sha256:77db811e55d90add9212f6832c23229e3de5f1c1f9905e8cb07319ea15df73ac" "sleep" "infinity", kill_on_drop: false }`
[INFO] [stdout] 8e9ac2bc12ea34c146f92b4182986579c6ff0025fb884b6405af2bb93c805841
[INFO] running `Command { std: "docker" "start" "8e9ac2bc12ea34c146f92b4182986579c6ff0025fb884b6405af2bb93c805841", kill_on_drop: false }`
[INFO] running `Command { std: "docker" "inspect" "8e9ac2bc12ea34c146f92b4182986579c6ff0025fb884b6405af2bb93c805841", kill_on_drop: false }`
[INFO] running `Command { std: "docker" "exec" "-e" "SOURCE_DIR=/opt/rustwide/workdir" "-e" "CARGO_HOME=/opt/rustwide/cargo-home" "-e" "RUSTUP_HOME=/opt/rustwide/rustup-home" "-e" "CARGO_TARGET_DIR=/opt/rustwide/target" "-w" "/opt/rustwide/workdir" "--user" "0:0" "8e9ac2bc12ea34c146f92b4182986579c6ff0025fb884b6405af2bb93c805841" "/opt/rustwide/cargo-home/bin/cargo" "+1.99.0-beta.8" "metadata" "--no-deps" "--format-version=1", kill_on_drop: false }`
[INFO] running `Command { std: "docker" "inspect" "8e9ac2bc12ea34c146f92b4182986579c6ff0025fb884b6405af2bb93c805841", kill_on_drop: false }`
[INFO] running `Command { std: "docker" "exec" "-e" "SOURCE_DIR=/opt/rustwide/workdir" "-e" "CARGO_HOME=/opt/rustwide/cargo-home" "-e" "RUSTUP_HOME=/opt/rustwide/rustup-home" "-e" "CARGO_TARGET_DIR=/opt/rustwide/target" "-e" "CARGO_INCREMENTAL=0" "-e" "RUST_BACKTRACE=full" "-e" "RUSTFLAGS=--cap-lints=warn" "-e" "RUSTDOCFLAGS=--cap-lints=warn" "-w" "/opt/rustwide/workdir" "--user" "0:0" "8e9ac2bc12ea34c146f92b4182986579c6ff0025fb884b6405af2bb93c805841" "/opt/rustwide/cargo-home/bin/cargo" "+1.99.0-beta.8" "build" "--frozen" "--message-format=json" "--release", kill_on_drop: false }`
[INFO] [stderr]    Compiling libc v0.2.185
[INFO] [stderr]    Compiling aws-lc-rs v1.16.3
[INFO] [stderr]    Compiling rustls-pki-types v1.14.1
[INFO] [stderr]    Compiling io-uring v0.6.4
[INFO] [stderr]    Compiling syn v2.0.117
[INFO] [stderr]    Compiling aho-corasick v1.1.4
[INFO] [stderr]    Compiling rustls v0.23.39
[INFO] [stderr]    Compiling zlib-rs v0.6.8
[INFO] [stderr]    Compiling rustls-pemfile v2.2.0
[INFO] [stderr]    Compiling jobserver v0.1.34
[INFO] [stderr]    Compiling regex-automata v0.4.14
[INFO] [stderr]    Compiling cc v1.2.61
[INFO] [stderr]    Compiling mio v0.8.11
[INFO] [stderr]    Compiling nix v0.26.4
[INFO] [stderr]    Compiling cmake v0.1.58
[INFO] [stderr]    Compiling socket2 v0.5.10
[INFO] [stderr]    Compiling aws-lc-sys v0.40.0
[INFO] [stderr]    Compiling auto-const-array v0.2.2
[INFO] [stderr]    Compiling monoio-macros v0.1.0
[INFO] [stderr]    Compiling regex v1.12.3
[INFO] [stderr]    Compiling monoio v0.2.4
[INFO] [stderr]    Compiling rustls-webpki v0.103.13
[INFO] [stderr]    Compiling ruxen v0.1.3 (/opt/rustwide/workdir)
[INFO] [stderr]     Finished `release` profile [optimized] target(s) in 3m 36s
[INFO] running `Command { std: "docker" "inspect" "8e9ac2bc12ea34c146f92b4182986579c6ff0025fb884b6405af2bb93c805841", kill_on_drop: false }`
[INFO] running `Command { std: "docker" "exec" "-e" "SOURCE_DIR=/opt/rustwide/workdir" "-e" "CARGO_HOME=/opt/rustwide/cargo-home" "-e" "RUSTUP_HOME=/opt/rustwide/rustup-home" "-e" "CARGO_TARGET_DIR=/opt/rustwide/target" "-e" "CARGO_INCREMENTAL=0" "-e" "RUST_BACKTRACE=full" "-e" "RUSTFLAGS=--cap-lints=warn" "-e" "RUSTDOCFLAGS=--cap-lints=warn" "-w" "/opt/rustwide/workdir" "--user" "0:0" "8e9ac2bc12ea34c146f92b4182986579c6ff0025fb884b6405af2bb93c805841" "/opt/rustwide/cargo-home/bin/cargo" "+1.99.0-beta.8" "test" "--frozen" "--no-run" "--message-format=json" "--release", kill_on_drop: false }`
[INFO] [stderr]    Compiling ring v0.17.14
[INFO] [stderr]    Compiling num-conv v0.2.1
[INFO] [stderr]    Compiling time-core v0.1.8
[INFO] [stderr]    Compiling getrandom v0.2.17
[INFO] [stderr]    Compiling flate2 v1.1.10
[INFO] [stderr]    Compiling time v0.3.47
[INFO] [stderr]    Compiling yasna v0.5.2
[INFO] [stderr]    Compiling rcgen v0.14.7
[INFO] [stderr]    Compiling ruxen v0.1.3 (/opt/rustwide/workdir)
[INFO] [stderr]     Finished `release` profile [optimized] target(s) in 1m 25s
[INFO] running `Command { std: "docker" "inspect" "8e9ac2bc12ea34c146f92b4182986579c6ff0025fb884b6405af2bb93c805841", kill_on_drop: false }`
[INFO] running `Command { std: "docker" "exec" "-e" "SOURCE_DIR=/opt/rustwide/workdir" "-e" "CARGO_HOME=/opt/rustwide/cargo-home" "-e" "RUSTUP_HOME=/opt/rustwide/rustup-home" "-e" "CARGO_TARGET_DIR=/opt/rustwide/target" "-e" "CARGO_INCREMENTAL=0" "-e" "RUST_BACKTRACE=full" "-e" "RUSTFLAGS=--cap-lints=warn" "-e" "RUSTDOCFLAGS=--cap-lints=warn" "-w" "/opt/rustwide/workdir" "--user" "0:0" "8e9ac2bc12ea34c146f92b4182986579c6ff0025fb884b6405af2bb93c805841" "/opt/rustwide/cargo-home/bin/cargo" "+1.99.0-beta.8" "test" "--frozen" "--release", kill_on_drop: false }`
[INFO] [stderr]     Finished `release` profile [optimized] target(s) in 0.10s
[INFO] [stderr]      Running unittests src/lib.rs (/opt/rustwide/target/release/deps/ruxen-d71099125899716e)
[INFO] [stdout] 
[INFO] [stdout] running 0 tests
[INFO] [stdout] 
[INFO] [stdout] test result: ok. 0 passed; 0 failed; 0 ignored; 0 measured; 0 filtered out; finished in 0.00s
[INFO] [stdout] 
[INFO] [stderr]      Running unittests src/main.rs (/opt/rustwide/target/release/deps/ruxen-ccf3a46c9b1757ce)
[INFO] [stdout] 
[INFO] [stdout] running 412 tests
[INFO] [stdout] test auth::tests::decode_basic_authorization_rejects_bad_base64 ... ok
[INFO] [stdout] test auth::tests::verify_credentials_reads_htpasswd_file ... ok
[INFO] [stdout] test autoindex::tests::lines_match_nginx ... ok
[INFO] [stdout] test autoindex::tests::sizes_round_like_nginx_when_not_exact ... ok
[INFO] [stdout] test auth::tests::decode_basic_authorization_accepts_valid_header ... ok
[INFO] [stdout] test auth::tests::verify_stored_password_plain_and_sha ... ok
[INFO] [stdout] test config::compat::tests::ignored_directives_differ_unless_set_to_the_default ... ok
[INFO] [stdout] test config::compat::tests::unenforced_restrictions_are_unsupported ... ok
[INFO] [stdout] test config::compat::tests::collects_every_unknown_directive_and_skips_blocks ... ok
[INFO] [stdout] test config::lexer::tests::quoted_escapes_follow_nginx ... ok
[INFO] [stdout] test config::lexer::tests::unquoted_escapes_follow_nginx ... ok
[INFO] [stdout] test config::parse_access::tests::cidr_clears_low_bits_and_flags_them ... ok
[INFO] [stdout] test config::parse_access::tests::cidr_follows_ngx_inet_addr_quirks ... ok
[INFO] [stdout] test config::parse_access::tests::cidr_parses_ipv4_and_ipv6 ... ok
[INFO] [stdout] test config::parse_gzip::tests::parses_every_directive ... ok
[INFO] [stdout] test config::parse_gzip::tests::rejects_bad_values_and_duplicates ... ok
[INFO] [stdout] test config::parse_access::tests::cidr_rejects_bad_values ... ok
[INFO] [stdout] test config::parse_gzip::tests::unset_values_inherit ... ok
[INFO] [stdout] test autoindex::tests::percent_encode_escapes_reserved_bytes ... ok
[INFO] [stdout] test config::compat::tests::nothing_is_collected_outside_compat ... ok
[INFO] [stdout] test config::parse_upstream::tests::proxy_pass_unix_path_ends_at_the_next_colon ... ok
[INFO] [stdout] test config::parse_upstream::tests::hash_and_ip_hash_directives ... ok
[INFO] [stdout] test config::parse_upstream::tests::proxy_bind_addresses ... ok
[INFO] [stdout] test config::parse_rewrite::tests::comparison_takes_the_third_token_as_is ... ok
[INFO] [stdout] test config::tests::access_directive_errors ... ok
[INFO] [stdout] test config::parse_upstream::tests::every_address_of_a_name_is_a_server ... ok
[INFO] [stdout] test config::tests::access_log_off_clears_http_logs ... ok
[INFO] [stdout] test config::tests::access_log_rejects_format_after_if_parameter ... ok
[INFO] [stdout] test config::parse_upstream::tests::upstream_server_unix_takes_the_whole_rest_as_path ... ok
[INFO] [stdout] test config::tests::accepts_http_and_server_allowlist_and_listen_flags ... ok
[INFO] [stdout] test config::tests::access_log_buffer_flush_gzip ... ok
[INFO] [stdout] test config::tests::access_rules_parse_at_every_scope_and_nested_locations_inherit ... ok
[INFO] [stdout] test config::tests::add_header_accepts_remote_addr_and_port_variables ... ok
[INFO] [stdout] test config::tests::add_header_accepts_request_time_variable ... ok
[INFO] [stdout] test config::tests::accepts_top_level_nginx_preamble_and_pid ... ok
[INFO] [stdout] test config::tests::accepts_wide_ignore_directives_at_every_scope ... ok
[INFO] [stdout] test config::tests::add_header_at_server_and_location ... ok
[INFO] [stdout] test config::tests::add_header_rejects_bad_modifier ... ok
[INFO] [stdout] test config::tests::alias_directive_marks_location_as_alias ... ok
[INFO] [stdout] test config::tests::alias_is_rejected_inside_named_location ... ok
[INFO] [stdout] test config::tests::alias_is_allowed_in_regex_locations ... ok
[INFO] [stdout] test config::tests::auth_basic_and_user_file_parse_at_http_server_and_location_scope ... ok
[INFO] [stdout] test config::tests::auth_delay_parses_and_nested_location_inherits ... ok
[INFO] [stdout] test config::tests::auth_basic_rejects_variable_in_realm ... ok
[INFO] [stdout] test config::tests::add_header_always_modifier ... ok
[INFO] [stdout] test config::tests::autoindex_rejects_bad_values ... ok
[INFO] [stdout] test config::tests::braced_variable_syntax_is_accepted ... ok
[INFO] [stdout] test config::tests::autoindex_directives_parse_across_scopes ... ok
[INFO] [stdout] test config::tests::cidr_with_host_bits_warns ... ok
[INFO] [stdout] test config::tests::cert_key_count_mismatch_is_rejected ... ok
[INFO] [stdout] test config::tests::client_timeouts_parse_and_inherit ... ok
[INFO] [stdout] test config::tests::error_log_and_log_not_found_parse_at_server_and_location_scope ... ok
[INFO] [stdout] test config::tests::error_log_multiple_sinks_accumulate ... ok
[INFO] [stdout] test config::tests::comments_and_whitespace ... ok
[INFO] [stdout] test config::tests::add_header_accepts_sent_http_variable ... ok
[INFO] [stdout] test config::compat::tests::a_block_not_allowed_in_if_is_skipped_once ... ok
[INFO] [stdout] test config::tests::error_log_rejects_unknown_level ... ok
[INFO] [stdout] test config::tests::error_page_parses_status_groups_and_overrides ... ok
[INFO] [stdout] test config::tests::error_page_target_rejects_sent_http_variable ... ok
[INFO] [stdout] test config::tests::error_log_syslog_rejects_missing_server ... ok
[INFO] [stdout] test config::tests::escape_in_quoted_string ... ok
[INFO] [stdout] test config::tests::events_block_reads_worker_connections ... ok
[INFO] [stdout] test config::tests::ignored_tls_policy_warns_once ... ok
[INFO] [stdout] test config::tests::http_scope_ssl_certificate_is_inherited_and_server_scope_overrides ... ok
[INFO] [stdout] test config::tests::index_at_location_scope_overrides ... ok
[INFO] [stdout] test config::tests::error_log_syslog_parses_unix_server_and_tag ... ok
[INFO] [stdout] test config::tests::error_page_accepts_named_location_targets ... ok
[INFO] [stdout] test config::tests::error_log_rejects_too_many_args ... ok
[INFO] [stdout] test config::tests::keepalive_requests_parses_server_and_location_scope ... ok
[INFO] [stdout] test config::tests::keepalive_requests_rejects_bad_value ... ok
[INFO] [stdout] test config::tests::index_rejects_sent_http_variable ... ok
[INFO] [stdout] test config::tests::keepalive_disable_parses_and_rejects_bad_values ... ok
[INFO] [stdout] test config::tests::keepalive_timeout_rejects_bad_value ... ok
[INFO] [stdout] test config::tests::listen_flag_order_is_tolerant ... ok
[INFO] [stdout] test auth::tests::verify_stored_password_apr1_and_md5_crypt ... ok
[INFO] [stdout] test config::tests::listen_ssl_flag_marks_listen_as_tls ... ok
[INFO] [stdout] test config::tests::listen_unknown_flag_is_rejected ... ok
[INFO] [stdout] test config::tests::listen_port_ranges_expand ... ok
[INFO] [stdout] test config::tests::keepalive_time_parses_server_and_location_scope ... ok
[INFO] [stdout] test config::tests::limit_except_parses_methods_and_access_directives ... ok
[INFO] [stdout] test config::tests::literal_dollar_without_var_name_is_kept ... ok
[INFO] [stdout] test config::tests::keepalive_timeout_parses_server_and_location_scope ... ok
[INFO] [stdout] test config::tests::location_if_blocks_with_settings_are_anonymous_locations ... ok
[INFO] [stdout] test config::tests::log_format_and_access_log_parse_at_http_scope ... ok
[INFO] [stdout] test config::tests::location_with_exact_modifier ... ok
[INFO] [stdout] test config::tests::log_format_escape_modes ... ok
[INFO] [stdout] test config::tests::milestone_1_config ... ok
[INFO] [stdout] test config::tests::multi_server_with_server_names ... ok
[INFO] [stdout] test config::tests::module_temp_paths_and_open_log_file_cache_are_checked_no_ops ... ok
[INFO] [stdout] test config::tests::multiple_server_name_directives_accumulate ... ok
[INFO] [stdout] test config::tests::named_location_parses_as_internal_only_mode ... ok
[INFO] [stdout] test config::tests::access_restrictions_ruxen_cant_enforce_are_rejected ... ok
[INFO] [stdout] test config::tests::log_not_found_rejects_bad_values ... ok
[INFO] [stdout] test config::tests::nested_location_inherits_parent_auth_basic_and_user_file ... ok
[INFO] [stdout] test config::tests::nested_locations_inherit_the_parents_final_settings ... ok
[INFO] [stdout] test config::tests::parses_regex_and_caret_tilde_modifiers ... ok
[INFO] [stdout] test config::tests::proxy_cache_directives_parse_at_every_level ... ok
[INFO] [stdout] test config::tests::index_at_server_scope ... ok
[INFO] [stdout] test config::tests::proxy_redirect_parses_like_nginx ... ok
[INFO] [stdout] test config::tests::location_without_handler_defaults_to_root_html ... ok
[INFO] [stdout] test config::tests::repeated_index_directives_append ... ok
[INFO] [stdout] test config::tests::realip_directives_parse_and_inherit ... ok
[INFO] [stdout] test config::tests::proxy_set_body_parses_at_every_level ... ok
[INFO] [stdout] test config::tests::proxy_settings_inherit_from_http ... ok
[INFO] [stdout] test config::tests::rejects_unknown_top_level ... ok
[INFO] [stdout] test config::tests::query_variables_are_accepted ... ok
[INFO] [stdout] test config::tests::rejects_invalid_regex_at_parse_time ... ok
[INFO] [stdout] test config::tests::root_and_alias_are_mutually_exclusive ... ok
[INFO] [stdout] test config::tests::root_directive ... ok
[INFO] [stdout] test config::tests::rejects_unterminated_block ... ok
[INFO] [stdout] test config::tests::return_body_empty_is_legal ... ok
[INFO] [stdout] test config::tests::return_body_rejects_sent_http_variable ... ok
[INFO] [stdout] test config::tests::return_body_parses_variables ... ok
[INFO] [stdout] test config::tests::return_wins_over_root ... ok
[INFO] [stdout] test config::tests::server_block_with_multiple_listen_directives_expands_servers ... ok
[INFO] [stdout] test config::tests::server_without_listen_listens_on_80_or_8000 ... ok
[INFO] [stdout] test config::tests::ssl_certificate_pairs_by_index ... ok
[INFO] [stdout] test config::tests::ssl_prefer_server_ciphers_off_emits_warning ... ok
[INFO] [stdout] test config::tests::ssl_protocols_accepts_tls12_tls13_and_rejects_insecure ... ok
[INFO] [stdout] test config::tests::ssl_session_cache_and_tickets_parse_and_inherit ... ok
[INFO] [stdout] test config::tests::ssl_session_directives_are_silently_accepted ... ok
[INFO] [stdout] test config::tests::ssl_warning_considers_the_whole_address ... ok
[INFO] [stdout] test config::tests::ssl_session_ticket_keys_parse_and_inherit ... ok
[INFO] [stdout] test config::tests::time_directives_take_days ... ok
[INFO] [stdout] test config::tests::ssl_certificate_without_listen_ssl_is_warning_not_error ... ok
[INFO] [stdout] test config::tests::time_values_follow_ngx_parse_time ... ok
[INFO] [stdout] test config::tests::root_inherits_from_http_and_server_scope ... ok
[INFO] [stdout] test config::tests::server_defaults_at_http_scope_are_inherited ... ok
[INFO] [stdout] test config::tests::ssl_ciphers_stored_verbatim ... ok
[INFO] [stdout] test config::tests::server_name_requires_at_least_one_arg ... ok
[INFO] [stdout] test config::tests::tls_and_keepalive_defaults_below_a_server_apply_to_it ... ok
[INFO] [stdout] test config::tests::socketaddr_listen ... ok
[INFO] [stdout] test config::tests::try_files_accepts_named_location_fallback ... ok
[INFO] [stdout] test config::tests::try_files_literal_and_uri_fallback ... ok
[INFO] [stdout] test config::tests::unknown_directive_still_fails ... ok
[INFO] [stdout] test config::tests::try_files_requires_two_args ... ok
[INFO] [stdout] test config::tests::try_files_parses_uri_and_uri_slash_and_status_fallback ... ok
[INFO] [stdout] test config::values::tests::proxy_protocol_tlv_names_like_nginx ... ok
[INFO] [stdout] test config::tests::try_files_takes_variables_in_probes_and_fallback ... ok
[INFO] [stdout] test config::tests::worker_shutdown_timeout_is_a_main_level_time ... ok
[INFO] [stdout] test config::tests::unknown_variables_fail_like_nginx ... ok
[INFO] [stdout] test file::tests::content_headers_head_shape_has_no_body_bytes ... ok
[INFO] [stdout] test config::tests::user_directive_is_recorded ... ok
[INFO] [stdout] test file::tests::days_in_month_handles_century_rules ... ok
[INFO] [stdout] test file::tests::etag_fits_inline_buffer_at_max_inputs ... ok
[INFO] [stdout] test file::tests::etag_is_hex_encoded ... ok
[INFO] [stdout] test file::tests::etag_list_scans_multiple_entries ... ok
[INFO] [stdout] test file::tests::etag_list_respects_comma_inside_quoted_tag ... ok
[INFO] [stdout] test file::tests::format_http_date_renders_max_boundary_exactly ... ok
[INFO] [stdout] test file::tests::format_http_date_saturates_past_year_9999 ... ok
[INFO] [stdout] test file::tests::http_date_asctime_parses_to_same_instant_as_imf ... ok
[INFO] [stdout] test file::tests::content_headers_206_include_content_range_without_body ... ok
[INFO] [stdout] test file::tests::http_date_epoch ... ok
[INFO] [stdout] test file::tests::http_date_asctime_two_digit_day ... ok
[INFO] [stdout] test file::tests::http_date_asctime_rejects_garbage_in_fixed_positions ... ok
[INFO] [stdout] test file::tests::etag_list_tolerates_garbage_entries ... ok
[INFO] [stdout] test file::tests::etag_weak_comparison_accepts_both_forms ... ok
[INFO] [stdout] test file::tests::http_date_known_examples ... ok
[INFO] [stdout] test file::tests::http_date_rfc850_rejects_garbage_in_fixed_positions ... ok
[INFO] [stdout] test file::tests::http_date_rfc850_y2k_pivot_maps_two_digit_year ... ok
[INFO] [stdout] test file::tests::http_date_rejects_unknown_format_shapes ... ok
[INFO] [stdout] test file::tests::http_date_rfc850_parses_to_same_instant_as_imf ... ok
[INFO] [stdout] test file::tests::http_date_rejects_invalid_weekday_token ... ok
[INFO] [stdout] test file::tests::http_date_rejects_pre_unix_epoch_year ... ok
[INFO] [stdout] test file::tests::if_modified_since_is_ignored_when_last_modified_is_suppressed ... ok
[INFO] [stdout] test file::tests::if_range_date_match_honors_range ... ok
[INFO] [stdout] test file::tests::if_modified_since_uses_overridden_last_modified_value ... ok
[INFO] [stdout] test file::tests::if_range_date_uses_overridden_last_modified_value ... ok
[INFO] [stdout] test file::tests::if_range_exact_etag_honors_range ... ok
[INFO] [stdout] test file::tests::if_range_mismatch_falls_back_to_full_200 ... ok
[INFO] [stdout] test file::tests::if_none_match_beats_if_modified_since ... ok
[INFO] [stdout] test file::tests::if_range_weak_prefix_falls_back_to_full_200 ... ok
[INFO] [stdout] test file::tests::if_unmodified_since_equal_last_modified_allows_request ... ok
[INFO] [stdout] test file::tests::if_unmodified_since_uses_overridden_last_modified_value ... ok
[INFO] [stdout] test file::tests::matching_if_none_match_returns_not_modified ... ok
[INFO] [stdout] test file::tests::if_unmodified_since_is_ignored_when_if_match_is_present ... ok
[INFO] [stdout] test file::tests::http_date_round_trip ... ok
[INFO] [stdout] test file::tests::mime_table_lookup ... ok
[INFO] [stdout] test file::tests::if_none_match_star_returns_not_modified ... ok
[INFO] [stdout] test file::tests::serve_path_get_large_body_returns_file_variant ... ok
[INFO] [stdout] test file::tests::if_unmodified_since_is_ignored_when_last_modified_is_suppressed ... ok
[INFO] [stdout] test file::tests::if_modified_since_equal_to_mtime_is_not_modified ... ok
[INFO] [stdout] test file::tests::not_modified_response_has_no_content_length ... ok
[INFO] [stdout] test file::tests::range_not_satisfiable_includes_content_range ... ok
[INFO] [stdout] test file::tests::serve_path_get_small_body_is_inlined_in_owned_response ... ok
[INFO] [stdout] test file::tests::strong_etag_match_rejects_weak_client_tag ... ok
[INFO] [stdout] test fs_resolve::tests::alias_relative_uri_path_falls_back_to_whole_uri_for_literal_probe ... ok
[INFO] [stdout] test fs_resolve::tests::join_appends_relative_path_to_root ... ok
[INFO] [stdout] test fs_resolve::tests::join_places_escape_attempt_under_root ... ok
[INFO] [stdout] test fs_resolve::tests::join_preserves_subdirs ... ok
[INFO] [stdout] test fs_resolve::tests::join_root_only ... ok
[INFO] [stdout] test fs_resolve::tests::regex_alias_static_path_appends_uri_when_add_uri_to_alias_is_set ... ok
[INFO] [stdout] test file::tests::serve_path_get_zero_length_returns_owned_headers ... ok
[INFO] [stdout] test fs_resolve::tests::regex_alias_static_path_is_empty_without_add_uri_to_alias ... ok
[INFO] [stdout] test fs_resolve::tests::regex_alias_try_files_probe_always_uses_probe_uri ... ok
[INFO] [stdout] test file::tests::range_parser_table ... ok
[INFO] [stdout] test file::tests::stale_if_unmodified_since_returns_precondition_failed ... ok
[INFO] [stdout] test file::tests::serve_path_head_returns_owned_headers ... ok
[INFO] [stdout] test file::tests::sendfile_sends_large_bodies_as_file_and_keeps_small_ones_inline ... ok
[INFO] [stdout] test fs_resolve::tests::relative_uri_path_for_root_keeps_full_uri ... ok
[INFO] [stdout] test fs_resolve::tests::relative_uri_path_for_alias_strips_matched_prefix ... ok
[INFO] [stdout] test fs_resolve::tests::relative_uri_path_strips_all_leading_slashes ... ok
[INFO] [stdout] test http::tests::captures_conditional_and_range_headers ... ok
[INFO] [stdout] test http::tests::captures_host_value ... ok
[INFO] [stdout] test http::tests::captures_method ... ok
[INFO] [stdout] test http::tests::connection_multi_token_close_still_wins ... ok
[INFO] [stdout] test http::tests::connection_multi_token_keep_alive_reopens_http_1_0 ... ok
[INFO] [stdout] test fs_resolve::tests::trim_leading_slashes_strips_all ... ok
[INFO] [stdout] test http::tests::accepts_encoded_and_reserved_chars_in_path ... ok
[INFO] [stdout] test http::tests::connection_token_scan_rejects_substring_matches ... ok
[INFO] [stdout] test http::tests::default_error_page_body_includes_signature ... ok
[INFO] [stdout] test http::tests::duplicate_host_is_invalid ... ok
[INFO] [stdout] test http::tests::header_hash_is_collision_free_for_known_set ... ok
[INFO] [stdout] test http::tests::host_ipv6_bracketed_no_port ... ok
[INFO] [stdout] test http::tests::host_normalizer_rejects_empty_dot_host ... ok
[INFO] [stdout] test http::tests::head_response_has_headers_but_no_body ... ok
[INFO] [stdout] test http::tests::header_name_is_case_insensitive ... ok
[INFO] [stdout] test http::tests::host_normalizer_trims_trailing_dot_and_flags_uppercase ... ok
[INFO] [stdout] test http::tests::host_port_is_stripped ... ok
[INFO] [stdout] test http::tests::http_1_0_defaults_closed ... ok
[INFO] [stdout] test http::tests::http_1_1_close_header_overrides ... ok
[INFO] [stdout] test http::tests::identities ... ok
[INFO] [stdout] test http::tests::invalid_version ... ok
[INFO] [stdout] test http::tests::lf_only_request_is_accepted ... ok
[INFO] [stdout] test http::tests::missing_host_on_http_1_1_is_flagged ... ok
[INFO] [stdout] test http::tests::http_1_0_keep_alive_header_reopens ... ok
[INFO] [stdout] test http::tests::lf_only_trace_request_is_accepted ... ok
[INFO] [stdout] test http::tests::reason_phrase_follows_nginx_table ... ok
[INFO] [stdout] test http::tests::pipelined_measures_only_first_request ... ok
[INFO] [stdout] test http::tests::redirects_carry_nginxs_page ... ok
[INFO] [stdout] test http::tests::rejects_delim_chars_in_path ... ok
[INFO] [stdout] test http::tests::incomplete_partial_request ... ok
[INFO] [stdout] test http::tests::rejects_nul_in_header_value ... ok
[INFO] [stdout] test http::tests::rejects_nul_in_path ... ok
[INFO] [stdout] test http::tests::response_has_content_length_and_body ... ok
[INFO] [stdout] test http::tests::resume_skips_already_parsed_bytes ... ok
[INFO] [stdout] test http::tests::host_ipv6_bracketed_with_port ... ok
[INFO] [stdout] test http::tests::server_header_value_respects_tokens ... ok
[INFO] [stdout] test http::tests::unknown_header_is_ignored_without_side_effects ... ok
[INFO] [stdout] test http_date::tests::now_matches_system_clock ... ok
[INFO] [stderr] 2026/10/18 16:39:10 [error] 2175#2425: *0 open() "html/@hidden" failed (2: No such file or directory), client: 127.0.0.1, server: , request: "GET /@hidden HTTP/1.1"
[INFO] [stdout] test phase::tests::auth_basic_user_file_expands_arg_variable ... ok
[INFO] [stdout] test phase::tests::empty_host_on_http_11_is_400 ... ok
[INFO] [stdout] test phase::tests::access_rules_match_in_order_and_by_family ... ok
[INFO] [stdout] test phase::tests::auth_basic_user_file_keeps_percent_encoded_arg_value ... ok
[INFO] [stdout] test http::tests::simple_get ... ok
[INFO] [stdout] test phase::tests::external_requests_do_not_match_named_locations ... ok
[INFO] [stdout] test phase::tests::forwarded_addr_walks_the_list_like_nginx ... ok
[INFO] [stdout] test phase::tests::exact_location_beats_prefix ... ok
[INFO] [stdout] test phase::tests::head_reroute_loop_500_has_no_body ... ok
[INFO] [stdout] test phase::tests::longest_prefix_wins ... ok
[INFO] [stdout] test phase::tests::invalid_listen_index_returns_500 ... ok
[INFO] [stdout] test phase::tests::host_selects_server ... ok
[INFO] [stdout] test phase::tests::m36_server_match_is_scoped_to_accept_listen ... ok
[INFO] [stdout] test phase::tests::m36_unknown_host_uses_default_server_per_listen ... ok
[INFO] [stderr] 2026/10/18 16:39:10 [error] 2175#2441: *0 open() "html/b" failed (2: No such file or directory), client: 127.0.0.1, server: , request: "GET /b HTTP/1.1"
[INFO] [stdout] test phase::tests::m9_regex_first_declared_wins ... ok
[INFO] [stdout] test phase::tests::m9_tilde_is_case_sensitive_and_tilde_star_is_not ... ok
[INFO] [stdout] test phase::tests::missing_host_on_http_10_is_allowed ... ok
[INFO] [stdout] test phase::tests::missing_host_on_http_11_is_400 ... ok
[INFO] [stdout] test phase::tests::no_location_match_is_404 ... ok
[INFO] [stdout] test phase::tests::proxy_slash_location_auto_redirects_bare_uri_before_regex ... ok
[INFO] [stdout] test phase::tests::m9_regex_runs_after_prefix_when_no_caret_tilde ... ok
[INFO] [stdout] test phase::tests::non_proxy_slash_location_does_not_auto_redirect ... ok
[INFO] [stdout] test privileges::tests::not_root_ignores_user ... ok
[INFO] [stdout] test phase::tests::server_name_match_is_case_insensitive ... ok
[INFO] [stdout] test phase::tests::unknown_host_falls_to_default_server ... ok
[INFO] [stdout] test proxy::tests::build_request_http11_no_auto_connection ... ok
[INFO] [stdout] test proxy::tests::build_request_minimal ... ok
[INFO] [stdout] test phase::tests::m9_caret_tilde_prefix_suppresses_regex ... ok
[INFO] [stdout] test phase::tests::m9_exact_beats_regex ... ok
[INFO] [stdout] test phase::tests::m9_regex_matches_percent_encoded_non_ascii_path ... ok
[INFO] [stdout] test privileges::tests::root_as_root_is_no_switch ... ok
[INFO] [stdout] test privileges::tests::group_defaults_to_the_user_name ... ok
[INFO] [stdout] test proxy::tests::upstream_headers_classify_like_nginx ... ok
[INFO] [stdout] test proxy_cache::tests::freshness_follows_nginx_header_order ... ok
[INFO] [stdout] test proxy::tests::content_length_parses_like_ngx_atoof ... ok
[INFO] [stdout] test proxy::tests::hop_by_hop_classification ... ok
[INFO] [stdout] test proxy::tests::request_parts_advance_across_head_and_body ... ok
[INFO] [stdout] test proxy::tests::the_buffer_pool_keeps_only_read_sized_buffers ... ok
[INFO] [stdout] test proxy_cache::tests::ignored_headers_are_not_read ... ok
[INFO] [stdout] test proxy_cache::tests::locks_go_to_one_request_until_released_or_aged ... ok
[INFO] [stdout] test proxy_cache::tests::stale_extensions_are_kept ... ok
[INFO] [stdout] test proxy_cache::tests::store_then_hit_then_expire ... ok
[INFO] [stdout] test proxy_cache::tests::variants_compare_the_named_request_headers ... ok
[INFO] [stdout] test proxy_protocol::tests::tlvs_by_type_and_inside_the_ssl_tlv ... ok
[INFO] [stdout] test proxy_protocol::tests::v2 ... ok
[INFO] [stdout] test proxy_protocol::tests::v2_keeps_the_tlv_block ... ok
[INFO] [stdout] test proxy_stream::tests::chunked_decoder_is_split_independent ... ok
[INFO] [stdout] test proxy_stream::tests::chunked_decoder_refuses_garbage ... ok
[INFO] [stdout] test proxy_cache::tests::min_uses_and_max_size ... ok
[INFO] [stdout] test proxy_stream::tests::chunks_go_out_with_hex_sizes ... ok
[INFO] [stdout] test proxy_cache::tests::manager_drops_inactive_entries_and_loader_finds_files ... ok
[INFO] [stdout] test proxy_protocol::tests::v1 ... ok
[INFO] [stdout] test tests::parse_cli_supports_nginx_flags ... ok
[INFO] [stdout] test tests::version_output_is_pinned ... ok
[INFO] [stdout] test tls::tests::cipher_suite_iana_name_tls12_openssl_form ... ok
[INFO] [stdout] test tls::tests::protocol_version_str_known_versions ... ok
[INFO] [stdout] test privileges::tests::root_defaults_to_nobody ... ok
[INFO] [stdout] test proxy_protocol::tests::broken_tlv_blocks_read_as_absent ... ok
[INFO] [stdout] test tls::tests::cipher_suite_iana_name_tls13 ... ok
[INFO] [stdout] test tls_certs::tests::leaf_spki_rejects_truncated_der ... ok
[INFO] [stdout] test tls_certs::tests::leaf_spki_matches_webpki_for_v3_certificates ... ok
[INFO] [stdout] test tls_certs::tests::loads_pkcs1_rsa_key ... ok
[INFO] [stdout] test tls_certs::tests::loads_pkcs8_ec_key ... ok
[INFO] [stdout] test tls_certs::tests::build_server_config_rejects_empty_protocol_set ... ok
[INFO] [stdout] test tls_certs::tests::loads_pkcs8_rsa_key ... ok
[INFO] [stdout] test tls_certs::tests::rejects_no_certs_in_pem ... ok
[INFO] [stdout] test tls_certs::tests::loads_x509_v1_certificates ... ok
[INFO] [stdout] test tls_certs::tests::rejects_no_key_in_pem ... ok
[INFO] [stdout] test tls_certs::tests::rejects_mismatched_cert_and_key ... ok
[INFO] [stdout] test tls_certs::tests::loads_sec1_ec_key ... ok
[INFO] [stdout] test tls_certs::tests::resolver_exact_beats_wildcard ... ok
[INFO] [stdout] test tls_certs::tests::rejects_x509_v1_certificate_with_wrong_key ... ok
[INFO] [stdout] test tls_certs::tests::resolver_default_fallback ... ok
[INFO] [stdout] test tls_certs::tests::resolver_exact_dispatch ... ok
[INFO] [stdout] test tls_certs::tests::resolver_multi_cert_picks_by_signature_scheme ... ok
[INFO] [stdout] test tls_certs::tests::resolver_wildcard_dispatch ... ok
[INFO] [stdout] test tls_certs::tests::resolver_falls_through_when_no_scheme_matches ... ok
[INFO] [stdout] test tls_session::tests::session_storage_take_within_window_returns_value ... ok
[INFO] [stdout] test tls_stream::tests::handshake_eof ... FAILED
[INFO] [stdout] test tls_stream::tests::large_write_and_unclean_eof ... FAILED
[INFO] [stdout] test tls_stream::tests::roundtrip_writev_and_close_notify ... FAILED
[INFO] [stdout] test proxy::tests::find_head_end_matches_two_scans ... ok
[INFO] [stdout] test tls_certs::tests::resolver_normalizes_host_case_and_trailing_dot ... ok
[INFO] [stdout] test tls_session::tests::session_storage_stays_within_the_inner_capacity ... ok
[INFO] [stdout] test tls_session::tests::session_storage_expires_entries ... ok
[INFO] [stdout] test upstream::tests::a_zone_shares_counts_and_failures_across_workers ... ok
[INFO] [stdout] test upstream::tests::all_down_returns_none ... ok
[INFO] [stdout] test upstream::tests::backup_used_only_when_primary_all_down ... ok
[INFO] [stdout] test upstream::tests::consistent_hash_picks_as_nginx ... ok
[INFO] [stdout] test upstream::tests::crc32_matches_zlib ... ok
[INFO] [stdout] test upstream::tests::down_peers_are_skipped ... ok
[INFO] [stdout] test upstream::tests::hash_picks_as_nginx ... ok
[INFO] [stdout] test upstream::tests::hash_retry_moves_on_and_empty_key_is_round_robin ... ok
[INFO] [stdout] test upstream::tests::intermittent_failures_still_trip_max_fails_within_window ... ok
[INFO] [stdout] test upstream::tests::ip_hash_picks_as_nginx ... ok
[INFO] [stdout] test upstream::tests::least_conn_falls_back_to_weighted_rr_on_ties ... ok
[INFO] [stdout] test upstream::tests::least_conn_picks_lowest_active ... ok
[INFO] [stdout] test upstream::tests::max_conns_caps_each_peer ... ok
[INFO] [stdout] test upstream::tests::max_fails_cools_down_then_recovers ... ok
[INFO] [stdout] test upstream::tests::round_robin_distributes_weight_one ... ok
[INFO] [stdout] test upstream::tests::tried_peers_are_excluded_within_attempt ... ok
[INFO] [stdout] test upstream::tests::tried_set_fits_any_upstream_size ... ok
[INFO] [stdout] test upstream::tests::weighted_picks_proportionally ... ok
[INFO] [stdout] test uri::tests::appends_into_non_empty_scratch ... ok
[INFO] [stdout] test uri::tests::bad_escape_rejected ... ok
[INFO] [stdout] test uri::tests::dot_segments_before_query_or_fragment_normalize ... ok
[INFO] [stdout] test uri::tests::encoded_dot_dot_is_blocked ... ok
[INFO] [stdout] test uri::tests::encoded_nul_rejected ... ok
[INFO] [stdout] test uri::tests::encoded_question_stays_literal ... ok
[INFO] [stdout] test uri::tests::encoded_slash_respects_merge_slashes_off ... ok
[INFO] [stdout] test uri::tests::encoded_slash_stays_literal_and_then_normalizes ... ok
[INFO] [stdout] test uri::tests::merges_double_slashes ... ok
[INFO] [stdout] test uri::tests::passthrough_simple ... ok
[INFO] [stdout] test uri::tests::percent_decodes ... ok
[INFO] [stdout] test uri::tests::rejects_dot_dot_escape ... ok
[INFO] [stdout] test uri::tests::rejects_non_absolute ... ok
[INFO] [stdout] test uri::tests::resolves_dot_dot ... ok
[INFO] [stdout] test uri::tests::strips_dot_segments ... ok
[INFO] [stdout] test uri::tests::strips_fragment ... ok
[INFO] [stdout] test uri::tests::strips_query_string ... ok
[INFO] [stdout] test uri::tests::trailing_dot_segments ... ok
[INFO] [stdout] test uri::tests::unsafe_uris_as_nginx ... ok
[INFO] [stdout] test worker::gzip::tests::accept_encoding_like_nginx ... ok
[INFO] [stdout] test worker::gzip::tests::compresses_a_buffered_response ... ok
[INFO] [stdout] test worker::gzip::tests::deflater_streams_a_member ... ok
[INFO] [stdout] test worker::gzip::tests::leaves_what_nginx_leaves ... ok
[INFO] [stdout] test worker::gzip::tests::pooled_states_make_valid_members ... ok
[INFO] [stdout] test worker::gzip::tests::window_shrinks_for_short_bodies ... ok
[INFO] [stdout] test worker::limit_conn::tests::a_rejection_gives_back_what_it_took ... ok
[INFO] [stdout] test worker::limit_conn::tests::counts_held_until_dropped ... ok
[INFO] [stdout] test worker::limit_req::tests::a_full_zone_evicts_its_oldest_entry ... ok
[INFO] [stdout] test worker::limit_req::tests::burst_then_reject_with_nodelay ... ok
[INFO] [stdout] test worker::limit_req::tests::every_limit_is_checked_and_a_rejection_holds_nothing ... ok
[INFO] [stdout] test worker::limit_req::tests::excess_within_burst_is_delayed ... ok
[INFO] [stdout] test worker::prepare::tests::default_port_is_dropped_from_proxy_host ... ok
[INFO] [stdout] test worker::rewrite::tests::redirect_targets_unescape_like_nginx ... ok
[INFO] [stdout] test worker::runtime::tests::repeated_accept_error_is_logged_once_a_minute ... ok
[INFO] [stdout] test worker::tests::add_header_last_modified_empty_suppresses_builtin_header ... ok
[INFO] [stdout] test worker::tests::add_header_last_modified_non_empty_replaces_builtin_value ... ok
[INFO] [stdout] test worker::tests::add_header_sent_http_variable_reads_existing_response_header ... ok
[INFO] [stdout] test worker::tests::error_pages_inherit_and_replace_per_location ... ok
[INFO] [stdout] test tls_ticket::tests::tampered_or_unknown_tickets_are_refused ... ok
[INFO] [stdout] test tls_certs::tests::session_resumption_follows_nginx ... ok
[INFO] [stdout] test tls_ticket::tests::the_first_key_encrypts_all_decrypt ... ok
[INFO] [stdout] test worker::tests::inject_connection_header_adds_keep_alive ... ok
[INFO] [stdout] test worker::tests::inject_connection_header_preserves_existing_header ... ok
[INFO] [stdout] test worker::tests::head_error_from_root_handler_has_no_body ... ok
[INFO] [stdout] test worker::tests::insert_header_at_advances_head_end ... ok
[INFO] [stdout] test worker::tests::listen_options_are_set_on_the_socket ... ok
[INFO] [stdout] test worker::tests::locations_split_by_mode_and_prefix_sorted_by_length ... ok
[INFO] [stdout] test worker::tests::prepare_accepts_missing_root_and_alias ... ok
[INFO] [stdout] test worker::tests::prepare_accepts_zero_servers ... ok
[INFO] [stdout] test worker::tests::prepare_groups_servers_by_listen ... ok
[INFO] [stdout] test worker::tests::prepare_accepts_multiple_servers_on_same_listen ... ok
[INFO] [stdout] test worker::tests::prepare_keeps_named_locations_out_of_external_match_lists ... ok
[INFO] [stdout] test worker::tests::prepare_rejects_proxy_uri_in_regex_location ... ok
[INFO] [stdout] test tls_ticket::tests::tickets_round_trip_and_carry_the_key_name ... ok
[INFO] [stdout] test worker::tests::prepare_reports_unopenable_logs ... ok
[INFO] [stdout] test worker::tests::request_arg_helpers_parse_query_string ... ok
[INFO] [stdout] test worker::tests::scan_response_headers_ignores_non_close_connection_values ... ok
[INFO] [stdout] test worker::tests::scan_response_headers_finds_connection_close_and_keep_alive ... ok
[INFO] [stdout] test worker::tests::sendfile_inherits_http_server_location_and_defaults_off ... ok
[INFO] [stdout] test tls_ticket::tests::automatic_keys_rotate_and_keep_the_previous_one ... ok
[INFO] [stdout] test tls_certs::tests::build_server_config_accepts_default_protocols ... ok
[INFO] [stdout] test worker::tests::transfer_encoding_classifier_accepts_chunked_only ... ok
[INFO] [stdout] test worker::tests::transfer_encoding_classifier_rejects_malformed_lists ... ok
[INFO] [stdout] test worker::tests::transfer_encoding_classifier_rejects_unsupported_values ... ok
[INFO] [stdout] test worker::tests::ssl_address_needs_a_certificate_on_its_default_server ... ok
[INFO] [stdout] test worker::tests::server_name_is_lowercased_at_prepare_time ... ok
[INFO] [stdout] test worker::tests::format_keep_alive_header_writes_expected_line ... ok
[INFO] [stdout] test worker::tests::prepare_reports_unknown_log_format ... ok
[INFO] [stdout] test file::tests::civil_from_days_matches_calendar_walk ... ok
[INFO] [stdout] 
[INFO] [stdout] failures:
[INFO] [stdout] 
[INFO] [stdout] ---- tls_stream::tests::handshake_eof stdout ----
[INFO] [stdout] 
[INFO] [stdout] thread 'tls_stream::tests::handshake_eof' (2503) panicked at src/tls_stream.rs:476:14:
[INFO] [stdout] called `Result::unwrap()` on an `Err` value: Os { code: 1, kind: PermissionDenied, message: "Operation not permitted" }
[INFO] [stdout] stack backtrace:
[INFO] [stdout]    0:     0x62e2f6ff7cc1 - <<std[70759c8f55707aa4]::sys::backtrace::BacktraceLock>::print::DisplayBacktrace as core[df12db4294e9bfd3]::fmt::Display>::fmt
[INFO] [stdout]    1:     0x62e2f700f32a - core[df12db4294e9bfd3]::fmt::write
[INFO] [stdout]    2:     0x62e2f6ffcd3c - <alloc[2182bb758b4b3781]::vec::Vec<u8> as core[df12db4294e9bfd3]::io::write::Write>::write_fmt
[INFO] [stdout]    3:     0x62e2f6fcfe66 - std[70759c8f55707aa4]::panicking::default_hook::{closure#0}
[INFO] [stdout]    4:     0x62e2f6fee199 - std[70759c8f55707aa4]::panicking::default_hook
[INFO] [stdout]    5:     0x62e2f6cb5f30 - test[9d35eded1c95d3be]::test_main_inner::<test[9d35eded1c95d3be]::test_main_static::{closure#0}>::{closure#0}
[INFO] [stdout]    6:     0x62e2f6fee352 - std[70759c8f55707aa4]::panicking::panic_with_hook
[INFO] [stdout]    7:     0x62e2f6fcff12 - std[70759c8f55707aa4]::panicking::panic_handler::{closure#0}
[INFO] [stdout]    8:     0x62e2f6fc87d9 - std[70759c8f55707aa4]::sys::backtrace::__rust_end_short_backtrace::<std[70759c8f55707aa4]::panicking::panic_handler::{closure#0}, !>
[INFO] [stdout]    9:     0x62e2f6fd0edd - __rustc[8fa7c3cbc660c2b3]::rust_begin_unwind
[INFO] [stdout]   10:     0x62e2f700fb0c - core[df12db4294e9bfd3]::panicking::panic_fmt
[INFO] [stdout]   11:     0x62e2f700f8e2 - core[df12db4294e9bfd3]::result::unwrap_failed
[INFO] [stdout]   12:     0x62e2f6b0fec7 - ruxen[ccab33f00b04aefa]::tls_stream::tests::handshake_eof
[INFO] [stdout]   13:     0x62e2f6a82cf9 - <ruxen[ccab33f00b04aefa]::tls_stream::tests::handshake_eof::{closure#0} as core[df12db4294e9bfd3]::ops::function::FnOnce<()>>::call_once
[INFO] [stdout]   14:     0x62e2f6ca921b - test[9d35eded1c95d3be]::__rust_begin_short_backtrace::<core[df12db4294e9bfd3]::result::Result<(), alloc[2182bb758b4b3781]::string::String>, fn() -> core[df12db4294e9bfd3]::result::Result<(), alloc[2182bb758b4b3781]::string::String>>
[INFO] [stdout]   15:     0x62e2f6cb6885 - test[9d35eded1c95d3be]::run_test::{closure#0}
[INFO] [stdout]   16:     0x62e2f6cb0144 - std[70759c8f55707aa4]::sys::backtrace::__rust_begin_short_backtrace::<test[9d35eded1c95d3be]::run_test::{closure#1}, ()>
[INFO] [stdout]   17:     0x62e2f6cb99e2 - <std[70759c8f55707aa4]::thread::lifecycle::spawn_unchecked<test[9d35eded1c95d3be]::run_test::{closure#1}, ()>::{closure#1} as core[df12db4294e9bfd3]::ops::function::FnOnce<()>>::call_once::{shim:vtable#0}
[INFO] [stdout]   18:     0x62e2f6ff62b9 - <std[70759c8f55707aa4]::sys::thread::unix::Thread>::new::thread_start
[INFO] [stdout]   19:     0x79745a265dfa - <unknown>
[INFO] [stdout]   20:     0x79745a2f93d4 - clone
[INFO] [stdout]   21:                0x0 - <unknown>
[INFO] [stdout] 
[INFO] [stdout] ---- tls_stream::tests::large_write_and_unclean_eof stdout ----
[INFO] [stdout] 
[INFO] [stdout] thread 'tls_stream::tests::large_write_and_unclean_eof' (2504) panicked at src/tls_stream.rs:476:14:
[INFO] [stdout] called `Result::unwrap()` on an `Err` value: Os { code: 1, kind: PermissionDenied, message: "Operation not permitted" }
[INFO] [stdout] stack backtrace:
[INFO] [stdout]    0:     0x62e2f6ff7cc1 - <<std[70759c8f55707aa4]::sys::backtrace::BacktraceLock>::print::DisplayBacktrace as core[df12db4294e9bfd3]::fmt::Display>::fmt
[INFO] [stdout]    1:     0x62e2f700f32a - core[df12db4294e9bfd3]::fmt::write
[INFO] [stdout]    2:     0x62e2f6ffcd3c - <alloc[2182bb758b4b3781]::vec::Vec<u8> as core[df12db4294e9bfd3]::io::write::Write>::write_fmt
[INFO] [stdout]    3:     0x62e2f6fcfe66 - std[70759c8f55707aa4]::panicking::default_hook::{closure#0}
[INFO] [stdout]    4:     0x62e2f6fee199 - std[70759c8f55707aa4]::panicking::default_hook
[INFO] [stdout]    5:     0x62e2f6cb5f30 - test[9d35eded1c95d3be]::test_main_inner::<test[9d35eded1c95d3be]::test_main_static::{closure#0}>::{closure#0}
[INFO] [stdout]    6:     0x62e2f6fee352 - std[70759c8f55707aa4]::panicking::panic_with_hook
[INFO] [stdout]    7:     0x62e2f6fcff12 - std[70759c8f55707aa4]::panicking::panic_handler::{closure#0}
[INFO] [stdout]    8:     0x62e2f6fc87d9 - std[70759c8f55707aa4]::sys::backtrace::__rust_end_short_backtrace::<std[70759c8f55707aa4]::panicking::panic_handler::{closure#0}, !>
[INFO] [stdout]    9:     0x62e2f6fd0edd - __rustc[8fa7c3cbc660c2b3]::rust_begin_unwind
[INFO] [stdout]   10:     0x62e2f700fb0c - core[df12db4294e9bfd3]::panicking::panic_fmt
[INFO] [stdout]   11:     0x62e2f700f8e2 - core[df12db4294e9bfd3]::result::unwrap_failed
[INFO] [stdout]   12:     0x62e2f6b101d3 - ruxen[ccab33f00b04aefa]::tls_stream::tests::large_write_and_unclean_eof
[INFO] [stdout]   13:     0x62e2f6a82d19 - <ruxen[ccab33f00b04aefa]::tls_stream::tests::large_write_and_unclean_eof::{closure#0} as core[df12db4294e9bfd3]::ops::function::FnOnce<()>>::call_once
[INFO] [stdout]   14:     0x62e2f6ca921b - test[9d35eded1c95d3be]::__rust_begin_short_backtrace::<core[df12db4294e9bfd3]::result::Result<(), alloc[2182bb758b4b3781]::string::String>, fn() -> core[df12db4294e9bfd3]::result::Result<(), alloc[2182bb758b4b3781]::string::String>>
[INFO] [stdout]   15:     0x62e2f6cb6885 - test[9d35eded1c95d3be]::run_test::{closure#0}
[INFO] [stdout]   16:     0x62e2f6cb0144 - std[70759c8f55707aa4]::sys::backtrace::__rust_begin_short_backtrace::<test[9d35eded1c95d3be]::run_test::{closure#1}, ()>
[INFO] [stdout]   17:     0x62e2f6cb99e2 - <std[70759c8f55707aa4]::thread::lifecycle::spawn_unchecked<test[9d35eded1c95d3be]::run_test::{closure#1}, ()>::{closure#1} as core[df12db4294e9bfd3]::ops::function::FnOnce<()>>::call_once::{shim:vtable#0}
[INFO] [stdout]   18:     0x62e2f6ff62b9 - <std[70759c8f55707aa4]::sys::thread::unix::Thread>::new::thread_start
[INFO] [stdout]   19:     0x79745a265dfa - <unknown>
[INFO] [stdout]   20:     0x79745a2f93d4 - clone
[INFO] [stdout]   21:                0x0 - <unknown>
[INFO] [stdout] 
[INFO] [stdout] ---- tls_stream::tests::roundtrip_writev_and_close_notify stdout ----
[INFO] [stdout] 
[INFO] [stdout] thread 'tls_stream::tests::roundtrip_writev_and_close_notify' (2505) panicked at src/tls_stream.rs:476:14:
[INFO] [stdout] called `Result::unwrap()` on an `Err` value: Os { code: 1, kind: PermissionDenied, message: "Operation not permitted" }
[INFO] [stdout] stack backtrace:
[INFO] [stdout]    0:     0x62e2f6ff7cc1 - <<std[70759c8f55707aa4]::sys::backtrace::BacktraceLock>::print::DisplayBacktrace as core[df12db4294e9bfd3]::fmt::Display>::fmt
[INFO] [stdout]    1:     0x62e2f700f32a - core[df12db4294e9bfd3]::fmt::write
[INFO] [stdout]    2:     0x62e2f6ffcd3c - <alloc[2182bb758b4b3781]::vec::Vec<u8> as core[df12db4294e9bfd3]::io::write::Write>::write_fmt
[INFO] [stdout]    3:     0x62e2f6fcfe66 - std[70759c8f55707aa4]::panicking::default_hook::{closure#0}
[INFO] [stdout]    4:     0x62e2f6fee199 - std[70759c8f55707aa4]::panicking::default_hook
[INFO] [stdout]    5:     0x62e2f6cb5f30 - test[9d35eded1c95d3be]::test_main_inner::<test[9d35eded1c95d3be]::test_main_static::{closure#0}>::{closure#0}
[INFO] [stdout]    6:     0x62e2f6fee352 - std[70759c8f55707aa4]::panicking::panic_with_hook
[INFO] [stdout]    7:     0x62e2f6fcff12 - std[70759c8f55707aa4]::panicking::panic_handler::{closure#0}
[INFO] [stdout]    8:     0x62e2f6fc87d9 - std[70759c8f55707aa4]::sys::backtrace::__rust_end_short_backtrace::<std[70759c8f55707aa4]::panicking::panic_handler::{closure#0}, !>
[INFO] [stdout]    9:     0x62e2f6fd0edd - __rustc[8fa7c3cbc660c2b3]::rust_begin_unwind
[INFO] [stdout]   10:     0x62e2f700fb0c - core[df12db4294e9bfd3]::panicking::panic_fmt
[INFO] [stdout]   11:     0x62e2f700f8e2 - core[df12db4294e9bfd3]::result::unwrap_failed
[INFO] [stdout]   12:     0x62e2f6b103c7 - ruxen[ccab33f00b04aefa]::tls_stream::tests::roundtrip_writev_and_close_notify
[INFO] [stdout]   13:     0x62e2f6a82d39 - <ruxen[ccab33f00b04aefa]::tls_stream::tests::roundtrip_writev_and_close_notify::{closure#0} as core[df12db4294e9bfd3]::ops::function::FnOnce<()>>::call_once
[INFO] [stdout]   14:     0x62e2f6ca921b - test[9d35eded1c95d3be]::__rust_begin_short_backtrace::<core[df12db4294e9bfd3]::result::Result<(), alloc[2182bb758b4b3781]::string::String>, fn() -> core[df12db4294e9bfd3]::result::Result<(), alloc[2182bb758b4b3781]::string::String>>
[INFO] [stdout]   15:     0x62e2f6cb6885 - test[9d35eded1c95d3be]::run_test::{closure#0}
[INFO] [stdout]   16:     0x62e2f6cb0144 - std[70759c8f55707aa4]::sys::backtrace::__rust_begin_short_backtrace::<test[9d35eded1c95d3be]::run_test::{closure#1}, ()>
[INFO] [stdout]   17:     0x62e2f6cb99e2 - <std[70759c8f55707aa4]::thread::lifecycle::spawn_unchecked<test[9d35eded1c95d3be]::run_test::{closure#1}, ()>::{closure#1} as core[df12db4294e9bfd3]::ops::function::FnOnce<()>>::call_once::{shim:vtable#0}
[INFO] [stdout]   18:     0x62e2f6ff62b9 - <std[70759c8f55707aa4]::sys::thread::unix::Thread>::new::thread_start
[INFO] [stdout]   19:     0x79745a265dfa - <unknown>
[INFO] [stdout]   20:     0x79745a2f93d4 - clone
[INFO] [stdout]   21:                0x0 - <unknown>
[INFO] [stdout] 
[INFO] [stdout] 
[INFO] [stdout] failures:
[INFO] [stdout]     tls_stream::tests::handshake_eof
[INFO] [stdout]     tls_stream::tests::large_write_and_unclean_eof
[INFO] [stdout]     tls_stream::tests::roundtrip_writev_and_close_notify
[INFO] [stdout] 
[INFO] [stdout] test result: FAILED. 409 passed; 3 failed; 0 ignored; 0 measured; 0 filtered out; finished in 0.77s
[INFO] [stdout] 
[INFO] [stderr] error: test failed, to rerun pass `--bin ruxen`
[INFO] running `Command { std: "docker" "inspect" "8e9ac2bc12ea34c146f92b4182986579c6ff0025fb884b6405af2bb93c805841", kill_on_drop: false }`
[INFO] running `Command { std: "docker" "rm" "-f" "8e9ac2bc12ea34c146f92b4182986579c6ff0025fb884b6405af2bb93c805841", kill_on_drop: false }`
[INFO] [stdout] 8e9ac2bc12ea34c146f92b4182986579c6ff0025fb884b6405af2bb93c805841
