[INFO] fetching crate ruvix-physmem 0.1.0...
[INFO] testing ruvix-physmem-0.1.0 against 1.100.0-beta.1+cargoflags=--release for beta-release-1.100-2
[INFO] extracting crate ruvix-physmem 0.1.0 into /workspace/builds/worker-0-tc2/source
[INFO] started tweaking crates.io crate ruvix-physmem 0.1.0
[INFO] finished tweaking crates.io crate ruvix-physmem 0.1.0
[INFO] tweaked toml for crates.io crate ruvix-physmem 0.1.0 written to /workspace/builds/worker-0-tc2/source/Cargo.toml
[INFO] validating manifest of crates.io crate ruvix-physmem 0.1.0 on toolchain 1.100.0-beta.1
[INFO] running `Command { std: CARGO_HOME="/workspace/cargo-home" RUSTUP_HOME="/workspace/rustup-home" "/workspace/cargo-home/bin/cargo" "+1.100.0-beta.1" "metadata" "--manifest-path" "Cargo.toml" "--no-deps", kill_on_drop: false }`
[INFO] crate crates.io crate ruvix-physmem 0.1.0 already has a lockfile, it will not be regenerated
[INFO] running `Command { std: CARGO_HOME="/workspace/cargo-home" RUSTUP_HOME="/workspace/rustup-home" "/workspace/cargo-home/bin/cargo" "+1.100.0-beta.1" "fetch" "--manifest-path" "Cargo.toml", kill_on_drop: false }`
[INFO] running `Command { std: "docker" "create" "-v" "/var/lib/crater-agent-workspace/builds/worker-0-tc2/source:/opt/rustwide/workdir:ro,Z" "-v" "/var/lib/crater-agent-workspace/builds/worker-0-tc2/target:/opt/rustwide/target:rw,Z" "-v" "/var/lib/crater-agent-workspace/cargo-home:/opt/rustwide/cargo-home:ro,Z" "-v" "/var/lib/crater-agent-workspace/rustup-home:/opt/rustwide/rustup-home:ro,Z" "-m" "1610612736" "--network" "none" "ghcr.io/rust-lang/crates-build-env/linux@sha256:77db811e55d90add9212f6832c23229e3de5f1c1f9905e8cb07319ea15df73ac" "sleep" "infinity", kill_on_drop: false }`
[INFO] [stdout] cd549e61702b400c5b7def2131b0c1683abed163de9646df0a42b643901185c7
[INFO] running `Command { std: "docker" "start" "cd549e61702b400c5b7def2131b0c1683abed163de9646df0a42b643901185c7", kill_on_drop: false }`
[INFO] running `Command { std: "docker" "inspect" "cd549e61702b400c5b7def2131b0c1683abed163de9646df0a42b643901185c7", kill_on_drop: false }`
[INFO] running `Command { std: "docker" "exec" "-e" "SOURCE_DIR=/opt/rustwide/workdir" "-e" "CARGO_HOME=/opt/rustwide/cargo-home" "-e" "RUSTUP_HOME=/opt/rustwide/rustup-home" "-e" "CARGO_TARGET_DIR=/opt/rustwide/target" "-w" "/opt/rustwide/workdir" "--user" "0:0" "cd549e61702b400c5b7def2131b0c1683abed163de9646df0a42b643901185c7" "/opt/rustwide/cargo-home/bin/cargo" "+1.100.0-beta.1" "metadata" "--no-deps" "--format-version=1", kill_on_drop: false }`
[INFO] running `Command { std: "docker" "inspect" "cd549e61702b400c5b7def2131b0c1683abed163de9646df0a42b643901185c7", kill_on_drop: false }`
[INFO] running `Command { std: "docker" "exec" "-e" "SOURCE_DIR=/opt/rustwide/workdir" "-e" "CARGO_HOME=/opt/rustwide/cargo-home" "-e" "RUSTUP_HOME=/opt/rustwide/rustup-home" "-e" "CARGO_TARGET_DIR=/opt/rustwide/target" "-e" "CARGO_INCREMENTAL=0" "-e" "RUST_BACKTRACE=full" "-e" "RUSTFLAGS=--cap-lints=warn" "-e" "RUSTDOCFLAGS=--cap-lints=warn" "-w" "/opt/rustwide/workdir" "--user" "0:0" "cd549e61702b400c5b7def2131b0c1683abed163de9646df0a42b643901185c7" "/opt/rustwide/cargo-home/bin/cargo" "+1.100.0-beta.1" "build" "--frozen" "--message-format=json" "--release", kill_on_drop: false }`
[INFO] [stderr]    Compiling ruvix-types v0.1.0
[INFO] [stderr]    Compiling ruvix-physmem v0.1.0 (/opt/rustwide/workdir)
[INFO] [stderr]     Finished `release` profile [optimized] target(s) in 0.56s
[INFO] running `Command { std: "docker" "inspect" "cd549e61702b400c5b7def2131b0c1683abed163de9646df0a42b643901185c7", kill_on_drop: false }`
[INFO] running `Command { std: "docker" "exec" "-e" "SOURCE_DIR=/opt/rustwide/workdir" "-e" "CARGO_HOME=/opt/rustwide/cargo-home" "-e" "RUSTUP_HOME=/opt/rustwide/rustup-home" "-e" "CARGO_TARGET_DIR=/opt/rustwide/target" "-e" "CARGO_INCREMENTAL=0" "-e" "RUST_BACKTRACE=full" "-e" "RUSTFLAGS=--cap-lints=warn" "-e" "RUSTDOCFLAGS=--cap-lints=warn" "-w" "/opt/rustwide/workdir" "--user" "0:0" "cd549e61702b400c5b7def2131b0c1683abed163de9646df0a42b643901185c7" "/opt/rustwide/cargo-home/bin/cargo" "+1.100.0-beta.1" "test" "--frozen" "--no-run" "--message-format=json" "--release", kill_on_drop: false }`
[INFO] [stderr]    Compiling proc-macro2 v1.0.106
[INFO] [stderr]    Compiling unicode-ident v1.0.24
[INFO] [stderr]    Compiling libc v0.2.183
[INFO] [stderr]    Compiling cfg-if v1.0.4
[INFO] [stderr]    Compiling zerocopy v0.8.42
[INFO] [stderr]    Compiling getrandom v0.3.4
[INFO] [stderr]    Compiling serde_core v1.0.228
[INFO] [stderr]    Compiling crossbeam-utils v0.8.21
[INFO] [stderr]    Compiling autocfg v1.5.0
[INFO] [stderr]    Compiling rustix v1.1.4
[INFO] [stderr]    Compiling zmij v1.0.21
[INFO] [stderr]    Compiling getrandom v0.4.2
[INFO] [stderr]    Compiling serde v1.0.228
[INFO] [stderr]    Compiling linux-raw-sys v0.12.1
[INFO] [stderr]    Compiling serde_json v1.0.149
[INFO] [stderr]    Compiling regex-syntax v0.8.10
[INFO] [stderr]    Compiling bitflags v2.11.0
[INFO] [stderr]    Compiling once_cell v1.21.4
[INFO] [stderr]    Compiling either v1.15.0
[INFO] [stderr]    Compiling rayon-core v1.13.0
[INFO] [stderr]    Compiling anstyle v1.0.14
[INFO] [stderr]    Compiling memchr v2.8.0
[INFO] [stderr]    Compiling ciborium-io v0.2.2
[INFO] [stderr]    Compiling fastrand v2.3.0
[INFO] [stderr]    Compiling plotters-backend v0.3.7
[INFO] [stderr]    Compiling clap_lex v1.1.0
[INFO] [stderr]    Compiling itoa v1.0.17
[INFO] [stderr]    Compiling itertools v0.10.5
[INFO] [stderr]    Compiling cast v0.3.0
[INFO] [stderr]    Compiling quick-error v1.2.3
[INFO] [stderr]    Compiling same-file v1.0.6
[INFO] [stderr]    Compiling num-traits v0.2.19
[INFO] [stderr]    Compiling clap_builder v4.5.60
[INFO] [stderr]    Compiling plotters-svg v0.3.7
[INFO] [stderr]    Compiling bit-vec v0.8.0
[INFO] [stderr]    Compiling crossbeam-epoch v0.9.18
[INFO] [stderr]    Compiling fnv v1.0.7
[INFO] [stderr]    Compiling walkdir v2.5.0
[INFO] [stderr]    Compiling unarray v0.1.4
[INFO] [stderr]    Compiling oorandom v11.1.5
[INFO] [stderr]    Compiling anes v0.1.6
[INFO] [stderr]    Compiling quote v1.0.40
[INFO] [stderr]    Compiling bit-set v0.8.0
[INFO] [stderr]    Compiling crossbeam-deque v0.8.6
[INFO] [stderr]    Compiling syn v2.0.117
[INFO] [stderr]    Compiling plotters v0.3.7
[INFO] [stderr]    Compiling rayon v1.11.0
[INFO] [stderr]    Compiling wait-timeout v0.2.1
[INFO] [stderr]    Compiling is-terminal v0.4.17
[INFO] [stderr]    Compiling criterion-plot v0.5.0
[INFO] [stderr]    Compiling rand_core v0.9.5
[INFO] [stderr]    Compiling regex-automata v0.4.14
[INFO] [stderr]    Compiling rand_xorshift v0.4.0
[INFO] [stderr]    Compiling rand v0.9.2
[INFO] [stderr]    Compiling clap v4.5.60
[INFO] [stderr]    Compiling tempfile v3.27.0
[INFO] [stderr]    Compiling rusty-fork v0.3.1
[INFO] [stderr]    Compiling regex v1.12.3
[INFO] [stderr]    Compiling zerocopy-derive v0.8.42
[INFO] [stderr]    Compiling serde_derive v1.0.228
[INFO] [stderr]    Compiling tinytemplate v1.2.1
[INFO] [stderr]    Compiling half v2.7.1
[INFO] [stderr]    Compiling ppv-lite86 v0.2.21
[INFO] [stderr]    Compiling ciborium-ll v0.2.2
[INFO] [stderr]    Compiling rand_chacha v0.9.0
[INFO] [stderr]    Compiling ciborium v0.2.2
[INFO] [stderr]    Compiling proptest v1.10.0
[INFO] [stderr]    Compiling criterion v0.5.1
[INFO] [stderr]    Compiling ruvix-physmem v0.1.0 (/opt/rustwide/workdir)
[INFO] [stderr]     Finished `release` profile [optimized] target(s) in 58.27s
[INFO] running `Command { std: "docker" "inspect" "cd549e61702b400c5b7def2131b0c1683abed163de9646df0a42b643901185c7", kill_on_drop: false }`
[INFO] running `Command { std: "docker" "exec" "-e" "SOURCE_DIR=/opt/rustwide/workdir" "-e" "CARGO_HOME=/opt/rustwide/cargo-home" "-e" "RUSTUP_HOME=/opt/rustwide/rustup-home" "-e" "CARGO_TARGET_DIR=/opt/rustwide/target" "-e" "CARGO_INCREMENTAL=0" "-e" "RUST_BACKTRACE=full" "-e" "RUSTFLAGS=--cap-lints=warn" "-e" "RUSTDOCFLAGS=--cap-lints=warn" "-w" "/opt/rustwide/workdir" "--user" "0:0" "cd549e61702b400c5b7def2131b0c1683abed163de9646df0a42b643901185c7" "/opt/rustwide/cargo-home/bin/cargo" "+1.100.0-beta.1" "test" "--frozen" "--release", kill_on_drop: false }`
[INFO] [stderr]     Finished `release` profile [optimized] target(s) in 0.15s
[INFO] [stderr]      Running unittests src/lib.rs (/opt/rustwide/target/release/build/ruvix-physmem/08f7ad52fae122d7/out/ruvix_physmem-08f7ad52fae122d7)
[INFO] [stdout] 
[INFO] [stdout] running 75 tests
[INFO] [stdout] test addr::tests::test_addr_subtraction ... ok
[INFO] [stdout] test addr::tests::test_arithmetic_ops ... ok
[INFO] [stdout] test addr::tests::test_is_order_aligned ... ok
[INFO] [stdout] test addr::tests::test_from_pfn ... ok
[INFO] [stdout] test addr::tests::test_new_and_as_u64 ... ok
[INFO] [stdout] test addr::tests::test_ordering ... ok
[INFO] [stdout] test addr::tests::test_add_sub_pages ... ok
[INFO] [stdout] test addr::tests::test_align_up ... ok
[INFO] [stdout] test addr::tests::test_align_down ... ok
[INFO] [stdout] test addr::tests::test_is_page_aligned ... ok
[INFO] [stdout] test allocator::tests::test_alloc_frame ... ok
[INFO] [stdout] test addr::tests::test_pages_to ... ok
[INFO] [stdout] test addr::tests::test_display ... ok
[INFO] [stdout] test allocator::tests::test_alloc_max_block ... ok
[INFO] [stdout] test allocator::tests::test_alloc_multiple_pages ... ok
[INFO] [stdout] test allocator::tests::test_alloc_single_page ... ok
[INFO] [stdout] test addr::tests::test_is_in_range ... ok
[INFO] [stdout] test allocator::tests::test_alloc_too_large ... ok
[INFO] [stdout] test addr::tests::test_pfn ... ok
[INFO] [stdout] test allocator::tests::test_alloc_zero ... ok
[INFO] [stdout] test allocator::tests::test_allocation_patterns ... ok
[INFO] [stdout] test allocator::tests::test_block_coalescing ... ok
[INFO] [stdout] test addr::tests::test_page_offset ... ok
[INFO] [stdout] test allocator::tests::test_block_splitting ... ok
[INFO] [stdout] test addr::tests::test_is_null ... ok
[INFO] [stdout] test addr::tests::test_from_into ... ok
[INFO] [stdout] test allocator::tests::test_init_invalid_alignment ... ok
[INFO] [stdout] test allocator::tests::test_order_stats ... ok
[INFO] [stdout] test allocator::tests::test_out_of_memory ... ok
[INFO] [stdout] test allocator::tests::test_reset ... ok
[INFO] [stdout] test allocator::tests::test_try_alloc ... ok
[INFO] [stdout] test allocator::tests::test_try_free ... ok
[INFO] [stdout] test allocator::tests::test_uninit ... ok
[INFO] [stdout] test allocator::tests::test_free_list_operations ... ok
[INFO] [stdout] test allocator::tests::test_statistics ... ok
[INFO] [stdout] test allocator::tests::test_new_allocator ... ok
[INFO] [stdout] test error::tests::test_display ... ok
[INFO] [stdout] test allocator::tests::test_contains ... ok
[INFO] [stdout] test frame::tests::test_page_frame_new ... ok
[INFO] [stdout] test error::tests::test_debug ... ok
[INFO] [stdout] test frame::tests::test_page_order_next_prev ... ok
[INFO] [stdout] test error::tests::test_error_as_str ... ok
[INFO] [stdout] test frame::tests::test_page_order_new ... ok
[INFO] [stdout] test frame::tests::test_page_order_from_pages ... ok
[INFO] [stdout] test allocator::tests::test_new_unaligned_panics - should panic ... ok
[INFO] [stdout] test frame::tests::test_page_frame_contains ... ok
[INFO] [stdout] test stats::tests::test_new_stats ... ok
[INFO] [stdout] test frame::tests::test_page_frame_display ... ok
[INFO] [stdout] test frame::tests::test_page_frame_end_addr ... ok
[INFO] [stdout] test frame::tests::test_page_frame_merge ... ok
[INFO] [stdout] test frame::tests::test_page_frame_single_page ... ok
[INFO] [stdout] test frame::tests::test_page_frame_split ... ok
[INFO] [stdout] test frame::tests::test_page_order_pages ... ok
[INFO] [stdout] test stats::tests::test_bytes_calculations ... ok
[INFO] [stdout] test stats::tests::test_display ... ok
[INFO] [stdout] test error::tests::test_into_kernel_error ... ok
[INFO] [stdout] test error::tests::test_to_kernel_error ... ok
[INFO] [stdout] test frame::tests::test_page_frame_buddy_addr ... ok
[INFO] [stdout] test frame::tests::test_page_order_bytes ... ok
[INFO] [stdout] test frame::tests::test_page_order_from_bytes ... ok
[INFO] [stdout] test stats::tests::test_order_stats ... ok
[INFO] [stdout] test stats::tests::test_record_free ... ok
[INFO] [stdout] test stats::tests::test_reset_counters ... ok
[INFO] [stdout] test stats::tests::test_peak_tracking ... ok
[INFO] [stdout] test tests::test_order_to_pages ... ok
[INFO] [stdout] test tests::test_align_down ... ok
[INFO] [stdout] test stats::tests::test_record_allocation ... ok
[INFO] [stdout] test tests::test_pages_to_order ... ok
[INFO] [stdout] test tests::test_align_up ... ok
[INFO] [stdout] test stats::tests::test_splits_coalesces ... ok
[INFO] [stdout] test tests::test_roundtrip_order_pages ... ok
[INFO] [stdout] test stats::tests::test_utilization ... ok
[INFO] [stdout] test tests::test_page_alignment ... ok
[INFO] [stdout] test stats::tests::test_success_rate ... ok
[INFO] [stdout] test tests::test_order_to_bytes ... ok
[INFO] [stdout] 
[INFO] [stdout] test result: ok. 75 passed; 0 failed; 0 ignored; 0 measured; 0 filtered out; finished in 0.02s
[INFO] [stdout] 
[INFO] [stderr]    Doc-tests ruvix_physmem
[INFO] [stdout] 
[INFO] [stdout] running 45 tests
[INFO] [stdout] test src/addr.rs - addr::PhysAddr::align_up (line 200) ... FAILED
[INFO] [stdout] test src/addr.rs - addr::PhysAddr (line 23) ... FAILED
[INFO] [stdout] test src/addr.rs - addr::PhysAddr::page_offset (line 128) ... FAILED
[INFO] [stdout] test src/addr.rs - addr::PhysAddr::is_page_aligned (line 147) ... FAILED
[INFO] [stdout] test src/addr.rs - addr::PhysAddr::new (line 49) ... FAILED
[INFO] [stdout] test src/addr.rs - addr::PhysAddr::align_down (line 181) ... FAILED
[INFO] [stdout] test src/addr.rs - addr::PhysAddr::is_in_range (line 314) ... FAILED
[INFO] [stdout] test src/addr.rs - addr::PhysAddr::add_pages (line 223) ... FAILED
[INFO] [stdout] test src/addr.rs - addr::PhysAddr::pfn (line 109) ... FAILED
[INFO] [stdout] test src/addr.rs - addr::PhysAddr::as_u64 (line 90) ... FAILED
[INFO] [stdout] test src/addr.rs - addr::PhysAddr::sub_pages (line 244) ... FAILED
[INFO] [stdout] test src/addr.rs - addr::PhysAddr::is_null (line 164) ... FAILED
[INFO] [stdout] test src/addr.rs - addr::PhysAddr::from_pfn (line 71) ... FAILED
[INFO] [stdout] test src/addr.rs - addr::PhysAddr::is_order_aligned (line 341) ... FAILED
[INFO] [stdout] test src/addr.rs - addr::PhysAddr::pages_to (line 288) ... FAILED
[INFO] [stdout] test src/addr.rs - addr::PhysAddr::add_bytes (line 265) ... ok
[INFO] [stdout] test src/allocator.rs - allocator::BuddyAllocator (line 43) ... ok
[INFO] [stdout] test src/allocator.rs - allocator::BuddyAllocator::alloc_pages (line 364) ... FAILED
[INFO] [stdout] test src/frame.rs - frame::PageFrame (line 251) ... FAILED
[INFO] [stdout] test src/allocator.rs - allocator::BuddyAllocator::new (line 186) ... FAILED
[INFO] [stdout] test src/allocator.rs - allocator::BuddyAllocator::alloc_frame (line 547) ... FAILED
[INFO] [stdout] test src/frame.rs - frame::PageFrame::end_addr (line 348) ... FAILED
[INFO] [stdout] test src/lib.rs - (line 45) ... ignored
[INFO] [stdout] test src/allocator.rs - allocator::BuddyAllocator::dealloc_pages (line 460) ... FAILED
[INFO] [stdout] test src/frame.rs - frame::PageFrame::buddy_addr (line 445) ... FAILED
[INFO] [stdout] test src/frame.rs - frame::PageFrame::new (line 277) ... FAILED
[INFO] [stdout] test src/frame.rs - frame::PageFrame::merge (line 481) ... FAILED
[INFO] [stdout] test src/frame.rs - frame::PageFrame::contains (line 378) ... FAILED
[INFO] [stdout] test src/frame.rs - frame::PageFrame::split (line 404) ... FAILED
[INFO] [stdout] test src/frame.rs - frame::PageOrder (line 21) ... FAILED
[INFO] [stdout] test src/frame.rs - frame::PageOrder::bytes (line 112) ... FAILED
[INFO] [stdout] test src/frame.rs - frame::PageOrder::from_bytes (line 212) ... FAILED
[INFO] [stdout] test src/frame.rs - frame::PageFrame::single_page (line 300) ... ok
[INFO] [stdout] test src/frame.rs - frame::PageOrder::new (line 49) ... ok
[INFO] [stdout] test src/frame.rs - frame::PageOrder::from_pages (line 181) ... ok
[INFO] [stdout] test src/frame.rs - frame::PageOrder::next (line 129) ... ok
[INFO] [stdout] test src/lib.rs - align_down (line 199) ... ok
[INFO] [stdout] test src/frame.rs - frame::PageOrder::prev (line 152) ... ok
[INFO] [stdout] test src/frame.rs - frame::PageOrder::pages (line 94) ... ok
[INFO] [stdout] test src/lib.rs - align_up (line 218) ... ok
[INFO] [stdout] test src/lib.rs - is_page_aligned (line 180) ... ok
[INFO] [stdout] test src/lib.rs - order_to_bytes (line 163) ... ok
[INFO] [stdout] test src/lib.rs - pages_to_order (line 110) ... ok
[INFO] [stdout] test src/lib.rs - order_to_pages (line 143) ... ok
[INFO] [stdout] test src/stats.rs - stats::AllocatorStats (line 14) ... ok
[INFO] [stdout] 
[INFO] [stdout] failures:
[INFO] [stdout] 
[INFO] [stdout] ---- src/addr.rs - addr::PhysAddr::align_up (line 200) stdout ----
[INFO] [stdout] Couldn't compile the test.
[INFO] [stdout] ---- src/addr.rs - addr::PhysAddr (line 23) stdout ----
[INFO] [stdout] Couldn't compile the test.
[INFO] [stdout] ---- src/addr.rs - addr::PhysAddr::page_offset (line 128) stdout ----
[INFO] [stdout] Couldn't compile the test.
[INFO] [stdout] ---- src/addr.rs - addr::PhysAddr::is_page_aligned (line 147) stdout ----
[INFO] [stdout] Couldn't compile the test.
[INFO] [stdout] ---- src/addr.rs - addr::PhysAddr::new (line 49) stdout ----
[INFO] [stdout] Couldn't compile the test.
[INFO] [stdout] ---- src/addr.rs - addr::PhysAddr::align_down (line 181) stdout ----
[INFO] [stdout] Couldn't compile the test.
[INFO] [stdout] ---- src/addr.rs - addr::PhysAddr::is_in_range (line 314) stdout ----
[INFO] [stdout] Couldn't compile the test.
[INFO] [stdout] ---- src/addr.rs - addr::PhysAddr::add_pages (line 223) stdout ----
[INFO] [stdout] Couldn't compile the test.
[INFO] [stdout] ---- src/addr.rs - addr::PhysAddr::pfn (line 109) stdout ----
[INFO] [stdout] Couldn't compile the test.
[INFO] [stdout] ---- src/addr.rs - addr::PhysAddr::as_u64 (line 90) stdout ----
[INFO] [stdout] Couldn't compile the test.
[INFO] [stdout] ---- src/addr.rs - addr::PhysAddr::sub_pages (line 244) stdout ----
[INFO] [stdout] Couldn't compile the test.
[INFO] [stdout] ---- src/addr.rs - addr::PhysAddr::is_null (line 164) stdout ----
[INFO] [stdout] Couldn't compile the test.
[INFO] [stdout] ---- src/addr.rs - addr::PhysAddr::from_pfn (line 71) stdout ----
[INFO] [stdout] Couldn't compile the test.
[INFO] [stdout] ---- src/addr.rs - addr::PhysAddr::is_order_aligned (line 341) stdout ----
[INFO] [stdout] Couldn't compile the test.
[INFO] [stdout] ---- src/addr.rs - addr::PhysAddr::pages_to (line 288) stdout ----
[INFO] [stdout] Couldn't compile the test.
[INFO] [stdout] ---- src/allocator.rs - allocator::BuddyAllocator::alloc_pages (line 364) stdout ----
[INFO] [stdout] Couldn't compile the test.
[INFO] [stdout] ---- src/frame.rs - frame::PageFrame (line 251) stdout ----
[INFO] [stdout] Couldn't compile the test.
[INFO] [stdout] ---- src/allocator.rs - allocator::BuddyAllocator::new (line 186) stdout ----
[INFO] [stdout] Couldn't compile the test.
[INFO] [stdout] ---- src/allocator.rs - allocator::BuddyAllocator::alloc_frame (line 547) stdout ----
[INFO] [stdout] Couldn't compile the test.
[INFO] [stdout] ---- src/frame.rs - frame::PageFrame::end_addr (line 348) stdout ----
[INFO] [stdout] Couldn't compile the test.
[INFO] [stdout] ---- src/allocator.rs - allocator::BuddyAllocator::dealloc_pages (line 460) stdout ----
[INFO] [stdout] Couldn't compile the test.
[INFO] [stdout] ---- src/frame.rs - frame::PageFrame::buddy_addr (line 445) stdout ----
[INFO] [stdout] Couldn't compile the test.
[INFO] [stdout] ---- src/frame.rs - frame::PageFrame::new (line 277) stdout ----
[INFO] [stdout] Couldn't compile the test.
[INFO] [stdout] ---- src/frame.rs - frame::PageFrame::merge (line 481) stdout ----
[INFO] [stdout] Couldn't compile the test.
[INFO] [stdout] ---- src/frame.rs - frame::PageFrame::contains (line 378) stdout ----
[INFO] [stdout] Couldn't compile the test.
[INFO] [stdout] ---- src/frame.rs - frame::PageFrame::split (line 404) stdout ----
[INFO] [stdout] Couldn't compile the test.
[INFO] [stdout] ---- src/frame.rs - frame::PageOrder (line 21) stdout ----
[INFO] [stdout] Couldn't compile the test.
[INFO] [stdout] ---- src/frame.rs - frame::PageOrder::bytes (line 112) stdout ----
[INFO] [stdout] Couldn't compile the test.
[INFO] [stdout] ---- src/frame.rs - frame::PageOrder::from_bytes (line 212) stdout ----
[INFO] [stdout] Couldn't compile the test.
[INFO] [stdout] 
[INFO] [stdout] failures:
[INFO] [stdout]     src/addr.rs - addr::PhysAddr (line 23)
[INFO] [stdout]     src/addr.rs - addr::PhysAddr::add_pages (line 223)
[INFO] [stdout]     src/addr.rs - addr::PhysAddr::align_down (line 181)
[INFO] [stdout]     src/addr.rs - addr::PhysAddr::align_up (line 200)
[INFO] [stdout]     src/addr.rs - addr::PhysAddr::as_u64 (line 90)
[INFO] [stdout]     src/addr.rs - addr::PhysAddr::from_pfn (line 71)
[INFO] [stdout]     src/addr.rs - addr::PhysAddr::is_in_range (line 314)
[INFO] [stdout]     src/addr.rs - addr::PhysAddr::is_null (line 164)
[INFO] [stdout]     src/addr.rs - addr::PhysAddr::is_order_aligned (line 341)
[INFO] [stdout]     src/addr.rs - addr::PhysAddr::is_page_aligned (line 147)
[INFO] [stdout]     src/addr.rs - addr::PhysAddr::new (line 49)
[INFO] [stdout]     src/addr.rs - addr::PhysAddr::page_offset (line 128)
[INFO] [stdout]     src/addr.rs - addr::PhysAddr::pages_to (line 288)
[INFO] [stdout]     src/addr.rs - addr::PhysAddr::pfn (line 109)
[INFO] [stdout]     src/addr.rs - addr::PhysAddr::sub_pages (line 244)
[INFO] [stdout]     src/allocator.rs - allocator::BuddyAllocator::alloc_frame (line 547)
[INFO] [stdout]     src/allocator.rs - allocator::BuddyAllocator::alloc_pages (line 364)
[INFO] [stdout]     src/allocator.rs - allocator::BuddyAllocator::dealloc_pages (line 460)
[INFO] [stdout]     src/allocator.rs - allocator::BuddyAllocator::new (line 186)
[INFO] [stdout]     src/frame.rs - frame::PageFrame (line 251)
[INFO] [stdout]     src/frame.rs - frame::PageFrame::buddy_addr (line 445)
[INFO] [stdout]     src/frame.rs - frame::PageFrame::contains (line 378)
[INFO] [stdout]     src/frame.rs - frame::PageFrame::end_addr (line 348)
[INFO] [stdout]     src/frame.rs - frame::PageFrame::merge (line 481)
[INFO] [stdout]     src/frame.rs - frame::PageFrame::new (line 277)
[INFO] [stdout]     src/frame.rs - frame::PageFrame::split (line 404)
[INFO] [stdout]     src/frame.rs - frame::PageOrder (line 21)
[INFO] [stdout]     src/frame.rs - frame::PageOrder::bytes (line 112)
[INFO] [stdout]     src/frame.rs - frame::PageOrder::from_bytes (line 212)
[INFO] [stdout] 
[INFO] [stdout] test result: FAILED. 15 passed; 29 failed; 1 ignored; 0 measured; 0 filtered out; finished in 39.81s
[INFO] [stdout] 
[INFO] [stderr] error: doctest failed, to rerun pass `--doc`
[INFO] running `Command { std: "docker" "inspect" "cd549e61702b400c5b7def2131b0c1683abed163de9646df0a42b643901185c7", kill_on_drop: false }`
[INFO] running `Command { std: "docker" "rm" "-f" "cd549e61702b400c5b7def2131b0c1683abed163de9646df0a42b643901185c7", kill_on_drop: false }`
[INFO] [stdout] cd549e61702b400c5b7def2131b0c1683abed163de9646df0a42b643901185c7
