[INFO] fetching crate rusync2 0.10.0...
[INFO] testing rusync2-0.10.0 against 1.99.0-beta.8+cargoflags=--release for beta-release-1.100-2
[INFO] extracting crate rusync2 0.10.0 into /workspace/builds/worker-3-tc1/source
[INFO] started tweaking crates.io crate rusync2 0.10.0
[INFO] removed 0 missing tests
[INFO] finished tweaking crates.io crate rusync2 0.10.0
[INFO] tweaked toml for crates.io crate rusync2 0.10.0 written to /workspace/builds/worker-3-tc1/source/Cargo.toml
[INFO] validating manifest of crates.io crate rusync2 0.10.0 on toolchain 1.99.0-beta.8
[INFO] running `Command { std: CARGO_HOME="/workspace/cargo-home" RUSTUP_HOME="/workspace/rustup-home" "/workspace/cargo-home/bin/cargo" "+1.99.0-beta.8" "metadata" "--manifest-path" "Cargo.toml" "--no-deps", kill_on_drop: false }`
[INFO] crate crates.io crate rusync2 0.10.0 already has a lockfile, it will not be regenerated
[INFO] running `Command { std: CARGO_HOME="/workspace/cargo-home" RUSTUP_HOME="/workspace/rustup-home" "/workspace/cargo-home/bin/cargo" "+1.99.0-beta.8" "fetch" "--manifest-path" "Cargo.toml", kill_on_drop: false }`
[INFO] [stderr]  Downloading crates ...
[INFO] [stderr]   Downloaded clap_derive v3.2.25
[INFO] [stderr]   Downloaded terminal_size v0.2.6
[INFO] [stderr]   Downloaded rustix v0.37.28
[INFO] running `Command { std: "docker" "create" "-v" "/var/lib/crater-agent-workspace/builds/worker-3-tc1/source:/opt/rustwide/workdir:ro,Z" "-v" "/var/lib/crater-agent-workspace/builds/worker-3-tc1/target:/opt/rustwide/target:rw,Z" "-v" "/var/lib/crater-agent-workspace/cargo-home:/opt/rustwide/cargo-home:ro,Z" "-v" "/var/lib/crater-agent-workspace/rustup-home:/opt/rustwide/rustup-home:ro,Z" "-m" "1610612736" "--network" "none" "ghcr.io/rust-lang/crates-build-env/linux@sha256:77db811e55d90add9212f6832c23229e3de5f1c1f9905e8cb07319ea15df73ac" "sleep" "infinity", kill_on_drop: false }`
[INFO] [stdout] 976f2fb4e20d92cbb4919e9fa01e6bba4b19c3f55bcf2deed733caedc64c9474
[INFO] running `Command { std: "docker" "start" "976f2fb4e20d92cbb4919e9fa01e6bba4b19c3f55bcf2deed733caedc64c9474", kill_on_drop: false }`
[INFO] running `Command { std: "docker" "inspect" "976f2fb4e20d92cbb4919e9fa01e6bba4b19c3f55bcf2deed733caedc64c9474", kill_on_drop: false }`
[INFO] running `Command { std: "docker" "exec" "-e" "SOURCE_DIR=/opt/rustwide/workdir" "-e" "CARGO_HOME=/opt/rustwide/cargo-home" "-e" "RUSTUP_HOME=/opt/rustwide/rustup-home" "-e" "CARGO_TARGET_DIR=/opt/rustwide/target" "-w" "/opt/rustwide/workdir" "--user" "0:0" "976f2fb4e20d92cbb4919e9fa01e6bba4b19c3f55bcf2deed733caedc64c9474" "/opt/rustwide/cargo-home/bin/cargo" "+1.99.0-beta.8" "metadata" "--no-deps" "--format-version=1", kill_on_drop: false }`
[INFO] running `Command { std: "docker" "inspect" "976f2fb4e20d92cbb4919e9fa01e6bba4b19c3f55bcf2deed733caedc64c9474", kill_on_drop: false }`
[INFO] running `Command { std: "docker" "exec" "-e" "SOURCE_DIR=/opt/rustwide/workdir" "-e" "CARGO_HOME=/opt/rustwide/cargo-home" "-e" "RUSTUP_HOME=/opt/rustwide/rustup-home" "-e" "CARGO_TARGET_DIR=/opt/rustwide/target" "-e" "CARGO_INCREMENTAL=0" "-e" "RUST_BACKTRACE=full" "-e" "RUSTFLAGS=--cap-lints=warn" "-e" "RUSTDOCFLAGS=--cap-lints=warn" "-w" "/opt/rustwide/workdir" "--user" "0:0" "976f2fb4e20d92cbb4919e9fa01e6bba4b19c3f55bcf2deed733caedc64c9474" "/opt/rustwide/cargo-home/bin/cargo" "+1.99.0-beta.8" "build" "--frozen" "--message-format=json" "--release", kill_on_drop: false }`
[INFO] [stderr]    Compiling io-lifetimes v1.0.11
[INFO] [stderr]    Compiling rustix v0.37.28
[INFO] [stderr]    Compiling proc-macro-error-attr v1.0.4
[INFO] [stderr]    Compiling syn v1.0.109
[INFO] [stderr]    Compiling linux-raw-sys v0.3.8
[INFO] [stderr]    Compiling atty v0.2.14
[INFO] [stderr]    Compiling textwrap v0.16.4
[INFO] [stderr]    Compiling strsim v0.10.0
[INFO] [stderr]    Compiling colored v2.2.0
[INFO] [stderr]    Compiling filetime v0.2.29
[INFO] [stderr]    Compiling humansize v1.1.1
[INFO] [stderr]    Compiling pathdiff v0.2.3
[INFO] [stderr]    Compiling humantime v2.4.0
[INFO] [stderr]    Compiling terminal_size v0.2.6
[INFO] [stderr]    Compiling proc-macro-error v1.0.4
[INFO] [stderr]    Compiling clap_derive v3.2.25
[INFO] [stderr]    Compiling clap v3.2.25
[INFO] [stderr]    Compiling rusync2 v0.10.0 (/opt/rustwide/workdir)
[INFO] [stderr]     Finished `release` profile [optimized] target(s) in 31.50s
[INFO] running `Command { std: "docker" "inspect" "976f2fb4e20d92cbb4919e9fa01e6bba4b19c3f55bcf2deed733caedc64c9474", kill_on_drop: false }`
[INFO] running `Command { std: "docker" "exec" "-e" "SOURCE_DIR=/opt/rustwide/workdir" "-e" "CARGO_HOME=/opt/rustwide/cargo-home" "-e" "RUSTUP_HOME=/opt/rustwide/rustup-home" "-e" "CARGO_TARGET_DIR=/opt/rustwide/target" "-e" "CARGO_INCREMENTAL=0" "-e" "RUST_BACKTRACE=full" "-e" "RUSTFLAGS=--cap-lints=warn" "-e" "RUSTDOCFLAGS=--cap-lints=warn" "-w" "/opt/rustwide/workdir" "--user" "0:0" "976f2fb4e20d92cbb4919e9fa01e6bba4b19c3f55bcf2deed733caedc64c9474" "/opt/rustwide/cargo-home/bin/cargo" "+1.99.0-beta.8" "test" "--frozen" "--no-run" "--message-format=json" "--release", kill_on_drop: false }`
[INFO] [stderr]    Compiling bitflags v2.13.2
[INFO] [stderr]    Compiling getrandom v0.4.3
[INFO] [stderr]    Compiling rustix v1.1.5
[INFO] [stderr]    Compiling tempfile v3.27.0
[INFO] [stderr]    Compiling rusync2 v0.10.0 (/opt/rustwide/workdir)
[INFO] [stderr]     Finished `release` profile [optimized] target(s) in 11.20s
[INFO] running `Command { std: "docker" "inspect" "976f2fb4e20d92cbb4919e9fa01e6bba4b19c3f55bcf2deed733caedc64c9474", kill_on_drop: false }`
[INFO] running `Command { std: "docker" "exec" "-e" "SOURCE_DIR=/opt/rustwide/workdir" "-e" "CARGO_HOME=/opt/rustwide/cargo-home" "-e" "RUSTUP_HOME=/opt/rustwide/rustup-home" "-e" "CARGO_TARGET_DIR=/opt/rustwide/target" "-e" "CARGO_INCREMENTAL=0" "-e" "RUST_BACKTRACE=full" "-e" "RUSTFLAGS=--cap-lints=warn" "-e" "RUSTDOCFLAGS=--cap-lints=warn" "-w" "/opt/rustwide/workdir" "--user" "0:0" "976f2fb4e20d92cbb4919e9fa01e6bba4b19c3f55bcf2deed733caedc64c9474" "/opt/rustwide/cargo-home/bin/cargo" "+1.99.0-beta.8" "test" "--frozen" "--release", kill_on_drop: false }`
[INFO] [stderr]     Finished `release` profile [optimized] target(s) in 0.07s
[INFO] [stderr]      Running unittests src/lib.rs (/opt/rustwide/target/release/deps/rusync-cf86d819e80d2710)
[INFO] [stdout] 
[INFO] [stdout] running 62 tests
[INFO] [stdout] test console_info::test::scanning_line_with_filters ... ok
[INFO] [stdout] test console_info::test::scanning_line_without_filters ... ok
[INFO] [stdout] test console_info::test::sleep_progress_line_at_start ... ok
[INFO] [stdout] test console_info::test::sleep_progress_line_uses_hours ... ok
[INFO] [stdout] test console_info::test::test_human_seconds ... ok
[INFO] [stdout] test console_info::test::sleep_progress_line_half_way ... ok
[INFO] [stdout] test console_info::test::test_human_speed ... ok
[INFO] [stdout] test console_info::test::test_truncate_string ... ok
[INFO] [stdout] test console_info::test::sleep_progress_line_complete ... ok
[INFO] [stdout] test duration::tests::compound_groups_are_summed ... ok
[INFO] [stdout] test duration::tests::d_suffix ... ok
[INFO] [stdout] test duration::tests::empty_input_is_rejected ... ok
[INFO] [stdout] test duration::tests::m_suffix ... ok
[INFO] [stdout] test duration::tests::h_suffix ... ok
[INFO] [stdout] test duration::tests::missing_number_is_rejected ... ok
[INFO] [stdout] test duration::tests::negative_and_fractional_numbers_are_rejected ... ok
[INFO] [stdout] test duration::tests::overflow_is_rejected ... ok
[INFO] [stdout] test console_info::test::sleep_progress_line_rounds_the_bar_down ... ok
[INFO] [stdout] test duration::tests::plain_number_means_seconds ... ok
[INFO] [stdout] test duration::tests::repeated_units_are_summed ... ok
[INFO] [stdout] test duration::tests::s_suffix ... ok
[INFO] [stdout] test duration::tests::unitless_group_in_compound_is_seconds ... ok
[INFO] [stdout] test duration::tests::space_between_number_and_unit_is_rejected ... ok
[INFO] [stdout] test duration::tests::unknown_unit_is_rejected ... ok
[INFO] [stdout] test duration::tests::whitespace_between_groups_is_allowed ... ok
[INFO] [stdout] test duration::tests::zero_interval_is_rejected ... ok
[INFO] [stdout] test duration::tests::zero_groups_are_ok_if_the_total_is_positive ... ok
[INFO] [stdout] test entry::tests::new_entry_with_existing_path ... ok
[INFO] [stdout] test entry::tests::new_entry_with_regular_file_keeps_metadata ... ok
[INFO] [stdout] test entry::tests::new_entry_with_symlink_to_directory ... ok
[INFO] [stdout] test entry::tests::new_entry_with_non_existing_path ... ok
[INFO] [stdout] test filters::tests::empty_filters_pass_everything ... ok
[INFO] [stdout] test filters::tests::default_filters_pass_everything ... ok
[INFO] [stdout] test filters::tests::error_names_the_first_invalid_pattern ... ok
[INFO] [stdout] test filters::tests::empty_pattern_matches_everything ... ok
[INFO] [stdout] test filters::tests::include_anchors_are_user_supplied ... ok
[INFO] [stdout] test filters::tests::exclude_takes_precedence_over_include ... ok
[INFO] [stdout] test filters::tests::invalid_exclude_pattern_is_rejected ... ok
[INFO] [stdout] test filters::tests::exclude_directory_pattern ... ok
[INFO] [stdout] test filters::tests::include_whitelist ... ok
[INFO] [stdout] test filters::tests::exclude_extension ... ok
[INFO] [stdout] test filters::tests::match_string_joins_components_with_forward_slash ... ok
[INFO] [stdout] test filters::tests::matching_is_case_sensitive ... ok
[INFO] [stdout] test filters::tests::patterns_starting_with_a_dash_are_valid ... ok
[INFO] [stdout] test filters::tests::pattern_order_within_a_list_does_not_matter ... ok
[INFO] [stdout] test filters::tests::regex_features_pass_through ... ok
[INFO] [stdout] test entry::tests::new_entry_with_broken_symlink ... ok
[INFO] [stdout] test filters::tests::inline_case_insensitive_flag_is_supported ... ok
[INFO] [stdout] test filters::tests::unanchored_include_matches_anywhere ... ok
[INFO] [stdout] test filters::tests::invalid_include_pattern_is_rejected ... ok
[INFO] [stdout] test fsops::symlink_tests::create_link_dest_is_a_broken_link ... ok
[INFO] [stdout] test filters::tests::unicode_paths_can_be_matched ... ok
[INFO] [stdout] test fsops::symlink_tests::create_link_dest_doest_not_point_to_correct_location ... ok
[INFO] [stdout] test workers::progress_worker::tests::speed_meter_evicts_samples_older_than_the_window ... ok
[INFO] [stdout] test fsops::tests::create_file ... ok
[INFO] [stdout] test fsops::symlink_tests::create_link_when_dest_does_not_exist ... ok
[INFO] [stdout] test workers::progress_worker::tests::speed_meter_caps_the_number_of_samples ... ok
[INFO] [stdout] test workers::progress_worker::tests::speed_meter_computes_bytes_per_second ... ok
[INFO] [stdout] test workers::progress_worker::tests::speed_meter_decays_when_nothing_is_transferred ... ok
[INFO] [stdout] test workers::progress_worker::tests::speed_meter_returns_zero_for_short_spans ... ok
[INFO] [stdout] test fsops::symlink_tests::create_link_dest_is_a_regular_file ... ok
[INFO] [stdout] test fsops::tests::overwrite_file ... ok
[INFO] [stdout] 
[INFO] [stdout] test result: ok. 62 passed; 0 failed; 0 ignored; 0 measured; 0 filtered out; finished in 0.04s
[INFO] [stdout] 
[INFO] [stderr]      Running unittests src/bin/rusync.rs (/opt/rustwide/target/release/deps/rusync-9a0fab1009ba9df4)
[INFO] [stdout] 
[INFO] [stdout] running 0 tests
[INFO] [stdout] 
[INFO] [stdout] test result: ok. 0 passed; 0 failed; 0 ignored; 0 measured; 0 filtered out; finished in 0.00s
[INFO] [stdout] 
[INFO] [stderr]      Running unittests src/main.rs (/opt/rustwide/target/release/deps/rusync2-9a51011895e50d9a)
[INFO] [stderr]      Running tests/cli_test.rs (/opt/rustwide/target/release/deps/cli_test-470d272d15a40beb)
[INFO] [stdout] 
[INFO] [stdout] running 0 tests
[INFO] [stdout] 
[INFO] [stdout] test result: ok. 0 passed; 0 failed; 0 ignored; 0 measured; 0 filtered out; finished in 0.00s
[INFO] [stdout] 
[INFO] [stdout] 
[INFO] [stdout] running 13 tests
[INFO] [stdout] test invalid_exclude_regex_is_rejected_before_syncing ... ok
[INFO] [stdout] test include_flag_whitelists_paths ... ok
[INFO] [stdout] test exclude_flag_filters_files ... ok
[INFO] [stdout] test invalid_include_regex_is_rejected_before_syncing ... ok
[INFO] [stdout] test filter_flags_can_be_repeated ... ok
[INFO] [stdout] test include_and_exclude_combine_on_the_command_line ... ok
[INFO] [stdout] test rusync2_is_also_installed_as_a_command ... ok
[INFO] [stdout] test progress_is_shown_at_every_stage ... ok
[INFO] [stdout] test help_documents_the_new_features ... ok
[INFO] [stdout] test invalid_sleep_interval_is_rejected ... ok
[INFO] [stdout] test sleep_interval_repeats_syncs_until_killed ... ok
[INFO] [stdout] test watch_mode_resyncs_changes ... ok
[INFO] [stderr]      Running tests/filter_test.rs (/opt/rustwide/target/release/deps/filter_test-561e46bce8e57659)
[INFO] [stdout] test sleep_interval_accepts_human_suffixes ... ok
[INFO] [stdout] 
[INFO] [stdout] test result: ok. 13 passed; 0 failed; 0 ignored; 0 measured; 0 filtered out; finished in 3.04s
[INFO] [stdout] 
[INFO] [stdout] 
[INFO] [stdout] running 12 tests
[INFO] [stdout] test include_whitelist ... ok
[INFO] [stdout] test case_sensitive_by_default ... ok
[INFO] [stdout] test no_filters_syncs_everything ... ok
[INFO] [stdout] test directory_pattern_does_not_match_similar_file ... ok
[INFO] [stdout] test prune_directory_by_name ... ok
[INFO] [stdout] test inline_case_insensitive_flag ... ok
[INFO] [stdout] test include_and_exclude_combine ... ok
[INFO] [stdout] test exclude_extension ... ok
[INFO] [stdout] test pattern_order_across_syncs_is_irrelevant ... ok
[INFO] [stdout] test exclude_takes_precedence_over_include ... ok
[INFO] [stdout] test unicode_paths_can_be_filtered ... ok
[INFO] [stdout] test symlink_to_directory_can_be_pruned ... ok
[INFO] [stdout] 
[INFO] [stdout] test result: ok. 12 passed; 0 failed; 0 ignored; 0 measured; 0 filtered out; finished in 0.07s
[INFO] [stdout] 
[INFO] [stderr]      Running tests/integration_test.rs (/opt/rustwide/target/release/deps/integration_test-ca298a5fa7dcd262)
[INFO] [stdout] 
[INFO] [stdout] running 7 tests
[INFO] [stdout] test do_not_preserve_permissions ... ok
[INFO] [stdout] test broken_link_in_src ... ok
[INFO] [stdout] test preserve_permissions ... ok
[INFO] [stdout] test dest_read_only ... FAILED
[INFO] [stdout] test fresh_copy ... ok
[INFO] [stdout] test rewrite_partially_written_files ... ok
[INFO] [stdout] test skip_up_to_date_files ... ok
[INFO] [stdout] 
[INFO] [stdout] failures:
[INFO] [stdout] 
[INFO] [stdout] ---- dest_read_only stdout ----
[INFO] [stdout] 
[INFO] [stdout] thread 'dest_read_only' (866) panicked at tests/integration_test.rs:189:5:
[INFO] [stdout] assertion `left == right` failed
[INFO] [stdout]   left: 0
[INFO] [stdout]  right: 1
[INFO] [stdout] stack backtrace:
[INFO] [stdout]    0:     0x5f947d39f931 - <<std[70759c8f55707aa4]::sys::backtrace::BacktraceLock>::print::DisplayBacktrace as core[df12db4294e9bfd3]::fmt::Display>::fmt
[INFO] [stdout]    1:     0x5f947d3b646a - core[df12db4294e9bfd3]::fmt::write
[INFO] [stdout]    2:     0x5f947d3a4ccc - <alloc[2182bb758b4b3781]::vec::Vec<u8> as core[df12db4294e9bfd3]::io::write::Write>::write_fmt
[INFO] [stdout]    3:     0x5f947d378f66 - std[70759c8f55707aa4]::panicking::default_hook::{closure#0}
[INFO] [stdout]    4:     0x5f947d396bd9 - std[70759c8f55707aa4]::panicking::default_hook
[INFO] [stdout]    5:     0x5f947d24a5b0 - test[9d35eded1c95d3be]::test_main_inner::<test[9d35eded1c95d3be]::test_main_static::{closure#0}>::{closure#0}
[INFO] [stdout]    6:     0x5f947d396d92 - std[70759c8f55707aa4]::panicking::panic_with_hook
[INFO] [stdout]    7:     0x5f947d379012 - std[70759c8f55707aa4]::panicking::panic_handler::{closure#0}
[INFO] [stdout]    8:     0x5f947d371459 - std[70759c8f55707aa4]::sys::backtrace::__rust_end_short_backtrace::<std[70759c8f55707aa4]::panicking::panic_handler::{closure#0}, !>
[INFO] [stdout]    9:     0x5f947d379ecd - __rustc[8fa7c3cbc660c2b3]::rust_begin_unwind
[INFO] [stdout]   10:     0x5f947d3b6c4c - core[df12db4294e9bfd3]::panicking::panic_fmt
[INFO] [stdout]   11:     0x5f947d3b6b63 - core[df12db4294e9bfd3]::panicking::assert_failed_inner
[INFO] [stdout]   12:     0x5f947d3b2362 - core[df12db4294e9bfd3]::panicking::assert_failed::<u64, u64>
[INFO] [stdout]   13:     0x5f947d23b5c5 - <integration_test[f3b6765f79691b42]::dest_read_only::{closure#0} as core[df12db4294e9bfd3]::ops::function::FnOnce<()>>::call_once
[INFO] [stdout]   14:     0x5f947d23d89b - test[9d35eded1c95d3be]::__rust_begin_short_backtrace::<core[df12db4294e9bfd3]::result::Result<(), alloc[2182bb758b4b3781]::string::String>, fn() -> core[df12db4294e9bfd3]::result::Result<(), alloc[2182bb758b4b3781]::string::String>>
[INFO] [stdout]   15:     0x5f947d24af05 - test[9d35eded1c95d3be]::run_test::{closure#0}
[INFO] [stdout]   16:     0x5f947d2447c4 - std[70759c8f55707aa4]::sys::backtrace::__rust_begin_short_backtrace::<test[9d35eded1c95d3be]::run_test::{closure#1}, ()>
[INFO] [stdout]   17:     0x5f947d24e062 - <std[70759c8f55707aa4]::thread::lifecycle::spawn_unchecked<test[9d35eded1c95d3be]::run_test::{closure#1}, ()>::{closure#1} as core[df12db4294e9bfd3]::ops::function::FnOnce<()>>::call_once::{shim:vtable#0}
[INFO] [stdout]   18:     0x5f947d39eca9 - <std[70759c8f55707aa4]::sys::thread::unix::Thread>::new::thread_start
[INFO] [stdout]   19:     0x7aa6b19a9dfa - <unknown>
[INFO] [stdout]   20:     0x7aa6b1a3d3d4 - clone
[INFO] [stdout]   21:                0x0 - <unknown>
[INFO] [stdout] 
[INFO] [stdout] 
[INFO] [stdout] failures:
[INFO] [stdout]     dest_read_only
[INFO] [stdout] 
[INFO] [stdout] test result: FAILED. 6 passed; 1 failed; 0 ignored; 0 measured; 0 filtered out; finished in 0.03s
[INFO] [stdout] 
[INFO] [stderr] error: test failed, to rerun pass `--test integration_test`
[INFO] running `Command { std: "docker" "inspect" "976f2fb4e20d92cbb4919e9fa01e6bba4b19c3f55bcf2deed733caedc64c9474", kill_on_drop: false }`
[INFO] running `Command { std: "docker" "rm" "-f" "976f2fb4e20d92cbb4919e9fa01e6bba4b19c3f55bcf2deed733caedc64c9474", kill_on_drop: false }`
[INFO] [stdout] 976f2fb4e20d92cbb4919e9fa01e6bba4b19c3f55bcf2deed733caedc64c9474
