[INFO] fetching crate rusync 0.7.2...
[INFO] testing rusync-0.7.2 against 1.100.0-beta.1+cargoflags=--release for beta-release-1.100-2
[INFO] extracting crate rusync 0.7.2 into /workspace/builds/worker-0-tc2/source
[INFO] started tweaking crates.io crate rusync 0.7.2
[INFO] finished tweaking crates.io crate rusync 0.7.2
[INFO] tweaked toml for crates.io crate rusync 0.7.2 written to /workspace/builds/worker-0-tc2/source/Cargo.toml
[INFO] validating manifest of crates.io crate rusync 0.7.2 on toolchain 1.100.0-beta.1
[INFO] running `Command { std: CARGO_HOME="/workspace/cargo-home" RUSTUP_HOME="/workspace/rustup-home" "/workspace/cargo-home/bin/cargo" "+1.100.0-beta.1" "metadata" "--manifest-path" "Cargo.toml" "--no-deps", kill_on_drop: false }`
[INFO] crate crates.io crate rusync 0.7.2 already has a lockfile, it will not be regenerated
[INFO] running `Command { std: CARGO_HOME="/workspace/cargo-home" RUSTUP_HOME="/workspace/rustup-home" "/workspace/cargo-home/bin/cargo" "+1.100.0-beta.1" "fetch" "--manifest-path" "Cargo.toml", kill_on_drop: false }`
[INFO] running `Command { std: "docker" "create" "-v" "/var/lib/crater-agent-workspace/builds/worker-0-tc2/source:/opt/rustwide/workdir:ro,Z" "-v" "/var/lib/crater-agent-workspace/builds/worker-0-tc2/target:/opt/rustwide/target:rw,Z" "-v" "/var/lib/crater-agent-workspace/cargo-home:/opt/rustwide/cargo-home:ro,Z" "-v" "/var/lib/crater-agent-workspace/rustup-home:/opt/rustwide/rustup-home:ro,Z" "-m" "1610612736" "--network" "none" "ghcr.io/rust-lang/crates-build-env/linux@sha256:77db811e55d90add9212f6832c23229e3de5f1c1f9905e8cb07319ea15df73ac" "sleep" "infinity", kill_on_drop: false }`
[INFO] [stdout] 8a8d6f34b485901e65145cc7bc7ffa4e1f33b3b6fc452bf2396b053763b13446
[INFO] running `Command { std: "docker" "start" "8a8d6f34b485901e65145cc7bc7ffa4e1f33b3b6fc452bf2396b053763b13446", kill_on_drop: false }`
[INFO] running `Command { std: "docker" "inspect" "8a8d6f34b485901e65145cc7bc7ffa4e1f33b3b6fc452bf2396b053763b13446", kill_on_drop: false }`
[INFO] running `Command { std: "docker" "exec" "-e" "SOURCE_DIR=/opt/rustwide/workdir" "-e" "CARGO_HOME=/opt/rustwide/cargo-home" "-e" "RUSTUP_HOME=/opt/rustwide/rustup-home" "-e" "CARGO_TARGET_DIR=/opt/rustwide/target" "-w" "/opt/rustwide/workdir" "--user" "0:0" "8a8d6f34b485901e65145cc7bc7ffa4e1f33b3b6fc452bf2396b053763b13446" "/opt/rustwide/cargo-home/bin/cargo" "+1.100.0-beta.1" "metadata" "--no-deps" "--format-version=1", kill_on_drop: false }`
[INFO] running `Command { std: "docker" "inspect" "8a8d6f34b485901e65145cc7bc7ffa4e1f33b3b6fc452bf2396b053763b13446", kill_on_drop: false }`
[INFO] running `Command { std: "docker" "exec" "-e" "SOURCE_DIR=/opt/rustwide/workdir" "-e" "CARGO_HOME=/opt/rustwide/cargo-home" "-e" "RUSTUP_HOME=/opt/rustwide/rustup-home" "-e" "CARGO_TARGET_DIR=/opt/rustwide/target" "-e" "CARGO_INCREMENTAL=0" "-e" "RUST_BACKTRACE=full" "-e" "RUSTFLAGS=--cap-lints=warn" "-e" "RUSTDOCFLAGS=--cap-lints=warn" "-w" "/opt/rustwide/workdir" "--user" "0:0" "8a8d6f34b485901e65145cc7bc7ffa4e1f33b3b6fc452bf2396b053763b13446" "/opt/rustwide/cargo-home/bin/cargo" "+1.100.0-beta.1" "build" "--frozen" "--message-format=json" "--release", kill_on_drop: false }`
[INFO] [stderr]    Compiling proc-macro2 v1.0.36
[INFO] [stderr]    Compiling libc v0.2.105
[INFO] [stderr]    Compiling unicode-xid v0.2.2
[INFO] [stderr]    Compiling syn v1.0.85
[INFO] [stderr]    Compiling autocfg v1.0.1
[INFO] [stderr]    Compiling memchr v2.4.1
[INFO] [stderr]    Compiling anyhow v1.0.36
[INFO] [stderr]    Compiling heck v0.4.0
[INFO] [stderr]    Compiling hashbrown v0.11.2
[INFO] [stderr]    Compiling textwrap v0.14.2
[INFO] [stderr]    Compiling termcolor v1.1.2
[INFO] [stderr]    Compiling pathdiff v0.2.1
[INFO] [stderr]    Compiling humantime v2.0.1
[INFO] [stderr]    Compiling humansize v1.1.0
[INFO] [stderr]    Compiling indexmap v1.8.0
[INFO] [stderr]    Compiling os_str_bytes v6.0.0
[INFO] [stderr]    Compiling atty v0.2.10
[INFO] [stderr]    Compiling term_size v0.3.1
[INFO] [stderr]    Compiling filetime v0.2.15
[INFO] [stderr]    Compiling quote v1.0.14
[INFO] [stderr]    Compiling colored v2.0.0
[INFO] [stderr]    Compiling proc-macro-error-attr v1.0.4
[INFO] [stderr]    Compiling proc-macro-error v1.0.4
[INFO] [stderr]    Compiling clap_derive v3.0.5
[INFO] [stderr]    Compiling clap v3.0.5
[INFO] [stderr]    Compiling rusync v0.7.2 (/opt/rustwide/workdir)
[INFO] [stdout] warning: unnecessary parentheses around match arm expression
[INFO] [stdout]    --> src/fsops.rs:167:28
[INFO] [stdout]     |
[INFO] [stdout] 167 |         Some(dest_meta) => (dest_meta.len() != src_meta.len()),
[INFO] [stdout]     |                            ^                                 ^
[INFO] [stdout]     |
[INFO] [stdout]     = note: `#[warn(unused_parens)]` (part of `#[warn(unused)]`) on by default
[INFO] [stdout] help: remove these parentheses
[INFO] [stdout]     |
[INFO] [stdout] 167 -         Some(dest_meta) => (dest_meta.len() != src_meta.len()),
[INFO] [stdout] 167 +         Some(dest_meta) => dest_meta.len() != src_meta.len(),
[INFO] [stdout]     |
[INFO] [stdout] 
[INFO] [stdout] 
[INFO] [stderr]     Finished `release` profile [optimized] target(s) in 18.75s
[INFO] running `Command { std: "docker" "inspect" "8a8d6f34b485901e65145cc7bc7ffa4e1f33b3b6fc452bf2396b053763b13446", kill_on_drop: false }`
[INFO] running `Command { std: "docker" "exec" "-e" "SOURCE_DIR=/opt/rustwide/workdir" "-e" "CARGO_HOME=/opt/rustwide/cargo-home" "-e" "RUSTUP_HOME=/opt/rustwide/rustup-home" "-e" "CARGO_TARGET_DIR=/opt/rustwide/target" "-e" "CARGO_INCREMENTAL=0" "-e" "RUST_BACKTRACE=full" "-e" "RUSTFLAGS=--cap-lints=warn" "-e" "RUSTDOCFLAGS=--cap-lints=warn" "-w" "/opt/rustwide/workdir" "--user" "0:0" "8a8d6f34b485901e65145cc7bc7ffa4e1f33b3b6fc452bf2396b053763b13446" "/opt/rustwide/cargo-home/bin/cargo" "+1.100.0-beta.1" "test" "--frozen" "--no-run" "--message-format=json" "--release", kill_on_drop: false }`
[INFO] [stderr]    Compiling getrandom v0.2.3
[INFO] [stderr]    Compiling ppv-lite86 v0.2.15
[INFO] [stderr]    Compiling remove_dir_all v0.5.1
[INFO] [stdout] warning: unnecessary parentheses around match arm expression
[INFO] [stdout]    --> src/fsops.rs:167:28
[INFO] [stdout]     |
[INFO] [stdout] 167 |         Some(dest_meta) => (dest_meta.len() != src_meta.len()),
[INFO] [stdout]     |                            ^                                 ^
[INFO] [stdout]     |
[INFO] [stdout]     = note: `#[warn(unused_parens)]` (part of `#[warn(unused)]`) on by default
[INFO] [stdout] help: remove these parentheses
[INFO] [stdout]     |
[INFO] [stdout] 167 -         Some(dest_meta) => (dest_meta.len() != src_meta.len()),
[INFO] [stdout] 167 +         Some(dest_meta) => dest_meta.len() != src_meta.len(),
[INFO] [stdout]     |
[INFO] [stdout] 
[INFO] [stdout] 
[INFO] [stderr]    Compiling rand_core v0.6.3
[INFO] [stderr]    Compiling rand_chacha v0.3.1
[INFO] [stderr]    Compiling rand v0.8.4
[INFO] [stderr]    Compiling tempfile v3.2.0
[INFO] [stderr]    Compiling rusync v0.7.2 (/opt/rustwide/workdir)
[INFO] [stdout] warning: unnecessary parentheses around match arm expression
[INFO] [stdout]    --> src/fsops.rs:167:28
[INFO] [stdout]     |
[INFO] [stdout] 167 |         Some(dest_meta) => (dest_meta.len() != src_meta.len()),
[INFO] [stdout]     |                            ^                                 ^
[INFO] [stdout]     |
[INFO] [stdout]     = note: `#[warn(unused_parens)]` (part of `#[warn(unused)]`) on by default
[INFO] [stdout] help: remove these parentheses
[INFO] [stdout]     |
[INFO] [stdout] 167 -         Some(dest_meta) => (dest_meta.len() != src_meta.len()),
[INFO] [stdout] 167 +         Some(dest_meta) => dest_meta.len() != src_meta.len(),
[INFO] [stdout]     |
[INFO] [stdout] 
[INFO] [stdout] 
[INFO] [stderr]     Finished `release` profile [optimized] target(s) in 4.06s
[INFO] running `Command { std: "docker" "inspect" "8a8d6f34b485901e65145cc7bc7ffa4e1f33b3b6fc452bf2396b053763b13446", kill_on_drop: false }`
[INFO] running `Command { std: "docker" "exec" "-e" "SOURCE_DIR=/opt/rustwide/workdir" "-e" "CARGO_HOME=/opt/rustwide/cargo-home" "-e" "RUSTUP_HOME=/opt/rustwide/rustup-home" "-e" "CARGO_TARGET_DIR=/opt/rustwide/target" "-e" "CARGO_INCREMENTAL=0" "-e" "RUST_BACKTRACE=full" "-e" "RUSTFLAGS=--cap-lints=warn" "-e" "RUSTDOCFLAGS=--cap-lints=warn" "-w" "/opt/rustwide/workdir" "--user" "0:0" "8a8d6f34b485901e65145cc7bc7ffa4e1f33b3b6fc452bf2396b053763b13446" "/opt/rustwide/cargo-home/bin/cargo" "+1.100.0-beta.1" "test" "--frozen" "--release", kill_on_drop: false }`
[INFO] [stderr] warning: unnecessary parentheses around match arm expression
[INFO] [stderr]    --> src/fsops.rs:167:28
[INFO] [stderr]     |
[INFO] [stderr] 167 |         Some(dest_meta) => (dest_meta.len() != src_meta.len()),
[INFO] [stderr]     |                            ^                                 ^
[INFO] [stderr]     |
[INFO] [stderr]     = note: `#[warn(unused_parens)]` (part of `#[warn(unused)]`) on by default
[INFO] [stderr] help: remove these parentheses
[INFO] [stderr]     |
[INFO] [stderr] 167 -         Some(dest_meta) => (dest_meta.len() != src_meta.len()),
[INFO] [stderr] 167 +         Some(dest_meta) => dest_meta.len() != src_meta.len(),
[INFO] [stderr]     |
[INFO] [stderr] 
[INFO] [stderr] warning: `rusync` (lib) generated 1 warning (run `cargo fix --lib -p rusync` to apply 1 suggestion)
[INFO] [stderr] warning: `rusync` (lib test) generated 1 warning (1 duplicate)
[INFO] [stderr]     Finished `release` profile [optimized] target(s) in 0.07s
[INFO] [stderr]      Running unittests src/lib.rs (/opt/rustwide/target/release/build/rusync/329b65bb41b00b5b/out/rusync-329b65bb41b00b5b)
[INFO] [stdout] 
[INFO] [stdout] running 10 tests
[INFO] [stdout] test entry::tests::new_entry_with_existing_path ... ok
[INFO] [stdout] test console_info::test::test_human_seconds ... ok
[INFO] [stdout] test console_info::test::test_truncate_string ... ok
[INFO] [stdout] test fsops::tests::create_file ... ok
[INFO] [stdout] test entry::tests::new_entry_with_non_existing_path ... ok
[INFO] [stdout] test fsops::symlink_tests::create_link_dest_is_a_regular_file ... ok
[INFO] [stdout] test fsops::symlink_tests::create_link_dest_doest_not_point_to_correct_location ... ok
[INFO] [stdout] test fsops::symlink_tests::create_link_dest_is_a_broken_link ... ok
[INFO] [stdout] test fsops::symlink_tests::create_link_when_dest_does_not_exist ... ok
[INFO] [stdout] test fsops::tests::overwrite_file ... ok
[INFO] [stdout] 
[INFO] [stdout] test result: ok. 10 passed; 0 failed; 0 ignored; 0 measured; 0 filtered out; finished in 0.09s
[INFO] [stdout] 
[INFO] [stderr]      Running unittests src/main.rs (/opt/rustwide/target/release/build/rusync/1898f08358a37eab/out/rusync-1898f08358a37eab)
[INFO] [stdout] 
[INFO] [stdout] running 0 tests
[INFO] [stdout] 
[INFO] [stdout] test result: ok. 0 passed; 0 failed; 0 ignored; 0 measured; 0 filtered out; finished in 0.00s
[INFO] [stdout] 
[INFO] [stderr]      Running tests/integration_test.rs (/opt/rustwide/target/release/build/rusync/3813f6c990e9d9ce/out/integration_test-3813f6c990e9d9ce)
[INFO] [stdout] 
[INFO] [stdout] running 7 tests
[INFO] [stdout] test broken_link_in_src ... ok
[INFO] [stdout] test preserve_permissions ... ok
[INFO] [stdout] test rewrite_partially_written_files ... ok
[INFO] [stdout] test dest_read_only ... FAILED
[INFO] [stdout] test fresh_copy ... ok
[INFO] [stdout] test do_not_preserve_permissions ... ok
[INFO] [stdout] test skip_up_to_date_files ... ok
[INFO] [stdout] 
[INFO] [stdout] failures:
[INFO] [stdout] 
[INFO] [stdout] ---- dest_read_only stdout ----
[INFO] [stdout] 
[INFO] [stdout] thread 'dest_read_only' (830) panicked at tests/integration_test.rs:187:5:
[INFO] [stdout] assertion `left == right` failed
[INFO] [stdout]   left: 0
[INFO] [stdout]  right: 1
[INFO] [stdout] stack backtrace:
[INFO] [stdout]    0:     0x5cbd4657c981 - <<std[617be2ca0a6fd877]::sys::backtrace::BacktraceLock>::print::DisplayBacktrace as core[a373ad73a504971]::fmt::Display>::fmt
[INFO] [stdout]    1:     0x5cbd46591cfa - core[a373ad73a504971]::fmt::write
[INFO] [stdout]    2:     0x5cbd465814fc - <alloc[2e1b2a31b91974c5]::vec::Vec<u8> as core[a373ad73a504971]::io::write::Write>::write_fmt
[INFO] [stdout]    3:     0x5cbd46556846 - std[617be2ca0a6fd877]::panicking::default_hook::{closure#0}
[INFO] [stdout]    4:     0x5cbd46573bc9 - std[617be2ca0a6fd877]::panicking::default_hook
[INFO] [stdout]    5:     0x5cbd464f42e0 - test[aada8e7e76ba119b]::test_main_inner::{closure#0}
[INFO] [stdout]    6:     0x5cbd46573d82 - std[617be2ca0a6fd877]::panicking::panic_with_hook
[INFO] [stdout]    7:     0x5cbd465568f2 - std[617be2ca0a6fd877]::panicking::panic_handler::{closure#0}
[INFO] [stdout]    8:     0x5cbd4654f259 - std[617be2ca0a6fd877]::sys::backtrace::__rust_end_short_backtrace::<std[617be2ca0a6fd877]::panicking::panic_handler::{closure#0}, !>
[INFO] [stdout]    9:     0x5cbd465576ad - __rustc[ea4f61d10b84890b]::rust_begin_unwind
[INFO] [stdout]   10:     0x5cbd4659242c - core[a373ad73a504971]::panicking::panic_fmt
[INFO] [stdout]   11:     0x5cbd46592343 - core[a373ad73a504971]::panicking::assert_failed_inner
[INFO] [stdout]   12:     0x5cbd4658ea18 - core[a373ad73a504971]::panicking::assert_failed::<u64, u64>
[INFO] [stdout]   13:     0x5cbd464e5fbf - <integration_test[2318343c36010d65]::dest_read_only::{closure#0} as core[a373ad73a504971]::ops::function::FnOnce<()>>::call_once
[INFO] [stdout]   14:     0x5cbd464e772b - test[aada8e7e76ba119b]::__rust_begin_short_backtrace::<core[a373ad73a504971]::result::Result<(), alloc[2e1b2a31b91974c5]::string::String>, fn() -> core[a373ad73a504971]::result::Result<(), alloc[2e1b2a31b91974c5]::string::String>>
[INFO] [stdout]   15:     0x5cbd464f4905 - test[aada8e7e76ba119b]::run_test::{closure#0}
[INFO] [stdout]   16:     0x5cbd464ee1f4 - std[617be2ca0a6fd877]::sys::backtrace::__rust_begin_short_backtrace::<test[aada8e7e76ba119b]::run_test::{closure#1}, ()>
[INFO] [stdout]   17:     0x5cbd464f7992 - <std[617be2ca0a6fd877]::thread::lifecycle::spawn_unchecked<test[aada8e7e76ba119b]::run_test::{closure#1}, ()>::{closure#1} as core[a373ad73a504971]::ops::function::FnOnce<()>>::call_once::{shim:vtable#0}
[INFO] [stdout]   18:     0x5cbd4657bc9f - <std[617be2ca0a6fd877]::sys::thread::unix::Thread>::new::thread_start
[INFO] [stdout]   19:     0x7f4b9ebb2dfa - <unknown>
[INFO] [stdout]   20:     0x7f4b9ec463d4 - clone
[INFO] [stdout]   21:                0x0 - <unknown>
[INFO] [stdout] 
[INFO] [stdout] 
[INFO] [stdout] failures:
[INFO] [stdout]     dest_read_only
[INFO] [stdout] 
[INFO] [stdout] test result: FAILED. 6 passed; 1 failed; 0 ignored; 0 measured; 0 filtered out; finished in 0.04s
[INFO] [stdout] 
[INFO] [stderr] error: test failed, to rerun pass `--test integration_test`
[INFO] running `Command { std: "docker" "inspect" "8a8d6f34b485901e65145cc7bc7ffa4e1f33b3b6fc452bf2396b053763b13446", kill_on_drop: false }`
[INFO] running `Command { std: "docker" "rm" "-f" "8a8d6f34b485901e65145cc7bc7ffa4e1f33b3b6fc452bf2396b053763b13446", kill_on_drop: false }`
[INFO] [stdout] 8a8d6f34b485901e65145cc7bc7ffa4e1f33b3b6fc452bf2396b053763b13446
