[INFO] fetching crate rustywallet-mnemonic 0.2.0...
[INFO] testing rustywallet-mnemonic-0.2.0 against 1.100.0-beta.1+cargoflags=--release for beta-release-1.100-2
[INFO] extracting crate rustywallet-mnemonic 0.2.0 into /workspace/builds/worker-0-tc2/source
[INFO] started tweaking crates.io crate rustywallet-mnemonic 0.2.0
[INFO] finished tweaking crates.io crate rustywallet-mnemonic 0.2.0
[INFO] tweaked toml for crates.io crate rustywallet-mnemonic 0.2.0 written to /workspace/builds/worker-0-tc2/source/Cargo.toml
[INFO] validating manifest of crates.io crate rustywallet-mnemonic 0.2.0 on toolchain 1.100.0-beta.1
[INFO] running `Command { std: CARGO_HOME="/workspace/cargo-home" RUSTUP_HOME="/workspace/rustup-home" "/workspace/cargo-home/bin/cargo" "+1.100.0-beta.1" "metadata" "--manifest-path" "Cargo.toml" "--no-deps", kill_on_drop: false }`
[INFO] crate crates.io crate rustywallet-mnemonic 0.2.0 already has a lockfile, it will not be regenerated
[INFO] running `Command { std: CARGO_HOME="/workspace/cargo-home" RUSTUP_HOME="/workspace/rustup-home" "/workspace/cargo-home/bin/cargo" "+1.100.0-beta.1" "fetch" "--manifest-path" "Cargo.toml", kill_on_drop: false }`
[INFO] running `Command { std: "docker" "create" "-v" "/var/lib/crater-agent-workspace/builds/worker-0-tc2/source:/opt/rustwide/workdir:ro,Z" "-v" "/var/lib/crater-agent-workspace/builds/worker-0-tc2/target:/opt/rustwide/target:rw,Z" "-v" "/var/lib/crater-agent-workspace/cargo-home:/opt/rustwide/cargo-home:ro,Z" "-v" "/var/lib/crater-agent-workspace/rustup-home:/opt/rustwide/rustup-home:ro,Z" "-m" "1610612736" "--network" "none" "ghcr.io/rust-lang/crates-build-env/linux@sha256:77db811e55d90add9212f6832c23229e3de5f1c1f9905e8cb07319ea15df73ac" "sleep" "infinity", kill_on_drop: false }`
[INFO] [stdout] adc613fda2494c5348770af561536bf56fb8a1ec09a46eb8e4ef22a62f02c16f
[INFO] running `Command { std: "docker" "start" "adc613fda2494c5348770af561536bf56fb8a1ec09a46eb8e4ef22a62f02c16f", kill_on_drop: false }`
[INFO] running `Command { std: "docker" "inspect" "adc613fda2494c5348770af561536bf56fb8a1ec09a46eb8e4ef22a62f02c16f", kill_on_drop: false }`
[INFO] running `Command { std: "docker" "exec" "-e" "SOURCE_DIR=/opt/rustwide/workdir" "-e" "CARGO_HOME=/opt/rustwide/cargo-home" "-e" "RUSTUP_HOME=/opt/rustwide/rustup-home" "-e" "CARGO_TARGET_DIR=/opt/rustwide/target" "-w" "/opt/rustwide/workdir" "--user" "0:0" "adc613fda2494c5348770af561536bf56fb8a1ec09a46eb8e4ef22a62f02c16f" "/opt/rustwide/cargo-home/bin/cargo" "+1.100.0-beta.1" "metadata" "--no-deps" "--format-version=1", kill_on_drop: false }`
[INFO] running `Command { std: "docker" "inspect" "adc613fda2494c5348770af561536bf56fb8a1ec09a46eb8e4ef22a62f02c16f", kill_on_drop: false }`
[INFO] running `Command { std: "docker" "exec" "-e" "SOURCE_DIR=/opt/rustwide/workdir" "-e" "CARGO_HOME=/opt/rustwide/cargo-home" "-e" "RUSTUP_HOME=/opt/rustwide/rustup-home" "-e" "CARGO_TARGET_DIR=/opt/rustwide/target" "-e" "CARGO_INCREMENTAL=0" "-e" "RUST_BACKTRACE=full" "-e" "RUSTFLAGS=--cap-lints=warn" "-e" "RUSTDOCFLAGS=--cap-lints=warn" "-w" "/opt/rustwide/workdir" "--user" "0:0" "adc613fda2494c5348770af561536bf56fb8a1ec09a46eb8e4ef22a62f02c16f" "/opt/rustwide/cargo-home/bin/cargo" "+1.100.0-beta.1" "build" "--frozen" "--message-format=json" "--release", kill_on_drop: false }`
[INFO] [stderr]    Compiling syn v2.0.112
[INFO] [stderr]    Compiling bs58 v0.5.1
[INFO] [stderr]    Compiling cc v1.2.51
[INFO] [stderr]    Compiling pbkdf2 v0.12.2
[INFO] [stderr]    Compiling secp256k1-sys v0.10.1
[INFO] [stderr]    Compiling zeroize_derive v1.4.3
[INFO] [stderr]    Compiling thiserror-impl v1.0.69
[INFO] [stderr]    Compiling thiserror-impl v2.0.17
[INFO] [stderr]    Compiling zeroize v1.8.2
[INFO] [stderr]    Compiling thiserror v1.0.69
[INFO] [stderr]    Compiling thiserror v2.0.17
[INFO] [stderr]    Compiling secp256k1 v0.29.1
[INFO] [stderr]    Compiling rustywallet-keys v0.1.2
[INFO] [stderr]    Compiling rustywallet-mnemonic v0.2.0 (/opt/rustwide/workdir)
[INFO] [stderr]     Finished `release` profile [optimized] target(s) in 14.57s
[INFO] running `Command { std: "docker" "inspect" "adc613fda2494c5348770af561536bf56fb8a1ec09a46eb8e4ef22a62f02c16f", kill_on_drop: false }`
[INFO] running `Command { std: "docker" "exec" "-e" "SOURCE_DIR=/opt/rustwide/workdir" "-e" "CARGO_HOME=/opt/rustwide/cargo-home" "-e" "RUSTUP_HOME=/opt/rustwide/rustup-home" "-e" "CARGO_TARGET_DIR=/opt/rustwide/target" "-e" "CARGO_INCREMENTAL=0" "-e" "RUST_BACKTRACE=full" "-e" "RUSTFLAGS=--cap-lints=warn" "-e" "RUSTDOCFLAGS=--cap-lints=warn" "-w" "/opt/rustwide/workdir" "--user" "0:0" "adc613fda2494c5348770af561536bf56fb8a1ec09a46eb8e4ef22a62f02c16f" "/opt/rustwide/cargo-home/bin/cargo" "+1.100.0-beta.1" "test" "--frozen" "--no-run" "--message-format=json" "--release", kill_on_drop: false }`
[INFO] [stderr]    Compiling once_cell v1.21.3
[INFO] [stderr]    Compiling wait-timeout v0.2.1
[INFO] [stderr]    Compiling getrandom v0.3.4
[INFO] [stderr]    Compiling regex-syntax v0.8.8
[INFO] [stderr]    Compiling secp256k1 v0.29.1
[INFO] [stderr]    Compiling rand_core v0.9.3
[INFO] [stderr]    Compiling tempfile v3.24.0
[INFO] [stderr]    Compiling rustywallet-keys v0.1.2
[INFO] [stderr]    Compiling rand_chacha v0.9.0
[INFO] [stderr]    Compiling rand_xorshift v0.4.0
[INFO] [stderr]    Compiling rand v0.9.2
[INFO] [stderr]    Compiling rustywallet-mnemonic v0.2.0 (/opt/rustwide/workdir)
[INFO] [stderr]    Compiling rusty-fork v0.3.1
[INFO] [stderr]    Compiling proptest v1.9.0
[INFO] [stderr]     Finished `release` profile [optimized] target(s) in 20.05s
[INFO] running `Command { std: "docker" "inspect" "adc613fda2494c5348770af561536bf56fb8a1ec09a46eb8e4ef22a62f02c16f", kill_on_drop: false }`
[INFO] running `Command { std: "docker" "exec" "-e" "SOURCE_DIR=/opt/rustwide/workdir" "-e" "CARGO_HOME=/opt/rustwide/cargo-home" "-e" "RUSTUP_HOME=/opt/rustwide/rustup-home" "-e" "CARGO_TARGET_DIR=/opt/rustwide/target" "-e" "CARGO_INCREMENTAL=0" "-e" "RUST_BACKTRACE=full" "-e" "RUSTFLAGS=--cap-lints=warn" "-e" "RUSTDOCFLAGS=--cap-lints=warn" "-w" "/opt/rustwide/workdir" "--user" "0:0" "adc613fda2494c5348770af561536bf56fb8a1ec09a46eb8e4ef22a62f02c16f" "/opt/rustwide/cargo-home/bin/cargo" "+1.100.0-beta.1" "test" "--frozen" "--release", kill_on_drop: false }`
[INFO] [stderr]     Finished `release` profile [optimized] target(s) in 0.08s
[INFO] [stderr]      Running unittests src/lib.rs (/opt/rustwide/target/release/build/rustywallet-mnemonic/1cb409c0351bc61c/out/rustywallet_mnemonic-1cb409c0351bc61c)
[INFO] [stdout] 
[INFO] [stdout] running 39 tests
[INFO] [stdout] test mnemonic::tests::test_case_insensitive ... ok
[INFO] [stdout] test mnemonic::tests::test_debug_masked ... ok
[INFO] [stdout] test mnemonic::tests::test_generate_24_words ... ok
[INFO] [stdout] test mnemonic::tests::test_generate_with_language_chinese ... ok
[INFO] [stdout] test mnemonic::tests::test_parse_auto_detect_japanese ... ok
[INFO] [stdout] test mnemonic::tests::test_generate_with_language_korean ... ok
[INFO] [stdout] test mnemonic::tests::test_generate_12_words ... ok
[INFO] [stdout] test mnemonic::tests::test_generate_with_language_spanish ... ok
[INFO] [stdout] test mnemonic::tests::test_generate_with_language_japanese ... ok
[INFO] [stdout] test mnemonic::tests::test_parse_auto_detect_chinese ... ok
[INFO] [stdout] test mnemonic::tests::test_parse_auto_detect_invalid_word ... ok
[INFO] [stdout] test mnemonic::tests::test_parse_auto_detect_korean ... ok
[INFO] [stdout] test mnemonic::tests::test_parse_auto_detect_spanish ... ok
[INFO] [stdout] test mnemonic::tests::test_parse_invalid_checksum ... ok
[INFO] [stdout] test mnemonic::tests::test_parse_invalid_word ... ok
[INFO] [stdout] test mnemonic::tests::test_parse_invalid_word_count ... ok
[INFO] [stdout] test mnemonic::tests::test_parse_valid_mnemonic ... ok
[INFO] [stdout] test mnemonic::tests::test_word_count_entropy ... ok
[INFO] [stdout] test seed::tests::test_bip39_test_vector ... ok
[INFO] [stdout] test mnemonic::tests::test_parse_auto_detect_empty ... ok
[INFO] [stdout] test mnemonic::tests::test_parse_auto_detect_english ... ok
[INFO] [stdout] test seed::tests::test_debug_masked ... ok
[INFO] [stdout] test seed::tests::test_seed_length ... ok
[INFO] [stdout] test wordlist::tests::test_all_languages ... ok
[INFO] [stdout] test wordlist::tests::test_chinese_simplified_wordlist ... ok
[INFO] [stdout] test wordlist::tests::test_detect_from_phrase ... ok
[INFO] [stdout] test wordlist::tests::test_japanese_wordlist ... ok
[INFO] [stdout] test wordlist::tests::test_english_wordlist ... ok
[INFO] [stdout] test seed::tests::test_to_private_key ... ok
[INFO] [stdout] test mnemonic::proptests::prop_word_count_consistency ... ok
[INFO] [stdout] test wordlist::tests::test_detect_from_word ... FAILED
[INFO] [stdout] test wordlist::tests::test_korean_wordlist ... FAILED
[INFO] [stdout] test wordlist::tests::test_spanish_wordlist ... FAILED
[INFO] [stdout] test seed::tests::test_different_passphrase_different_seed ... ok
[INFO] [stdout] test mnemonic::proptests::prop_mnemonic_roundtrip ... ok
[INFO] [stdout] test mnemonic::proptests::prop_generated_mnemonic_is_valid ... ok
[INFO] [stdout] test mnemonic::proptests::prop_private_key_derivation_valid ... ok
[INFO] [stdout] test mnemonic::proptests::prop_seed_derivation_deterministic ... ok
[INFO] [stdout] test mnemonic::proptests::prop_different_passphrase_different_seed ... ok
[INFO] [stdout] 
[INFO] [stdout] failures:
[INFO] [stdout] 
[INFO] [stdout] ---- wordlist::tests::test_detect_from_word stdout ----
[INFO] [stdout] 
[INFO] [stdout] thread 'wordlist::tests::test_detect_from_word' (666) panicked at src/wordlist/mod.rs:192:9:
[INFO] [stdout] assertion `left == right` failed
[INFO] [stdout]   left: None
[INFO] [stdout]  right: Some(Spanish)
[INFO] [stdout] stack backtrace:
[INFO] [stdout]    0:     0x5be1ebef62f1 - <<std[617be2ca0a6fd877]::sys::backtrace::BacktraceLock>::print::DisplayBacktrace as core[a373ad73a504971]::fmt::Display>::fmt
[INFO] [stdout]    1:     0x5be1ebf0c1da - core[a373ad73a504971]::fmt::write
[INFO] [stdout]    2:     0x5be1ebefa96c - <alloc[2e1b2a31b91974c5]::vec::Vec<u8> as core[a373ad73a504971]::io::write::Write>::write_fmt
[INFO] [stdout]    3:     0x5be1ebed1226 - std[617be2ca0a6fd877]::panicking::default_hook::{closure#0}
[INFO] [stdout]    4:     0x5be1ebeee7d9 - std[617be2ca0a6fd877]::panicking::default_hook
[INFO] [stdout]    5:     0x5be1ebe31eb0 - test[aada8e7e76ba119b]::test_main_inner::{closure#0}
[INFO] [stdout]    6:     0x5be1ebeee992 - std[617be2ca0a6fd877]::panicking::panic_with_hook
[INFO] [stdout]    7:     0x5be1ebed12d2 - std[617be2ca0a6fd877]::panicking::panic_handler::{closure#0}
[INFO] [stdout]    8:     0x5be1ebec9e99 - std[617be2ca0a6fd877]::sys::backtrace::__rust_end_short_backtrace::<std[617be2ca0a6fd877]::panicking::panic_handler::{closure#0}, !>
[INFO] [stdout]    9:     0x5be1ebed1edd - __rustc[ea4f61d10b84890b]::rust_begin_unwind
[INFO] [stdout]   10:     0x5be1ebf0c9bc - core[a373ad73a504971]::panicking::panic_fmt
[INFO] [stdout]   11:     0x5be1ebf0c8d3 - core[a373ad73a504971]::panicking::assert_failed_inner
[INFO] [stdout]   12:     0x5be1ebe1a717 - core[a373ad73a504971]::panicking::assert_failed::<core[a373ad73a504971]::option::Option<rustywallet_mnemonic[c1a03a0a5ca3109b]::wordlist::Language>, core[a373ad73a504971]::option::Option<rustywallet_mnemonic[c1a03a0a5ca3109b]::wordlist::Language>>
[INFO] [stdout]   13:     0x5be1ebe1718a - <rustywallet_mnemonic[c1a03a0a5ca3109b]::wordlist::tests::test_detect_from_word::{closure#0} as core[a373ad73a504971]::ops::function::FnOnce<()>>::call_once
[INFO] [stdout]   14:     0x5be1ebe252fb - test[aada8e7e76ba119b]::__rust_begin_short_backtrace::<core[a373ad73a504971]::result::Result<(), alloc[2e1b2a31b91974c5]::string::String>, fn() -> core[a373ad73a504971]::result::Result<(), alloc[2e1b2a31b91974c5]::string::String>>
[INFO] [stdout]   15:     0x5be1ebe324d5 - test[aada8e7e76ba119b]::run_test::{closure#0}
[INFO] [stdout]   16:     0x5be1ebe2bdc4 - std[617be2ca0a6fd877]::sys::backtrace::__rust_begin_short_backtrace::<test[aada8e7e76ba119b]::run_test::{closure#1}, ()>
[INFO] [stdout]   17:     0x5be1ebe35562 - <std[617be2ca0a6fd877]::thread::lifecycle::spawn_unchecked<test[aada8e7e76ba119b]::run_test::{closure#1}, ()>::{closure#1} as core[a373ad73a504971]::ops::function::FnOnce<()>>::call_once::{shim:vtable#0}
[INFO] [stdout]   18:     0x5be1ebef5b4f - <std[617be2ca0a6fd877]::sys::thread::unix::Thread>::new::thread_start
[INFO] [stdout]   19:     0x77a239fdbdfa - <unknown>
[INFO] [stdout]   20:     0x77a23a06f3d4 - clone
[INFO] [stdout]   21:                0x0 - <unknown>
[INFO] [stdout] 
[INFO] [stdout] ---- wordlist::tests::test_korean_wordlist stdout ----
[INFO] [stdout] 
[INFO] [stdout] thread 'wordlist::tests::test_korean_wordlist' (669) panicked at src/wordlist/mod.rs:184:9:
[INFO] [stdout] assertion `left == right` failed
[INFO] [stdout]   left: Some("가격")
[INFO] [stdout]  right: Some("가격")
[INFO] [stdout] stack backtrace:
[INFO] [stdout]    0:     0x5be1ebef62f1 - <<std[617be2ca0a6fd877]::sys::backtrace::BacktraceLock>::print::DisplayBacktrace as core[a373ad73a504971]::fmt::Display>::fmt
[INFO] [stdout]    1:     0x5be1ebf0c1da - core[a373ad73a504971]::fmt::write
[INFO] [stdout]    2:     0x5be1ebefa96c - <alloc[2e1b2a31b91974c5]::vec::Vec<u8> as core[a373ad73a504971]::io::write::Write>::write_fmt
[INFO] [stdout]    3:     0x5be1ebed1226 - std[617be2ca0a6fd877]::panicking::default_hook::{closure#0}
[INFO] [stdout]    4:     0x5be1ebeee7d9 - std[617be2ca0a6fd877]::panicking::default_hook
[INFO] [stdout]    5:     0x5be1ebe31eb0 - test[aada8e7e76ba119b]::test_main_inner::{closure#0}
[INFO] [stdout]    6:     0x5be1ebeee992 - std[617be2ca0a6fd877]::panicking::panic_with_hook
[INFO] [stdout]    7:     0x5be1ebed12d2 - std[617be2ca0a6fd877]::panicking::panic_handler::{closure#0}
[INFO] [stdout]    8:     0x5be1ebec9e99 - std[617be2ca0a6fd877]::sys::backtrace::__rust_end_short_backtrace::<std[617be2ca0a6fd877]::panicking::panic_handler::{closure#0}, !>
[INFO] [stdout]    9:     0x5be1ebed1edd - __rustc[ea4f61d10b84890b]::rust_begin_unwind
[INFO] [stdout]   10:     0x5be1ebf0c9bc - core[a373ad73a504971]::panicking::panic_fmt
[INFO] [stdout]   11:     0x5be1ebf0c8d3 - core[a373ad73a504971]::panicking::assert_failed_inner
[INFO] [stdout]   12:     0x5be1ebe1a74a - core[a373ad73a504971]::panicking::assert_failed::<core[a373ad73a504971]::option::Option<&str>, core[a373ad73a504971]::option::Option<&str>>
[INFO] [stdout]   13:     0x5be1ebe17065 - <rustywallet_mnemonic[c1a03a0a5ca3109b]::wordlist::tests::test_korean_wordlist::{closure#0} as core[a373ad73a504971]::ops::function::FnOnce<()>>::call_once
[INFO] [stdout]   14:     0x5be1ebe252fb - test[aada8e7e76ba119b]::__rust_begin_short_backtrace::<core[a373ad73a504971]::result::Result<(), alloc[2e1b2a31b91974c5]::string::String>, fn() -> core[a373ad73a504971]::result::Result<(), alloc[2e1b2a31b91974c5]::string::String>>
[INFO] [stdout]   15:     0x5be1ebe324d5 - test[aada8e7e76ba119b]::run_test::{closure#0}
[INFO] [stdout]   16:     0x5be1ebe2bdc4 - std[617be2ca0a6fd877]::sys::backtrace::__rust_begin_short_backtrace::<test[aada8e7e76ba119b]::run_test::{closure#1}, ()>
[INFO] [stdout]   17:     0x5be1ebe35562 - <std[617be2ca0a6fd877]::thread::lifecycle::spawn_unchecked<test[aada8e7e76ba119b]::run_test::{closure#1}, ()>::{closure#1} as core[a373ad73a504971]::ops::function::FnOnce<()>>::call_once::{shim:vtable#0}
[INFO] [stdout]   18:     0x5be1ebef5b4f - <std[617be2ca0a6fd877]::sys::thread::unix::Thread>::new::thread_start
[INFO] [stdout]   19:     0x77a239fdbdfa - <unknown>
[INFO] [stdout]   20:     0x77a23a06f3d4 - clone
[INFO] [stdout]   21:                0x0 - <unknown>
[INFO] [stdout] 
[INFO] [stdout] ---- wordlist::tests::test_spanish_wordlist stdout ----
[INFO] [stdout] 
[INFO] [stdout] thread 'wordlist::tests::test_spanish_wordlist' (670) panicked at src/wordlist/mod.rs:168:9:
[INFO] [stdout] assertion `left == right` failed
[INFO] [stdout]   left: Some("a\u{301}baco")
[INFO] [stdout]  right: Some("ábaco")
[INFO] [stdout] stack backtrace:
[INFO] [stdout]    0:     0x5be1ebef62f1 - <<std[617be2ca0a6fd877]::sys::backtrace::BacktraceLock>::print::DisplayBacktrace as core[a373ad73a504971]::fmt::Display>::fmt
[INFO] [stdout]    1:     0x5be1ebf0c1da - core[a373ad73a504971]::fmt::write
[INFO] [stdout]    2:     0x5be1ebefa96c - <alloc[2e1b2a31b91974c5]::vec::Vec<u8> as core[a373ad73a504971]::io::write::Write>::write_fmt
[INFO] [stdout]    3:     0x5be1ebed1226 - std[617be2ca0a6fd877]::panicking::default_hook::{closure#0}
[INFO] [stdout]    4:     0x5be1ebeee7d9 - std[617be2ca0a6fd877]::panicking::default_hook
[INFO] [stdout]    5:     0x5be1ebe31eb0 - test[aada8e7e76ba119b]::test_main_inner::{closure#0}
[INFO] [stdout]    6:     0x5be1ebeee992 - std[617be2ca0a6fd877]::panicking::panic_with_hook
[INFO] [stdout]    7:     0x5be1ebed12d2 - std[617be2ca0a6fd877]::panicking::panic_handler::{closure#0}
[INFO] [stdout]    8:     0x5be1ebec9e99 - std[617be2ca0a6fd877]::sys::backtrace::__rust_end_short_backtrace::<std[617be2ca0a6fd877]::panicking::panic_handler::{closure#0}, !>
[INFO] [stdout]    9:     0x5be1ebed1edd - __rustc[ea4f61d10b84890b]::rust_begin_unwind
[INFO] [stdout]   10:     0x5be1ebf0c9bc - core[a373ad73a504971]::panicking::panic_fmt
[INFO] [stdout]   11:     0x5be1ebf0c8d3 - core[a373ad73a504971]::panicking::assert_failed_inner
[INFO] [stdout]   12:     0x5be1ebe1a74a - core[a373ad73a504971]::panicking::assert_failed::<core[a373ad73a504971]::option::Option<&str>, core[a373ad73a504971]::option::Option<&str>>
[INFO] [stdout]   13:     0x5be1ebe17385 - <rustywallet_mnemonic[c1a03a0a5ca3109b]::wordlist::tests::test_spanish_wordlist::{closure#0} as core[a373ad73a504971]::ops::function::FnOnce<()>>::call_once
[INFO] [stdout]   14:     0x5be1ebe252fb - test[aada8e7e76ba119b]::__rust_begin_short_backtrace::<core[a373ad73a504971]::result::Result<(), alloc[2e1b2a31b91974c5]::string::String>, fn() -> core[a373ad73a504971]::result::Result<(), alloc[2e1b2a31b91974c5]::string::String>>
[INFO] [stdout]   15:     0x5be1ebe324d5 - test[aada8e7e76ba119b]::run_test::{closure#0}
[INFO] [stdout]   16:     0x5be1ebe2bdc4 - std[617be2ca0a6fd877]::sys::backtrace::__rust_begin_short_backtrace::<test[aada8e7e76ba119b]::run_test::{closure#1}, ()>
[INFO] [stdout]   17:     0x5be1ebe35562 - <std[617be2ca0a6fd877]::thread::lifecycle::spawn_unchecked<test[aada8e7e76ba119b]::run_test::{closure#1}, ()>::{closure#1} as core[a373ad73a504971]::ops::function::FnOnce<()>>::call_once::{shim:vtable#0}
[INFO] [stdout]   18:     0x5be1ebef5b4f - <std[617be2ca0a6fd877]::sys::thread::unix::Thread>::new::thread_start
[INFO] [stdout]   19:     0x77a239fdbdfa - <unknown>
[INFO] [stdout]   20:     0x77a23a06f3d4 - clone
[INFO] [stdout]   21:                0x0 - <unknown>
[INFO] [stdout] 
[INFO] [stdout] 
[INFO] [stdout] failures:
[INFO] [stdout]     wordlist::tests::test_detect_from_word
[INFO] [stdout]     wordlist::tests::test_korean_wordlist
[INFO] [stdout]     wordlist::tests::test_spanish_wordlist
[INFO] [stdout] 
[INFO] [stdout] test result: FAILED. 36 passed; 3 failed; 0 ignored; 0 measured; 0 filtered out; finished in 0.56s
[INFO] [stdout] 
[INFO] [stderr] error: test failed, to rerun pass `--lib`
[INFO] running `Command { std: "docker" "inspect" "adc613fda2494c5348770af561536bf56fb8a1ec09a46eb8e4ef22a62f02c16f", kill_on_drop: false }`
[INFO] running `Command { std: "docker" "rm" "-f" "adc613fda2494c5348770af561536bf56fb8a1ec09a46eb8e4ef22a62f02c16f", kill_on_drop: false }`
[INFO] [stdout] adc613fda2494c5348770af561536bf56fb8a1ec09a46eb8e4ef22a62f02c16f
