[INFO] fetching crate rustyriver 0.1.0...
[INFO] testing rustyriver-0.1.0 against 1.99.0-beta.8+cargoflags=--release for beta-release-1.100-2
[INFO] extracting crate rustyriver 0.1.0 into /workspace/builds/worker-0-tc1/source
[INFO] started tweaking crates.io crate rustyriver 0.1.0
[INFO] removed 0 missing examples
[INFO] finished tweaking crates.io crate rustyriver 0.1.0
[INFO] tweaked toml for crates.io crate rustyriver 0.1.0 written to /workspace/builds/worker-0-tc1/source/Cargo.toml
[INFO] validating manifest of crates.io crate rustyriver 0.1.0 on toolchain 1.99.0-beta.8
[INFO] running `Command { std: CARGO_HOME="/workspace/cargo-home" RUSTUP_HOME="/workspace/rustup-home" "/workspace/cargo-home/bin/cargo" "+1.99.0-beta.8" "metadata" "--manifest-path" "Cargo.toml" "--no-deps", kill_on_drop: false }`
[INFO] crate crates.io crate rustyriver 0.1.0 already has a lockfile, it will not be regenerated
[INFO] running `Command { std: CARGO_HOME="/workspace/cargo-home" RUSTUP_HOME="/workspace/rustup-home" "/workspace/cargo-home/bin/cargo" "+1.99.0-beta.8" "fetch" "--manifest-path" "Cargo.toml", kill_on_drop: false }`
[INFO] [stderr]     Updating crates.io index
[INFO] [stderr]  Downloading crates ...
[INFO] [stderr]   Downloaded rusqlite v0.32.1
[INFO] [stderr]   Downloaded http v1.4.1
[INFO] [stderr]   Downloaded md-5 v0.10.6
[INFO] [stderr]   Downloaded snafu-derive v0.8.9
[INFO] [stderr]   Downloaded humantime v2.3.0
[INFO] [stderr]   Downloaded lz4_flex v0.11.6
[INFO] [stderr]   Downloaded snafu v0.8.9
[INFO] [stderr]   Downloaded h2 v0.4.14
[INFO] [stderr]   Downloaded quick-xml v0.37.5
[INFO] [stderr]   Downloaded proptest v1.11.0
[INFO] [stderr]   Downloaded object_store v0.11.2
[INFO] [stderr]   Downloaded libsqlite3-sys v0.30.1
[INFO] running `Command { std: "docker" "create" "-v" "/var/lib/crater-agent-workspace/builds/worker-0-tc1/source:/opt/rustwide/workdir:ro,Z" "-v" "/var/lib/crater-agent-workspace/builds/worker-0-tc1/target:/opt/rustwide/target:rw,Z" "-v" "/var/lib/crater-agent-workspace/cargo-home:/opt/rustwide/cargo-home:ro,Z" "-v" "/var/lib/crater-agent-workspace/rustup-home:/opt/rustwide/rustup-home:ro,Z" "-m" "1610612736" "--network" "none" "ghcr.io/rust-lang/crates-build-env/linux@sha256:77db811e55d90add9212f6832c23229e3de5f1c1f9905e8cb07319ea15df73ac" "sleep" "infinity", kill_on_drop: false }`
[INFO] [stdout] 20b7428e49745064211fb8fb6605c9f470f93370e4bf78bff2cb7bc908758d51
[INFO] running `Command { std: "docker" "start" "20b7428e49745064211fb8fb6605c9f470f93370e4bf78bff2cb7bc908758d51", kill_on_drop: false }`
[INFO] running `Command { std: "docker" "inspect" "20b7428e49745064211fb8fb6605c9f470f93370e4bf78bff2cb7bc908758d51", kill_on_drop: false }`
[INFO] running `Command { std: "docker" "exec" "-e" "SOURCE_DIR=/opt/rustwide/workdir" "-e" "CARGO_HOME=/opt/rustwide/cargo-home" "-e" "RUSTUP_HOME=/opt/rustwide/rustup-home" "-e" "CARGO_TARGET_DIR=/opt/rustwide/target" "-w" "/opt/rustwide/workdir" "--user" "0:0" "20b7428e49745064211fb8fb6605c9f470f93370e4bf78bff2cb7bc908758d51" "/opt/rustwide/cargo-home/bin/cargo" "+1.99.0-beta.8" "metadata" "--no-deps" "--format-version=1", kill_on_drop: false }`
[INFO] running `Command { std: "docker" "inspect" "20b7428e49745064211fb8fb6605c9f470f93370e4bf78bff2cb7bc908758d51", kill_on_drop: false }`
[INFO] running `Command { std: "docker" "exec" "-e" "SOURCE_DIR=/opt/rustwide/workdir" "-e" "CARGO_HOME=/opt/rustwide/cargo-home" "-e" "RUSTUP_HOME=/opt/rustwide/rustup-home" "-e" "CARGO_TARGET_DIR=/opt/rustwide/target" "-e" "CARGO_INCREMENTAL=0" "-e" "RUST_BACKTRACE=full" "-e" "RUSTFLAGS=--cap-lints=warn" "-e" "RUSTDOCFLAGS=--cap-lints=warn" "-w" "/opt/rustwide/workdir" "--user" "0:0" "20b7428e49745064211fb8fb6605c9f470f93370e4bf78bff2cb7bc908758d51" "/opt/rustwide/cargo-home/bin/cargo" "+1.99.0-beta.8" "build" "--frozen" "--message-format=json" "--release", kill_on_drop: false }`
[INFO] [stderr]    Compiling stable_deref_trait v1.2.1
[INFO] [stderr]    Compiling futures-core v0.3.32
[INFO] [stderr]    Compiling futures-sink v0.3.32
[INFO] [stderr]    Compiling smallvec v1.15.1
[INFO] [stderr]    Compiling libc v0.2.186
[INFO] [stderr]    Compiling cc v1.2.63
[INFO] [stderr]    Compiling zerocopy v0.8.50
[INFO] [stderr]    Compiling writeable v0.6.3
[INFO] [stderr]    Compiling litemap v0.8.2
[INFO] [stderr]    Compiling http v1.4.1
[INFO] [stderr]    Compiling icu_properties_data v2.2.0
[INFO] [stderr]    Compiling utf8_iter v1.0.4
[INFO] [stderr]    Compiling serde_core v1.0.228
[INFO] [stderr]    Compiling futures-io v0.3.32
[INFO] [stderr]    Compiling syn v2.0.117
[INFO] [stderr]    Compiling icu_normalizer_data v2.2.0
[INFO] [stderr]    Compiling futures-task v0.3.32
[INFO] [stderr]    Compiling rustls-pki-types v1.14.1
[INFO] [stderr]    Compiling futures-channel v0.3.32
[INFO] [stderr]    Compiling generic-array v0.14.7
[INFO] [stderr]    Compiling serde v1.0.228
[INFO] [stderr]    Compiling untrusted v0.9.0
[INFO] [stderr]    Compiling rustls v0.23.40
[INFO] [stderr]    Compiling want v0.3.1
[INFO] [stderr]    Compiling form_urlencoded v1.2.2
[INFO] [stderr]    Compiling ahash v0.8.12
[INFO] [stderr]    Compiling subtle v2.6.1
[INFO] [stderr]    Compiling sync_wrapper v1.0.2
[INFO] [stderr]    Compiling bitflags v2.11.1
[INFO] [stderr]    Compiling parking_lot_core v0.9.12
[INFO] [stderr]    Compiling ipnet v2.12.0
[INFO] [stderr]    Compiling lock_api v0.4.14
[INFO] [stderr]    Compiling either v1.16.0
[INFO] [stderr]    Compiling log v0.4.30
[INFO] [stderr]    Compiling twox-hash v2.1.2
[INFO] [stderr]    Compiling humantime v2.3.0
[INFO] [stderr]    Compiling fallible-streaming-iterator v0.1.9
[INFO] [stderr]    Compiling fallible-iterator v0.3.0
[INFO] [stderr]    Compiling rustls-native-certs v0.8.3
[INFO] [stderr]    Compiling itertools v0.13.0
[INFO] [stderr]    Compiling lz4_flex v0.11.6
[INFO] [stderr]    Compiling ring v0.17.14
[INFO] [stderr]    Compiling libsqlite3-sys v0.30.1
[INFO] [stderr]    Compiling socket2 v0.6.4
[INFO] [stderr]    Compiling mio v1.2.1
[INFO] [stderr]    Compiling getrandom v0.2.17
[INFO] [stderr]    Compiling block-buffer v0.10.4
[INFO] [stderr]    Compiling crypto-common v0.1.7
[INFO] [stderr]    Compiling rand_core v0.6.4
[INFO] [stderr]    Compiling parking_lot v0.12.5
[INFO] [stderr]    Compiling digest v0.10.7
[INFO] [stderr]    Compiling http-body v1.0.1
[INFO] [stderr]    Compiling md-5 v0.10.6
[INFO] [stderr]    Compiling http-body-util v0.1.3
[INFO] [stderr]    Compiling serde_json v1.0.150
[INFO] [stderr]    Compiling synstructure v0.13.2
[INFO] [stderr]    Compiling zerovec-derive v0.11.3
[INFO] [stderr]    Compiling displaydoc v0.2.6
[INFO] [stderr]    Compiling tokio-macros v2.7.0
[INFO] [stderr]    Compiling futures-macro v0.3.32
[INFO] [stderr]    Compiling tracing-attributes v0.1.31
[INFO] [stderr]    Compiling serde_derive v1.0.228
[INFO] [stderr]    Compiling snafu-derive v0.8.9
[INFO] [stderr]    Compiling thiserror-impl v2.0.18
[INFO] [stderr]    Compiling async-trait v0.1.89
[INFO] [stderr]    Compiling zerofrom-derive v0.1.7
[INFO] [stderr]    Compiling yoke-derive v0.8.2
[INFO] [stderr]    Compiling ppv-lite86 v0.2.21
[INFO] [stderr]    Compiling hashbrown v0.14.5
[INFO] [stderr]    Compiling tokio v1.52.3
[INFO] [stderr]    Compiling rand_chacha v0.3.1
[INFO] [stderr]    Compiling futures-util v0.3.32
[INFO] [stderr]    Compiling rand v0.8.6
[INFO] [stderr]    Compiling zerofrom v0.1.8
[INFO] [stderr]    Compiling thiserror v2.0.18
[INFO] [stderr]    Compiling yoke v0.8.2
[INFO] [stderr]    Compiling tracing v0.1.44
[INFO] [stderr]    Compiling snafu v0.8.9
[INFO] [stderr]    Compiling zerovec v0.11.6
[INFO] [stderr]    Compiling zerotrie v0.2.4
[INFO] [stderr]    Compiling hashlink v0.9.1
[INFO] [stderr]    Compiling tinystr v0.8.3
[INFO] [stderr]    Compiling potential_utf v0.1.5
[INFO] [stderr]    Compiling icu_collections v2.2.0
[INFO] [stderr]    Compiling icu_locale_core v2.2.0
[INFO] [stderr]    Compiling icu_provider v2.2.0
[INFO] [stderr]    Compiling icu_normalizer v2.2.0
[INFO] [stderr]    Compiling icu_properties v2.2.0
[INFO] [stderr]    Compiling serde_urlencoded v0.7.1
[INFO] [stderr]    Compiling chrono v0.4.44
[INFO] [stderr]    Compiling quick-xml v0.37.5
[INFO] [stderr]    Compiling futures-executor v0.3.32
[INFO] [stderr]    Compiling futures v0.3.32
[INFO] [stderr]    Compiling idna_adapter v1.2.2
[INFO] [stderr]    Compiling idna v1.1.0
[INFO] [stderr]    Compiling url v2.5.8
[INFO] [stderr]    Compiling tokio-util v0.7.18
[INFO] [stderr]    Compiling tower v0.5.3
[INFO] [stderr]    Compiling h2 v0.4.14
[INFO] [stderr]    Compiling tower-http v0.6.11
[INFO] [stderr]    Compiling rustls-webpki v0.103.13
[INFO] [stderr]    Compiling hyper v1.10.1
[INFO] [stderr]    Compiling hyper-util v0.1.20
[INFO] [stderr]    Compiling tokio-rustls v0.26.4
[INFO] [stderr]    Compiling hyper-rustls v0.27.9
[INFO] [stderr]    Compiling reqwest v0.12.28
[INFO] [stderr]    Compiling object_store v0.11.2
[INFO] [stderr]    Compiling rusqlite v0.32.1
[INFO] [stderr]    Compiling rustyriver v0.1.0 (/opt/rustwide/workdir)
[INFO] [stderr]     Finished `release` profile [optimized] target(s) in 3m 02s
[INFO] running `Command { std: "docker" "inspect" "20b7428e49745064211fb8fb6605c9f470f93370e4bf78bff2cb7bc908758d51", kill_on_drop: false }`
[INFO] running `Command { std: "docker" "exec" "-e" "SOURCE_DIR=/opt/rustwide/workdir" "-e" "CARGO_HOME=/opt/rustwide/cargo-home" "-e" "RUSTUP_HOME=/opt/rustwide/rustup-home" "-e" "CARGO_TARGET_DIR=/opt/rustwide/target" "-e" "CARGO_INCREMENTAL=0" "-e" "RUST_BACKTRACE=full" "-e" "RUSTFLAGS=--cap-lints=warn" "-e" "RUSTDOCFLAGS=--cap-lints=warn" "-w" "/opt/rustwide/workdir" "--user" "0:0" "20b7428e49745064211fb8fb6605c9f470f93370e4bf78bff2cb7bc908758d51" "/opt/rustwide/cargo-home/bin/cargo" "+1.99.0-beta.8" "test" "--frozen" "--no-run" "--message-format=json" "--release", kill_on_drop: false }`
[INFO] [stderr]    Compiling errno v0.3.14
[INFO] [stderr]    Compiling bitflags v2.11.1
[INFO] [stderr]    Compiling getrandom v0.3.4
[INFO] [stderr]    Compiling num-traits v0.2.19
[INFO] [stderr]    Compiling crypto-common v0.1.7
[INFO] [stderr]    Compiling getrandom v0.4.2
[INFO] [stderr]    Compiling rustix v1.1.4
[INFO] [stderr]    Compiling wait-timeout v0.2.1
[INFO] [stderr]    Compiling bit-vec v0.8.0
[INFO] [stderr]    Compiling quick-error v1.2.3
[INFO] [stderr]    Compiling regex-syntax v0.8.10
[INFO] [stderr]    Compiling unarray v0.1.4
[INFO] [stderr]    Compiling digest v0.10.7
[INFO] [stderr]    Compiling signal-hook-registry v1.4.8
[INFO] [stderr]    Compiling bit-set v0.8.0
[INFO] [stderr]    Compiling rusqlite v0.32.1
[INFO] [stderr]    Compiling md-5 v0.10.6
[INFO] [stderr]    Compiling sha2 v0.10.9
[INFO] [stderr]    Compiling tokio v1.52.3
[INFO] [stderr]    Compiling rand_core v0.9.5
[INFO] [stderr]    Compiling rand v0.9.4
[INFO] [stderr]    Compiling rand_chacha v0.9.0
[INFO] [stderr]    Compiling rand_xorshift v0.4.0
[INFO] [stderr]    Compiling chrono v0.4.44
[INFO] [stderr]    Compiling tempfile v3.27.0
[INFO] [stderr]    Compiling rusty-fork v0.3.1
[INFO] [stderr]    Compiling proptest v1.11.0
[INFO] [stderr]    Compiling tokio-util v0.7.18
[INFO] [stderr]    Compiling tokio-rustls v0.26.4
[INFO] [stderr]    Compiling tower v0.5.3
[INFO] [stderr]    Compiling tower-http v0.6.11
[INFO] [stderr]    Compiling h2 v0.4.14
[INFO] [stderr]    Compiling hyper v1.10.1
[INFO] [stderr]    Compiling hyper-util v0.1.20
[INFO] [stderr]    Compiling hyper-rustls v0.27.9
[INFO] [stderr]    Compiling reqwest v0.12.28
[INFO] [stderr]    Compiling object_store v0.11.2
[INFO] [stderr]    Compiling rustyriver v0.1.0 (/opt/rustwide/workdir)
[INFO] [stderr]     Finished `release` profile [optimized] target(s) in 1m 34s
[INFO] running `Command { std: "docker" "inspect" "20b7428e49745064211fb8fb6605c9f470f93370e4bf78bff2cb7bc908758d51", kill_on_drop: false }`
[INFO] running `Command { std: "docker" "exec" "-e" "SOURCE_DIR=/opt/rustwide/workdir" "-e" "CARGO_HOME=/opt/rustwide/cargo-home" "-e" "RUSTUP_HOME=/opt/rustwide/rustup-home" "-e" "CARGO_TARGET_DIR=/opt/rustwide/target" "-e" "CARGO_INCREMENTAL=0" "-e" "RUST_BACKTRACE=full" "-e" "RUSTFLAGS=--cap-lints=warn" "-e" "RUSTDOCFLAGS=--cap-lints=warn" "-w" "/opt/rustwide/workdir" "--user" "0:0" "20b7428e49745064211fb8fb6605c9f470f93370e4bf78bff2cb7bc908758d51" "/opt/rustwide/cargo-home/bin/cargo" "+1.99.0-beta.8" "test" "--frozen" "--release", kill_on_drop: false }`
[INFO] [stderr]     Finished `release` profile [optimized] target(s) in 0.29s
[INFO] [stderr]      Running unittests src/lib.rs (/opt/rustwide/target/release/deps/rustyriver-3673baac0cca9acf)
[INFO] [stdout] 
[INFO] [stdout] running 119 tests
[INFO] [stdout] test client::object_store::tests::ltx_key_scheme ... ok
[INFO] [stdout] test client::object_store::tests::empty_bucket_errors_on_init ... ok
[INFO] [stdout] test client::object_store::tests::endpoint_env_var ... ok
[INFO] [stdout] test client::object_store::tests::parse_host_table ... ok
[INFO] [stdout] test client::object_store::tests::query_param_aliases ... ok
[INFO] [stdout] test client::file::tests::type_name_is_file ... ok
[INFO] [stdout] test client::object_store::tests::not_found_maps_to_io_not_found ... ok
[INFO] [stdout] test client::object_store::tests::r2_concurrency_default ... ok
[INFO] [stdout] test db::tests::calc_wal_size_no_overflow ... ok
[INFO] [stdout] test client::object_store::tests::rfc3339_nano_round_trip ... ok
[INFO] [stdout] test db::tests::disk_full_error_classification ... ok
[INFO] [stdout] test client::object_store::tests::parse_host_standard_s3_is_bucket ... ok
[INFO] [stdout] test db::tests::paths_match_litestream ... ok
[INFO] [stdout] test client::object_store::tests::type_name_is_s3 ... ok
[INFO] [stdout] test db::tests::sqlite_busy_error_classification ... ok
[INFO] [stdout] test client::file::tests::lists_and_reads_golden_replica ... FAILED
[INFO] [stdout] test client::file::tests::passes_conformance_suite ... ok
[INFO] [stdout] test db::tests::open_enables_wal_and_holds_read_lock ... ok
[INFO] [stdout] test db::tests::pos_verify_error_returns_ltx_error ... ok
[INFO] [stdout] test db::tests::sync_idempotent_when_idle ... ok
[INFO] [stdout] test db::tests::release_read_lock_double_rollback_is_ok ... ok
[INFO] [stdout] test leaser::tests::acquire_blocked_by_active_lease ... ok
[INFO] [stdout] test leaser::tests::acquire_new_lease ... ok
[INFO] [stdout] test leaser::tests::acquire_over_expired_lease ... ok
[INFO] [stdout] test leaser::tests::acquire_race_condition_reread_returns_winner ... ok
[INFO] [stdout] test db::tests::reset_local_state_clears_position ... ok
[INFO] [stdout] test leaser::tests::acquire_reads_go_lock_written_in_non_utc_timezone ... ok
[INFO] [stdout] test leaser::tests::heartbeat_empty_url_is_noop ... ok
[INFO] [stdout] test leaser::tests::heartbeat_interval_clamped_to_minimum ... ok
[INFO] [stdout] test db::tests::sync_initial_creates_txid_1 ... ok
[INFO] [stdout] test leaser::tests::heartbeat_should_ping_throttle ... ok
[INFO] [stdout] test leaser::tests::lease_exists_error_display ... ok
[INFO] [stdout] test leaser::tests::lease_is_expired_and_ttl ... ok
[INFO] [stdout] test leaser::tests::expiry_failover_standby_takes_over ... ok
[INFO] [stdout] test db::tests::snapshot_checksum_matches_local_db ... ok
[INFO] [stdout] test leaser::tests::lease_parses_go_style_timestamp ... ok
[INFO] [stdout] test leaser::tests::lease_serde_round_trips_with_nanos ... ok
[INFO] [stdout] test leaser::tests::lease_owner_omitted_when_empty ... ok
[INFO] [stdout] test leaser::tests::lease_json_shape_matches_go ... ok
[INFO] [stdout] test leaser::tests::parse_accepts_go_numeric_offsets_as_same_instant ... ok
[INFO] [stdout] test leaser::tests::leaser_type_is_s3 ... ok
[INFO] [stdout] test leaser::tests::lock_key_table ... ok
[INFO] [stdout] test leaser::tests::release_lease_already_deleted ... ok
[INFO] [stdout] test leaser::tests::parse_rejects_zone_forms_go_rejects ... ok
[INFO] [stdout] test leaser::tests::release_lease_deletes_object ... ok
[INFO] [stdout] test leaser::tests::release_lease_stale_etag_not_held ... ok
[INFO] [stdout] test leaser::tests::renew_lease_empty_etag_rejected ... ok
[INFO] [stdout] test leaser::tests::release_lease_empty_etag_rejected ... ok
[INFO] [stdout] test leaser::tests::renew_lease_lost_returns_not_held ... ok
[INFO] [stdout] test leaser::tests::renew_lease_extends_ttl_keeps_generation ... ok
[INFO] [stdout] test leaser::tests::two_contenders_exactly_one_primary ... ok
[INFO] [stdout] test db::tests::verify_wal_offset_at_header_salt_match ... ok
[INFO] [stdout] test db::tests::verify_wal_offset_at_header_salt_mismatch ... ok
[INFO] [stdout] test ltx::tests::crc64_iso_matches_known_vector ... ok
[INFO] [stdout] test ltx::tests::encode_decode_roundtrip_snapshot ... ok
[INFO] [stdout] test ltx::tests::filename_roundtrip ... ok
[INFO] [stdout] test ltx::tests::page_header_and_trailer_roundtrip ... ok
[INFO] [stdout] test ltx::tests::golden_corruption_is_detected ... FAILED
[INFO] [stdout] test ltx::tests::checksum_page_sets_flag_and_combines_pgno ... ok
[INFO] [stdout] test replica::tests::build_image_drops_pages_beyond_final_commit ... ok
[INFO] [stdout] test ltx::tests::header_marshal_roundtrip ... ok
[INFO] [stdout] test ltx::tests::golden_ltx_files_decode_and_verify ... FAILED
[INFO] [stdout] test db::tests::sync_multi_advances_txid ... ok
[INFO] [stdout] test replica::tests::build_image_latest_page_wins_and_commit_bounds ... ok
[INFO] [stdout] test replica::tests::build_image_rejects_corrupt_input ... ok
[INFO] [stdout] test replica::tests::build_image_single_snapshot_matches_decode_database_image ... ok
[INFO] [stdout] test replica_url::tests::bool_query_value ... ok
[INFO] [stdout] test replica::tests::calc_restore_plan_l0_chain_and_empty ... ok
[INFO] [stdout] test db::tests::crc64_changes_on_write_and_checkpoint ... ok
[INFO] [stdout] test replica::tests::calc_restore_plan_prefers_wider_reemitted_snapshot ... ok
[INFO] [stdout] test replica_url::tests::clean_replica_url_path ... ok
[INFO] [stdout] test replica_url::tests::ensure_endpoint_scheme ... ok
[INFO] [stdout] test replica_url::tests::endpoint_detection ... ok
[INFO] [stdout] test replica_url::tests::is_local_endpoint ... ok
[INFO] [stdout] test leaser::tests::heartbeat_ping_http_status_handling ... ok
[INFO] [stdout] test replica_url::tests::parse_s3_and_file_scheme_host_path ... ok
[INFO] [stdout] test replica_url::tests::region_from_s3_arn ... ok
[INFO] [stdout] test store::tests::l0_retention_is_noop_without_compaction ... ok
[INFO] [stdout] test replica_url::tests::replica_type_from_url ... ok
[INFO] [stdout] test replica_url::tests::is_minio_endpoint ... ok
[INFO] [stdout] test replica_url::tests::is_url ... ok
[INFO] [stdout] test store::tests::l0_retention_only_deletes_compacted_files ... ok
[INFO] [stdout] test store::tests::l0_retention_stops_early_on_recent_file ... ok
[INFO] [stdout] test store::tests::retention_by_txid_deletes_nothing_when_all_above ... ok
[INFO] [stdout] test store::tests::retention_by_txid_uses_strict_less_than ... ok
[INFO] [stdout] test store::tests::snapshot_retention_by_time_keeps_newest_and_tracks_min ... ok
[INFO] [stdout] test wal::tests::test_golden_sample_wal ... FAILED
[INFO] [stdout] test store::tests::retention_by_txid_always_keeps_newest ... ok
[INFO] [stdout] test wal::tests::test_wal_reader_bad_header_checksum ... ok
[INFO] [stdout] test replica_url::tests::parse_s3_access_point_url ... ok
[INFO] [stdout] test store::tests::snapshot_retention_keeps_newest_even_if_all_old ... ok
[INFO] [stdout] test store::tests::max_txid_of_slice ... ok
[INFO] [stdout] test wal::tests::test_wal_reader_err_buffer_size ... FAILED
[INFO] [stdout] test wal::tests::test_wal_reader_bad_header_version ... ok
[INFO] [stdout] test wal::tests::test_wal_reader_bad_magic ... ok
[INFO] [stdout] test wal::tests::test_wal_reader_frame_salts_until_ok ... FAILED
[INFO] [stdout] test wal::tests::test_wal_reader_frame_checksum_mismatch ... FAILED
[INFO] [stdout] test wal::tests::test_wal_reader_err_partial_frame_header ... FAILED
[INFO] [stdout] test wal::tests::test_wal_reader_err_frame_header_only ... FAILED
[INFO] [stdout] test wal::tests::test_wal_reader_err_partial_frame_data ... FAILED
[INFO] [stdout] test wal::tests::test_wal_reader_new_with_offset_unaligned ... FAILED
[INFO] [stdout] test wal::tests::test_wal_reader_ok ... FAILED
[INFO] [stdout] test wal::tests::test_wal_reader_new_with_offset_resumes ... FAILED
[INFO] [stdout] test wal::tests::test_wal_reader_new_with_offset_prev_frame_mismatch ... FAILED
[INFO] [stdout] test wal::tests::test_wal_reader_new_with_offset_too_small ... FAILED
[INFO] [stdout] test wal::tests::test_wal_reader_salt_mismatch ... FAILED
[INFO] [stdout] test wal::tests::test_wal_reader_partial_header ... ok
[INFO] [stdout] test wal::tests::test_wal_reader_zero_length ... ok
[INFO] [stdout] test replica::tests::check_behind_replica_noop_when_remote_empty ... ok
[INFO] [stdout] test replica::tests::check_behind_replica_noop_when_db_ahead_preserves_local ... ok
[INFO] [stdout] test replica::tests::upload_ltx_file_missing_returns_ltx_error ... ok
[INFO] [stdout] test db::tests::truncate_page_n_shrinks_wal ... ok
[INFO] [stdout] test db::tests::multiple_checkpoints_with_writes_snapshot_at_most_once ... ok
[INFO] [stdout] test db::tests::checkpoint_does_not_trigger_snapshot_truncate ... ok
[INFO] [stdout] test db::tests::checkpoint_does_not_trigger_snapshot_passive ... ok
[INFO] [stdout] test db::tests::idle_checkpoint_does_not_loop ... ok
[INFO] [stdout] test db::tests::incremental_ltx_covers_all_grown_pages ... ok
[INFO] [stdout] test db::tests::idle_cycles_do_not_grow_ltx_dir ... ok
[INFO] [stdout] test db::tests::min_checkpoint_page_n_triggers_passive_checkpoint ... ok
[INFO] [stderr] error: test failed, to rerun pass `--lib`
[INFO] [stdout] 
[INFO] [stdout] failures:
[INFO] [stdout] 
[INFO] [stdout] ---- client::file::tests::lists_and_reads_golden_replica stdout ----
[INFO] [stdout] 
[INFO] [stdout] thread 'client::file::tests::lists_and_reads_golden_replica' (3090) panicked at src/client/file.rs:197:9:
[INFO] [stdout] assertion `left == right` failed: golden L0 file count
[INFO] [stdout]   left: 0
[INFO] [stdout]  right: 6
[INFO] [stdout] stack backtrace:
[INFO] [stdout]    0:     0x5bcee906ca01 - <<std[70759c8f55707aa4]::sys::backtrace::BacktraceLock>::print::DisplayBacktrace as core[df12db4294e9bfd3]::fmt::Display>::fmt
[INFO] [stdout]    1:     0x5bcee90853ba - core[df12db4294e9bfd3]::fmt::write
[INFO] [stdout]    2:     0x5bcee9071f4c - <alloc[2182bb758b4b3781]::vec::Vec<u8> as core[df12db4294e9bfd3]::io::write::Write>::write_fmt
[INFO] [stdout]    3:     0x5bcee90450b6 - std[70759c8f55707aa4]::panicking::default_hook::{closure#0}
[INFO] [stdout]    4:     0x5bcee90633c9 - std[70759c8f55707aa4]::panicking::default_hook
[INFO] [stdout]    5:     0x5bcee8b42030 - test[9d35eded1c95d3be]::test_main_inner::<test[9d35eded1c95d3be]::test_main_static::{closure#0}>::{closure#0}
[INFO] [stdout]    6:     0x5bcee90636f2 - std[70759c8f55707aa4]::panicking::panic_with_hook
[INFO] [stdout]    7:     0x5bcee9045162 - std[70759c8f55707aa4]::panicking::panic_handler::{closure#0}
[INFO] [stdout]    8:     0x5bcee903d8c9 - std[70759c8f55707aa4]::sys::backtrace::__rust_end_short_backtrace::<std[70759c8f55707aa4]::panicking::panic_handler::{closure#0}, !>
[INFO] [stdout]    9:     0x5bcee904625d - __rustc[8fa7c3cbc660c2b3]::rust_begin_unwind
[INFO] [stdout]   10:     0x5bcee9085b1c - core[df12db4294e9bfd3]::panicking::panic_fmt
[INFO] [stdout]   11:     0x5bcee9085a93 - core[df12db4294e9bfd3]::panicking::assert_failed_inner
[INFO] [stdout]   12:     0x5bcee9080198 - core[df12db4294e9bfd3]::panicking::assert_failed::<usize, usize>
[INFO] [stdout]   13:     0x5bcee8ac2fba - rustyriver[b7a6e6b6daf4a7e9]::client::file::tests::lists_and_reads_golden_replica::{closure#0}
[INFO] [stdout]   14:     0x5bcee8b21173 - <tokio[d16b22dcef4712a6]::runtime::scheduler::current_thread::Context>::enter::<core[df12db4294e9bfd3]::task::poll::Poll<()>, <tokio[d16b22dcef4712a6]::runtime::scheduler::current_thread::CoreGuard>::block_on<core[df12db4294e9bfd3]::pin::Pin<&mut core[df12db4294e9bfd3]::pin::Pin<&mut dyn core[df12db4294e9bfd3]::future::future::Future<Output = ()>>>>::{closure#0}::{closure#0}>
[INFO] [stdout]   15:     0x5bcee8b1874c - <tokio[d16b22dcef4712a6]::runtime::context::scoped::Scoped<tokio[d16b22dcef4712a6]::runtime::scheduler::Context>>::set::<<tokio[d16b22dcef4712a6]::runtime::scheduler::current_thread::CoreGuard>::enter<<tokio[d16b22dcef4712a6]::runtime::scheduler::current_thread::CoreGuard>::block_on<core[df12db4294e9bfd3]::pin::Pin<&mut core[df12db4294e9bfd3]::pin::Pin<&mut dyn core[df12db4294e9bfd3]::future::future::Future<Output = ()>>>>::{closure#0}, core[df12db4294e9bfd3]::option::Option<()>>::{closure#0}, (alloc[2182bb758b4b3781]::boxed::Box<tokio[d16b22dcef4712a6]::runtime::scheduler::current_thread::Core>, core[df12db4294e9bfd3]::option::Option<()>)>
[INFO] [stdout]   16:     0x5bcee8b216c7 - <tokio[d16b22dcef4712a6]::runtime::scheduler::current_thread::CoreGuard>::block_on::<core[df12db4294e9bfd3]::pin::Pin<&mut core[df12db4294e9bfd3]::pin::Pin<&mut dyn core[df12db4294e9bfd3]::future::future::Future<Output = ()>>>>
[INFO] [stdout]   17:     0x5bcee8afe89d - tokio[d16b22dcef4712a6]::runtime::context::runtime::enter_runtime::<<tokio[d16b22dcef4712a6]::runtime::scheduler::current_thread::CurrentThread>::block_on<core[df12db4294e9bfd3]::pin::Pin<&mut dyn core[df12db4294e9bfd3]::future::future::Future<Output = ()>>>::{closure#0}, ()>
[INFO] [stdout]   18:     0x5bcee8b20cf5 - <tokio[d16b22dcef4712a6]::runtime::runtime::Runtime>::block_on::<core[df12db4294e9bfd3]::pin::Pin<&mut dyn core[df12db4294e9bfd3]::future::future::Future<Output = ()>>>
[INFO] [stdout]   19:     0x5bcee8aceeab - rustyriver[b7a6e6b6daf4a7e9]::client::file::tests::lists_and_reads_golden_replica
[INFO] [stdout]   20:     0x5bcee8abcfa9 - <rustyriver[b7a6e6b6daf4a7e9]::client::file::tests::lists_and_reads_golden_replica::{closure#0} as core[df12db4294e9bfd3]::ops::function::FnOnce<()>>::call_once
[INFO] [stdout]   21:     0x5bcee8b3531b - test[9d35eded1c95d3be]::__rust_begin_short_backtrace::<core[df12db4294e9bfd3]::result::Result<(), alloc[2182bb758b4b3781]::string::String>, fn() -> core[df12db4294e9bfd3]::result::Result<(), alloc[2182bb758b4b3781]::string::String>>
[INFO] [stdout]   22:     0x5bcee8b42985 - test[9d35eded1c95d3be]::run_test::{closure#0}
[INFO] [stdout]   23:     0x5bcee8b3c244 - std[70759c8f55707aa4]::sys::backtrace::__rust_begin_short_backtrace::<test[9d35eded1c95d3be]::run_test::{closure#1}, ()>
[INFO] [stdout]   24:     0x5bcee8b45ae2 - <std[70759c8f55707aa4]::thread::lifecycle::spawn_unchecked<test[9d35eded1c95d3be]::run_test::{closure#1}, ()>::{closure#1} as core[df12db4294e9bfd3]::ops::function::FnOnce<()>>::call_once::{shim:vtable#0}
[INFO] [stdout]   25:     0x5bcee906b6a9 - <std[70759c8f55707aa4]::sys::thread::unix::Thread>::new::thread_start
[INFO] [stdout]   26:     0x7ab333ce0dfa - <unknown>
[INFO] [stdout]   27:     0x7ab333d743d4 - clone
[INFO] [stdout]   28:                0x0 - <unknown>
[INFO] [stdout] 
[INFO] [stdout] ---- ltx::tests::golden_corruption_is_detected stdout ----
[INFO] [stdout] 
[INFO] [stdout] thread 'ltx::tests::golden_corruption_is_detected' (3167) panicked at src/ltx.rs:800:46:
[INFO] [stdout] called `Result::unwrap()` on an `Err` value: Os { code: 2, kind: NotFound, message: "No such file or directory" }
[INFO] [stdout] stack backtrace:
[INFO] [stdout]    0:     0x5bcee906ca01 - <<std[70759c8f55707aa4]::sys::backtrace::BacktraceLock>::print::DisplayBacktrace as core[df12db4294e9bfd3]::fmt::Display>::fmt
[INFO] [stdout]    1:     0x5bcee90853ba - core[df12db4294e9bfd3]::fmt::write
[INFO] [stdout]    2:     0x5bcee9071f4c - <alloc[2182bb758b4b3781]::vec::Vec<u8> as core[df12db4294e9bfd3]::io::write::Write>::write_fmt
[INFO] [stdout]    3:     0x5bcee90450b6 - std[70759c8f55707aa4]::panicking::default_hook::{closure#0}
[INFO] [stdout]    4:     0x5bcee90633c9 - std[70759c8f55707aa4]::panicking::default_hook
[INFO] [stdout]    5:     0x5bcee8b42030 - test[9d35eded1c95d3be]::test_main_inner::<test[9d35eded1c95d3be]::test_main_static::{closure#0}>::{closure#0}
[INFO] [stdout]    6:     0x5bcee90636f2 - std[70759c8f55707aa4]::panicking::panic_with_hook
[INFO] [stdout]    7:     0x5bcee9045162 - std[70759c8f55707aa4]::panicking::panic_handler::{closure#0}
[INFO] [stdout]    8:     0x5bcee903d8c9 - std[70759c8f55707aa4]::sys::backtrace::__rust_end_short_backtrace::<std[70759c8f55707aa4]::panicking::panic_handler::{closure#0}, !>
[INFO] [stdout]    9:     0x5bcee904625d - __rustc[8fa7c3cbc660c2b3]::rust_begin_unwind
[INFO] [stdout]   10:     0x5bcee9085b1c - core[df12db4294e9bfd3]::panicking::panic_fmt
[INFO] [stdout]   11:     0x5bcee90858f2 - core[df12db4294e9bfd3]::result::unwrap_failed
[INFO] [stdout]   12:     0x5bcee8af8899 - rustyriver[b7a6e6b6daf4a7e9]::ltx::tests::golden_corruption_is_detected
[INFO] [stdout]   13:     0x5bcee8abc579 - <rustyriver[b7a6e6b6daf4a7e9]::ltx::tests::golden_corruption_is_detected::{closure#0} as core[df12db4294e9bfd3]::ops::function::FnOnce<()>>::call_once
[INFO] [stdout]   14:     0x5bcee8b3531b - test[9d35eded1c95d3be]::__rust_begin_short_backtrace::<core[df12db4294e9bfd3]::result::Result<(), alloc[2182bb758b4b3781]::string::String>, fn() -> core[df12db4294e9bfd3]::result::Result<(), alloc[2182bb758b4b3781]::string::String>>
[INFO] [stdout]   15:     0x5bcee8b42985 - test[9d35eded1c95d3be]::run_test::{closure#0}
[INFO] [stdout]   16:     0x5bcee8b3c244 - std[70759c8f55707aa4]::sys::backtrace::__rust_begin_short_backtrace::<test[9d35eded1c95d3be]::run_test::{closure#1}, ()>
[INFO] [stdout]   17:     0x5bcee8b45ae2 - <std[70759c8f55707aa4]::thread::lifecycle::spawn_unchecked<test[9d35eded1c95d3be]::run_test::{closure#1}, ()>::{closure#1} as core[df12db4294e9bfd3]::ops::function::FnOnce<()>>::call_once::{shim:vtable#0}
[INFO] [stdout]   18:     0x5bcee906b6a9 - <std[70759c8f55707aa4]::sys::thread::unix::Thread>::new::thread_start
[INFO] [stdout]   19:     0x7ab333ce0dfa - <unknown>
[INFO] [stdout]   20:     0x7ab333d743d4 - clone
[INFO] [stdout]   21:                0x0 - <unknown>
[INFO] [stdout] 
[INFO] [stdout] ---- ltx::tests::golden_ltx_files_decode_and_verify stdout ----
[INFO] [stdout] 
[INFO] [stdout] thread 'ltx::tests::golden_ltx_files_decode_and_verify' (3168) panicked at src/ltx.rs:764:65:
[INFO] [stdout] read /opt/rustwide/workdir/tests/fixtures/golden/replica/ltx/0/0000000000000001-0000000000000001.ltx: No such file or directory (os error 2)
[INFO] [stdout] stack backtrace:
[INFO] [stdout]    0:     0x5bcee906ca01 - <<std[70759c8f55707aa4]::sys::backtrace::BacktraceLock>::print::DisplayBacktrace as core[df12db4294e9bfd3]::fmt::Display>::fmt
[INFO] [stdout]    1:     0x5bcee90853ba - core[df12db4294e9bfd3]::fmt::write
[INFO] [stdout]    2:     0x5bcee9071f4c - <alloc[2182bb758b4b3781]::vec::Vec<u8> as core[df12db4294e9bfd3]::io::write::Write>::write_fmt
[INFO] [stdout]    3:     0x5bcee90450b6 - std[70759c8f55707aa4]::panicking::default_hook::{closure#0}
[INFO] [stdout]    4:     0x5bcee90633c9 - std[70759c8f55707aa4]::panicking::default_hook
[INFO] [stdout]    5:     0x5bcee8b42030 - test[9d35eded1c95d3be]::test_main_inner::<test[9d35eded1c95d3be]::test_main_static::{closure#0}>::{closure#0}
[INFO] [stdout]    6:     0x5bcee90636f2 - std[70759c8f55707aa4]::panicking::panic_with_hook
[INFO] [stdout]    7:     0x5bcee9045162 - std[70759c8f55707aa4]::panicking::panic_handler::{closure#0}
[INFO] [stdout]    8:     0x5bcee903d8c9 - std[70759c8f55707aa4]::sys::backtrace::__rust_end_short_backtrace::<std[70759c8f55707aa4]::panicking::panic_handler::{closure#0}, !>
[INFO] [stdout]    9:     0x5bcee904625d - __rustc[8fa7c3cbc660c2b3]::rust_begin_unwind
[INFO] [stdout]   10:     0x5bcee9085b1c - core[df12db4294e9bfd3]::panicking::panic_fmt
[INFO] [stdout]   11:     0x5bcee8af469a - rustyriver[b7a6e6b6daf4a7e9]::ltx::tests::golden_ltx_files_decode_and_verify::{closure#0}
[INFO] [stdout]   12:     0x5bcee8af941b - rustyriver[b7a6e6b6daf4a7e9]::ltx::tests::golden_ltx_files_decode_and_verify
[INFO] [stdout]   13:     0x5bcee8abc5b9 - <rustyriver[b7a6e6b6daf4a7e9]::ltx::tests::golden_ltx_files_decode_and_verify::{closure#0} as core[df12db4294e9bfd3]::ops::function::FnOnce<()>>::call_once
[INFO] [stdout]   14:     0x5bcee8b3531b - test[9d35eded1c95d3be]::__rust_begin_short_backtrace::<core[df12db4294e9bfd3]::result::Result<(), alloc[2182bb758b4b3781]::string::String>, fn() -> core[df12db4294e9bfd3]::result::Result<(), alloc[2182bb758b4b3781]::string::String>>
[INFO] [stdout]   15:     0x5bcee8b42985 - test[9d35eded1c95d3be]::run_test::{closure#0}
[INFO] [stdout]   16:     0x5bcee8b3c244 - std[70759c8f55707aa4]::sys::backtrace::__rust_begin_short_backtrace::<test[9d35eded1c95d3be]::run_test::{closure#1}, ()>
[INFO] [stdout]   17:     0x5bcee8b45ae2 - <std[70759c8f55707aa4]::thread::lifecycle::spawn_unchecked<test[9d35eded1c95d3be]::run_test::{closure#1}, ()>::{closure#1} as core[df12db4294e9bfd3]::ops::function::FnOnce<()>>::call_once::{shim:vtable#0}
[INFO] [stdout]   18:     0x5bcee906b6a9 - <std[70759c8f55707aa4]::sys::thread::unix::Thread>::new::thread_start
[INFO] [stdout]   19:     0x7ab333ce0dfa - <unknown>
[INFO] [stdout]   20:     0x7ab333d743d4 - clone
[INFO] [stdout]   21:                0x0 - <unknown>
[INFO] [stdout] 
[INFO] [stdout] ---- wal::tests::test_golden_sample_wal stdout ----
[INFO] [stdout] 
[INFO] [stdout] thread 'wal::tests::test_golden_sample_wal' (3215) panicked at src/wal.rs:609:46:
[INFO] [stdout] read /opt/rustwide/workdir/tests/fixtures/golden/sample.wal: No such file or directory (os error 2)
[INFO] [stdout] stack backtrace:
[INFO] [stdout]    0:     0x5bcee906ca01 - <<std[70759c8f55707aa4]::sys::backtrace::BacktraceLock>::print::DisplayBacktrace as core[df12db4294e9bfd3]::fmt::Display>::fmt
[INFO] [stdout]    1:     0x5bcee90853ba - core[df12db4294e9bfd3]::fmt::write
[INFO] [stdout]    2:     0x5bcee9071f4c - <alloc[2182bb758b4b3781]::vec::Vec<u8> as core[df12db4294e9bfd3]::io::write::Write>::write_fmt
[INFO] [stdout]    3:     0x5bcee90450b6 - std[70759c8f55707aa4]::panicking::default_hook::{closure#0}
[INFO] [stdout]    4:     0x5bcee90633c9 - std[70759c8f55707aa4]::panicking::default_hook
[INFO] [stdout]    5:     0x5bcee8b42030 - test[9d35eded1c95d3be]::test_main_inner::<test[9d35eded1c95d3be]::test_main_static::{closure#0}>::{closure#0}
[INFO] [stdout]    6:     0x5bcee90636f2 - std[70759c8f55707aa4]::panicking::panic_with_hook
[INFO] [stdout]    7:     0x5bcee9045162 - std[70759c8f55707aa4]::panicking::panic_handler::{closure#0}
[INFO] [stdout]    8:     0x5bcee903d8c9 - std[70759c8f55707aa4]::sys::backtrace::__rust_end_short_backtrace::<std[70759c8f55707aa4]::panicking::panic_handler::{closure#0}, !>
[INFO] [stdout]    9:     0x5bcee904625d - __rustc[8fa7c3cbc660c2b3]::rust_begin_unwind
[INFO] [stdout]   10:     0x5bcee9085b1c - core[df12db4294e9bfd3]::panicking::panic_fmt
[INFO] [stdout]   11:     0x5bcee8b2abd9 - rustyriver[b7a6e6b6daf4a7e9]::wal::tests::read_golden_wal::{closure#0}
[INFO] [stdout]   12:     0x5bcee8b2ccc2 - rustyriver[b7a6e6b6daf4a7e9]::wal::tests::test_golden_sample_wal
[INFO] [stdout]   13:     0x5bcee8abc619 - <rustyriver[b7a6e6b6daf4a7e9]::wal::tests::test_golden_sample_wal::{closure#0} as core[df12db4294e9bfd3]::ops::function::FnOnce<()>>::call_once
[INFO] [stdout]   14:     0x5bcee8b3531b - test[9d35eded1c95d3be]::__rust_begin_short_backtrace::<core[df12db4294e9bfd3]::result::Result<(), alloc[2182bb758b4b3781]::string::String>, fn() -> core[df12db4294e9bfd3]::result::Result<(), alloc[2182bb758b4b3781]::string::String>>
[INFO] [stdout]   15:     0x5bcee8b42985 - test[9d35eded1c95d3be]::run_test::{closure#0}
[INFO] [stdout]   16:     0x5bcee8b3c244 - std[70759c8f55707aa4]::sys::backtrace::__rust_begin_short_backtrace::<test[9d35eded1c95d3be]::run_test::{closure#1}, ()>
[INFO] [stdout]   17:     0x5bcee8b45ae2 - <std[70759c8f55707aa4]::thread::lifecycle::spawn_unchecked<test[9d35eded1c95d3be]::run_test::{closure#1}, ()>::{closure#1} as core[df12db4294e9bfd3]::ops::function::FnOnce<()>>::call_once::{shim:vtable#0}
[INFO] [stdout]   18:     0x5bcee906b6a9 - <std[70759c8f55707aa4]::sys::thread::unix::Thread>::new::thread_start
[INFO] [stdout]   19:     0x7ab333ce0dfa - <unknown>
[INFO] [stdout]   20:     0x7ab333d743d4 - clone
[INFO] [stdout]   21:                0x0 - <unknown>
[INFO] [stdout] 
[INFO] [stdout] ---- wal::tests::test_wal_reader_err_buffer_size stdout ----
[INFO] [stdout] 
[INFO] [stdout] thread 'wal::tests::test_wal_reader_err_buffer_size' (3219) panicked at src/wal.rs:602:46:
[INFO] [stdout] read /opt/rustwide/workdir/reference/litestream-go/testdata/wal-reader/ok/wal: No such file or directory (os error 2)
[INFO] [stdout] stack backtrace:
[INFO] [stdout]    0:     0x5bcee906ca01 - <<std[70759c8f55707aa4]::sys::backtrace::BacktraceLock>::print::DisplayBacktrace as core[df12db4294e9bfd3]::fmt::Display>::fmt
[INFO] [stdout]    1:     0x5bcee90853ba - core[df12db4294e9bfd3]::fmt::write
[INFO] [stdout]    2:     0x5bcee9071f4c - <alloc[2182bb758b4b3781]::vec::Vec<u8> as core[df12db4294e9bfd3]::io::write::Write>::write_fmt
[INFO] [stdout]    3:     0x5bcee90450b6 - std[70759c8f55707aa4]::panicking::default_hook::{closure#0}
[INFO] [stdout]    4:     0x5bcee90633c9 - std[70759c8f55707aa4]::panicking::default_hook
[INFO] [stdout]    5:     0x5bcee8b42030 - test[9d35eded1c95d3be]::test_main_inner::<test[9d35eded1c95d3be]::test_main_static::{closure#0}>::{closure#0}
[INFO] [stdout]    6:     0x5bcee90636f2 - std[70759c8f55707aa4]::panicking::panic_with_hook
[INFO] [stdout]    7:     0x5bcee9045162 - std[70759c8f55707aa4]::panicking::panic_handler::{closure#0}
[INFO] [stdout]    8:     0x5bcee903d8c9 - std[70759c8f55707aa4]::sys::backtrace::__rust_end_short_backtrace::<std[70759c8f55707aa4]::panicking::panic_handler::{closure#0}, !>
[INFO] [stdout]    9:     0x5bcee904625d - __rustc[8fa7c3cbc660c2b3]::rust_begin_unwind
[INFO] [stdout]   10:     0x5bcee9085b1c - core[df12db4294e9bfd3]::panicking::panic_fmt
[INFO] [stdout]   11:     0x5bcee8b2ab39 - rustyriver[b7a6e6b6daf4a7e9]::wal::tests::read_testdata::{closure#0}
[INFO] [stdout]   12:     0x5bcee8b2c0ed - rustyriver[b7a6e6b6daf4a7e9]::wal::tests::read_testdata
[INFO] [stdout]   13:     0x5bcee8b2d308 - rustyriver[b7a6e6b6daf4a7e9]::wal::tests::test_wal_reader_err_buffer_size
[INFO] [stdout]   14:     0x5bcee8abc679 - <rustyriver[b7a6e6b6daf4a7e9]::wal::tests::test_wal_reader_err_buffer_size::{closure#0} as core[df12db4294e9bfd3]::ops::function::FnOnce<()>>::call_once
[INFO] [stdout]   15:     0x5bcee8b3531b - test[9d35eded1c95d3be]::__rust_begin_short_backtrace::<core[df12db4294e9bfd3]::result::Result<(), alloc[2182bb758b4b3781]::string::String>, fn() -> core[df12db4294e9bfd3]::result::Result<(), alloc[2182bb758b4b3781]::string::String>>
[INFO] [stdout]   16:     0x5bcee8b42985 - test[9d35eded1c95d3be]::run_test::{closure#0}
[INFO] [stdout]   17:     0x5bcee8b3c244 - std[70759c8f55707aa4]::sys::backtrace::__rust_begin_short_backtrace::<test[9d35eded1c95d3be]::run_test::{closure#1}, ()>
[INFO] [stdout]   18:     0x5bcee8b45ae2 - <std[70759c8f55707aa4]::thread::lifecycle::spawn_unchecked<test[9d35eded1c95d3be]::run_test::{closure#1}, ()>::{closure#1} as core[df12db4294e9bfd3]::ops::function::FnOnce<()>>::call_once::{shim:vtable#0}
[INFO] [stdout]   19:     0x5bcee906b6a9 - <std[70759c8f55707aa4]::sys::thread::unix::Thread>::new::thread_start
[INFO] [stdout]   20:     0x7ab333ce0dfa - <unknown>
[INFO] [stdout]   21:     0x7ab333d743d4 - clone
[INFO] [stdout]   22:                0x0 - <unknown>
[INFO] [stdout] 
[INFO] [stdout] ---- wal::tests::test_wal_reader_frame_salts_until_ok stdout ----
[INFO] [stdout] 
[INFO] [stdout] thread 'wal::tests::test_wal_reader_frame_salts_until_ok' (3224) panicked at src/wal.rs:602:46:
[INFO] [stdout] read /opt/rustwide/workdir/reference/litestream-go/testdata/wal-reader/frame-salts/wal: No such file or directory (os error 2)
[INFO] [stdout] stack backtrace:
[INFO] [stdout]    0:     0x5bcee906ca01 - <<std[70759c8f55707aa4]::sys::backtrace::BacktraceLock>::print::DisplayBacktrace as core[df12db4294e9bfd3]::fmt::Display>::fmt
[INFO] [stdout]    1:     0x5bcee90853ba - core[df12db4294e9bfd3]::fmt::write
[INFO] [stdout]    2:     0x5bcee9071f4c - <alloc[2182bb758b4b3781]::vec::Vec<u8> as core[df12db4294e9bfd3]::io::write::Write>::write_fmt
[INFO] [stdout]    3:     0x5bcee90450b6 - std[70759c8f55707aa4]::panicking::default_hook::{closure#0}
[INFO] [stdout]    4:     0x5bcee90633c9 - std[70759c8f55707aa4]::panicking::default_hook
[INFO] [stdout]    5:     0x5bcee8b42030 - test[9d35eded1c95d3be]::test_main_inner::<test[9d35eded1c95d3be]::test_main_static::{closure#0}>::{closure#0}
[INFO] [stdout]    6:     0x5bcee90636f2 - std[70759c8f55707aa4]::panicking::panic_with_hook
[INFO] [stdout]    7:     0x5bcee9045162 - std[70759c8f55707aa4]::panicking::panic_handler::{closure#0}
[INFO] [stdout]    8:     0x5bcee903d8c9 - std[70759c8f55707aa4]::sys::backtrace::__rust_end_short_backtrace::<std[70759c8f55707aa4]::panicking::panic_handler::{closure#0}, !>
[INFO] [stdout]    9:     0x5bcee904625d - __rustc[8fa7c3cbc660c2b3]::rust_begin_unwind
[INFO] [stdout]   10:     0x5bcee9085b1c - core[df12db4294e9bfd3]::panicking::panic_fmt
[INFO] [stdout]   11:     0x5bcee8b2ab39 - rustyriver[b7a6e6b6daf4a7e9]::wal::tests::read_testdata::{closure#0}
[INFO] [stdout]   12:     0x5bcee8b2c0ed - rustyriver[b7a6e6b6daf4a7e9]::wal::tests::read_testdata
[INFO] [stdout]   13:     0x5bcee8b2d915 - rustyriver[b7a6e6b6daf4a7e9]::wal::tests::test_wal_reader_frame_salts_until_ok
[INFO] [stdout]   14:     0x5bcee8abc759 - <rustyriver[b7a6e6b6daf4a7e9]::wal::tests::test_wal_reader_frame_salts_until_ok::{closure#0} as core[df12db4294e9bfd3]::ops::function::FnOnce<()>>::call_once
[INFO] [stdout]   15:     0x5bcee8b3531b - test[9d35eded1c95d3be]::__rust_begin_short_backtrace::<core[df12db4294e9bfd3]::result::Result<(), alloc[2182bb758b4b3781]::string::String>, fn() -> core[df12db4294e9bfd3]::result::Result<(), alloc[2182bb758b4b3781]::string::String>>
[INFO] [stdout]   16:     0x5bcee8b42985 - test[9d35eded1c95d3be]::run_test::{closure#0}
[INFO] [stdout]   17:     0x5bcee8b3c244 - std[70759c8f55707aa4]::sys::backtrace::__rust_begin_short_backtrace::<test[9d35eded1c95d3be]::run_test::{closure#1}, ()>
[INFO] [stdout]   18:     0x5bcee8b45ae2 - <std[70759c8f55707aa4]::thread::lifecycle::spawn_unchecked<test[9d35eded1c95d3be]::run_test::{closure#1}, ()>::{closure#1} as core[df12db4294e9bfd3]::ops::function::FnOnce<()>>::call_once::{shim:vtable#0}
[INFO] [stdout]   19:     0x5bcee906b6a9 - <std[70759c8f55707aa4]::sys::thread::unix::Thread>::new::thread_start
[INFO] [stdout]   20:     0x7ab333ce0dfa - <unknown>
[INFO] [stdout]   21:     0x7ab333d743d4 - clone
[INFO] [stdout]   22:                0x0 - <unknown>
[INFO] [stdout] 
[INFO] [stdout] ---- wal::tests::test_wal_reader_frame_checksum_mismatch stdout ----
[INFO] [stdout] 
[INFO] [stdout] thread 'wal::tests::test_wal_reader_frame_checksum_mismatch' (3223) panicked at src/wal.rs:602:46:
[INFO] [stdout] read /opt/rustwide/workdir/reference/litestream-go/testdata/wal-reader/frame-checksum-mismatch/wal: No such file or directory (os error 2)
[INFO] [stdout] stack backtrace:
[INFO] [stdout]    0:     0x5bcee906ca01 - <<std[70759c8f55707aa4]::sys::backtrace::BacktraceLock>::print::DisplayBacktrace as core[df12db4294e9bfd3]::fmt::Display>::fmt
[INFO] [stdout]    1:     0x5bcee90853ba - core[df12db4294e9bfd3]::fmt::write
[INFO] [stdout]    2:     0x5bcee9071f4c - <alloc[2182bb758b4b3781]::vec::Vec<u8> as core[df12db4294e9bfd3]::io::write::Write>::write_fmt
[INFO] [stdout]    3:     0x5bcee90450b6 - std[70759c8f55707aa4]::panicking::default_hook::{closure#0}
[INFO] [stdout]    4:     0x5bcee90633c9 - std[70759c8f55707aa4]::panicking::default_hook
[INFO] [stdout]    5:     0x5bcee8b42030 - test[9d35eded1c95d3be]::test_main_inner::<test[9d35eded1c95d3be]::test_main_static::{closure#0}>::{closure#0}
[INFO] [stdout]    6:     0x5bcee90636f2 - std[70759c8f55707aa4]::panicking::panic_with_hook
[INFO] [stdout]    7:     0x5bcee9045162 - std[70759c8f55707aa4]::panicking::panic_handler::{closure#0}
[INFO] [stdout]    8:     0x5bcee903d8c9 - std[70759c8f55707aa4]::sys::backtrace::__rust_end_short_backtrace::<std[70759c8f55707aa4]::panicking::panic_handler::{closure#0}, !>
[INFO] [stdout]    9:     0x5bcee904625d - __rustc[8fa7c3cbc660c2b3]::rust_begin_unwind
[INFO] [stdout]   10:     0x5bcee9085b1c - core[df12db4294e9bfd3]::panicking::panic_fmt
[INFO] [stdout]   11:     0x5bcee8b2ab39 - rustyriver[b7a6e6b6daf4a7e9]::wal::tests::read_testdata::{closure#0}
[INFO] [stdout]   12:     0x5bcee8b2c0ed - rustyriver[b7a6e6b6daf4a7e9]::wal::tests::read_testdata
[INFO] [stdout]   13:     0x5bcee8b2e3ac - rustyriver[b7a6e6b6daf4a7e9]::wal::tests::test_wal_reader_frame_checksum_mismatch
[INFO] [stdout]   14:     0x5bcee8abc7b9 - <rustyriver[b7a6e6b6daf4a7e9]::wal::tests::test_wal_reader_frame_checksum_mismatch::{closure#0} as core[df12db4294e9bfd3]::ops::function::FnOnce<()>>::call_once
[INFO] [stdout]   15:     0x5bcee8b3531b - test[9d35eded1c95d3be]::__rust_begin_short_backtrace::<core[df12db4294e9bfd3]::result::Result<(), alloc[2182bb758b4b3781]::string::String>, fn() -> core[df12db4294e9bfd3]::result::Result<(), alloc[2182bb758b4b3781]::string::String>>
[INFO] [stdout]   16:     0x5bcee8b42985 - test[9d35eded1c95d3be]::run_test::{closure#0}
[INFO] [stdout]   17:     0x5bcee8b3c244 - std[70759c8f55707aa4]::sys::backtrace::__rust_begin_short_backtrace::<test[9d35eded1c95d3be]::run_test::{closure#1}, ()>
[INFO] [stdout]   18:     0x5bcee8b45ae2 - <std[70759c8f55707aa4]::thread::lifecycle::spawn_unchecked<test[9d35eded1c95d3be]::run_test::{closure#1}, ()>::{closure#1} as core[df12db4294e9bfd3]::ops::function::FnOnce<()>>::call_once::{shim:vtable#0}
[INFO] [stdout]   19:     0x5bcee906b6a9 - <std[70759c8f55707aa4]::sys::thread::unix::Thread>::new::thread_start
[INFO] [stdout]   20:     0x7ab333ce0dfa - <unknown>
[INFO] [stdout]   21:     0x7ab333d743d4 - clone
[INFO] [stdout]   22:                0x0 - <unknown>
[INFO] [stdout] 
[INFO] [stdout] ---- wal::tests::test_wal_reader_err_partial_frame_header stdout ----
[INFO] [stdout] 
[INFO] [stdout] thread 'wal::tests::test_wal_reader_err_partial_frame_header' (3222) panicked at src/wal.rs:602:46:
[INFO] [stdout] read /opt/rustwide/workdir/reference/litestream-go/testdata/wal-reader/ok/wal: No such file or directory (os error 2)
[INFO] [stdout] stack backtrace:
[INFO] [stdout]    0:     0x5bcee906ca01 - <<std[70759c8f55707aa4]::sys::backtrace::BacktraceLock>::print::DisplayBacktrace as core[df12db4294e9bfd3]::fmt::Display>::fmt
[INFO] [stdout]    1:     0x5bcee90853ba - core[df12db4294e9bfd3]::fmt::write
[INFO] [stdout]    2:     0x5bcee9071f4c - <alloc[2182bb758b4b3781]::vec::Vec<u8> as core[df12db4294e9bfd3]::io::write::Write>::write_fmt
[INFO] [stdout]    3:     0x5bcee90450b6 - std[70759c8f55707aa4]::panicking::default_hook::{closure#0}
[INFO] [stdout]    4:     0x5bcee90633c9 - std[70759c8f55707aa4]::panicking::default_hook
[INFO] [stdout]    5:     0x5bcee8b42030 - test[9d35eded1c95d3be]::test_main_inner::<test[9d35eded1c95d3be]::test_main_static::{closure#0}>::{closure#0}
[INFO] [stdout]    6:     0x5bcee90636f2 - std[70759c8f55707aa4]::panicking::panic_with_hook
[INFO] [stdout]    7:     0x5bcee9045162 - std[70759c8f55707aa4]::panicking::panic_handler::{closure#0}
[INFO] [stdout]    8:     0x5bcee903d8c9 - std[70759c8f55707aa4]::sys::backtrace::__rust_end_short_backtrace::<std[70759c8f55707aa4]::panicking::panic_handler::{closure#0}, !>
[INFO] [stdout]    9:     0x5bcee904625d - __rustc[8fa7c3cbc660c2b3]::rust_begin_unwind
[INFO] [stdout]   10:     0x5bcee9085b1c - core[df12db4294e9bfd3]::panicking::panic_fmt
[INFO] [stdout]   11:     0x5bcee8b2ab39 - rustyriver[b7a6e6b6daf4a7e9]::wal::tests::read_testdata::{closure#0}
[INFO] [stdout]   12:     0x5bcee8b2c0ed - rustyriver[b7a6e6b6daf4a7e9]::wal::tests::read_testdata
[INFO] [stdout]   13:     0x5bcee8b2eb53 - rustyriver[b7a6e6b6daf4a7e9]::wal::tests::test_wal_reader_err_partial_frame_header
[INFO] [stdout]   14:     0x5bcee8abc7f9 - <rustyriver[b7a6e6b6daf4a7e9]::wal::tests::test_wal_reader_err_partial_frame_header::{closure#0} as core[df12db4294e9bfd3]::ops::function::FnOnce<()>>::call_once
[INFO] [stdout]   15:     0x5bcee8b3531b - test[9d35eded1c95d3be]::__rust_begin_short_backtrace::<core[df12db4294e9bfd3]::result::Result<(), alloc[2182bb758b4b3781]::string::String>, fn() -> core[df12db4294e9bfd3]::result::Result<(), alloc[2182bb758b4b3781]::string::String>>
[INFO] [stdout]   16:     0x5bcee8b42985 - test[9d35eded1c95d3be]::run_test::{closure#0}
[INFO] [stdout]   17:     0x5bcee8b3c244 - std[70759c8f55707aa4]::sys::backtrace::__rust_begin_short_backtrace::<test[9d35eded1c95d3be]::run_test::{closure#1}, ()>
[INFO] [stdout]   18:     0x5bcee8b45ae2 - <std[70759c8f55707aa4]::thread::lifecycle::spawn_unchecked<test[9d35eded1c95d3be]::run_test::{closure#1}, ()>::{closure#1} as core[df12db4294e9bfd3]::ops::function::FnOnce<()>>::call_once::{shim:vtable#0}
[INFO] [stdout]   19:     0x5bcee906b6a9 - <std[70759c8f55707aa4]::sys::thread::unix::Thread>::new::thread_start
[INFO] [stdout]   20:     0x7ab333ce0dfa - <unknown>
[INFO] [stdout]   21:     0x7ab333d743d4 - clone
[INFO] [stdout]   22:                0x0 - <unknown>
[INFO] [stdout] 
[INFO] [stdout] ---- wal::tests::test_wal_reader_err_frame_header_only stdout ----
[INFO] [stdout] 
[INFO] [stdout] thread 'wal::tests::test_wal_reader_err_frame_header_only' (3220) panicked at src/wal.rs:602:46:
[INFO] [stdout] read /opt/rustwide/workdir/reference/litestream-go/testdata/wal-reader/ok/wal: No such file or directory (os error 2)
[INFO] [stdout] stack backtrace:
[INFO] [stdout]    0:     0x5bcee906ca01 - <<std[70759c8f55707aa4]::sys::backtrace::BacktraceLock>::print::DisplayBacktrace as core[df12db4294e9bfd3]::fmt::Display>::fmt
[INFO] [stdout]    1:     0x5bcee90853ba - core[df12db4294e9bfd3]::fmt::write
[INFO] [stdout]    2:     0x5bcee9071f4c - <alloc[2182bb758b4b3781]::vec::Vec<u8> as core[df12db4294e9bfd3]::io::write::Write>::write_fmt
[INFO] [stdout]    3:     0x5bcee90450b6 - std[70759c8f55707aa4]::panicking::default_hook::{closure#0}
[INFO] [stdout]    4:     0x5bcee90633c9 - std[70759c8f55707aa4]::panicking::default_hook
[INFO] [stdout]    5:     0x5bcee8b42030 - test[9d35eded1c95d3be]::test_main_inner::<test[9d35eded1c95d3be]::test_main_static::{closure#0}>::{closure#0}
[INFO] [stdout]    6:     0x5bcee90636f2 - std[70759c8f55707aa4]::panicking::panic_with_hook
[INFO] [stdout]    7:     0x5bcee9045162 - std[70759c8f55707aa4]::panicking::panic_handler::{closure#0}
[INFO] [stdout]    8:     0x5bcee903d8c9 - std[70759c8f55707aa4]::sys::backtrace::__rust_end_short_backtrace::<std[70759c8f55707aa4]::panicking::panic_handler::{closure#0}, !>
[INFO] [stdout]    9:     0x5bcee904625d - __rustc[8fa7c3cbc660c2b3]::rust_begin_unwind
[INFO] [stdout]   10:     0x5bcee9085b1c - core[df12db4294e9bfd3]::panicking::panic_fmt
[INFO] [stdout]   11:     0x5bcee8b2ab39 - rustyriver[b7a6e6b6daf4a7e9]::wal::tests::read_testdata::{closure#0}
[INFO] [stdout]   12:     0x5bcee8b2c0ed - rustyriver[b7a6e6b6daf4a7e9]::wal::tests::read_testdata
[INFO] [stdout]   13:     0x5bcee8b2dde3 - rustyriver[b7a6e6b6daf4a7e9]::wal::tests::test_wal_reader_err_frame_header_only
[INFO] [stdout]   14:     0x5bcee8abc779 - <rustyriver[b7a6e6b6daf4a7e9]::wal::tests::test_wal_reader_err_frame_header_only::{closure#0} as core[df12db4294e9bfd3]::ops::function::FnOnce<()>>::call_once
[INFO] [stdout]   15:     0x5bcee8b3531b - test[9d35eded1c95d3be]::__rust_begin_short_backtrace::<core[df12db4294e9bfd3]::result::Result<(), alloc[2182bb758b4b3781]::string::String>, fn() -> core[df12db4294e9bfd3]::result::Result<(), alloc[2182bb758b4b3781]::string::String>>
[INFO] [stdout]   16:     0x5bcee8b42985 - test[9d35eded1c95d3be]::run_test::{closure#0}
[INFO] [stdout]   17:     0x5bcee8b3c244 - std[70759c8f55707aa4]::sys::backtrace::__rust_begin_short_backtrace::<test[9d35eded1c95d3be]::run_test::{closure#1}, ()>
[INFO] [stdout]   18:     0x5bcee8b45ae2 - <std[70759c8f55707aa4]::thread::lifecycle::spawn_unchecked<test[9d35eded1c95d3be]::run_test::{closure#1}, ()>::{closure#1} as core[df12db4294e9bfd3]::ops::function::FnOnce<()>>::call_once::{shim:vtable#0}
[INFO] [stdout]   19:     0x5bcee906b6a9 - <std[70759c8f55707aa4]::sys::thread::unix::Thread>::new::thread_start
[INFO] [stdout]   20:     0x7ab333ce0dfa - <unknown>
[INFO] [stdout]   21:     0x7ab333d743d4 - clone
[INFO] [stdout]   22:                0x0 - <unknown>
[INFO] [stdout] 
[INFO] [stdout] ---- wal::tests::test_wal_reader_err_partial_frame_data stdout ----
[INFO] [stdout] 
[INFO] [stdout] thread 'wal::tests::test_wal_reader_err_partial_frame_data' (3221) panicked at src/wal.rs:602:46:
[INFO] [stdout] read /opt/rustwide/workdir/reference/litestream-go/testdata/wal-reader/ok/wal: No such file or directory (os error 2)
[INFO] [stdout] stack backtrace:
[INFO] [stdout]    0:     0x5bcee906ca01 - <<std[70759c8f55707aa4]::sys::backtrace::BacktraceLock>::print::DisplayBacktrace as core[df12db4294e9bfd3]::fmt::Display>::fmt
[INFO] [stdout]    1:     0x5bcee90853ba - core[df12db4294e9bfd3]::fmt::write
[INFO] [stdout]    2:     0x5bcee9071f4c - <alloc[2182bb758b4b3781]::vec::Vec<u8> as core[df12db4294e9bfd3]::io::write::Write>::write_fmt
[INFO] [stdout]    3:     0x5bcee90450b6 - std[70759c8f55707aa4]::panicking::default_hook::{closure#0}
[INFO] [stdout]    4:     0x5bcee90633c9 - std[70759c8f55707aa4]::panicking::default_hook
[INFO] [stdout]    5:     0x5bcee8b42030 - test[9d35eded1c95d3be]::test_main_inner::<test[9d35eded1c95d3be]::test_main_static::{closure#0}>::{closure#0}
[INFO] [stdout]    6:     0x5bcee90636f2 - std[70759c8f55707aa4]::panicking::panic_with_hook
[INFO] [stdout]    7:     0x5bcee9045162 - std[70759c8f55707aa4]::panicking::panic_handler::{closure#0}
[INFO] [stdout]    8:     0x5bcee903d8c9 - std[70759c8f55707aa4]::sys::backtrace::__rust_end_short_backtrace::<std[70759c8f55707aa4]::panicking::panic_handler::{closure#0}, !>
[INFO] [stdout]    9:     0x5bcee904625d - __rustc[8fa7c3cbc660c2b3]::rust_begin_unwind
[INFO] [stdout]   10:     0x5bcee9085b1c - core[df12db4294e9bfd3]::panicking::panic_fmt
[INFO] [stdout]   11:     0x5bcee8b2ab39 - rustyriver[b7a6e6b6daf4a7e9]::wal::tests::read_testdata::{closure#0}
[INFO] [stdout]   12:     0x5bcee8b2c0ed - rustyriver[b7a6e6b6daf4a7e9]::wal::tests::read_testdata
[INFO] [stdout]   13:     0x5bcee8b2e0b3 - rustyriver[b7a6e6b6daf4a7e9]::wal::tests::test_wal_reader_err_partial_frame_data
[INFO] [stdout]   14:     0x5bcee8abc799 - <rustyriver[b7a6e6b6daf4a7e9]::wal::tests::test_wal_reader_err_partial_frame_data::{closure#0} as core[df12db4294e9bfd3]::ops::function::FnOnce<()>>::call_once
[INFO] [stdout]   15:     0x5bcee8b3531b - test[9d35eded1c95d3be]::__rust_begin_short_backtrace::<core[df12db4294e9bfd3]::result::Result<(), alloc[2182bb758b4b3781]::string::String>, fn() -> core[df12db4294e9bfd3]::result::Result<(), alloc[2182bb758b4b3781]::string::String>>
[INFO] [stdout]   16:     0x5bcee8b42985 - test[9d35eded1c95d3be]::run_test::{closure#0}
[INFO] [stdout]   17:     0x5bcee8b3c244 - std[70759c8f55707aa4]::sys::backtrace::__rust_begin_short_backtrace::<test[9d35eded1c95d3be]::run_test::{closure#1}, ()>
[INFO] [stdout]   18:     0x5bcee8b45ae2 - <std[70759c8f55707aa4]::thread::lifecycle::spawn_unchecked<test[9d35eded1c95d3be]::run_test::{closure#1}, ()>::{closure#1} as core[df12db4294e9bfd3]::ops::function::FnOnce<()>>::call_once::{shim:vtable#0}
[INFO] [stdout]   19:     0x5bcee906b6a9 - <std[70759c8f55707aa4]::sys::thread::unix::Thread>::new::thread_start
[INFO] [stdout]   20:     0x7ab333ce0dfa - <unknown>
[INFO] [stdout]   21:     0x7ab333d743d4 - clone
[INFO] [stdout]   22:                0x0 - <unknown>
[INFO] [stdout] 
[INFO] [stdout] ---- wal::tests::test_wal_reader_new_with_offset_unaligned stdout ----
[INFO] [stdout] 
[INFO] [stdout] thread 'wal::tests::test_wal_reader_new_with_offset_unaligned' (3228) panicked at src/wal.rs:602:46:
[INFO] [stdout] read /opt/rustwide/workdir/reference/litestream-go/testdata/wal-reader/ok/wal: No such file or directory (os error 2)
[INFO] [stdout] stack backtrace:
[INFO] [stdout]    0:     0x5bcee906ca01 - <<std[70759c8f55707aa4]::sys::backtrace::BacktraceLock>::print::DisplayBacktrace as core[df12db4294e9bfd3]::fmt::Display>::fmt
[INFO] [stdout]    1:     0x5bcee90853ba - core[df12db4294e9bfd3]::fmt::write
[INFO] [stdout]    2:     0x5bcee9071f4c - <alloc[2182bb758b4b3781]::vec::Vec<u8> as core[df12db4294e9bfd3]::io::write::Write>::write_fmt
[INFO] [stdout]    3:     0x5bcee90450b6 - std[70759c8f55707aa4]::panicking::default_hook::{closure#0}
[INFO] [stdout]    4:     0x5bcee90633c9 - std[70759c8f55707aa4]::panicking::default_hook
[INFO] [stdout]    5:     0x5bcee8b42030 - test[9d35eded1c95d3be]::test_main_inner::<test[9d35eded1c95d3be]::test_main_static::{closure#0}>::{closure#0}
[INFO] [stdout]    6:     0x5bcee90636f2 - std[70759c8f55707aa4]::panicking::panic_with_hook
[INFO] [stdout]    7:     0x5bcee9045162 - std[70759c8f55707aa4]::panicking::panic_handler::{closure#0}
[INFO] [stdout]    8:     0x5bcee903d8c9 - std[70759c8f55707aa4]::sys::backtrace::__rust_end_short_backtrace::<std[70759c8f55707aa4]::panicking::panic_handler::{closure#0}, !>
[INFO] [stdout]    9:     0x5bcee904625d - __rustc[8fa7c3cbc660c2b3]::rust_begin_unwind
[INFO] [stdout]   10:     0x5bcee9085b1c - core[df12db4294e9bfd3]::panicking::panic_fmt
[INFO] [stdout]   11:     0x5bcee8b2ab39 - rustyriver[b7a6e6b6daf4a7e9]::wal::tests::read_testdata::{closure#0}
[INFO] [stdout]   12:     0x5bcee8b2c0ed - rustyriver[b7a6e6b6daf4a7e9]::wal::tests::read_testdata
[INFO] [stdout]   13:     0x5bcee8b2f07c - rustyriver[b7a6e6b6daf4a7e9]::wal::tests::test_wal_reader_new_with_offset_unaligned
[INFO] [stdout]   14:     0x5bcee8abc839 - <rustyriver[b7a6e6b6daf4a7e9]::wal::tests::test_wal_reader_new_with_offset_unaligned::{closure#0} as core[df12db4294e9bfd3]::ops::function::FnOnce<()>>::call_once
[INFO] [stdout]   15:     0x5bcee8b3531b - test[9d35eded1c95d3be]::__rust_begin_short_backtrace::<core[df12db4294e9bfd3]::result::Result<(), alloc[2182bb758b4b3781]::string::String>, fn() -> core[df12db4294e9bfd3]::result::Result<(), alloc[2182bb758b4b3781]::string::String>>
[INFO] [stdout]   16:     0x5bcee8b42985 - test[9d35eded1c95d3be]::run_test::{closure#0}
[INFO] [stdout]   17:     0x5bcee8b3c244 - std[70759c8f55707aa4]::sys::backtrace::__rust_begin_short_backtrace::<test[9d35eded1c95d3be]::run_test::{closure#1}, ()>
[INFO] [stdout]   18:     0x5bcee8b45ae2 - <std[70759c8f55707aa4]::thread::lifecycle::spawn_unchecked<test[9d35eded1c95d3be]::run_test::{closure#1}, ()>::{closure#1} as core[df12db4294e9bfd3]::ops::function::FnOnce<()>>::call_once::{shim:vtable#0}
[INFO] [stdout]   19:     0x5bcee906b6a9 - <std[70759c8f55707aa4]::sys::thread::unix::Thread>::new::thread_start
[INFO] [stdout]   20:     0x7ab333ce0dfa - <unknown>
[INFO] [stdout]   21:     0x7ab333d743d4 - clone
[INFO] [stdout]   22:                0x0 - <unknown>
[INFO] [stdout] 
[INFO] [stdout] ---- wal::tests::test_wal_reader_ok stdout ----
[INFO] [stdout] 
[INFO] [stdout] thread 'wal::tests::test_wal_reader_ok' (3229) panicked at src/wal.rs:602:46:
[INFO] [stdout] read /opt/rustwide/workdir/reference/litestream-go/testdata/wal-reader/ok/wal: No such file or directory (os error 2)
[INFO] [stdout] stack backtrace:
[INFO] [stdout]    0:     0x5bcee906ca01 - <<std[70759c8f55707aa4]::sys::backtrace::BacktraceLock>::print::DisplayBacktrace as core[df12db4294e9bfd3]::fmt::Display>::fmt
[INFO] [stdout]    1:     0x5bcee90853ba - core[df12db4294e9bfd3]::fmt::write
[INFO] [stdout]    2:     0x5bcee9071f4c - <alloc[2182bb758b4b3781]::vec::Vec<u8> as core[df12db4294e9bfd3]::io::write::Write>::write_fmt
[INFO] [stdout]    3:     0x5bcee90450b6 - std[70759c8f55707aa4]::panicking::default_hook::{closure#0}
[INFO] [stdout]    4:     0x5bcee90633c9 - std[70759c8f55707aa4]::panicking::default_hook
[INFO] [stdout]    5:     0x5bcee8b42030 - test[9d35eded1c95d3be]::test_main_inner::<test[9d35eded1c95d3be]::test_main_static::{closure#0}>::{closure#0}
[INFO] [stdout]    6:     0x5bcee90636f2 - std[70759c8f55707aa4]::panicking::panic_with_hook
[INFO] [stdout]    7:     0x5bcee9045162 - std[70759c8f55707aa4]::panicking::panic_handler::{closure#0}
[INFO] [stdout]    8:     0x5bcee903d8c9 - std[70759c8f55707aa4]::sys::backtrace::__rust_end_short_backtrace::<std[70759c8f55707aa4]::panicking::panic_handler::{closure#0}, !>
[INFO] [stdout]    9:     0x5bcee904625d - __rustc[8fa7c3cbc660c2b3]::rust_begin_unwind
[INFO] [stdout]   10:     0x5bcee9085b1c - core[df12db4294e9bfd3]::panicking::panic_fmt
[INFO] [stdout]   11:     0x5bcee8b2ab39 - rustyriver[b7a6e6b6daf4a7e9]::wal::tests::read_testdata::{closure#0}
[INFO] [stdout]   12:     0x5bcee8b2c0ed - rustyriver[b7a6e6b6daf4a7e9]::wal::tests::read_testdata
[INFO] [stdout]   13:     0x5bcee8b2c16c - rustyriver[b7a6e6b6daf4a7e9]::wal::tests::test_wal_reader_ok
[INFO] [stdout]   14:     0x5bcee8abc5f9 - <rustyriver[b7a6e6b6daf4a7e9]::wal::tests::test_wal_reader_ok::{closure#0} as core[df12db4294e9bfd3]::ops::function::FnOnce<()>>::call_once
[INFO] [stdout]   15:     0x5bcee8b3531b - test[9d35eded1c95d3be]::__rust_begin_short_backtrace::<core[df12db4294e9bfd3]::result::Result<(), alloc[2182bb758b4b3781]::string::String>, fn() -> core[df12db4294e9bfd3]::result::Result<(), alloc[2182bb758b4b3781]::string::String>>
[INFO] [stdout]   16:     0x5bcee8b42985 - test[9d35eded1c95d3be]::run_test::{closure#0}
[INFO] [stdout]   17:     0x5bcee8b3c244 - std[70759c8f55707aa4]::sys::backtrace::__rust_begin_short_backtrace::<test[9d35eded1c95d3be]::run_test::{closure#1}, ()>
[INFO] [stdout]   18:     0x5bcee8b45ae2 - <std[70759c8f55707aa4]::thread::lifecycle::spawn_unchecked<test[9d35eded1c95d3be]::run_test::{closure#1}, ()>::{closure#1} as core[df12db4294e9bfd3]::ops::function::FnOnce<()>>::call_once::{shim:vtable#0}
[INFO] [stdout]   19:     0x5bcee906b6a9 - <std[70759c8f55707aa4]::sys::thread::unix::Thread>::new::thread_start
[INFO] [stdout]   20:     0x7ab333ce0dfa - <unknown>
[INFO] [stdout]   21:     0x7ab333d743d4 - clone
[INFO] [stdout]   22:                0x0 - <unknown>
[INFO] [stdout] 
[INFO] [stdout] ---- wal::tests::test_wal_reader_new_with_offset_resumes stdout ----
[INFO] [stdout] 
[INFO] [stdout] thread 'wal::tests::test_wal_reader_new_with_offset_resumes' (3226) panicked at src/wal.rs:602:46:
[INFO] [stdout] read /opt/rustwide/workdir/reference/litestream-go/testdata/wal-reader/ok/wal: No such file or directory (os error 2)
[INFO] [stdout] stack backtrace:
[INFO] [stdout]    0:     0x5bcee906ca01 - <<std[70759c8f55707aa4]::sys::backtrace::BacktraceLock>::print::DisplayBacktrace as core[df12db4294e9bfd3]::fmt::Display>::fmt
[INFO] [stdout]    1:     0x5bcee90853ba - core[df12db4294e9bfd3]::fmt::write
[INFO] [stdout]    2:     0x5bcee9071f4c - <alloc[2182bb758b4b3781]::vec::Vec<u8> as core[df12db4294e9bfd3]::io::write::Write>::write_fmt
[INFO] [stdout]    3:     0x5bcee90450b6 - std[70759c8f55707aa4]::panicking::default_hook::{closure#0}
[INFO] [stdout]    4:     0x5bcee90633c9 - std[70759c8f55707aa4]::panicking::default_hook
[INFO] [stdout]    5:     0x5bcee8b42030 - test[9d35eded1c95d3be]::test_main_inner::<test[9d35eded1c95d3be]::test_main_static::{closure#0}>::{closure#0}
[INFO] [stdout]    6:     0x5bcee90636f2 - std[70759c8f55707aa4]::panicking::panic_with_hook
[INFO] [stdout]    7:     0x5bcee9045162 - std[70759c8f55707aa4]::panicking::panic_handler::{closure#0}
[INFO] [stdout]    8:     0x5bcee903d8c9 - std[70759c8f55707aa4]::sys::backtrace::__rust_end_short_backtrace::<std[70759c8f55707aa4]::panicking::panic_handler::{closure#0}, !>
[INFO] [stdout]    9:     0x5bcee904625d - __rustc[8fa7c3cbc660c2b3]::rust_begin_unwind
[INFO] [stdout]   10:     0x5bcee9085b1c - core[df12db4294e9bfd3]::panicking::panic_fmt
[INFO] [stdout]   11:     0x5bcee8b2ab39 - rustyriver[b7a6e6b6daf4a7e9]::wal::tests::read_testdata::{closure#0}
[INFO] [stdout]   12:     0x5bcee8b2c0ed - rustyriver[b7a6e6b6daf4a7e9]::wal::tests::read_testdata
[INFO] [stdout]   13:     0x5bcee8b2e782 - rustyriver[b7a6e6b6daf4a7e9]::wal::tests::test_wal_reader_new_with_offset_resumes
[INFO] [stdout]   14:     0x5bcee8abc7d9 - <rustyriver[b7a6e6b6daf4a7e9]::wal::tests::test_wal_reader_new_with_offset_resumes::{closure#0} as core[df12db4294e9bfd3]::ops::function::FnOnce<()>>::call_once
[INFO] [stdout]   15:     0x5bcee8b3531b - test[9d35eded1c95d3be]::__rust_begin_short_backtrace::<core[df12db4294e9bfd3]::result::Result<(), alloc[2182bb758b4b3781]::string::String>, fn() -> core[df12db4294e9bfd3]::result::Result<(), alloc[2182bb758b4b3781]::string::String>>
[INFO] [stdout]   16:     0x5bcee8b42985 - test[9d35eded1c95d3be]::run_test::{closure#0}
[INFO] [stdout]   17:     0x5bcee8b3c244 - std[70759c8f55707aa4]::sys::backtrace::__rust_begin_short_backtrace::<test[9d35eded1c95d3be]::run_test::{closure#1}, ()>
[INFO] [stdout]   18:     0x5bcee8b45ae2 - <std[70759c8f55707aa4]::thread::lifecycle::spawn_unchecked<test[9d35eded1c95d3be]::run_test::{closure#1}, ()>::{closure#1} as core[df12db4294e9bfd3]::ops::function::FnOnce<()>>::call_once::{shim:vtable#0}
[INFO] [stdout]   19:     0x5bcee906b6a9 - <std[70759c8f55707aa4]::sys::thread::unix::Thread>::new::thread_start
[INFO] [stdout]   20:     0x7ab333ce0dfa - <unknown>
[INFO] [stdout]   21:     0x7ab333d743d4 - clone
[INFO] [stdout]   22:                0x0 - <unknown>
[INFO] [stdout] 
[INFO] [stdout] ---- wal::tests::test_wal_reader_new_with_offset_prev_frame_mismatch stdout ----
[INFO] [stdout] 
[INFO] [stdout] thread 'wal::tests::test_wal_reader_new_with_offset_prev_frame_mismatch' (3225) panicked at src/wal.rs:602:46:
[INFO] [stdout] read /opt/rustwide/workdir/reference/litestream-go/testdata/wal-reader/ok/wal: No such file or directory (os error 2)
[INFO] [stdout] stack backtrace:
[INFO] [stdout]    0:     0x5bcee906ca01 - <<std[70759c8f55707aa4]::sys::backtrace::BacktraceLock>::print::DisplayBacktrace as core[df12db4294e9bfd3]::fmt::Display>::fmt
[INFO] [stdout]    1:     0x5bcee90853ba - core[df12db4294e9bfd3]::fmt::write
[INFO] [stdout]    2:     0x5bcee9071f4c - <alloc[2182bb758b4b3781]::vec::Vec<u8> as core[df12db4294e9bfd3]::io::write::Write>::write_fmt
[INFO] [stdout]    3:     0x5bcee90450b6 - std[70759c8f55707aa4]::panicking::default_hook::{closure#0}
[INFO] [stdout]    4:     0x5bcee90633c9 - std[70759c8f55707aa4]::panicking::default_hook
[INFO] [stdout]    5:     0x5bcee8b42030 - test[9d35eded1c95d3be]::test_main_inner::<test[9d35eded1c95d3be]::test_main_static::{closure#0}>::{closure#0}
[INFO] [stdout]    6:     0x5bcee90636f2 - std[70759c8f55707aa4]::panicking::panic_with_hook
[INFO] [stdout]    7:     0x5bcee9045162 - std[70759c8f55707aa4]::panicking::panic_handler::{closure#0}
[INFO] [stdout]    8:     0x5bcee903d8c9 - std[70759c8f55707aa4]::sys::backtrace::__rust_end_short_backtrace::<std[70759c8f55707aa4]::panicking::panic_handler::{closure#0}, !>
[INFO] [stdout]    9:     0x5bcee904625d - __rustc[8fa7c3cbc660c2b3]::rust_begin_unwind
[INFO] [stdout]   10:     0x5bcee9085b1c - core[df12db4294e9bfd3]::panicking::panic_fmt
[INFO] [stdout]   11:     0x5bcee8b2ab39 - rustyriver[b7a6e6b6daf4a7e9]::wal::tests::read_testdata::{closure#0}
[INFO] [stdout]   12:     0x5bcee8b2c0ed - rustyriver[b7a6e6b6daf4a7e9]::wal::tests::read_testdata
[INFO] [stdout]   13:     0x5bcee8b2f2c0 - rustyriver[b7a6e6b6daf4a7e9]::wal::tests::test_wal_reader_new_with_offset_prev_frame_mismatch
[INFO] [stdout]   14:     0x5bcee8abc859 - <rustyriver[b7a6e6b6daf4a7e9]::wal::tests::test_wal_reader_new_with_offset_prev_frame_mismatch::{closure#0} as core[df12db4294e9bfd3]::ops::function::FnOnce<()>>::call_once
[INFO] [stdout]   15:     0x5bcee8b3531b - test[9d35eded1c95d3be]::__rust_begin_short_backtrace::<core[df12db4294e9bfd3]::result::Result<(), alloc[2182bb758b4b3781]::string::String>, fn() -> core[df12db4294e9bfd3]::result::Result<(), alloc[2182bb758b4b3781]::string::String>>
[INFO] [stdout]   16:     0x5bcee8b42985 - test[9d35eded1c95d3be]::run_test::{closure#0}
[INFO] [stdout]   17:     0x5bcee8b3c244 - std[70759c8f55707aa4]::sys::backtrace::__rust_begin_short_backtrace::<test[9d35eded1c95d3be]::run_test::{closure#1}, ()>
[INFO] [stdout]   18:     0x5bcee8b45ae2 - <std[70759c8f55707aa4]::thread::lifecycle::spawn_unchecked<test[9d35eded1c95d3be]::run_test::{closure#1}, ()>::{closure#1} as core[df12db4294e9bfd3]::ops::function::FnOnce<()>>::call_once::{shim:vtable#0}
[INFO] [stdout]   19:     0x5bcee906b6a9 - <std[70759c8f55707aa4]::sys::thread::unix::Thread>::new::thread_start
[INFO] [stdout]   20:     0x7ab333ce0dfa - <unknown>
[INFO] [stdout]   21:     0x7ab333d743d4 - clone
[INFO] [stdout]   22:                0x0 - <unknown>
[INFO] [stdout] 
[INFO] [stdout] ---- wal::tests::test_wal_reader_new_with_offset_too_small stdout ----
[INFO] [stdout] 
[INFO] [stdout] thread 'wal::tests::test_wal_reader_new_with_offset_too_small' (3227) panicked at src/wal.rs:602:46:
[INFO] [stdout] read /opt/rustwide/workdir/reference/litestream-go/testdata/wal-reader/ok/wal: No such file or directory (os error 2)
[INFO] [stdout] stack backtrace:
[INFO] [stdout]    0:     0x5bcee906ca01 - <<std[70759c8f55707aa4]::sys::backtrace::BacktraceLock>::print::DisplayBacktrace as core[df12db4294e9bfd3]::fmt::Display>::fmt
[INFO] [stdout]    1:     0x5bcee90853ba - core[df12db4294e9bfd3]::fmt::write
[INFO] [stdout]    2:     0x5bcee9071f4c - <alloc[2182bb758b4b3781]::vec::Vec<u8> as core[df12db4294e9bfd3]::io::write::Write>::write_fmt
[INFO] [stdout]    3:     0x5bcee90450b6 - std[70759c8f55707aa4]::panicking::default_hook::{closure#0}
[INFO] [stdout]    4:     0x5bcee90633c9 - std[70759c8f55707aa4]::panicking::default_hook
[INFO] [stdout]    5:     0x5bcee8b42030 - test[9d35eded1c95d3be]::test_main_inner::<test[9d35eded1c95d3be]::test_main_static::{closure#0}>::{closure#0}
[INFO] [stdout]    6:     0x5bcee90636f2 - std[70759c8f55707aa4]::panicking::panic_with_hook
[INFO] [stdout]    7:     0x5bcee9045162 - std[70759c8f55707aa4]::panicking::panic_handler::{closure#0}
[INFO] [stdout]    8:     0x5bcee903d8c9 - std[70759c8f55707aa4]::sys::backtrace::__rust_end_short_backtrace::<std[70759c8f55707aa4]::panicking::panic_handler::{closure#0}, !>
[INFO] [stdout]    9:     0x5bcee904625d - __rustc[8fa7c3cbc660c2b3]::rust_begin_unwind
[INFO] [stdout]   10:     0x5bcee9085b1c - core[df12db4294e9bfd3]::panicking::panic_fmt
[INFO] [stdout]   11:     0x5bcee8b2ab39 - rustyriver[b7a6e6b6daf4a7e9]::wal::tests::read_testdata::{closure#0}
[INFO] [stdout]   12:     0x5bcee8b2c0ed - rustyriver[b7a6e6b6daf4a7e9]::wal::tests::read_testdata
[INFO] [stdout]   13:     0x5bcee8b2ee1e - rustyriver[b7a6e6b6daf4a7e9]::wal::tests::test_wal_reader_new_with_offset_too_small
[INFO] [stdout]   14:     0x5bcee8abc819 - <rustyriver[b7a6e6b6daf4a7e9]::wal::tests::test_wal_reader_new_with_offset_too_small::{closure#0} as core[df12db4294e9bfd3]::ops::function::FnOnce<()>>::call_once
[INFO] [stdout]   15:     0x5bcee8b3531b - test[9d35eded1c95d3be]::__rust_begin_short_backtrace::<core[df12db4294e9bfd3]::result::Result<(), alloc[2182bb758b4b3781]::string::String>, fn() -> core[df12db4294e9bfd3]::result::Result<(), alloc[2182bb758b4b3781]::string::String>>
[INFO] [stdout]   16:     0x5bcee8b42985 - test[9d35eded1c95d3be]::run_test::{closure#0}
[INFO] [stdout]   17:     0x5bcee8b3c244 - std[70759c8f55707aa4]::sys::backtrace::__rust_begin_short_backtrace::<test[9d35eded1c95d3be]::run_test::{closure#1}, ()>
[INFO] [stdout]   18:     0x5bcee8b45ae2 - <std[70759c8f55707aa4]::thread::lifecycle::spawn_unchecked<test[9d35eded1c95d3be]::run_test::{closure#1}, ()>::{closure#1} as core[df12db4294e9bfd3]::ops::function::FnOnce<()>>::call_once::{shim:vtable#0}
[INFO] [stdout]   19:     0x5bcee906b6a9 - <std[70759c8f55707aa4]::sys::thread::unix::Thread>::new::thread_start
[INFO] [stdout]   20:     0x7ab333ce0dfa - <unknown>
[INFO] [stdout]   21:     0x7ab333d743d4 - clone
[INFO] [stdout]   22:                0x0 - <unknown>
[INFO] [stdout] 
[INFO] [stdout] ---- wal::tests::test_wal_reader_salt_mismatch stdout ----
[INFO] [stdout] 
[INFO] [stdout] thread 'wal::tests::test_wal_reader_salt_mismatch' (3231) panicked at src/wal.rs:602:46:
[INFO] [stdout] read /opt/rustwide/workdir/reference/litestream-go/testdata/wal-reader/salt-mismatch/wal: No such file or directory (os error 2)
[INFO] [stdout] stack backtrace:
[INFO] [stdout]    0:     0x5bcee906ca01 - <<std[70759c8f55707aa4]::sys::backtrace::BacktraceLock>::print::DisplayBacktrace as core[df12db4294e9bfd3]::fmt::Display>::fmt
[INFO] [stdout]    1:     0x5bcee90853ba - core[df12db4294e9bfd3]::fmt::write
[INFO] [stdout]    2:     0x5bcee9071f4c - <alloc[2182bb758b4b3781]::vec::Vec<u8> as core[df12db4294e9bfd3]::io::write::Write>::write_fmt
[INFO] [stdout]    3:     0x5bcee90450b6 - std[70759c8f55707aa4]::panicking::default_hook::{closure#0}
[INFO] [stdout]    4:     0x5bcee90633c9 - std[70759c8f55707aa4]::panicking::default_hook
[INFO] [stdout]    5:     0x5bcee8b42030 - test[9d35eded1c95d3be]::test_main_inner::<test[9d35eded1c95d3be]::test_main_static::{closure#0}>::{closure#0}
[INFO] [stdout]    6:     0x5bcee90636f2 - std[70759c8f55707aa4]::panicking::panic_with_hook
[INFO] [stdout]    7:     0x5bcee9045162 - std[70759c8f55707aa4]::panicking::panic_handler::{closure#0}
[INFO] [stdout]    8:     0x5bcee903d8c9 - std[70759c8f55707aa4]::sys::backtrace::__rust_end_short_backtrace::<std[70759c8f55707aa4]::panicking::panic_handler::{closure#0}, !>
[INFO] [stdout]    9:     0x5bcee904625d - __rustc[8fa7c3cbc660c2b3]::rust_begin_unwind
[INFO] [stdout]   10:     0x5bcee9085b1c - core[df12db4294e9bfd3]::panicking::panic_fmt
[INFO] [stdout]   11:     0x5bcee8b2ab39 - rustyriver[b7a6e6b6daf4a7e9]::wal::tests::read_testdata::{closure#0}
[INFO] [stdout]   12:     0x5bcee8b2c0ed - rustyriver[b7a6e6b6daf4a7e9]::wal::tests::read_testdata
[INFO] [stdout]   13:     0x5bcee8b2cf2c - rustyriver[b7a6e6b6daf4a7e9]::wal::tests::test_wal_reader_salt_mismatch
[INFO] [stdout]   14:     0x5bcee8abc659 - <rustyriver[b7a6e6b6daf4a7e9]::wal::tests::test_wal_reader_salt_mismatch::{closure#0} as core[df12db4294e9bfd3]::ops::function::FnOnce<()>>::call_once
[INFO] [stdout]   15:     0x5bcee8b3531b - test[9d35eded1c95d3be]::__rust_begin_short_backtrace::<core[df12db4294e9bfd3]::result::Result<(), alloc[2182bb758b4b3781]::string::String>, fn() -> core[df12db4294e9bfd3]::result::Result<(), alloc[2182bb758b4b3781]::string::String>>
[INFO] [stdout]   16:     0x5bcee8b42985 - test[9d35eded1c95d3be]::run_test::{closure#0}
[INFO] [stdout]   17:     0x5bcee8b3c244 - std[70759c8f55707aa4]::sys::backtrace::__rust_begin_short_backtrace::<test[9d35eded1c95d3be]::run_test::{closure#1}, ()>
[INFO] [stdout]   18:     0x5bcee8b45ae2 - <std[70759c8f55707aa4]::thread::lifecycle::spawn_unchecked<test[9d35eded1c95d3be]::run_test::{closure#1}, ()>::{closure#1} as core[df12db4294e9bfd3]::ops::function::FnOnce<()>>::call_once::{shim:vtable#0}
[INFO] [stdout]   19:     0x5bcee906b6a9 - <std[70759c8f55707aa4]::sys::thread::unix::Thread>::new::thread_start
[INFO] [stdout]   20:     0x7ab333ce0dfa - <unknown>
[INFO] [stdout]   21:     0x7ab333d743d4 - clone
[INFO] [stdout]   22:                0x0 - <unknown>
[INFO] [stdout] 
[INFO] [stdout] 
[INFO] [stdout] failures:
[INFO] [stdout]     client::file::tests::lists_and_reads_golden_replica
[INFO] [stdout]     ltx::tests::golden_corruption_is_detected
[INFO] [stdout]     ltx::tests::golden_ltx_files_decode_and_verify
[INFO] [stdout]     wal::tests::test_golden_sample_wal
[INFO] [stdout]     wal::tests::test_wal_reader_err_buffer_size
[INFO] [stdout]     wal::tests::test_wal_reader_err_frame_header_only
[INFO] [stdout]     wal::tests::test_wal_reader_err_partial_frame_data
[INFO] [stdout]     wal::tests::test_wal_reader_err_partial_frame_header
[INFO] [stdout]     wal::tests::test_wal_reader_frame_checksum_mismatch
[INFO] [stdout]     wal::tests::test_wal_reader_frame_salts_until_ok
[INFO] [stdout]     wal::tests::test_wal_reader_new_with_offset_prev_frame_mismatch
[INFO] [stdout]     wal::tests::test_wal_reader_new_with_offset_resumes
[INFO] [stdout]     wal::tests::test_wal_reader_new_with_offset_too_small
[INFO] [stdout]     wal::tests::test_wal_reader_new_with_offset_unaligned
[INFO] [stdout]     wal::tests::test_wal_reader_ok
[INFO] [stdout]     wal::tests::test_wal_reader_salt_mismatch
[INFO] [stdout] 
[INFO] [stdout] test result: FAILED. 103 passed; 16 failed; 0 ignored; 0 measured; 0 filtered out; finished in 4.62s
[INFO] [stdout] 
[INFO] running `Command { std: "docker" "inspect" "20b7428e49745064211fb8fb6605c9f470f93370e4bf78bff2cb7bc908758d51", kill_on_drop: false }`
[INFO] running `Command { std: "docker" "rm" "-f" "20b7428e49745064211fb8fb6605c9f470f93370e4bf78bff2cb7bc908758d51", kill_on_drop: false }`
[INFO] [stdout] 20b7428e49745064211fb8fb6605c9f470f93370e4bf78bff2cb7bc908758d51
