[INFO] fetching crate rustyrepl 0.2.0...
[INFO] testing rustyrepl-0.2.0 against 1.100.0-beta.1+cargoflags=--release for beta-release-1.100-2
[INFO] extracting crate rustyrepl 0.2.0 into /workspace/builds/worker-7-tc2/source
[INFO] started tweaking crates.io crate rustyrepl 0.2.0
[INFO] finished tweaking crates.io crate rustyrepl 0.2.0
[INFO] tweaked toml for crates.io crate rustyrepl 0.2.0 written to /workspace/builds/worker-7-tc2/source/Cargo.toml
[INFO] validating manifest of crates.io crate rustyrepl 0.2.0 on toolchain 1.100.0-beta.1
[INFO] running `Command { std: CARGO_HOME="/workspace/cargo-home" RUSTUP_HOME="/workspace/rustup-home" "/workspace/cargo-home/bin/cargo" "+1.100.0-beta.1" "metadata" "--manifest-path" "Cargo.toml" "--no-deps", kill_on_drop: false }`
[INFO] running `Command { std: CARGO_HOME="/workspace/cargo-home" RUSTUP_HOME="/workspace/rustup-home" "/workspace/cargo-home/bin/cargo" "+1.100.0-beta.1" "generate-lockfile" "--manifest-path" "Cargo.toml", kill_on_drop: false }`
[INFO] [stderr]     Updating crates.io index
[INFO] [stderr]      Locking 90 packages to highest compatible versions
[INFO] [stderr]       Adding colored v2.2.0 (available: v3.1.1)
[INFO] [stderr]       Adding ctor v0.1.26 (available: v1.0.13)
[INFO] [stderr]       Adding dirs v2.0.2 (available: v7.0.0)
[INFO] [stderr]       Adding rustyline v7.1.0 (available: v19.0.0)
[INFO] [stderr]       Adding thiserror v1.0.69 (available: v2.0.21)
[INFO] [stderr]       Adding thread-id v3.3.0 (available: v5.1.0)
[INFO] running `Command { std: CARGO_HOME="/workspace/cargo-home" RUSTUP_HOME="/workspace/rustup-home" "/workspace/cargo-home/bin/cargo" "+1.100.0-beta.1" "fetch" "--manifest-path" "Cargo.toml", kill_on_drop: false }`
[INFO] running `Command { std: "docker" "create" "-v" "/var/lib/crater-agent-workspace/builds/worker-7-tc2/source:/opt/rustwide/workdir:ro,Z" "-v" "/var/lib/crater-agent-workspace/builds/worker-7-tc2/target:/opt/rustwide/target:rw,Z" "-v" "/var/lib/crater-agent-workspace/cargo-home:/opt/rustwide/cargo-home:ro,Z" "-v" "/var/lib/crater-agent-workspace/rustup-home:/opt/rustwide/rustup-home:ro,Z" "-m" "1610612736" "--network" "none" "ghcr.io/rust-lang/crates-build-env/linux@sha256:77db811e55d90add9212f6832c23229e3de5f1c1f9905e8cb07319ea15df73ac" "sleep" "infinity", kill_on_drop: false }`
[INFO] [stdout] f8de2d470940965c0073230ef8b8483f2161ffa73c01e3e75dcd3d4699256ca6
[INFO] running `Command { std: "docker" "start" "f8de2d470940965c0073230ef8b8483f2161ffa73c01e3e75dcd3d4699256ca6", kill_on_drop: false }`
[INFO] running `Command { std: "docker" "inspect" "f8de2d470940965c0073230ef8b8483f2161ffa73c01e3e75dcd3d4699256ca6", kill_on_drop: false }`
[INFO] running `Command { std: "docker" "exec" "-e" "SOURCE_DIR=/opt/rustwide/workdir" "-e" "CARGO_HOME=/opt/rustwide/cargo-home" "-e" "RUSTUP_HOME=/opt/rustwide/rustup-home" "-e" "CARGO_TARGET_DIR=/opt/rustwide/target" "-w" "/opt/rustwide/workdir" "--user" "0:0" "f8de2d470940965c0073230ef8b8483f2161ffa73c01e3e75dcd3d4699256ca6" "/opt/rustwide/cargo-home/bin/cargo" "+1.100.0-beta.1" "metadata" "--no-deps" "--format-version=1", kill_on_drop: false }`
[INFO] running `Command { std: "docker" "inspect" "f8de2d470940965c0073230ef8b8483f2161ffa73c01e3e75dcd3d4699256ca6", kill_on_drop: false }`
[INFO] running `Command { std: "docker" "exec" "-e" "SOURCE_DIR=/opt/rustwide/workdir" "-e" "CARGO_HOME=/opt/rustwide/cargo-home" "-e" "RUSTUP_HOME=/opt/rustwide/rustup-home" "-e" "CARGO_TARGET_DIR=/opt/rustwide/target" "-e" "CARGO_INCREMENTAL=0" "-e" "RUST_BACKTRACE=full" "-e" "RUSTFLAGS=--cap-lints=warn" "-e" "RUSTDOCFLAGS=--cap-lints=warn" "-w" "/opt/rustwide/workdir" "--user" "0:0" "f8de2d470940965c0073230ef8b8483f2161ffa73c01e3e75dcd3d4699256ca6" "/opt/rustwide/cargo-home/bin/cargo" "+1.100.0-beta.1" "build" "--frozen" "--message-format=json" "--release", kill_on_drop: false }`
[INFO] [stderr]    Compiling libc v0.2.191
[INFO] [stderr]    Compiling proc-macro2 v1.0.107
[INFO] [stderr]    Compiling unicode-ident v1.0.27
[INFO] [stderr]    Compiling quote v1.0.47
[INFO] [stderr]    Compiling utf8parse v0.2.2
[INFO] [stderr]    Compiling is_terminal_polyfill v1.70.2
[INFO] [stderr]    Compiling anstyle v1.0.14
[INFO] [stderr]    Compiling anstyle-query v1.1.5
[INFO] [stderr]    Compiling colorchoice v1.0.5
[INFO] [stderr]    Compiling cfg-if v1.0.5
[INFO] [stderr]    Compiling value-bag v1.14.1
[INFO] [stderr]    Compiling clap_lex v1.1.1
[INFO] [stderr]    Compiling strsim v0.11.1
[INFO] [stderr]    Compiling heck v0.5.0
[INFO] [stderr]    Compiling bitflags v1.3.2
[INFO] [stderr]    Compiling thiserror v1.0.69
[INFO] [stderr]    Compiling anyhow v1.0.104
[INFO] [stderr]    Compiling memchr v2.8.3
[INFO] [stderr]    Compiling unicode-width v0.1.14
[INFO] [stderr]    Compiling unicode-segmentation v1.13.3
[INFO] [stderr]    Compiling cfg-if v0.1.10
[INFO] [stderr]    Compiling anstyle-parse v1.0.0
[INFO] [stderr]    Compiling log v0.4.34
[INFO] [stderr]    Compiling anstream v1.0.0
[INFO] [stderr]    Compiling clap_builder v4.6.7
[INFO] [stderr]    Compiling syn v2.0.119
[INFO] [stderr]    Compiling syn v3.0.9
[INFO] [stderr]    Compiling dirs-sys-next v0.1.2
[INFO] [stderr]    Compiling dirs-sys v0.3.7
[INFO] [stderr]    Compiling fs2 v0.4.3
[INFO] [stderr]    Compiling nix v0.19.1
[INFO] [stderr]    Compiling dirs-next v2.0.0
[INFO] [stderr]    Compiling dirs v2.0.2
[INFO] [stderr]    Compiling thiserror-impl v1.0.69
[INFO] [stderr]    Compiling clap_derive v4.6.7
[INFO] [stderr]    Compiling rustyline v7.1.0
[INFO] [stderr]    Compiling clap v4.6.7
[INFO] [stderr]    Compiling rustyrepl v0.2.0 (/opt/rustwide/workdir)
[INFO] [stderr] warning: unused dependency `thiserror`
[INFO] [stderr]   --> Cargo.toml:22:15
[INFO] [stderr]    |
[INFO] [stderr] 22 | [dependencies.thiserror]
[INFO] [stderr]    |               ^^^^^^^^^^
[INFO] [stderr]    |
[INFO] [stderr]    = note: `cargo::unused_dependencies` is set to `warn` by default
[INFO] [stderr] help: consider removing the dependency on `thiserror`
[INFO] [stderr] warning: `rustyrepl` (manifest) generated 1 warning
[INFO] [stderr]     Finished `release` profile [optimized] target(s) in 25.58s
[INFO] running `Command { std: "docker" "inspect" "f8de2d470940965c0073230ef8b8483f2161ffa73c01e3e75dcd3d4699256ca6", kill_on_drop: false }`
[INFO] running `Command { std: "docker" "exec" "-e" "SOURCE_DIR=/opt/rustwide/workdir" "-e" "CARGO_HOME=/opt/rustwide/cargo-home" "-e" "RUSTUP_HOME=/opt/rustwide/rustup-home" "-e" "CARGO_TARGET_DIR=/opt/rustwide/target" "-e" "CARGO_INCREMENTAL=0" "-e" "RUST_BACKTRACE=full" "-e" "RUSTFLAGS=--cap-lints=warn" "-e" "RUSTDOCFLAGS=--cap-lints=warn" "-w" "/opt/rustwide/workdir" "--user" "0:0" "f8de2d470940965c0073230ef8b8483f2161ffa73c01e3e75dcd3d4699256ca6" "/opt/rustwide/cargo-home/bin/cargo" "+1.100.0-beta.1" "test" "--frozen" "--no-run" "--message-format=json" "--release", kill_on_drop: false }`
[INFO] [stderr]    Compiling parking_lot_core v0.9.12
[INFO] [stderr]    Compiling syn v1.0.109
[INFO] [stderr]    Compiling smallvec v1.16.3
[INFO] [stderr]    Compiling rustix v1.1.5
[INFO] [stderr]    Compiling scopeguard v1.2.0
[INFO] [stderr]    Compiling getrandom v0.4.3
[INFO] [stderr]    Compiling errno v0.3.14
[INFO] [stderr]    Compiling bitflags v2.13.2
[INFO] [stderr]    Compiling linux-raw-sys v0.12.1
[INFO] [stderr]    Compiling mio v1.2.4
[INFO] [stderr]    Compiling socket2 v0.6.5
[INFO] [stderr]    Compiling lazy_static v1.5.1
[INFO] [stderr]    Compiling tokio-macros v2.7.2
[INFO] [stderr]    Compiling bytes v1.12.1
[INFO] [stderr]    Compiling once_cell v1.21.4
[INFO] [stderr]    Compiling pin-project-lite v0.2.17
[INFO] [stderr]    Compiling lock_api v0.4.14
[INFO] [stderr]    Compiling fastrand v2.5.0
[INFO] [stderr]    Compiling colored v2.2.0
[INFO] [stderr]    Compiling signal-hook-registry v1.4.8
[INFO] [stderr]    Compiling thread-id v3.3.0
[INFO] [stderr]    Compiling parking_lot v0.12.5
[INFO] [stderr]    Compiling tokio v1.53.3
[INFO] [stderr]    Compiling tempfile v3.27.0
[INFO] [stderr]    Compiling ctor v0.1.26
[INFO] [stderr]    Compiling rustyrepl v0.2.0 (/opt/rustwide/workdir)
[INFO] [stdout] warning: use of deprecated method `tempfile::TempDir::into_path`: use TempDir::keep()
[INFO] [stdout]   --> src/repl/tests.rs:45:44
[INFO] [stdout]    |
[INFO] [stdout] 45 |     let mut tempdir = tempfile::tempdir()?.into_path();
[INFO] [stdout]    |                                            ^^^^^^^^^
[INFO] [stdout]    |
[INFO] [stdout]    = note: `#[warn(deprecated)]` on by default
[INFO] [stdout] 
[INFO] [stdout] 
[INFO] [stderr] warning: unused dependency `thiserror`
[INFO] [stderr]   --> Cargo.toml:22:15
[INFO] [stderr]    |
[INFO] [stderr] 22 | [dependencies.thiserror]
[INFO] [stderr]    |               ^^^^^^^^^^
[INFO] [stderr]    |
[INFO] [stderr]    = note: `cargo::unused_dependencies` is set to `warn` by default
[INFO] [stderr] help: consider removing the dependency on `thiserror`
[INFO] [stderr] warning: `rustyrepl` (manifest) generated 1 warning
[INFO] [stderr]     Finished `release` profile [optimized] target(s) in 17.42s
[INFO] running `Command { std: "docker" "inspect" "f8de2d470940965c0073230ef8b8483f2161ffa73c01e3e75dcd3d4699256ca6", kill_on_drop: false }`
[INFO] running `Command { std: "docker" "exec" "-e" "SOURCE_DIR=/opt/rustwide/workdir" "-e" "CARGO_HOME=/opt/rustwide/cargo-home" "-e" "RUSTUP_HOME=/opt/rustwide/rustup-home" "-e" "CARGO_TARGET_DIR=/opt/rustwide/target" "-e" "CARGO_INCREMENTAL=0" "-e" "RUST_BACKTRACE=full" "-e" "RUSTFLAGS=--cap-lints=warn" "-e" "RUSTDOCFLAGS=--cap-lints=warn" "-w" "/opt/rustwide/workdir" "--user" "0:0" "f8de2d470940965c0073230ef8b8483f2161ffa73c01e3e75dcd3d4699256ca6" "/opt/rustwide/cargo-home/bin/cargo" "+1.100.0-beta.1" "test" "--frozen" "--release", kill_on_drop: false }`
[INFO] [stderr] warning: use of deprecated method `tempfile::TempDir::into_path`: use TempDir::keep()
[INFO] [stderr]   --> src/repl/tests.rs:45:44
[INFO] [stderr]    |
[INFO] [stderr] 45 |     let mut tempdir = tempfile::tempdir()?.into_path();
[INFO] [stderr]    |                                            ^^^^^^^^^
[INFO] [stderr]    |
[INFO] [stderr]    = note: `#[warn(deprecated)]` on by default
[INFO] [stderr] 
[INFO] [stderr] warning: `rustyrepl` (lib test) generated 1 warning
[INFO] [stderr] warning: unused dependency `thiserror`
[INFO] [stderr]   --> Cargo.toml:22:15
[INFO] [stderr]    |
[INFO] [stderr] 22 | [dependencies.thiserror]
[INFO] [stderr]    |               ^^^^^^^^^^
[INFO] [stderr]    |
[INFO] [stderr]    = note: `cargo::unused_dependencies` is set to `warn` by default
[INFO] [stderr] help: consider removing the dependency on `thiserror`
[INFO] [stderr] warning: `rustyrepl` (manifest) generated 1 warning
[INFO] [stderr]     Finished `release` profile [optimized] target(s) in 0.09s
[INFO] [stderr]      Running unittests src/lib.rs (/opt/rustwide/target/release/build/rustyrepl/d5a11efcfc49d34a/out/rustyrepl-d5a11efcfc49d34a)
[INFO] [stdout] 
[INFO] [stdout] running 1 test
[INFO] [stdout] [00:00:00.001] DEBUG  REPL history disabled as no history file provided (repl:161)
[INFO] [stdout] [00:00:00.001] INFO   The tempfile is /tmp/.tmpHFhGWB (tests:35)
[INFO] [stderr]    Doc-tests rustyrepl
[INFO] [stdout] test repl::tests::test_history_path_parsing ... ok
[INFO] [stdout] 
[INFO] [stdout] test result: ok. 1 passed; 0 failed; 0 ignored; 0 measured; 0 filtered out; finished in 0.00s
[INFO] [stdout] 
[INFO] [stdout] 
[INFO] [stdout] running 2 tests
[INFO] [stdout] test src/commands.rs - commands::ReplCommandProcessor::is_quit (line 43) ... ok
[INFO] [stdout] test src/lib.rs - (line 30) ... FAILED
[INFO] [stdout] 
[INFO] [stdout] failures:
[INFO] [stdout] 
[INFO] [stdout] ---- src/lib.rs - (line 30) stdout ----
[INFO] [stdout] error[E0433]: cannot find module or crate `async_trait` in this scope
[INFO] [stdout]   --> src/lib.rs:53:3
[INFO] [stdout]    |
[INFO] [stdout] 53 | #[async_trait::async_trait]
[INFO] [stdout]    |   ^^^^^^^^^^^ use of unresolved module or unlinked crate `async_trait`
[INFO] [stdout] 
[INFO] [stdout] error[E0053]: method `process_command` has an incompatible type for trait
[INFO] [stdout]   --> src/lib.rs:59:54
[INFO] [stdout]    |
[INFO] [stdout] 59 |     async fn process_command(&self, command: Cli) -> Result<()> {
[INFO] [stdout]    |                                                      ^^^^^^^^^^ expected `Result<(), anyhow::Error>`, found future
[INFO] [stdout]    |
[INFO] [stdout]    = note: expected signature `fn(&CliProcessor, Cli) -> Result<(), anyhow::Error>`
[INFO] [stdout]               found signature `fn(&CliProcessor, Cli) -> impl Future<Output = Result<(), anyhow::Error>>`
[INFO] [stdout] 
[INFO] [stdout] error[E0277]: `Result<(), anyhow::Error>` is not a future
[INFO] [stdout]   --> src/lib.rs:73:20
[INFO] [stdout]    |
[INFO] [stdout] 73 |     repl.process().await
[INFO] [stdout]    |                    ^^^^^ `Result<(), anyhow::Error>` is not a future
[INFO] [stdout]    |
[INFO] [stdout]    = help: the trait `Future` is not implemented for `Result<(), anyhow::Error>`
[INFO] [stdout]    = note: Result<(), anyhow::Error> must be a future or must implement `IntoFuture` to be awaited
[INFO] [stdout]    = note: required for `Result<(), anyhow::Error>` to implement `IntoFuture`
[INFO] [stdout] help: remove the `.await`
[INFO] [stdout]    |
[INFO] [stdout] 73 -     repl.process().await
[INFO] [stdout] 73 +     repl.process()
[INFO] [stdout]    |
[INFO] [stdout] 
[INFO] [stdout] error: aborting due to 3 previous errors
[INFO] [stdout] 
[INFO] [stdout] Some errors have detailed explanations: E0053, E0277, E0433.
[INFO] [stdout] For more information about an error, try `rustc --explain E0053`.
[INFO] [stdout] Couldn't compile the test.
[INFO] [stdout] 
[INFO] [stdout] failures:
[INFO] [stdout]     src/lib.rs - (line 30)
[INFO] [stdout] 
[INFO] [stdout] test result: FAILED. 1 passed; 1 failed; 0 ignored; 0 measured; 0 filtered out; finished in 0.49s
[INFO] [stdout] 
[INFO] [stderr] error: doctest failed, to rerun pass `--doc`
[INFO] running `Command { std: "docker" "inspect" "f8de2d470940965c0073230ef8b8483f2161ffa73c01e3e75dcd3d4699256ca6", kill_on_drop: false }`
[INFO] running `Command { std: "docker" "rm" "-f" "f8de2d470940965c0073230ef8b8483f2161ffa73c01e3e75dcd3d4699256ca6", kill_on_drop: false }`
[INFO] [stdout] f8de2d470940965c0073230ef8b8483f2161ffa73c01e3e75dcd3d4699256ca6
