[INFO] fetching crate rustyproxy-srv 1.0.8...
[INFO] testing rustyproxy-srv-1.0.8 against 1.99.0-beta.8+cargoflags=--release for beta-release-1.100-2
[INFO] extracting crate rustyproxy-srv 1.0.8 into /workspace/builds/worker-4-tc1/source
[INFO] started tweaking crates.io crate rustyproxy-srv 1.0.8
[INFO] finished tweaking crates.io crate rustyproxy-srv 1.0.8
[INFO] tweaked toml for crates.io crate rustyproxy-srv 1.0.8 written to /workspace/builds/worker-4-tc1/source/Cargo.toml
[INFO] validating manifest of crates.io crate rustyproxy-srv 1.0.8 on toolchain 1.99.0-beta.8
[INFO] running `Command { std: CARGO_HOME="/workspace/cargo-home" RUSTUP_HOME="/workspace/rustup-home" "/workspace/cargo-home/bin/cargo" "+1.99.0-beta.8" "metadata" "--manifest-path" "Cargo.toml" "--no-deps", kill_on_drop: false }`
[INFO] crate crates.io crate rustyproxy-srv 1.0.8 already has a lockfile, it will not be regenerated
[INFO] running `Command { std: CARGO_HOME="/workspace/cargo-home" RUSTUP_HOME="/workspace/rustup-home" "/workspace/cargo-home/bin/cargo" "+1.99.0-beta.8" "fetch" "--manifest-path" "Cargo.toml", kill_on_drop: false }`
[INFO] [stderr]     Updating crates.io index
[INFO] [stderr]  Downloading crates ...
[INFO] [stderr]   Downloaded proc-macro2 v1.0.81
[INFO] [stderr]   Downloaded nom-bufreader-rp v0.2.0
[INFO] [stderr]   Downloaded nomhttp v0.1.0
[INFO] [stderr]   Downloaded serde_derive v1.0.200
[INFO] [stderr]   Downloaded serde_json v1.0.116
[INFO] [stderr]   Downloaded hashlink v0.9.0
[INFO] [stderr]   Downloaded async-trait v0.1.80
[INFO] [stderr]   Downloaded cc v1.0.96
[INFO] [stderr]   Downloaded serde v1.0.200
[INFO] [stderr]   Downloaded syn v2.0.60
[INFO] [stderr]   Downloaded libc v0.2.154
[INFO] [stderr]   Downloaded openssl-src v300.2.3+3.2.1
[INFO] running `Command { std: "docker" "create" "-v" "/var/lib/crater-agent-workspace/builds/worker-4-tc1/source:/opt/rustwide/workdir:ro,Z" "-v" "/var/lib/crater-agent-workspace/builds/worker-4-tc1/target:/opt/rustwide/target:rw,Z" "-v" "/var/lib/crater-agent-workspace/cargo-home:/opt/rustwide/cargo-home:ro,Z" "-v" "/var/lib/crater-agent-workspace/rustup-home:/opt/rustwide/rustup-home:ro,Z" "-m" "1610612736" "--network" "none" "ghcr.io/rust-lang/crates-build-env/linux@sha256:77db811e55d90add9212f6832c23229e3de5f1c1f9905e8cb07319ea15df73ac" "sleep" "infinity", kill_on_drop: false }`
[INFO] [stdout] e6122d324c6b55c80cc9fa919f7051ead2451d9fd48436916c262b3408725ceb
[INFO] running `Command { std: "docker" "start" "e6122d324c6b55c80cc9fa919f7051ead2451d9fd48436916c262b3408725ceb", kill_on_drop: false }`
[INFO] running `Command { std: "docker" "inspect" "e6122d324c6b55c80cc9fa919f7051ead2451d9fd48436916c262b3408725ceb", kill_on_drop: false }`
[INFO] running `Command { std: "docker" "exec" "-e" "SOURCE_DIR=/opt/rustwide/workdir" "-e" "CARGO_HOME=/opt/rustwide/cargo-home" "-e" "RUSTUP_HOME=/opt/rustwide/rustup-home" "-e" "CARGO_TARGET_DIR=/opt/rustwide/target" "-w" "/opt/rustwide/workdir" "--user" "0:0" "e6122d324c6b55c80cc9fa919f7051ead2451d9fd48436916c262b3408725ceb" "/opt/rustwide/cargo-home/bin/cargo" "+1.99.0-beta.8" "metadata" "--no-deps" "--format-version=1", kill_on_drop: false }`
[INFO] running `Command { std: "docker" "inspect" "e6122d324c6b55c80cc9fa919f7051ead2451d9fd48436916c262b3408725ceb", kill_on_drop: false }`
[INFO] running `Command { std: "docker" "exec" "-e" "SOURCE_DIR=/opt/rustwide/workdir" "-e" "CARGO_HOME=/opt/rustwide/cargo-home" "-e" "RUSTUP_HOME=/opt/rustwide/rustup-home" "-e" "CARGO_TARGET_DIR=/opt/rustwide/target" "-e" "CARGO_INCREMENTAL=0" "-e" "RUST_BACKTRACE=full" "-e" "RUSTFLAGS=--cap-lints=warn" "-e" "RUSTDOCFLAGS=--cap-lints=warn" "-w" "/opt/rustwide/workdir" "--user" "0:0" "e6122d324c6b55c80cc9fa919f7051ead2451d9fd48436916c262b3408725ceb" "/opt/rustwide/cargo-home/bin/cargo" "+1.99.0-beta.8" "build" "--frozen" "--message-format=json" "--release", kill_on_drop: false }`
[INFO] [stderr]    Compiling proc-macro2 v1.0.81
[INFO] [stderr]    Compiling memchr v2.7.2
[INFO] [stderr]    Compiling cc v1.0.96
[INFO] [stderr]    Compiling futures-sink v0.3.30
[INFO] [stderr]    Compiling futures-core v0.3.30
[INFO] [stderr]    Compiling futures-task v0.3.30
[INFO] [stderr]    Compiling ahash v0.8.11
[INFO] [stderr]    Compiling libc v0.2.154
[INFO] [stderr]    Compiling regex-syntax v0.8.3
[INFO] [stderr]    Compiling futures-io v0.3.30
[INFO] [stderr]    Compiling num-traits v0.2.18
[INFO] [stderr]    Compiling serde v1.0.200
[INFO] [stderr]    Compiling allocator-api2 v0.2.18
[INFO] [stderr]    Compiling serde_json v1.0.116
[INFO] [stderr]    Compiling bitflags v2.5.0
[INFO] [stderr]    Compiling openssl v0.10.64
[INFO] [stderr]    Compiling clap_builder v4.5.2
[INFO] [stderr]    Compiling smallvec v1.13.2
[INFO] [stderr]    Compiling fallible-streaming-iterator v0.1.9
[INFO] [stderr]    Compiling fallible-iterator v0.3.0
[INFO] [stderr]    Compiling iana-time-zone v0.1.60
[INFO] [stderr]    Compiling futures-channel v0.3.30
[INFO] [stderr]    Compiling json v0.12.4
[INFO] [stderr]    Compiling quote v1.0.36
[INFO] [stderr]    Compiling aho-corasick v1.1.3
[INFO] [stderr]    Compiling nom v7.1.3
[INFO] [stderr]    Compiling hashbrown v0.14.5
[INFO] [stderr]    Compiling chrono v0.4.38
[INFO] [stderr]    Compiling openssl-src v300.2.3+3.2.1
[INFO] [stderr]    Compiling syn v2.0.60
[INFO] [stderr]    Compiling libsqlite3-sys v0.28.0
[INFO] [stderr]    Compiling openssl-sys v0.9.102
[INFO] [stderr]    Compiling hashlink v0.9.0
[INFO] [stderr]    Compiling regex-automata v0.4.6
[INFO] [stderr]    Compiling nomhttp v0.1.0
[INFO] [stderr]    Compiling futures-macro v0.3.30
[INFO] [stderr]    Compiling serde_derive v1.0.200
[INFO] [stderr]    Compiling openssl-macros v0.1.1
[INFO] [stderr]    Compiling clap_derive v4.5.4
[INFO] [stderr]    Compiling async-trait v0.1.80
[INFO] [stderr]    Compiling futures-util v0.3.30
[INFO] [stderr]    Compiling regex v1.10.4
[INFO] [stderr]    Compiling clap v4.5.4
[INFO] [stderr]    Compiling env_filter v0.1.0
[INFO] [stderr]    Compiling env_logger v0.11.3
[INFO] [stderr]    Compiling futures-executor v0.3.30
[INFO] [stderr]    Compiling futures v0.3.30
[INFO] [stderr]    Compiling nom-bufreader-rp v0.2.0
[INFO] [stderr]    Compiling rusqlite v0.31.0
[INFO] [stderr]    Compiling rustyproxy-srv v1.0.8 (/opt/rustwide/workdir)
[INFO] [stderr]     Finished `release` profile [optimized] target(s) in 3m 04s
[INFO] running `Command { std: "docker" "inspect" "e6122d324c6b55c80cc9fa919f7051ead2451d9fd48436916c262b3408725ceb", kill_on_drop: false }`
[INFO] running `Command { std: "docker" "exec" "-e" "SOURCE_DIR=/opt/rustwide/workdir" "-e" "CARGO_HOME=/opt/rustwide/cargo-home" "-e" "RUSTUP_HOME=/opt/rustwide/rustup-home" "-e" "CARGO_TARGET_DIR=/opt/rustwide/target" "-e" "CARGO_INCREMENTAL=0" "-e" "RUST_BACKTRACE=full" "-e" "RUSTFLAGS=--cap-lints=warn" "-e" "RUSTDOCFLAGS=--cap-lints=warn" "-w" "/opt/rustwide/workdir" "--user" "0:0" "e6122d324c6b55c80cc9fa919f7051ead2451d9fd48436916c262b3408725ceb" "/opt/rustwide/cargo-home/bin/cargo" "+1.99.0-beta.8" "test" "--frozen" "--no-run" "--message-format=json" "--release", kill_on_drop: false }`
[INFO] [stderr]    Compiling rustyproxy-srv v1.0.8 (/opt/rustwide/workdir)
[INFO] [stderr]     Finished `release` profile [optimized] target(s) in 1.42s
[INFO] running `Command { std: "docker" "inspect" "e6122d324c6b55c80cc9fa919f7051ead2451d9fd48436916c262b3408725ceb", kill_on_drop: false }`
[INFO] running `Command { std: "docker" "exec" "-e" "SOURCE_DIR=/opt/rustwide/workdir" "-e" "CARGO_HOME=/opt/rustwide/cargo-home" "-e" "RUSTUP_HOME=/opt/rustwide/rustup-home" "-e" "CARGO_TARGET_DIR=/opt/rustwide/target" "-e" "CARGO_INCREMENTAL=0" "-e" "RUST_BACKTRACE=full" "-e" "RUSTFLAGS=--cap-lints=warn" "-e" "RUSTDOCFLAGS=--cap-lints=warn" "-w" "/opt/rustwide/workdir" "--user" "0:0" "e6122d324c6b55c80cc9fa919f7051ead2451d9fd48436916c262b3408725ceb" "/opt/rustwide/cargo-home/bin/cargo" "+1.99.0-beta.8" "test" "--frozen" "--release", kill_on_drop: false }`
[INFO] [stderr]     Finished `release` profile [optimized] target(s) in 0.09s
[INFO] [stdout] 
[INFO] [stderr]      Running unittests src/main.rs (/opt/rustwide/target/release/deps/rustyproxy_srv-c12b7882ffed9a27)
[INFO] [stdout] running 7 tests
[INFO] [stdout] test api_response::tests::isr_500 ... FAILED
[INFO] [stdout] test api_response::tests::br_400 ... FAILED
[INFO] [stdout] test api_response::tests::forbidden_403 ... FAILED
[INFO] [stdout] test api_response::tests::ok_200 ... FAILED
[INFO] [stdout] test api_response::tests::mna_405 ... FAILED
[INFO] [stdout] test api_response::tests::not_found_404 ... FAILED
[INFO] [stdout] test api_response::tests::json ... ok
[INFO] [stdout] 
[INFO] [stdout] failures:
[INFO] [stdout] 
[INFO] [stdout] ---- api_response::tests::isr_500 stdout ----
[INFO] [stdout] 
[INFO] [stdout] thread 'api_response::tests::isr_500' (10856) panicked at src/api_response.rs:203:9:
[INFO] [stdout] assertion `left == right` failed
[INFO] [stdout]   left: [72, 84, 84, 80, 47, 49, 46, 49, 32, 53, 48, 48, 32, 73, 78, 84, 69, 82, 78, 65, 76, 32, 83, 69, 82, 86, 69, 82, 32, 69, 82, 82, 79, 82, 13, 10, 13, 10]
[INFO] [stdout]  right: [72, 84, 84, 80, 47, 49, 46, 49, 32, 53, 48, 48, 32, 73, 78, 84, 69, 82, 78, 65, 76, 32, 83, 69, 82, 86, 69, 82, 32, 69, 82, 82, 79, 82, 13, 10]
[INFO] [stdout] stack backtrace:
[INFO] [stdout]    0:     0x646cd998bfa1 - <<std[70759c8f55707aa4]::sys::backtrace::BacktraceLock>::print::DisplayBacktrace as core[df12db4294e9bfd3]::fmt::Display>::fmt
[INFO] [stdout]    1:     0x646cd99a017a - core[df12db4294e9bfd3]::fmt::write
[INFO] [stdout]    2:     0x646cd999043c - <alloc[2182bb758b4b3781]::vec::Vec<u8> as core[df12db4294e9bfd3]::io::write::Write>::write_fmt
[INFO] [stdout]    3:     0x646cd9968596 - std[70759c8f55707aa4]::panicking::default_hook::{closure#0}
[INFO] [stdout]    4:     0x646cd9984709 - std[70759c8f55707aa4]::panicking::default_hook
[INFO] [stdout]    5:     0x646cd9920b90 - test[9d35eded1c95d3be]::test_main_inner::<test[9d35eded1c95d3be]::test_main_static::{closure#0}>::{closure#0}
[INFO] [stdout]    6:     0x646cd99848c2 - std[70759c8f55707aa4]::panicking::panic_with_hook
[INFO] [stdout]    7:     0x646cd9968642 - std[70759c8f55707aa4]::panicking::panic_handler::{closure#0}
[INFO] [stdout]    8:     0x646cd99613c9 - std[70759c8f55707aa4]::sys::backtrace::__rust_end_short_backtrace::<std[70759c8f55707aa4]::panicking::panic_handler::{closure#0}, !>
[INFO] [stdout]    9:     0x646cd996923d - __rustc[8fa7c3cbc660c2b3]::rust_begin_unwind
[INFO] [stdout]   10:     0x646cd99a08ac - core[df12db4294e9bfd3]::panicking::panic_fmt
[INFO] [stdout]   11:     0x646cd99a07c3 - core[df12db4294e9bfd3]::panicking::assert_failed_inner
[INFO] [stdout]   12:     0x646cd9911ade - core[df12db4294e9bfd3]::panicking::assert_failed::<alloc[2182bb758b4b3781]::vec::Vec<u8>, &[u8; 36usize]>
[INFO] [stdout]   13:     0x646cd9912d7f - rustyproxy_srv[9d639988e72214c0]::api_response::tests::isr_500
[INFO] [stdout]   14:     0x646cd9913de9 - <rustyproxy_srv[9d639988e72214c0]::api_response::tests::isr_500::{closure#0} as core[df12db4294e9bfd3]::ops::function::FnOnce<()>>::call_once
[INFO] [stdout]   15:     0x646cd9913e7b - test[9d35eded1c95d3be]::__rust_begin_short_backtrace::<core[df12db4294e9bfd3]::result::Result<(), alloc[2182bb758b4b3781]::string::String>, fn() -> core[df12db4294e9bfd3]::result::Result<(), alloc[2182bb758b4b3781]::string::String>>
[INFO] [stdout]   16:     0x646cd99214e5 - test[9d35eded1c95d3be]::run_test::{closure#0}
[INFO] [stdout]   17:     0x646cd991ada4 - std[70759c8f55707aa4]::sys::backtrace::__rust_begin_short_backtrace::<test[9d35eded1c95d3be]::run_test::{closure#1}, ()>
[INFO] [stdout]   18:     0x646cd9924642 - <std[70759c8f55707aa4]::thread::lifecycle::spawn_unchecked<test[9d35eded1c95d3be]::run_test::{closure#1}, ()>::{closure#1} as core[df12db4294e9bfd3]::ops::function::FnOnce<()>>::call_once::{shim:vtable#0}
[INFO] [stdout]   19:     0x646cd998b879 - <std[70759c8f55707aa4]::sys::thread::unix::Thread>::new::thread_start
[INFO] [stdout]   20:     0x72b3f8e9bdfa - <unknown>
[INFO] [stdout]   21:     0x72b3f8f2f3d4 - clone
[INFO] [stdout]   22:                0x0 - <unknown>
[INFO] [stdout] 
[INFO] [stdout] ---- api_response::tests::br_400 stdout ----
[INFO] [stdout] 
[INFO] [stdout] thread 'api_response::tests::br_400' (10854) panicked at src/api_response.rs:221:9:
[INFO] [stdout] assertion `left == right` failed
[INFO] [stdout]   left: [72, 84, 84, 80, 47, 49, 46, 49, 32, 52, 48, 48, 32, 66, 65, 68, 32, 82, 69, 81, 85, 69, 83, 84, 13, 10, 13, 10]
[INFO] [stdout]  right: [72, 84, 84, 80, 47, 49, 46, 49, 32, 52, 48, 48, 32, 66, 65, 68, 32, 82, 69, 81, 85, 69, 83, 84, 13, 10]
[INFO] [stdout] stack backtrace:
[INFO] [stdout]    0:     0x646cd998bfa1 - <<std[70759c8f55707aa4]::sys::backtrace::BacktraceLock>::print::DisplayBacktrace as core[df12db4294e9bfd3]::fmt::Display>::fmt
[INFO] [stdout]    1:     0x646cd99a017a - core[df12db4294e9bfd3]::fmt::write
[INFO] [stdout]    2:     0x646cd999043c - <alloc[2182bb758b4b3781]::vec::Vec<u8> as core[df12db4294e9bfd3]::io::write::Write>::write_fmt
[INFO] [stdout]    3:     0x646cd9968596 - std[70759c8f55707aa4]::panicking::default_hook::{closure#0}
[INFO] [stdout]    4:     0x646cd9984709 - std[70759c8f55707aa4]::panicking::default_hook
[INFO] [stdout]    5:     0x646cd9920b90 - test[9d35eded1c95d3be]::test_main_inner::<test[9d35eded1c95d3be]::test_main_static::{closure#0}>::{closure#0}
[INFO] [stdout]    6:     0x646cd99848c2 - std[70759c8f55707aa4]::panicking::panic_with_hook
[INFO] [stdout]    7:     0x646cd9968642 - std[70759c8f55707aa4]::panicking::panic_handler::{closure#0}
[INFO] [stdout]    8:     0x646cd99613c9 - std[70759c8f55707aa4]::sys::backtrace::__rust_end_short_backtrace::<std[70759c8f55707aa4]::panicking::panic_handler::{closure#0}, !>
[INFO] [stdout]    9:     0x646cd996923d - __rustc[8fa7c3cbc660c2b3]::rust_begin_unwind
[INFO] [stdout]   10:     0x646cd99a08ac - core[df12db4294e9bfd3]::panicking::panic_fmt
[INFO] [stdout]   11:     0x646cd99a07c3 - core[df12db4294e9bfd3]::panicking::assert_failed_inner
[INFO] [stdout]   12:     0x646cd9911a5e - core[df12db4294e9bfd3]::panicking::assert_failed::<alloc[2182bb758b4b3781]::vec::Vec<u8>, &[u8; 26usize]>
[INFO] [stdout]   13:     0x646cd9912b9b - rustyproxy_srv[9d639988e72214c0]::api_response::tests::br_400
[INFO] [stdout]   14:     0x646cd9913da9 - <rustyproxy_srv[9d639988e72214c0]::api_response::tests::br_400::{closure#0} as core[df12db4294e9bfd3]::ops::function::FnOnce<()>>::call_once
[INFO] [stdout]   15:     0x646cd9913e7b - test[9d35eded1c95d3be]::__rust_begin_short_backtrace::<core[df12db4294e9bfd3]::result::Result<(), alloc[2182bb758b4b3781]::string::String>, fn() -> core[df12db4294e9bfd3]::result::Result<(), alloc[2182bb758b4b3781]::string::String>>
[INFO] [stdout]   16:     0x646cd99214e5 - test[9d35eded1c95d3be]::run_test::{closure#0}
[INFO] [stdout]   17:     0x646cd991ada4 - std[70759c8f55707aa4]::sys::backtrace::__rust_begin_short_backtrace::<test[9d35eded1c95d3be]::run_test::{closure#1}, ()>
[INFO] [stdout]   18:     0x646cd9924642 - <std[70759c8f55707aa4]::thread::lifecycle::spawn_unchecked<test[9d35eded1c95d3be]::run_test::{closure#1}, ()>::{closure#1} as core[df12db4294e9bfd3]::ops::function::FnOnce<()>>::call_once::{shim:vtable#0}
[INFO] [stdout]   19:     0x646cd998b879 - <std[70759c8f55707aa4]::sys::thread::unix::Thread>::new::thread_start
[INFO] [stdout]   20:     0x72b3f8e9bdfa - <unknown>
[INFO] [stdout]   21:     0x72b3f8f2f3d4 - clone
[INFO] [stdout]   22:                0x0 - <unknown>
[INFO] [stdout] 
[INFO] [stdout] ---- api_response::tests::forbidden_403 stdout ----
[INFO] [stdout] 
[INFO] [stdout] thread 'api_response::tests::forbidden_403' (10855) panicked at src/api_response.rs:215:9:
[INFO] [stdout] assertion `left == right` failed
[INFO] [stdout]   left: [72, 84, 84, 80, 47, 49, 46, 49, 32, 52, 48, 51, 32, 70, 79, 82, 66, 73, 68, 68, 69, 78, 13, 10, 13, 10]
[INFO] [stdout]  right: [72, 84, 84, 80, 47, 49, 46, 49, 32, 52, 48, 51, 32, 70, 79, 82, 66, 73, 68, 68, 69, 78, 13, 10]
[INFO] [stdout] stack backtrace:
[INFO] [stdout]    0:     0x646cd998bfa1 - <<std[70759c8f55707aa4]::sys::backtrace::BacktraceLock>::print::DisplayBacktrace as core[df12db4294e9bfd3]::fmt::Display>::fmt
[INFO] [stdout]    1:     0x646cd99a017a - core[df12db4294e9bfd3]::fmt::write
[INFO] [stdout]    2:     0x646cd999043c - <alloc[2182bb758b4b3781]::vec::Vec<u8> as core[df12db4294e9bfd3]::io::write::Write>::write_fmt
[INFO] [stdout]    3:     0x646cd9968596 - std[70759c8f55707aa4]::panicking::default_hook::{closure#0}
[INFO] [stdout]    4:     0x646cd9984709 - std[70759c8f55707aa4]::panicking::default_hook
[INFO] [stdout]    5:     0x646cd9920b90 - test[9d35eded1c95d3be]::test_main_inner::<test[9d35eded1c95d3be]::test_main_static::{closure#0}>::{closure#0}
[INFO] [stdout]    6:     0x646cd99848c2 - std[70759c8f55707aa4]::panicking::panic_with_hook
[INFO] [stdout]    7:     0x646cd9968642 - std[70759c8f55707aa4]::panicking::panic_handler::{closure#0}
[INFO] [stdout]    8:     0x646cd99613c9 - std[70759c8f55707aa4]::sys::backtrace::__rust_end_short_backtrace::<std[70759c8f55707aa4]::panicking::panic_handler::{closure#0}, !>
[INFO] [stdout]    9:     0x646cd996923d - __rustc[8fa7c3cbc660c2b3]::rust_begin_unwind
[INFO] [stdout]   10:     0x646cd99a08ac - core[df12db4294e9bfd3]::panicking::panic_fmt
[INFO] [stdout]   11:     0x646cd99a07c3 - core[df12db4294e9bfd3]::panicking::assert_failed_inner
[INFO] [stdout]   12:     0x646cd9911a1e - core[df12db4294e9bfd3]::panicking::assert_failed::<alloc[2182bb758b4b3781]::vec::Vec<u8>, &[u8; 24usize]>
[INFO] [stdout]   13:     0x646cd9912609 - rustyproxy_srv[9d639988e72214c0]::api_response::tests::forbidden_403
[INFO] [stdout]   14:     0x646cd9913d49 - <rustyproxy_srv[9d639988e72214c0]::api_response::tests::forbidden_403::{closure#0} as core[df12db4294e9bfd3]::ops::function::FnOnce<()>>::call_once
[INFO] [stdout]   15:     0x646cd9913e7b - test[9d35eded1c95d3be]::__rust_begin_short_backtrace::<core[df12db4294e9bfd3]::result::Result<(), alloc[2182bb758b4b3781]::string::String>, fn() -> core[df12db4294e9bfd3]::result::Result<(), alloc[2182bb758b4b3781]::string::String>>
[INFO] [stdout]   16:     0x646cd99214e5 - test[9d35eded1c95d3be]::run_test::{closure#0}
[INFO] [stdout]   17:     0x646cd991ada4 - std[70759c8f55707aa4]::sys::backtrace::__rust_begin_short_backtrace::<test[9d35eded1c95d3be]::run_test::{closure#1}, ()>
[INFO] [stdout]   18:     0x646cd9924642 - <std[70759c8f55707aa4]::thread::lifecycle::spawn_unchecked<test[9d35eded1c95d3be]::run_test::{closure#1}, ()>::{closure#1} as core[df12db4294e9bfd3]::ops::function::FnOnce<()>>::call_once::{shim:vtable#0}
[INFO] [stdout]   19:     0x646cd998b879 - <std[70759c8f55707aa4]::sys::thread::unix::Thread>::new::thread_start
[INFO] [stdout]   20:     0x72b3f8e9bdfa - <unknown>
[INFO] [stdout]   21:     0x72b3f8f2f3d4 - clone
[INFO] [stdout]   22:                0x0 - <unknown>
[INFO] [stdout] 
[INFO] [stdout] ---- api_response::tests::ok_200 stdout ----
[INFO] [stdout] 
[INFO] [stdout] thread 'api_response::tests::ok_200' (10860) panicked at src/api_response.rs:197:9:
[INFO] [stdout] assertion `left == right` failed
[INFO] [stdout]   left: [72, 84, 84, 80, 47, 49, 46, 49, 32, 50, 48, 48, 32, 79, 75, 13, 10, 13, 10]
[INFO] [stdout]  right: [72, 84, 84, 80, 47, 49, 46, 49, 32, 50, 48, 48, 32, 79, 75, 13, 10]
[INFO] [stdout] stack backtrace:
[INFO] [stdout]    0:     0x646cd998bfa1 - <<std[70759c8f55707aa4]::sys::backtrace::BacktraceLock>::print::DisplayBacktrace as core[df12db4294e9bfd3]::fmt::Display>::fmt
[INFO] [stdout]    1:     0x646cd99a017a - core[df12db4294e9bfd3]::fmt::write
[INFO] [stdout]    2:     0x646cd999043c - <alloc[2182bb758b4b3781]::vec::Vec<u8> as core[df12db4294e9bfd3]::io::write::Write>::write_fmt
[INFO] [stdout]    3:     0x646cd9968596 - std[70759c8f55707aa4]::panicking::default_hook::{closure#0}
[INFO] [stdout]    4:     0x646cd9984709 - std[70759c8f55707aa4]::panicking::default_hook
[INFO] [stdout]    5:     0x646cd9920b90 - test[9d35eded1c95d3be]::test_main_inner::<test[9d35eded1c95d3be]::test_main_static::{closure#0}>::{closure#0}
[INFO] [stdout]    6:     0x646cd99848c2 - std[70759c8f55707aa4]::panicking::panic_with_hook
[INFO] [stdout]    7:     0x646cd9968642 - std[70759c8f55707aa4]::panicking::panic_handler::{closure#0}
[INFO] [stdout]    8:     0x646cd99613c9 - std[70759c8f55707aa4]::sys::backtrace::__rust_end_short_backtrace::<std[70759c8f55707aa4]::panicking::panic_handler::{closure#0}, !>
[INFO] [stdout]    9:     0x646cd996923d - __rustc[8fa7c3cbc660c2b3]::rust_begin_unwind
[INFO] [stdout]   10:     0x646cd99a08ac - core[df12db4294e9bfd3]::panicking::panic_fmt
[INFO] [stdout]   11:     0x646cd99a07c3 - core[df12db4294e9bfd3]::panicking::assert_failed_inner
[INFO] [stdout]   12:     0x646cd99119e9 - core[df12db4294e9bfd3]::panicking::assert_failed::<alloc[2182bb758b4b3781]::vec::Vec<u8>, &[u8; 17usize]>
[INFO] [stdout]   13:     0x646cd9912c8e - rustyproxy_srv[9d639988e72214c0]::api_response::tests::ok_200
[INFO] [stdout]   14:     0x646cd9913dc9 - <rustyproxy_srv[9d639988e72214c0]::api_response::tests::ok_200::{closure#0} as core[df12db4294e9bfd3]::ops::function::FnOnce<()>>::call_once
[INFO] [stdout]   15:     0x646cd9913e7b - test[9d35eded1c95d3be]::__rust_begin_short_backtrace::<core[df12db4294e9bfd3]::result::Result<(), alloc[2182bb758b4b3781]::string::String>, fn() -> core[df12db4294e9bfd3]::result::Result<(), alloc[2182bb758b4b3781]::string::String>>
[INFO] [stdout]   16:     0x646cd99214e5 - test[9d35eded1c95d3be]::run_test::{closure#0}
[INFO] [stdout]   17:     0x646cd991ada4 - std[70759c8f55707aa4]::sys::backtrace::__rust_begin_short_backtrace::<test[9d35eded1c95d3be]::run_test::{closure#1}, ()>
[INFO] [stdout]   18:     0x646cd9924642 - <std[70759c8f55707aa4]::thread::lifecycle::spawn_unchecked<test[9d35eded1c95d3be]::run_test::{closure#1}, ()>::{closure#1} as core[df12db4294e9bfd3]::ops::function::FnOnce<()>>::call_once::{shim:vtable#0}
[INFO] [stderr] error: test failed, to rerun pass `--bin rustyproxy-srv`
[INFO] [stdout]   19:     0x646cd998b879 - <std[70759c8f55707aa4]::sys::thread::unix::Thread>::new::thread_start
[INFO] [stdout]   20:     0x72b3f8e9bdfa - <unknown>
[INFO] [stdout]   21:     0x72b3f8f2f3d4 - clone
[INFO] [stdout]   22:                0x0 - <unknown>
[INFO] [stdout] 
[INFO] [stdout] ---- api_response::tests::mna_405 stdout ----
[INFO] [stdout] 
[INFO] [stdout] thread 'api_response::tests::mna_405' (10858) panicked at src/api_response.rs:209:9:
[INFO] [stdout] assertion `left == right` failed
[INFO] [stdout]   left: [72, 84, 84, 80, 47, 49, 46, 49, 32, 52, 48, 53, 32, 77, 69, 84, 72, 79, 68, 32, 78, 79, 84, 32, 65, 76, 76, 79, 87, 69, 68, 13, 10, 13, 10]
[INFO] [stdout]  right: [72, 84, 84, 80, 47, 49, 46, 49, 32, 52, 48, 53, 32, 77, 69, 84, 72, 79, 68, 32, 78, 79, 84, 32, 65, 76, 76, 79, 87, 69, 68, 13, 10]
[INFO] [stdout] stack backtrace:
[INFO] [stdout]    0:     0x646cd998bfa1 - <<std[70759c8f55707aa4]::sys::backtrace::BacktraceLock>::print::DisplayBacktrace as core[df12db4294e9bfd3]::fmt::Display>::fmt
[INFO] [stdout]    1:     0x646cd99a017a - core[df12db4294e9bfd3]::fmt::write
[INFO] [stdout]    2:     0x646cd999043c - <alloc[2182bb758b4b3781]::vec::Vec<u8> as core[df12db4294e9bfd3]::io::write::Write>::write_fmt
[INFO] [stdout]    3:     0x646cd9968596 - std[70759c8f55707aa4]::panicking::default_hook::{closure#0}
[INFO] [stdout]    4:     0x646cd9984709 - std[70759c8f55707aa4]::panicking::default_hook
[INFO] [stdout]    5:     0x646cd9920b90 - test[9d35eded1c95d3be]::test_main_inner::<test[9d35eded1c95d3be]::test_main_static::{closure#0}>::{closure#0}
[INFO] [stdout]    6:     0x646cd99848c2 - std[70759c8f55707aa4]::panicking::panic_with_hook
[INFO] [stdout]    7:     0x646cd9968642 - std[70759c8f55707aa4]::panicking::panic_handler::{closure#0}
[INFO] [stdout]    8:     0x646cd99613c9 - std[70759c8f55707aa4]::sys::backtrace::__rust_end_short_backtrace::<std[70759c8f55707aa4]::panicking::panic_handler::{closure#0}, !>
[INFO] [stdout]    9:     0x646cd996923d - __rustc[8fa7c3cbc660c2b3]::rust_begin_unwind
[INFO] [stdout]   10:     0x646cd99a08ac - core[df12db4294e9bfd3]::panicking::panic_fmt
[INFO] [stdout]   11:     0x646cd99a07c3 - core[df12db4294e9bfd3]::panicking::assert_failed_inner
[INFO] [stdout]   12:     0x646cd9911a9e - core[df12db4294e9bfd3]::panicking::assert_failed::<alloc[2182bb758b4b3781]::vec::Vec<u8>, &[u8; 33usize]>
[INFO] [stdout]   13:     0x646cd9912e6f - rustyproxy_srv[9d639988e72214c0]::api_response::tests::mna_405
[INFO] [stdout]   14:     0x646cd9913e09 - <rustyproxy_srv[9d639988e72214c0]::api_response::tests::mna_405::{closure#0} as core[df12db4294e9bfd3]::ops::function::FnOnce<()>>::call_once
[INFO] [stdout]   15:     0x646cd9913e7b - test[9d35eded1c95d3be]::__rust_begin_short_backtrace::<core[df12db4294e9bfd3]::result::Result<(), alloc[2182bb758b4b3781]::string::String>, fn() -> core[df12db4294e9bfd3]::result::Result<(), alloc[2182bb758b4b3781]::string::String>>
[INFO] [stdout]   16:     0x646cd99214e5 - test[9d35eded1c95d3be]::run_test::{closure#0}
[INFO] [stdout]   17:     0x646cd991ada4 - std[70759c8f55707aa4]::sys::backtrace::__rust_begin_short_backtrace::<test[9d35eded1c95d3be]::run_test::{closure#1}, ()>
[INFO] [stdout]   18:     0x646cd9924642 - <std[70759c8f55707aa4]::thread::lifecycle::spawn_unchecked<test[9d35eded1c95d3be]::run_test::{closure#1}, ()>::{closure#1} as core[df12db4294e9bfd3]::ops::function::FnOnce<()>>::call_once::{shim:vtable#0}
[INFO] [stdout]   19:     0x646cd998b879 - <std[70759c8f55707aa4]::sys::thread::unix::Thread>::new::thread_start
[INFO] [stdout]   20:     0x72b3f8e9bdfa - <unknown>
[INFO] [stdout]   21:     0x72b3f8f2f3d4 - clone
[INFO] [stdout]   22:                0x0 - <unknown>
[INFO] [stdout] 
[INFO] [stdout] ---- api_response::tests::not_found_404 stdout ----
[INFO] [stdout] 
[INFO] [stdout] thread 'api_response::tests::not_found_404' (10859) panicked at src/api_response.rs:191:9:
[INFO] [stdout] assertion `left == right` failed
[INFO] [stdout]   left: [72, 84, 84, 80, 47, 49, 46, 49, 32, 52, 48, 52, 32, 78, 79, 84, 32, 70, 79, 85, 78, 68, 13, 10, 13, 10]
[INFO] [stdout]  right: [72, 84, 84, 80, 47, 49, 46, 49, 32, 52, 48, 52, 32, 78, 79, 84, 32, 70, 79, 85, 78, 68, 13, 10]
[INFO] [stdout] stack backtrace:
[INFO] [stdout]    0:     0x646cd998bfa1 - <<std[70759c8f55707aa4]::sys::backtrace::BacktraceLock>::print::DisplayBacktrace as core[df12db4294e9bfd3]::fmt::Display>::fmt
[INFO] [stdout]    1:     0x646cd99a017a - core[df12db4294e9bfd3]::fmt::write
[INFO] [stdout]    2:     0x646cd999043c - <alloc[2182bb758b4b3781]::vec::Vec<u8> as core[df12db4294e9bfd3]::io::write::Write>::write_fmt
[INFO] [stdout]    3:     0x646cd9968596 - std[70759c8f55707aa4]::panicking::default_hook::{closure#0}
[INFO] [stdout]    4:     0x646cd9984709 - std[70759c8f55707aa4]::panicking::default_hook
[INFO] [stdout]    5:     0x646cd9920b90 - test[9d35eded1c95d3be]::test_main_inner::<test[9d35eded1c95d3be]::test_main_static::{closure#0}>::{closure#0}
[INFO] [stdout]    6:     0x646cd99848c2 - std[70759c8f55707aa4]::panicking::panic_with_hook
[INFO] [stdout]    7:     0x646cd9968642 - std[70759c8f55707aa4]::panicking::panic_handler::{closure#0}
[INFO] [stdout]    8:     0x646cd99613c9 - std[70759c8f55707aa4]::sys::backtrace::__rust_end_short_backtrace::<std[70759c8f55707aa4]::panicking::panic_handler::{closure#0}, !>
[INFO] [stdout]    9:     0x646cd996923d - __rustc[8fa7c3cbc660c2b3]::rust_begin_unwind
[INFO] [stdout]   10:     0x646cd99a08ac - core[df12db4294e9bfd3]::panicking::panic_fmt
[INFO] [stdout]   11:     0x646cd99a07c3 - core[df12db4294e9bfd3]::panicking::assert_failed_inner
[INFO] [stdout]   12:     0x646cd9911a1e - core[df12db4294e9bfd3]::panicking::assert_failed::<alloc[2182bb758b4b3781]::vec::Vec<u8>, &[u8; 24usize]>
[INFO] [stdout]   13:     0x646cd9912709 - rustyproxy_srv[9d639988e72214c0]::api_response::tests::not_found_404
[INFO] [stdout]   14:     0x646cd9913d69 - <rustyproxy_srv[9d639988e72214c0]::api_response::tests::not_found_404::{closure#0} as core[df12db4294e9bfd3]::ops::function::FnOnce<()>>::call_once
[INFO] [stdout]   15:     0x646cd9913e7b - test[9d35eded1c95d3be]::__rust_begin_short_backtrace::<core[df12db4294e9bfd3]::result::Result<(), alloc[2182bb758b4b3781]::string::String>, fn() -> core[df12db4294e9bfd3]::result::Result<(), alloc[2182bb758b4b3781]::string::String>>
[INFO] [stdout]   16:     0x646cd99214e5 - test[9d35eded1c95d3be]::run_test::{closure#0}
[INFO] [stdout]   17:     0x646cd991ada4 - std[70759c8f55707aa4]::sys::backtrace::__rust_begin_short_backtrace::<test[9d35eded1c95d3be]::run_test::{closure#1}, ()>
[INFO] [stdout]   18:     0x646cd9924642 - <std[70759c8f55707aa4]::thread::lifecycle::spawn_unchecked<test[9d35eded1c95d3be]::run_test::{closure#1}, ()>::{closure#1} as core[df12db4294e9bfd3]::ops::function::FnOnce<()>>::call_once::{shim:vtable#0}
[INFO] [stdout]   19:     0x646cd998b879 - <std[70759c8f55707aa4]::sys::thread::unix::Thread>::new::thread_start
[INFO] [stdout]   20:     0x72b3f8e9bdfa - <unknown>
[INFO] [stdout]   21:     0x72b3f8f2f3d4 - clone
[INFO] [stdout]   22:                0x0 - <unknown>
[INFO] [stdout] 
[INFO] [stdout] 
[INFO] [stdout] failures:
[INFO] [stdout]     api_response::tests::br_400
[INFO] [stdout]     api_response::tests::forbidden_403
[INFO] [stdout]     api_response::tests::isr_500
[INFO] [stdout]     api_response::tests::mna_405
[INFO] [stdout]     api_response::tests::not_found_404
[INFO] [stdout]     api_response::tests::ok_200
[INFO] [stdout] 
[INFO] [stdout] test result: FAILED. 1 passed; 6 failed; 0 ignored; 0 measured; 0 filtered out; finished in 0.00s
[INFO] [stdout] 
[INFO] running `Command { std: "docker" "inspect" "e6122d324c6b55c80cc9fa919f7051ead2451d9fd48436916c262b3408725ceb", kill_on_drop: false }`
[INFO] running `Command { std: "docker" "rm" "-f" "e6122d324c6b55c80cc9fa919f7051ead2451d9fd48436916c262b3408725ceb", kill_on_drop: false }`
[INFO] [stdout] e6122d324c6b55c80cc9fa919f7051ead2451d9fd48436916c262b3408725ceb
