[INFO] fetching crate rustyphoenixlecture 2.2.1...
[INFO] testing rustyphoenixlecture-2.2.1 against 1.100.0-beta.1+cargoflags=--release for beta-release-1.100-2
[INFO] extracting crate rustyphoenixlecture 2.2.1 into /workspace/builds/worker-5-tc2/source
[INFO] started tweaking crates.io crate rustyphoenixlecture 2.2.1
[INFO] finished tweaking crates.io crate rustyphoenixlecture 2.2.1
[INFO] tweaked toml for crates.io crate rustyphoenixlecture 2.2.1 written to /workspace/builds/worker-5-tc2/source/Cargo.toml
[INFO] validating manifest of crates.io crate rustyphoenixlecture 2.2.1 on toolchain 1.100.0-beta.1
[INFO] running `Command { std: CARGO_HOME="/workspace/cargo-home" RUSTUP_HOME="/workspace/rustup-home" "/workspace/cargo-home/bin/cargo" "+1.100.0-beta.1" "metadata" "--manifest-path" "Cargo.toml" "--no-deps", kill_on_drop: false }`
[INFO] crate crates.io crate rustyphoenixlecture 2.2.1 already has a lockfile, it will not be regenerated
[INFO] running `Command { std: CARGO_HOME="/workspace/cargo-home" RUSTUP_HOME="/workspace/rustup-home" "/workspace/cargo-home/bin/cargo" "+1.100.0-beta.1" "fetch" "--manifest-path" "Cargo.toml", kill_on_drop: false }`
[INFO] running `Command { std: "docker" "create" "-v" "/var/lib/crater-agent-workspace/builds/worker-5-tc2/source:/opt/rustwide/workdir:ro,Z" "-v" "/var/lib/crater-agent-workspace/builds/worker-5-tc2/target:/opt/rustwide/target:rw,Z" "-v" "/var/lib/crater-agent-workspace/cargo-home:/opt/rustwide/cargo-home:ro,Z" "-v" "/var/lib/crater-agent-workspace/rustup-home:/opt/rustwide/rustup-home:ro,Z" "-m" "1610612736" "--network" "none" "ghcr.io/rust-lang/crates-build-env/linux@sha256:77db811e55d90add9212f6832c23229e3de5f1c1f9905e8cb07319ea15df73ac" "sleep" "infinity", kill_on_drop: false }`
[INFO] [stdout] ab305f52f8abf8b11c892bcff6f3056e4663903438c3bb237df11ece5e8a50e5
[INFO] running `Command { std: "docker" "start" "ab305f52f8abf8b11c892bcff6f3056e4663903438c3bb237df11ece5e8a50e5", kill_on_drop: false }`
[INFO] running `Command { std: "docker" "inspect" "ab305f52f8abf8b11c892bcff6f3056e4663903438c3bb237df11ece5e8a50e5", kill_on_drop: false }`
[INFO] running `Command { std: "docker" "exec" "-e" "SOURCE_DIR=/opt/rustwide/workdir" "-e" "CARGO_HOME=/opt/rustwide/cargo-home" "-e" "RUSTUP_HOME=/opt/rustwide/rustup-home" "-e" "CARGO_TARGET_DIR=/opt/rustwide/target" "-w" "/opt/rustwide/workdir" "--user" "0:0" "ab305f52f8abf8b11c892bcff6f3056e4663903438c3bb237df11ece5e8a50e5" "/opt/rustwide/cargo-home/bin/cargo" "+1.100.0-beta.1" "metadata" "--no-deps" "--format-version=1", kill_on_drop: false }`
[INFO] running `Command { std: "docker" "inspect" "ab305f52f8abf8b11c892bcff6f3056e4663903438c3bb237df11ece5e8a50e5", kill_on_drop: false }`
[INFO] running `Command { std: "docker" "exec" "-e" "SOURCE_DIR=/opt/rustwide/workdir" "-e" "CARGO_HOME=/opt/rustwide/cargo-home" "-e" "RUSTUP_HOME=/opt/rustwide/rustup-home" "-e" "CARGO_TARGET_DIR=/opt/rustwide/target" "-e" "CARGO_INCREMENTAL=0" "-e" "RUST_BACKTRACE=full" "-e" "RUSTFLAGS=--cap-lints=warn" "-e" "RUSTDOCFLAGS=--cap-lints=warn" "-w" "/opt/rustwide/workdir" "--user" "0:0" "ab305f52f8abf8b11c892bcff6f3056e4663903438c3bb237df11ece5e8a50e5" "/opt/rustwide/cargo-home/bin/cargo" "+1.100.0-beta.1" "build" "--frozen" "--message-format=json" "--release", kill_on_drop: false }`
[INFO] [stderr]    Compiling winnow v1.0.3
[INFO] [stderr]    Compiling syn v3.0.0
[INFO] [stderr]    Compiling syn v2.0.118
[INFO] [stderr]    Compiling toml_datetime v1.1.1+spec-1.1.0
[INFO] [stderr]    Compiling clap_builder v4.6.2
[INFO] [stderr]    Compiling toml_parser v1.1.3+spec-1.1.0
[INFO] [stderr]    Compiling toml v1.1.6+spec-1.1.0
[INFO] [stderr]    Compiling serde_derive v1.0.229
[INFO] [stderr]    Compiling clap_derive v4.6.3
[INFO] [stderr]    Compiling serde v1.0.229
[INFO] [stderr]    Compiling clap v4.6.3
[INFO] [stderr]    Compiling rustyphoenixlecture v2.2.1 (/opt/rustwide/workdir)
[INFO] [stderr]     Finished `release` profile [optimized] target(s) in 30.14s
[INFO] running `Command { std: "docker" "inspect" "ab305f52f8abf8b11c892bcff6f3056e4663903438c3bb237df11ece5e8a50e5", kill_on_drop: false }`
[INFO] running `Command { std: "docker" "exec" "-e" "SOURCE_DIR=/opt/rustwide/workdir" "-e" "CARGO_HOME=/opt/rustwide/cargo-home" "-e" "RUSTUP_HOME=/opt/rustwide/rustup-home" "-e" "CARGO_TARGET_DIR=/opt/rustwide/target" "-e" "CARGO_INCREMENTAL=0" "-e" "RUST_BACKTRACE=full" "-e" "RUSTFLAGS=--cap-lints=warn" "-e" "RUSTDOCFLAGS=--cap-lints=warn" "-w" "/opt/rustwide/workdir" "--user" "0:0" "ab305f52f8abf8b11c892bcff6f3056e4663903438c3bb237df11ece5e8a50e5" "/opt/rustwide/cargo-home/bin/cargo" "+1.100.0-beta.1" "test" "--frozen" "--no-run" "--message-format=json" "--release", kill_on_drop: false }`
[INFO] [stderr]    Compiling rustyphoenixlecture v2.2.1 (/opt/rustwide/workdir)
[INFO] [stderr]     Finished `release` profile [optimized] target(s) in 14.43s
[INFO] running `Command { std: "docker" "inspect" "ab305f52f8abf8b11c892bcff6f3056e4663903438c3bb237df11ece5e8a50e5", kill_on_drop: false }`
[INFO] running `Command { std: "docker" "exec" "-e" "SOURCE_DIR=/opt/rustwide/workdir" "-e" "CARGO_HOME=/opt/rustwide/cargo-home" "-e" "RUSTUP_HOME=/opt/rustwide/rustup-home" "-e" "CARGO_TARGET_DIR=/opt/rustwide/target" "-e" "CARGO_INCREMENTAL=0" "-e" "RUST_BACKTRACE=full" "-e" "RUSTFLAGS=--cap-lints=warn" "-e" "RUSTDOCFLAGS=--cap-lints=warn" "-w" "/opt/rustwide/workdir" "--user" "0:0" "ab305f52f8abf8b11c892bcff6f3056e4663903438c3bb237df11ece5e8a50e5" "/opt/rustwide/cargo-home/bin/cargo" "+1.100.0-beta.1" "test" "--frozen" "--release", kill_on_drop: false }`
[INFO] [stderr]     Finished `release` profile [optimized] target(s) in 0.07s
[INFO] [stderr]      Running unittests src/main.rs (/opt/rustwide/target/release/build/rustyphoenixlecture/cc105b1d74d76ef6/out/rustyphoenixlecture-cc105b1d74d76ef6)
[INFO] [stdout] 
[INFO] [stdout] running 66 tests
[INFO] [stdout] test pcontent::pcontentclipboardtext::tests::test_content_clipboard_text ... ok
[INFO] [stdout] test pcontent::pcontentdetail::tests::test_pcontent_detail ... ok
[INFO] [stdout] test pcontent::pcontentparser::tests::test_content_parser_line_number_multiple_line_copy ... ok
[INFO] [stdout] test pcontent::pcontentparser::tests::test_content_parser_line_number_multiple_line ... ok
[INFO] [stdout] test pcontent::pcontentparser::tests::test_content_parser_line_number_single_line ... ok
[INFO] [stdout] test pcontent::pcontentparser::tests::test_content_parser_no_line_number_single_line ... ok
[INFO] [stdout] test pcontent::pcontentparagraph::tests::test_pcontent_paragraph_add_text ... ok
[INFO] [stdout] test lecture_config::tests::test_load_lecture_config ... ok
[INFO] [stdout] test pcontent::pcontentmedia::tests::test_content_media_video ... ok
[INFO] [stdout] test pcontent::pcontentclipboardtext::tests::test_content_clipboard_text_no_style ... ok
[INFO] [stdout] test pcontent::pcontentprogress::tests::test_pcontent_progress_default ... ok
[INFO] [stdout] test pcontent::pcontentstatus::tests::test_pcontent_status ... ok
[INFO] [stdout] test pcontent::pcontentcheckbox::tests::test_content_text ... ok
[INFO] [stdout] test pcontent::pcontentspeaker::tests::test_content_speaker ... ok
[INFO] [stdout] test pcontent::pcontentcheckbox::tests::test_content_text_checked ... ok
[INFO] [stdout] test pcontent::phoenix_html_label::tests::test_phoenix_html_label ... ok
[INFO] [stdout] test pcontent::pcontenttitle::tests::test_content_title_chapter_number ... ok
[INFO] [stdout] test pcontent::plabeler::tests::test_plabeler ... ok
[INFO] [stdout] test pcontent::pcontentenvironment::tests::test_content_environment ... ok
[INFO] [stdout] test pcontent::pcontentfootnote::tests::test_content_footnote ... ok
[INFO] [stdout] test pcontent::pveccontent::tests::test_veccontent_append_content ... ok
[INFO] [stdout] test pcontent::pveccontent::tests::test_pveccontent_add_content_item ... ok
[INFO] [stdout] test pcontent::pcontenttable::tests::test_broken_pcontent_table ... ok
[INFO] [stdout] test pcontent::pcontentformula::tests::test_content_formula ... ok
[INFO] [stdout] test pcontent::pcontentmedia::tests::test_content_media_image ... ok
[INFO] [stdout] test phighlighter::pactionhighlight::tests::test_action_highlight_replace ... ok
[INFO] [stdout] test phighlighter::pactionhighlight::tests::test_action_highlight_getuntil ... ok
[INFO] [stdout] test phighlighter::pactionhighlight::tests::test_action_highlight_getuntilreplace ... ok
[INFO] [stdout] test pcontent::pcontentparser::tests::test_content_parser_no_line_number_multiple_line ... ok
[INFO] [stdout] test phighlighter::pactionhighlight::tests::test_action_highlight_none ... ok
[INFO] [stdout] test phighlighter::pactionhighlight::tests::test_action_highlight_token ... ok
[INFO] [stdout] test phighlighter::pfileparser::tests::test_contains_charset ... ok
[INFO] [stdout] test phighlighter::pfileparser::tests::test_limit_pfileparser_getuntil ... ok
[INFO] [stdout] test phighlighter::pfileparser::tests::test_pfileparser_from_content ... ok
[INFO] [stdout] test pcontent::pveccontent::tests::test_pveccontent_add_content_text ... ok
[INFO] [stdout] test pcontent::pveccontent::tests::test_pveccontent_add_content_title ... ok
[INFO] [stdout] test phighlighter::pfileparser::tests::test_pfileparser_from_content_indentation ... ok
[INFO] [stdout] test phighlighter::pfileparser::tests::test_limit_pfileparser_getuntil_multiple_escape ... ok
[INFO] [stdout] test phighlighter::pfileparser::tests::test_pfileparser_load_real_utf8 ... ok
[INFO] [stdout] test phighlighter::phighlither_configuration::tests::test_load_highlighter_config ... ok
[INFO] [stdout] test pinvitation::pinvitation::tests::test_invitation_time_conversion ... ok
[INFO] [stdout] test plectureparser::find_common_start::tests::test_remove_common_start ... ok
[INFO] [stdout] test pcontent::pcontenttitle::tests::test_content_title_chapter ... ok
[INFO] [stdout] test pcontent::pcontenttext::tests::test_content_text ... ok
[INFO] [stdout] test pcontent::pcontenttitle::tests::test_content_title_part ... ok
[INFO] [stdout] test pcontent::pcontenttitle::tests::test_content_title_part_number ... ok
[INFO] [stdout] test pcontent::pcontentformula::tests::test_content_formula_inline ... ok
[INFO] [stdout] test plectureparser::phoenix_container_url::tests::test_phoenix_get_apptainer_url ... ok
[INFO] [stdout] test pcontent::pidcounter::tests::test_id_counter ... ok
[INFO] [stdout] test phighlighter::lecture_str_to_html::tests::test_lecture_str_to_html ... ok
[INFO] [stdout] test ptimetable::pspeaker::tests::test_load_vec_speaker ... ok
[INFO] [stdout] test plectureparser::preferencemanager::tests::test_load_lecture_citation_config ... ok
[INFO] [stdout] test pcontent::phoenix_strip_html::tests::test_phoenix_strip_html ... ok
[INFO] [stdout] test phighlighter::phighlither_configuration::tests::test_limit_cpp_highlighter ... ok
[INFO] [stdout] test phighlighter::phighlither_configuration::tests::test_limit_toml_highlighter ... ok
[INFO] [stdout] test plectureparser::plectureparser::tests::test_make_begin_comment ... ok
[INFO] [stdout] test pcontent::pcontenttable::tests::test_pcontent_table ... ok
[INFO] [stdout] test phighlighter::pfileparser::tests::test_pfileparser_from_file ... FAILED
[INFO] [stdout] test pinvitation::pinvitation::tests::test_pinvitation ... FAILED
[INFO] [stdout] test plectureparser::pressourcefile::tests::test_copy_ressource_file ... FAILED
[INFO] [stdout] test plectureparser::phoenix_container_url::tests::test_phoenix_get_apptainer_sif ... ok
[INFO] [stdout] test pstrbuffer::pstrbuffer::tests::test_pstrbuffer ... FAILED
[INFO] [stdout] test plectureparser::plectureparser::tests::test_lecture_parser ... FAILED
[INFO] [stdout] test tests::test_create_full_website ... FAILED
[INFO] [stdout] test phighlighter::phighlither_configuration::tests::test_rust_highlighter ... ok
[INFO] [stdout] test phighlighter::phighlither_configuration::tests::test_load_highlighter ... ok
[INFO] [stdout] 
[INFO] [stdout] failures:
[INFO] [stdout] 
[INFO] [stdout] ---- phighlighter::pfileparser::tests::test_pfileparser_from_file stdout ----
[INFO] [stdout] 
[INFO] [stdout] thread 'phighlighter::pfileparser::tests::test_pfileparser_from_file' (519) panicked at src/phighlighter/pfileparser.rs:352:45:
[INFO] [stdout] called `Result::unwrap()` on an `Err` value: Os { code: 2, kind: NotFound, message: "No such file or directory" }
[INFO] [stdout] stack backtrace:
[INFO] [stdout]    0:     0x5bd3b545a461 - <<std[617be2ca0a6fd877]::sys::backtrace::BacktraceLock>::print::DisplayBacktrace as core[a373ad73a504971]::fmt::Display>::fmt
[INFO] [stdout]    1:     0x5bd3b546fc8a - core[a373ad73a504971]::fmt::write
[INFO] [stdout]    2:     0x5bd3b545e96c - <alloc[2e1b2a31b91974c5]::vec::Vec<u8> as core[a373ad73a504971]::io::write::Write>::write_fmt
[INFO] [stdout]    3:     0x5bd3b54339f6 - std[617be2ca0a6fd877]::panicking::default_hook::{closure#0}
[INFO] [stdout]    4:     0x5bd3b5451339 - std[617be2ca0a6fd877]::panicking::default_hook
[INFO] [stdout]    5:     0x5bd3b53ca240 - test[aada8e7e76ba119b]::test_main_inner::{closure#0}
[INFO] [stdout]    6:     0x5bd3b54514f2 - std[617be2ca0a6fd877]::panicking::panic_with_hook
[INFO] [stdout]    7:     0x5bd3b5433aa2 - std[617be2ca0a6fd877]::panicking::panic_handler::{closure#0}
[INFO] [stdout]    8:     0x5bd3b542c469 - std[617be2ca0a6fd877]::sys::backtrace::__rust_end_short_backtrace::<std[617be2ca0a6fd877]::panicking::panic_handler::{closure#0}, !>
[INFO] [stdout]    9:     0x5bd3b54346ad - __rustc[ea4f61d10b84890b]::rust_begin_unwind
[INFO] [stdout]   10:     0x5bd3b54703fc - core[a373ad73a504971]::panicking::panic_fmt
[INFO] [stdout]   11:     0x5bd3b54701d2 - core[a373ad73a504971]::result::unwrap_failed
[INFO] [stdout]   12:     0x5bd3b53479db - <rustyphoenixlecture[4878bc5be41980af]::phighlighter::pfileparser::tests::test_pfileparser_from_file::{closure#0} as core[a373ad73a504971]::ops::function::FnOnce<()>>::call_once
[INFO] [stdout]   13:     0x5bd3b53bd68b - test[aada8e7e76ba119b]::__rust_begin_short_backtrace::<core[a373ad73a504971]::result::Result<(), alloc[2e1b2a31b91974c5]::string::String>, fn() -> core[a373ad73a504971]::result::Result<(), alloc[2e1b2a31b91974c5]::string::String>>
[INFO] [stdout]   14:     0x5bd3b53ca865 - test[aada8e7e76ba119b]::run_test::{closure#0}
[INFO] [stdout]   15:     0x5bd3b53c4154 - std[617be2ca0a6fd877]::sys::backtrace::__rust_begin_short_backtrace::<test[aada8e7e76ba119b]::run_test::{closure#1}, ()>
[INFO] [stdout]   16:     0x5bd3b53cd8f2 - <std[617be2ca0a6fd877]::thread::lifecycle::spawn_unchecked<test[aada8e7e76ba119b]::run_test::{closure#1}, ()>::{closure#1} as core[a373ad73a504971]::ops::function::FnOnce<()>>::call_once::{shim:vtable#0}
[INFO] [stdout]   17:     0x5bd3b54596bf - <std[617be2ca0a6fd877]::sys::thread::unix::Thread>::new::thread_start
[INFO] [stdout]   18:     0x742be66fadfa - <unknown>
[INFO] [stdout]   19:     0x742be678e3d4 - clone
[INFO] [stdout]   20:                0x0 - <unknown>
[INFO] [stdout] 
[INFO] [stdout] ---- pinvitation::pinvitation::tests::test_pinvitation stdout ----
[INFO] [stdout] 
[INFO] [stdout] thread 'pinvitation::pinvitation::tests::test_pinvitation' (527) panicked at src/pstrbuffer/pstrbuffer.rs:22:41:
[INFO] [stdout] called `Result::unwrap()` on an `Err` value: Os { code: 30, kind: ReadOnlyFilesystem, message: "Read-only file system" }
[INFO] [stdout] stack backtrace:
[INFO] [stdout]    0:     0x5bd3b545a461 - <<std[617be2ca0a6fd877]::sys::backtrace::BacktraceLock>::print::DisplayBacktrace as core[a373ad73a504971]::fmt::Display>::fmt
[INFO] [stdout]    1:     0x5bd3b546fc8a - core[a373ad73a504971]::fmt::write
[INFO] [stdout]    2:     0x5bd3b545e96c - <alloc[2e1b2a31b91974c5]::vec::Vec<u8> as core[a373ad73a504971]::io::write::Write>::write_fmt
[INFO] [stdout]    3:     0x5bd3b54339f6 - std[617be2ca0a6fd877]::panicking::default_hook::{closure#0}
[INFO] [stdout]    4:     0x5bd3b5451339 - std[617be2ca0a6fd877]::panicking::default_hook
[INFO] [stdout]    5:     0x5bd3b53ca240 - test[aada8e7e76ba119b]::test_main_inner::{closure#0}
[INFO] [stdout]    6:     0x5bd3b54514f2 - std[617be2ca0a6fd877]::panicking::panic_with_hook
[INFO] [stdout]    7:     0x5bd3b5433aa2 - std[617be2ca0a6fd877]::panicking::panic_handler::{closure#0}
[INFO] [stdout]    8:     0x5bd3b542c469 - std[617be2ca0a6fd877]::sys::backtrace::__rust_end_short_backtrace::<std[617be2ca0a6fd877]::panicking::panic_handler::{closure#0}, !>
[INFO] [stdout]    9:     0x5bd3b54346ad - __rustc[ea4f61d10b84890b]::rust_begin_unwind
[INFO] [stdout]   10:     0x5bd3b54703fc - core[a373ad73a504971]::panicking::panic_fmt
[INFO] [stdout]   11:     0x5bd3b54701d2 - core[a373ad73a504971]::result::unwrap_failed
[INFO] [stdout]   12:     0x5bd3b5377e7f - rustyphoenixlecture[4878bc5be41980af]::pstrbuffer::pstrbuffer::phoenix_create_output_test_dir
[INFO] [stdout]   13:     0x5bd3b539fdb4 - <rustyphoenixlecture[4878bc5be41980af]::pinvitation::pinvitation::PInvitation>::write
[INFO] [stdout]   14:     0x5bd3b53b9c4c - <rustyphoenixlecture[4878bc5be41980af]::pinvitation::pinvitation::tests::test_pinvitation::{closure#0} as core[a373ad73a504971]::ops::function::FnOnce<()>>::call_once
[INFO] [stdout]   15:     0x5bd3b53bd68b - test[aada8e7e76ba119b]::__rust_begin_short_backtrace::<core[a373ad73a504971]::result::Result<(), alloc[2e1b2a31b91974c5]::string::String>, fn() -> core[a373ad73a504971]::result::Result<(), alloc[2e1b2a31b91974c5]::string::String>>
[INFO] [stdout]   16:     0x5bd3b53ca865 - test[aada8e7e76ba119b]::run_test::{closure#0}
[INFO] [stdout]   17:     0x5bd3b53c4154 - std[617be2ca0a6fd877]::sys::backtrace::__rust_begin_short_backtrace::<test[aada8e7e76ba119b]::run_test::{closure#1}, ()>
[INFO] [stdout]   18:     0x5bd3b53cd8f2 - <std[617be2ca0a6fd877]::thread::lifecycle::spawn_unchecked<test[aada8e7e76ba119b]::run_test::{closure#1}, ()>::{closure#1} as core[a373ad73a504971]::ops::function::FnOnce<()>>::call_once::{shim:vtable#0}
[INFO] [stdout]   19:     0x5bd3b54596bf - <std[617be2ca0a6fd877]::sys::thread::unix::Thread>::new::thread_start
[INFO] [stdout]   20:     0x742be66fadfa - <unknown>
[INFO] [stdout]   21:     0x742be678e3d4 - clone
[INFO] [stdout]   22:                0x0 - <unknown>
[INFO] [stdout] 
[INFO] [stdout] ---- plectureparser::pressourcefile::tests::test_copy_ressource_file stdout ----
[INFO] [stdout] 
[INFO] [stdout] thread 'plectureparser::pressourcefile::tests::test_copy_ressource_file' (534) panicked at src/plectureparser/pressourcefile.rs:123:72:
[INFO] [stdout] called `Result::unwrap()` on an `Err` value: Os { code: 30, kind: ReadOnlyFilesystem, message: "Read-only file system" }
[INFO] [stdout] stack backtrace:
[INFO] [stdout]    0:     0x5bd3b545a461 - <<std[617be2ca0a6fd877]::sys::backtrace::BacktraceLock>::print::DisplayBacktrace as core[a373ad73a504971]::fmt::Display>::fmt
[INFO] [stdout]    1:     0x5bd3b546fc8a - core[a373ad73a504971]::fmt::write
[INFO] [stdout]    2:     0x5bd3b545e96c - <alloc[2e1b2a31b91974c5]::vec::Vec<u8> as core[a373ad73a504971]::io::write::Write>::write_fmt
[INFO] [stdout]    3:     0x5bd3b54339f6 - std[617be2ca0a6fd877]::panicking::default_hook::{closure#0}
[INFO] [stdout]    4:     0x5bd3b5451339 - std[617be2ca0a6fd877]::panicking::default_hook
[INFO] [stdout]    5:     0x5bd3b53ca240 - test[aada8e7e76ba119b]::test_main_inner::{closure#0}
[INFO] [stdout]    6:     0x5bd3b54514f2 - std[617be2ca0a6fd877]::panicking::panic_with_hook
[INFO] [stdout]    7:     0x5bd3b5433aa2 - std[617be2ca0a6fd877]::panicking::panic_handler::{closure#0}
[INFO] [stdout]    8:     0x5bd3b542c469 - std[617be2ca0a6fd877]::sys::backtrace::__rust_end_short_backtrace::<std[617be2ca0a6fd877]::panicking::panic_handler::{closure#0}, !>
[INFO] [stdout]    9:     0x5bd3b54346ad - __rustc[ea4f61d10b84890b]::rust_begin_unwind
[INFO] [stdout]   10:     0x5bd3b54703fc - core[a373ad73a504971]::panicking::panic_fmt
[INFO] [stdout]   11:     0x5bd3b54701d2 - core[a373ad73a504971]::result::unwrap_failed
[INFO] [stdout]   12:     0x5bd3b5349429 - <rustyphoenixlecture[4878bc5be41980af]::plectureparser::pressourcefile::tests::test_copy_ressource_file::{closure#0} as core[a373ad73a504971]::ops::function::FnOnce<()>>::call_once
[INFO] [stdout]   13:     0x5bd3b53bd68b - test[aada8e7e76ba119b]::__rust_begin_short_backtrace::<core[a373ad73a504971]::result::Result<(), alloc[2e1b2a31b91974c5]::string::String>, fn() -> core[a373ad73a504971]::result::Result<(), alloc[2e1b2a31b91974c5]::string::String>>
[INFO] [stdout]   14:     0x5bd3b53ca865 - test[aada8e7e76ba119b]::run_test::{closure#0}
[INFO] [stdout]   15:     0x5bd3b53c4154 - std[617be2ca0a6fd877]::sys::backtrace::__rust_begin_short_backtrace::<test[aada8e7e76ba119b]::run_test::{closure#1}, ()>
[INFO] [stdout]   16:     0x5bd3b53cd8f2 - <std[617be2ca0a6fd877]::thread::lifecycle::spawn_unchecked<test[aada8e7e76ba119b]::run_test::{closure#1}, ()>::{closure#1} as core[a373ad73a504971]::ops::function::FnOnce<()>>::call_once::{shim:vtable#0}
[INFO] [stdout]   17:     0x5bd3b54596bf - <std[617be2ca0a6fd877]::sys::thread::unix::Thread>::new::thread_start
[INFO] [stdout]   18:     0x742be66fadfa - <unknown>
[INFO] [stdout]   19:     0x742be678e3d4 - clone
[INFO] [stdout]   20:                0x0 - <unknown>
[INFO] [stdout] 
[INFO] [stdout] ---- pstrbuffer::pstrbuffer::tests::test_pstrbuffer stdout ----
[INFO] [stdout] 
[INFO] [stdout] thread 'pstrbuffer::pstrbuffer::tests::test_pstrbuffer' (535) panicked at src/pstrbuffer/pstrbuffer.rs:22:41:
[INFO] [stdout] called `Result::unwrap()` on an `Err` value: Os { code: 30, kind: ReadOnlyFilesystem, message: "Read-only file system" }
[INFO] [stdout] stack backtrace:
[INFO] [stdout]    0:     0x5bd3b545a461 - <<std[617be2ca0a6fd877]::sys::backtrace::BacktraceLock>::print::DisplayBacktrace as core[a373ad73a504971]::fmt::Display>::fmt
[INFO] [stdout]    1:     0x5bd3b546fc8a - core[a373ad73a504971]::fmt::write
[INFO] [stdout]    2:     0x5bd3b545e96c - <alloc[2e1b2a31b91974c5]::vec::Vec<u8> as core[a373ad73a504971]::io::write::Write>::write_fmt
[INFO] [stdout]    3:     0x5bd3b54339f6 - std[617be2ca0a6fd877]::panicking::default_hook::{closure#0}
[INFO] [stdout]    4:     0x5bd3b5451339 - std[617be2ca0a6fd877]::panicking::default_hook
[INFO] [stdout]    5:     0x5bd3b53ca240 - test[aada8e7e76ba119b]::test_main_inner::{closure#0}
[INFO] [stdout]    6:     0x5bd3b54514f2 - std[617be2ca0a6fd877]::panicking::panic_with_hook
[INFO] [stdout]    7:     0x5bd3b5433aa2 - std[617be2ca0a6fd877]::panicking::panic_handler::{closure#0}
[INFO] [stdout]    8:     0x5bd3b542c469 - std[617be2ca0a6fd877]::sys::backtrace::__rust_end_short_backtrace::<std[617be2ca0a6fd877]::panicking::panic_handler::{closure#0}, !>
[INFO] [stdout]    9:     0x5bd3b54346ad - __rustc[ea4f61d10b84890b]::rust_begin_unwind
[INFO] [stdout]   10:     0x5bd3b54703fc - core[a373ad73a504971]::panicking::panic_fmt
[INFO] [stdout]   11:     0x5bd3b54701d2 - core[a373ad73a504971]::result::unwrap_failed
[INFO] [stdout]   12:     0x5bd3b5377e7f - rustyphoenixlecture[4878bc5be41980af]::pstrbuffer::pstrbuffer::phoenix_create_output_test_dir
[INFO] [stdout]   13:     0x5bd3b53a3f07 - <rustyphoenixlecture[4878bc5be41980af]::pstrbuffer::pstrbuffer::tests::test_pstrbuffer::{closure#0} as core[a373ad73a504971]::ops::function::FnOnce<()>>::call_once
[INFO] [stdout]   14:     0x5bd3b53bd68b - test[aada8e7e76ba119b]::__rust_begin_short_backtrace::<core[a373ad73a504971]::result::Result<(), alloc[2e1b2a31b91974c5]::string::String>, fn() -> core[a373ad73a504971]::result::Result<(), alloc[2e1b2a31b91974c5]::string::String>>
[INFO] [stdout]   15:     0x5bd3b53ca865 - test[aada8e7e76ba119b]::run_test::{closure#0}
[INFO] [stdout]   16:     0x5bd3b53c4154 - std[617be2ca0a6fd877]::sys::backtrace::__rust_begin_short_backtrace::<test[aada8e7e76ba119b]::run_test::{closure#1}, ()>
[INFO] [stdout]   17:     0x5bd3b53cd8f2 - <std[617be2ca0a6fd877]::thread::lifecycle::spawn_unchecked<test[aada8e7e76ba119b]::run_test::{closure#1}, ()>::{closure#1} as core[a373ad73a504971]::ops::function::FnOnce<()>>::call_once::{shim:vtable#0}
[INFO] [stdout]   18:     0x5bd3b54596bf - <std[617be2ca0a6fd877]::sys::thread::unix::Thread>::new::thread_start
[INFO] [stdout]   19:     0x742be66fadfa - <unknown>
[INFO] [stdout]   20:     0x742be678e3d4 - clone
[INFO] [stdout]   21:                0x0 - <unknown>
[INFO] [stdout] 
[INFO] [stdout] ---- plectureparser::plectureparser::tests::test_lecture_parser stdout ----
[INFO] [stdout] 
[INFO] [stdout] thread 'plectureparser::plectureparser::tests::test_lecture_parser' (531) panicked at src/plectureparser/plectureparser.rs:1261:47:
[INFO] [stdout] called `Result::unwrap()` on an `Err` value: Os { code: 30, kind: ReadOnlyFilesystem, message: "Read-only file system" }
[INFO] [stdout] stack backtrace:
[INFO] [stdout]    0:     0x5bd3b545a461 - <<std[617be2ca0a6fd877]::sys::backtrace::BacktraceLock>::print::DisplayBacktrace as core[a373ad73a504971]::fmt::Display>::fmt
[INFO] [stdout]    1:     0x5bd3b546fc8a - core[a373ad73a504971]::fmt::write
[INFO] [stdout]    2:     0x5bd3b545e96c - <alloc[2e1b2a31b91974c5]::vec::Vec<u8> as core[a373ad73a504971]::io::write::Write>::write_fmt
[INFO] [stdout]    3:     0x5bd3b54339f6 - std[617be2ca0a6fd877]::panicking::default_hook::{closure#0}
[INFO] [stdout]    4:     0x5bd3b5451339 - std[617be2ca0a6fd877]::panicking::default_hook
[INFO] [stdout]    5:     0x5bd3b53ca240 - test[aada8e7e76ba119b]::test_main_inner::{closure#0}
[INFO] [stdout]    6:     0x5bd3b54514f2 - std[617be2ca0a6fd877]::panicking::panic_with_hook
[INFO] [stdout]    7:     0x5bd3b5433aa2 - std[617be2ca0a6fd877]::panicking::panic_handler::{closure#0}
[INFO] [stdout]    8:     0x5bd3b542c469 - std[617be2ca0a6fd877]::sys::backtrace::__rust_end_short_backtrace::<std[617be2ca0a6fd877]::panicking::panic_handler::{closure#0}, !>
[INFO] [stdout]    9:     0x5bd3b54346ad - __rustc[ea4f61d10b84890b]::rust_begin_unwind
[INFO] [stdout]   10:     0x5bd3b54703fc - core[a373ad73a504971]::panicking::panic_fmt
[INFO] [stdout]   11:     0x5bd3b54701d2 - core[a373ad73a504971]::result::unwrap_failed
[INFO] [stdout]   12:     0x5bd3b53b8cc4 - rustyphoenixlecture[4878bc5be41980af]::plectureparser::plectureparser::tests::test_lecture_parser
[INFO] [stdout]   13:     0x5bd3b53ba799 - <rustyphoenixlecture[4878bc5be41980af]::plectureparser::plectureparser::tests::test_lecture_parser::{closure#0} as core[a373ad73a504971]::ops::function::FnOnce<()>>::call_once
[INFO] [stdout]   14:     0x5bd3b53bd68b - test[aada8e7e76ba119b]::__rust_begin_short_backtrace::<core[a373ad73a504971]::result::Result<(), alloc[2e1b2a31b91974c5]::string::String>, fn() -> core[a373ad73a504971]::result::Result<(), alloc[2e1b2a31b91974c5]::string::String>>
[INFO] [stdout]   15:     0x5bd3b53ca865 - test[aada8e7e76ba119b]::run_test::{closure#0}
[INFO] [stdout]   16:     0x5bd3b53c4154 - std[617be2ca0a6fd877]::sys::backtrace::__rust_begin_short_backtrace::<test[aada8e7e76ba119b]::run_test::{closure#1}, ()>
[INFO] [stdout]   17:     0x5bd3b53cd8f2 - <std[617be2ca0a6fd877]::thread::lifecycle::spawn_unchecked<test[aada8e7e76ba119b]::run_test::{closure#1}, ()>::{closure#1} as core[a373ad73a504971]::ops::function::FnOnce<()>>::call_once::{shim:vtable#0}
[INFO] [stdout]   18:     0x5bd3b54596bf - <std[617be2ca0a6fd877]::sys::thread::unix::Thread>::new::thread_start
[INFO] [stdout]   19:     0x742be66fadfa - <unknown>
[INFO] [stdout]   20:     0x742be678e3d4 - clone
[INFO] [stdout]   21:                0x0 - <unknown>
[INFO] [stdout] 
[INFO] [stdout] ---- tests::test_create_full_website stdout ----
[INFO] [stdout] 
[INFO] [stdout] thread 'tests::test_create_full_website' (537) panicked at src/plecture.rs:52:21:
[INFO] [stdout] create_lecture_website : cannot create output directory "target/test_base_lecture"
[INFO] [stdout] 	Error : Read-only file system (os error 30)
[INFO] [stdout] stack backtrace:
[INFO] [stdout]    0:     0x5bd3b545a461 - <<std[617be2ca0a6fd877]::sys::backtrace::BacktraceLock>::print::DisplayBacktrace as core[a373ad73a504971]::fmt::Display>::fmt
[INFO] [stdout]    1:     0x5bd3b546fc8a - core[a373ad73a504971]::fmt::write
[INFO] [stdout]    2:     0x5bd3b545e96c - <alloc[2e1b2a31b91974c5]::vec::Vec<u8> as core[a373ad73a504971]::io::write::Write>::write_fmt
[INFO] [stdout]    3:     0x5bd3b54339f6 - std[617be2ca0a6fd877]::panicking::default_hook::{closure#0}
[INFO] [stdout]    4:     0x5bd3b5451339 - std[617be2ca0a6fd877]::panicking::default_hook
[INFO] [stdout]    5:     0x5bd3b53ca240 - test[aada8e7e76ba119b]::test_main_inner::{closure#0}
[INFO] [stdout]    6:     0x5bd3b54514f2 - std[617be2ca0a6fd877]::panicking::panic_with_hook
[INFO] [stdout]    7:     0x5bd3b5433aa2 - std[617be2ca0a6fd877]::panicking::panic_handler::{closure#0}
[INFO] [stdout]    8:     0x5bd3b542c469 - std[617be2ca0a6fd877]::sys::backtrace::__rust_end_short_backtrace::<std[617be2ca0a6fd877]::panicking::panic_handler::{closure#0}, !>
[INFO] [stdout]    9:     0x5bd3b54346ad - __rustc[ea4f61d10b84890b]::rust_begin_unwind
[INFO] [stdout]   10:     0x5bd3b54703fc - core[a373ad73a504971]::panicking::panic_fmt
[INFO] [stdout]   11:     0x5bd3b53a1882 - rustyphoenixlecture[4878bc5be41980af]::plecture::create_lecture_website
[INFO] [stdout]   12:     0x5bd3b536e401 - rustyphoenixlecture[4878bc5be41980af]::create_full_website
[INFO] [stdout]   13:     0x5bd3b5364aa2 - <rustyphoenixlecture[4878bc5be41980af]::tests::test_create_full_website::{closure#0} as core[a373ad73a504971]::ops::function::FnOnce<()>>::call_once
[INFO] [stdout]   14:     0x5bd3b53bd68b - test[aada8e7e76ba119b]::__rust_begin_short_backtrace::<core[a373ad73a504971]::result::Result<(), alloc[2e1b2a31b91974c5]::string::String>, fn() -> core[a373ad73a504971]::result::Result<(), alloc[2e1b2a31b91974c5]::string::String>>
[INFO] [stdout]   15:     0x5bd3b53ca865 - test[aada8e7e76ba119b]::run_test::{closure#0}
[INFO] [stdout]   16:     0x5bd3b53c4154 - std[617be2ca0a6fd877]::sys::backtrace::__rust_begin_short_backtrace::<test[aada8e7e76ba119b]::run_test::{closure#1}, ()>
[INFO] [stdout]   17:     0x5bd3b53cd8f2 - <std[617be2ca0a6fd877]::thread::lifecycle::spawn_unchecked<test[aada8e7e76ba119b]::run_test::{closure#1}, ()>::{closure#1} as core[a373ad73a504971]::ops::function::FnOnce<()>>::call_once::{shim:vtable#0}
[INFO] [stdout]   18:     0x5bd3b54596bf - <std[617be2ca0a6fd877]::sys::thread::unix::Thread>::new::thread_start
[INFO] [stdout]   19:     0x742be66fadfa - <unknown>
[INFO] [stdout]   20:     0x742be678e3d4 - clone
[INFO] [stdout]   21:                0x0 - <unknown>
[INFO] [stdout] 
[INFO] [stdout] 
[INFO] [stdout] failures:
[INFO] [stdout]     phighlighter::pfileparser::tests::test_pfileparser_from_file
[INFO] [stdout]     pinvitation::pinvitation::tests::test_pinvitation
[INFO] [stdout]     plectureparser::plectureparser::tests::test_lecture_parser
[INFO] [stdout]     plectureparser::pressourcefile::tests::test_copy_ressource_file
[INFO] [stdout]     pstrbuffer::pstrbuffer::tests::test_pstrbuffer
[INFO] [stdout]     tests::test_create_full_website
[INFO] [stdout] 
[INFO] [stdout] test result: FAILED. 60 passed; 6 failed; 0 ignored; 0 measured; 0 filtered out; finished in 0.02s
[INFO] [stdout] 
[INFO] [stderr] error: test failed, to rerun pass `--bin rustyphoenixlecture`
[INFO] running `Command { std: "docker" "inspect" "ab305f52f8abf8b11c892bcff6f3056e4663903438c3bb237df11ece5e8a50e5", kill_on_drop: false }`
[INFO] running `Command { std: "docker" "rm" "-f" "ab305f52f8abf8b11c892bcff6f3056e4663903438c3bb237df11ece5e8a50e5", kill_on_drop: false }`
[INFO] [stdout] ab305f52f8abf8b11c892bcff6f3056e4663903438c3bb237df11ece5e8a50e5
