[INFO] fetching crate rustyphoenixclockmockbackend 2.0.1...
[INFO] testing rustyphoenixclockmockbackend-2.0.1 against 1.99.0-beta.8+cargoflags=--release for beta-release-1.100-2
[INFO] extracting crate rustyphoenixclockmockbackend 2.0.1 into /workspace/builds/worker-2-tc1/source
[INFO] started tweaking crates.io crate rustyphoenixclockmockbackend 2.0.1
[INFO] finished tweaking crates.io crate rustyphoenixclockmockbackend 2.0.1
[INFO] tweaked toml for crates.io crate rustyphoenixclockmockbackend 2.0.1 written to /workspace/builds/worker-2-tc1/source/Cargo.toml
[INFO] validating manifest of crates.io crate rustyphoenixclockmockbackend 2.0.1 on toolchain 1.99.0-beta.8
[INFO] running `Command { std: CARGO_HOME="/workspace/cargo-home" RUSTUP_HOME="/workspace/rustup-home" "/workspace/cargo-home/bin/cargo" "+1.99.0-beta.8" "metadata" "--manifest-path" "Cargo.toml" "--no-deps", kill_on_drop: false }`
[INFO] crate crates.io crate rustyphoenixclockmockbackend 2.0.1 already has a lockfile, it will not be regenerated
[INFO] running `Command { std: CARGO_HOME="/workspace/cargo-home" RUSTUP_HOME="/workspace/rustup-home" "/workspace/cargo-home/bin/cargo" "+1.99.0-beta.8" "fetch" "--manifest-path" "Cargo.toml", kill_on_drop: false }`
[INFO] [stderr]     Updating crates.io index
[INFO] [stderr]  Downloading crates ...
[INFO] [stderr]   Downloaded rustyphoenixdatastreamderive v2.1.0
[INFO] [stderr]   Downloaded rustyphoenixclockbackend v2.0.0
[INFO] [stderr]   Downloaded rustyphoenixdatastream v2.1.1
[INFO] running `Command { std: "docker" "create" "-v" "/var/lib/crater-agent-workspace/builds/worker-2-tc1/source:/opt/rustwide/workdir:ro,Z" "-v" "/var/lib/crater-agent-workspace/builds/worker-2-tc1/target:/opt/rustwide/target:rw,Z" "-v" "/var/lib/crater-agent-workspace/cargo-home:/opt/rustwide/cargo-home:ro,Z" "-v" "/var/lib/crater-agent-workspace/rustup-home:/opt/rustwide/rustup-home:ro,Z" "-m" "1610612736" "--network" "none" "ghcr.io/rust-lang/crates-build-env/linux@sha256:77db811e55d90add9212f6832c23229e3de5f1c1f9905e8cb07319ea15df73ac" "sleep" "infinity", kill_on_drop: false }`
[INFO] [stdout] e2cfb0a65538e44706ea94b1bb8aa9563210bb92ab40cbce7bb2eeb4176affa8
[INFO] running `Command { std: "docker" "start" "e2cfb0a65538e44706ea94b1bb8aa9563210bb92ab40cbce7bb2eeb4176affa8", kill_on_drop: false }`
[INFO] running `Command { std: "docker" "inspect" "e2cfb0a65538e44706ea94b1bb8aa9563210bb92ab40cbce7bb2eeb4176affa8", kill_on_drop: false }`
[INFO] running `Command { std: "docker" "exec" "-e" "SOURCE_DIR=/opt/rustwide/workdir" "-e" "CARGO_HOME=/opt/rustwide/cargo-home" "-e" "RUSTUP_HOME=/opt/rustwide/rustup-home" "-e" "CARGO_TARGET_DIR=/opt/rustwide/target" "-w" "/opt/rustwide/workdir" "--user" "0:0" "e2cfb0a65538e44706ea94b1bb8aa9563210bb92ab40cbce7bb2eeb4176affa8" "/opt/rustwide/cargo-home/bin/cargo" "+1.99.0-beta.8" "metadata" "--no-deps" "--format-version=1", kill_on_drop: false }`
[INFO] running `Command { std: "docker" "inspect" "e2cfb0a65538e44706ea94b1bb8aa9563210bb92ab40cbce7bb2eeb4176affa8", kill_on_drop: false }`
[INFO] running `Command { std: "docker" "exec" "-e" "SOURCE_DIR=/opt/rustwide/workdir" "-e" "CARGO_HOME=/opt/rustwide/cargo-home" "-e" "RUSTUP_HOME=/opt/rustwide/rustup-home" "-e" "CARGO_TARGET_DIR=/opt/rustwide/target" "-e" "CARGO_INCREMENTAL=0" "-e" "RUST_BACKTRACE=full" "-e" "RUSTFLAGS=--cap-lints=warn" "-e" "RUSTDOCFLAGS=--cap-lints=warn" "-w" "/opt/rustwide/workdir" "--user" "0:0" "e2cfb0a65538e44706ea94b1bb8aa9563210bb92ab40cbce7bb2eeb4176affa8" "/opt/rustwide/cargo-home/bin/cargo" "+1.99.0-beta.8" "build" "--frozen" "--message-format=json" "--release", kill_on_drop: false }`
[INFO] [stderr]    Compiling proc-macro2 v1.0.105
[INFO] [stderr]    Compiling quote v1.0.43
[INFO] [stderr]    Compiling chrono v0.4.42
[INFO] [stderr]    Compiling syn v3.0.5
[INFO] [stderr]    Compiling rustyphoenixclockbackend v2.0.0
[INFO] [stderr]    Compiling rustyphoenixdatastreamderive v2.1.0
[INFO] [stderr]    Compiling rustyphoenixdatastream v2.1.1
[INFO] [stderr]    Compiling rustyphoenixclockmockbackend v2.0.1 (/opt/rustwide/workdir)
[INFO] [stderr]     Finished `release` profile [optimized] target(s) in 9.89s
[INFO] running `Command { std: "docker" "inspect" "e2cfb0a65538e44706ea94b1bb8aa9563210bb92ab40cbce7bb2eeb4176affa8", kill_on_drop: false }`
[INFO] running `Command { std: "docker" "exec" "-e" "SOURCE_DIR=/opt/rustwide/workdir" "-e" "CARGO_HOME=/opt/rustwide/cargo-home" "-e" "RUSTUP_HOME=/opt/rustwide/rustup-home" "-e" "CARGO_TARGET_DIR=/opt/rustwide/target" "-e" "CARGO_INCREMENTAL=0" "-e" "RUST_BACKTRACE=full" "-e" "RUSTFLAGS=--cap-lints=warn" "-e" "RUSTDOCFLAGS=--cap-lints=warn" "-w" "/opt/rustwide/workdir" "--user" "0:0" "e2cfb0a65538e44706ea94b1bb8aa9563210bb92ab40cbce7bb2eeb4176affa8" "/opt/rustwide/cargo-home/bin/cargo" "+1.99.0-beta.8" "test" "--frozen" "--no-run" "--message-format=json" "--release", kill_on_drop: false }`
[INFO] [stderr]    Compiling rustyphoenixclockmockbackend v2.0.1 (/opt/rustwide/workdir)
[INFO] [stderr]     Finished `release` profile [optimized] target(s) in 0.75s
[INFO] running `Command { std: "docker" "inspect" "e2cfb0a65538e44706ea94b1bb8aa9563210bb92ab40cbce7bb2eeb4176affa8", kill_on_drop: false }`
[INFO] running `Command { std: "docker" "exec" "-e" "SOURCE_DIR=/opt/rustwide/workdir" "-e" "CARGO_HOME=/opt/rustwide/cargo-home" "-e" "RUSTUP_HOME=/opt/rustwide/rustup-home" "-e" "CARGO_TARGET_DIR=/opt/rustwide/target" "-e" "CARGO_INCREMENTAL=0" "-e" "RUST_BACKTRACE=full" "-e" "RUSTFLAGS=--cap-lints=warn" "-e" "RUSTDOCFLAGS=--cap-lints=warn" "-w" "/opt/rustwide/workdir" "--user" "0:0" "e2cfb0a65538e44706ea94b1bb8aa9563210bb92ab40cbce7bb2eeb4176affa8" "/opt/rustwide/cargo-home/bin/cargo" "+1.99.0-beta.8" "test" "--frozen" "--release", kill_on_drop: false }`
[INFO] [stderr]     Finished `release` profile [optimized] target(s) in 0.07s
[INFO] [stderr]      Running unittests src/lib.rs (/opt/rustwide/target/release/deps/rustyphoenixclockmockbackend-ba38cf25b5e38360)
[INFO] [stdout] 
[INFO] [stdout] running 1 test
[INFO] [stdout] test tests::test_full_mock ... FAILED
[INFO] [stdout] 
[INFO] [stdout] failures:
[INFO] [stdout] 
[INFO] [stdout] ---- tests::test_full_mock stdout ----
[INFO] [stdout] 
[INFO] [stdout] thread 'tests::test_full_mock' (296) panicked at src/lib.rs:138:9:
[INFO] [stdout] assertion `left == right` failed
[INFO] [stdout]   left: 0
[INFO] [stdout]  right: 1
[INFO] [stdout] stack backtrace:
[INFO] [stdout]    0:     0x595ba49cbcb1 - <<std[70759c8f55707aa4]::sys::backtrace::BacktraceLock>::print::DisplayBacktrace as core[df12db4294e9bfd3]::fmt::Display>::fmt
[INFO] [stdout]    1:     0x595ba49dfe8a - core[df12db4294e9bfd3]::fmt::write
[INFO] [stdout]    2:     0x595ba49d014c - <alloc[2182bb758b4b3781]::vec::Vec<u8> as core[df12db4294e9bfd3]::io::write::Write>::write_fmt
[INFO] [stdout]    3:     0x595ba49a82a6 - std[70759c8f55707aa4]::panicking::default_hook::{closure#0}
[INFO] [stdout]    4:     0x595ba49c4419 - std[70759c8f55707aa4]::panicking::default_hook
[INFO] [stdout]    5:     0x595ba4960820 - test[9d35eded1c95d3be]::test_main_inner::<test[9d35eded1c95d3be]::test_main_static::{closure#0}>::{closure#0}
[INFO] [stdout]    6:     0x595ba49c45d2 - std[70759c8f55707aa4]::panicking::panic_with_hook
[INFO] [stdout]    7:     0x595ba49a8352 - std[70759c8f55707aa4]::panicking::panic_handler::{closure#0}
[INFO] [stdout]    8:     0x595ba49a10d9 - std[70759c8f55707aa4]::sys::backtrace::__rust_end_short_backtrace::<std[70759c8f55707aa4]::panicking::panic_handler::{closure#0}, !>
[INFO] [stdout]    9:     0x595ba49a8f4d - __rustc[8fa7c3cbc660c2b3]::rust_begin_unwind
[INFO] [stdout]   10:     0x595ba49e05bc - core[df12db4294e9bfd3]::panicking::panic_fmt
[INFO] [stdout]   11:     0x595ba49e04d3 - core[df12db4294e9bfd3]::panicking::assert_failed_inner
[INFO] [stdout]   12:     0x595ba4952faa - core[df12db4294e9bfd3]::panicking::assert_failed::<i64, i64>
[INFO] [stdout]   13:     0x595ba4953913 - rustyphoenixclockmockbackend[5873644d678a5ed1]::tests::test_full_mock
[INFO] [stdout]   14:     0x595ba4953a99 - <rustyphoenixclockmockbackend[5873644d678a5ed1]::tests::test_full_mock::{closure#0} as core[df12db4294e9bfd3]::ops::function::FnOnce<()>>::call_once
[INFO] [stdout]   15:     0x595ba4953b0b - test[9d35eded1c95d3be]::__rust_begin_short_backtrace::<core[df12db4294e9bfd3]::result::Result<(), alloc[2182bb758b4b3781]::string::String>, fn() -> core[df12db4294e9bfd3]::result::Result<(), alloc[2182bb758b4b3781]::string::String>>
[INFO] [stdout]   16:     0x595ba4961175 - test[9d35eded1c95d3be]::run_test::{closure#0}
[INFO] [stdout]   17:     0x595ba495aa34 - std[70759c8f55707aa4]::sys::backtrace::__rust_begin_short_backtrace::<test[9d35eded1c95d3be]::run_test::{closure#1}, ()>
[INFO] [stdout]   18:     0x595ba49642d2 - <std[70759c8f55707aa4]::thread::lifecycle::spawn_unchecked<test[9d35eded1c95d3be]::run_test::{closure#1}, ()>::{closure#1} as core[df12db4294e9bfd3]::ops::function::FnOnce<()>>::call_once::{shim:vtable#0}
[INFO] [stdout]   19:     0x595ba49cb589 - <std[70759c8f55707aa4]::sys::thread::unix::Thread>::new::thread_start
[INFO] [stdout]   20:     0x78b0c57f4dfa - <unknown>
[INFO] [stdout]   21:     0x78b0c58883d4 - clone
[INFO] [stdout]   22:                0x0 - <unknown>
[INFO] [stdout] 
[INFO] [stdout] 
[INFO] [stdout] failures:
[INFO] [stdout]     tests::test_full_mock
[INFO] [stdout] 
[INFO] [stdout] test result: FAILED. 0 passed; 1 failed; 0 ignored; 0 measured; 0 filtered out; finished in 0.00s
[INFO] [stdout] 
[INFO] [stderr] error: test failed, to rerun pass `--lib`
[INFO] running `Command { std: "docker" "inspect" "e2cfb0a65538e44706ea94b1bb8aa9563210bb92ab40cbce7bb2eeb4176affa8", kill_on_drop: false }`
[INFO] running `Command { std: "docker" "rm" "-f" "e2cfb0a65538e44706ea94b1bb8aa9563210bb92ab40cbce7bb2eeb4176affa8", kill_on_drop: false }`
[INFO] [stdout] e2cfb0a65538e44706ea94b1bb8aa9563210bb92ab40cbce7bb2eeb4176affa8
