[INFO] fetching crate rustyopenai 0.1.0...
[INFO] testing rustyopenai-0.1.0 against 1.99.0-beta.8+cargoflags=--release for beta-release-1.100-2
[INFO] extracting crate rustyopenai 0.1.0 into /workspace/builds/worker-5-tc1/source
[INFO] started tweaking crates.io crate rustyopenai 0.1.0
[INFO] finished tweaking crates.io crate rustyopenai 0.1.0
[INFO] tweaked toml for crates.io crate rustyopenai 0.1.0 written to /workspace/builds/worker-5-tc1/source/Cargo.toml
[INFO] validating manifest of crates.io crate rustyopenai 0.1.0 on toolchain 1.99.0-beta.8
[INFO] running `Command { std: CARGO_HOME="/workspace/cargo-home" RUSTUP_HOME="/workspace/rustup-home" "/workspace/cargo-home/bin/cargo" "+1.99.0-beta.8" "metadata" "--manifest-path" "Cargo.toml" "--no-deps", kill_on_drop: false }`
[INFO] crate crates.io crate rustyopenai 0.1.0 already has a lockfile, it will not be regenerated
[INFO] running `Command { std: CARGO_HOME="/workspace/cargo-home" RUSTUP_HOME="/workspace/rustup-home" "/workspace/cargo-home/bin/cargo" "+1.99.0-beta.8" "fetch" "--manifest-path" "Cargo.toml", kill_on_drop: false }`
[INFO] [stderr]  Downloading crates ...
[INFO] [stderr]   Downloaded darling_macro v0.20.3
[INFO] [stderr]   Downloaded darling v0.20.3
[INFO] [stderr]   Downloaded serde_with_macros v3.4.0
[INFO] [stderr]   Downloaded iana-time-zone v0.1.58
[INFO] [stderr]   Downloaded wasm-streams v0.3.0
[INFO] [stderr]   Downloaded tempfile v3.8.1
[INFO] [stderr]   Downloaded winapi-util v0.1.6
[INFO] [stderr]   Downloaded is-terminal v0.4.9
[INFO] [stderr]   Downloaded darling_core v0.20.3
[INFO] [stderr]   Downloaded env_logger v0.10.1
[INFO] [stderr]   Downloaded termcolor v1.4.0
[INFO] [stderr]   Downloaded syn v2.0.41
[INFO] [stderr]   Downloaded serde_with v3.4.0
[INFO] [stderr]   Downloaded reqwest v0.11.22
[INFO] [stderr]   Downloaded chrono v0.4.31
[INFO] running `Command { std: "docker" "create" "-v" "/var/lib/crater-agent-workspace/builds/worker-5-tc1/source:/opt/rustwide/workdir:ro,Z" "-v" "/var/lib/crater-agent-workspace/builds/worker-5-tc1/target:/opt/rustwide/target:rw,Z" "-v" "/var/lib/crater-agent-workspace/cargo-home:/opt/rustwide/cargo-home:ro,Z" "-v" "/var/lib/crater-agent-workspace/rustup-home:/opt/rustwide/rustup-home:ro,Z" "-m" "1610612736" "--network" "none" "ghcr.io/rust-lang/crates-build-env/linux@sha256:77db811e55d90add9212f6832c23229e3de5f1c1f9905e8cb07319ea15df73ac" "sleep" "infinity", kill_on_drop: false }`
[INFO] [stdout] 0d0b863a72576e346a84a7bf91fc65b8a7554b4840035c44f1ff09cbdbea5d7e
[INFO] running `Command { std: "docker" "start" "0d0b863a72576e346a84a7bf91fc65b8a7554b4840035c44f1ff09cbdbea5d7e", kill_on_drop: false }`
[INFO] running `Command { std: "docker" "inspect" "0d0b863a72576e346a84a7bf91fc65b8a7554b4840035c44f1ff09cbdbea5d7e", kill_on_drop: false }`
[INFO] running `Command { std: "docker" "exec" "-e" "SOURCE_DIR=/opt/rustwide/workdir" "-e" "CARGO_HOME=/opt/rustwide/cargo-home" "-e" "RUSTUP_HOME=/opt/rustwide/rustup-home" "-e" "CARGO_TARGET_DIR=/opt/rustwide/target" "-w" "/opt/rustwide/workdir" "--user" "0:0" "0d0b863a72576e346a84a7bf91fc65b8a7554b4840035c44f1ff09cbdbea5d7e" "/opt/rustwide/cargo-home/bin/cargo" "+1.99.0-beta.8" "metadata" "--no-deps" "--format-version=1", kill_on_drop: false }`
[INFO] running `Command { std: "docker" "inspect" "0d0b863a72576e346a84a7bf91fc65b8a7554b4840035c44f1ff09cbdbea5d7e", kill_on_drop: false }`
[INFO] running `Command { std: "docker" "exec" "-e" "SOURCE_DIR=/opt/rustwide/workdir" "-e" "CARGO_HOME=/opt/rustwide/cargo-home" "-e" "RUSTUP_HOME=/opt/rustwide/rustup-home" "-e" "CARGO_TARGET_DIR=/opt/rustwide/target" "-e" "CARGO_INCREMENTAL=0" "-e" "RUST_BACKTRACE=full" "-e" "RUSTFLAGS=--cap-lints=warn" "-e" "RUSTDOCFLAGS=--cap-lints=warn" "-w" "/opt/rustwide/workdir" "--user" "0:0" "0d0b863a72576e346a84a7bf91fc65b8a7554b4840035c44f1ff09cbdbea5d7e" "/opt/rustwide/cargo-home/bin/cargo" "+1.99.0-beta.8" "build" "--frozen" "--message-format=json" "--release", kill_on_drop: false }`
[INFO] [stderr]    Compiling proc-macro2 v1.0.70
[INFO] [stderr]    Compiling libc v0.2.151
[INFO] [stderr]    Compiling futures-core v0.3.29
[INFO] [stderr]    Compiling memchr v2.6.4
[INFO] [stderr]    Compiling pkg-config v0.3.27
[INFO] [stderr]    Compiling futures-sink v0.3.29
[INFO] [stderr]    Compiling futures-channel v0.3.29
[INFO] [stderr]    Compiling log v0.4.20
[INFO] [stderr]    Compiling futures-task v0.3.29
[INFO] [stderr]    Compiling bitflags v2.4.1
[INFO] [stderr]    Compiling futures-util v0.3.29
[INFO] [stderr]    Compiling futures-io v0.3.29
[INFO] [stderr]    Compiling serde v1.0.193
[INFO] [stderr]    Compiling openssl v0.10.61
[INFO] [stderr]    Compiling strsim v0.10.0
[INFO] [stderr]    Compiling indexmap v2.1.0
[INFO] [stderr]    Compiling rustix v0.38.28
[INFO] [stderr]    Compiling regex-syntax v0.8.2
[INFO] [stderr]    Compiling serde_json v1.0.108
[INFO] [stderr]    Compiling linux-raw-sys v0.4.12
[INFO] [stderr]    Compiling unicode-bidi v0.3.14
[INFO] [stderr]    Compiling anyhow v1.0.75
[INFO] [stderr]    Compiling base64 v0.21.5
[INFO] [stderr]    Compiling termcolor v1.4.0
[INFO] [stderr]    Compiling dotenv v0.15.0
[INFO] [stderr]    Compiling cc v1.0.83
[INFO] [stderr]    Compiling idna v0.5.0
[INFO] [stderr]    Compiling aho-corasick v1.1.2
[INFO] [stderr]    Compiling quote v1.0.33
[INFO] [stderr]    Compiling mio v0.8.10
[INFO] [stderr]    Compiling socket2 v0.5.5
[INFO] [stderr]    Compiling socket2 v0.4.10
[INFO] [stderr]    Compiling syn v2.0.41
[INFO] [stderr]    Compiling is-terminal v0.4.9
[INFO] [stderr]    Compiling url v2.5.0
[INFO] [stderr]    Compiling openssl-sys v0.9.97
[INFO] [stderr]    Compiling native-tls v0.2.11
[INFO] [stderr]    Compiling regex-automata v0.4.3
[INFO] [stderr]    Compiling darling_core v0.20.3
[INFO] [stderr]    Compiling tokio-macros v2.2.0
[INFO] [stderr]    Compiling futures-macro v0.3.29
[INFO] [stderr]    Compiling tracing-attributes v0.1.27
[INFO] [stderr]    Compiling openssl-macros v0.1.1
[INFO] [stderr]    Compiling serde_derive v1.0.193
[INFO] [stderr]    Compiling tokio v1.35.0
[INFO] [stderr]    Compiling tracing v0.1.40
[INFO] [stderr]    Compiling darling_macro v0.20.3
[INFO] [stderr]    Compiling regex v1.10.2
[INFO] [stderr]    Compiling darling v0.20.3
[INFO] [stderr]    Compiling serde_with_macros v3.4.0
[INFO] [stderr]    Compiling env_logger v0.10.1
[INFO] [stderr]    Compiling futures-executor v0.3.29
[INFO] [stderr]    Compiling futures v0.3.29
[INFO] [stderr]    Compiling tokio-util v0.7.10
[INFO] [stderr]    Compiling tokio-native-tls v0.3.1
[INFO] [stderr]    Compiling serde_urlencoded v0.7.1
[INFO] [stderr]    Compiling serde_with v3.4.0
[INFO] [stderr]    Compiling h2 v0.3.22
[INFO] [stderr]    Compiling hyper v0.14.27
[INFO] [stderr]    Compiling hyper-tls v0.5.0
[INFO] [stderr]    Compiling reqwest v0.11.22
[INFO] [stderr]    Compiling rustyopenai v0.1.0 (/opt/rustwide/workdir)
[INFO] [stdout] warning: unused import: `response::OpenAIChatResponse`
[INFO] [stdout]  --> src/chat/response/mod.rs:2:9
[INFO] [stdout]   |
[INFO] [stdout] 2 | pub use response::OpenAIChatResponse;
[INFO] [stdout]   |         ^^^^^^^^^^^^^^^^^^^^^^^^^^^^
[INFO] [stdout]   |
[INFO] [stdout]   = note: `#[warn(unused_imports)]` (part of `#[warn(unused)]`) on by default
[INFO] [stdout] 
[INFO] [stdout] 
[INFO] [stdout] warning: struct `OpenAIChatResponse` is never constructed
[INFO] [stdout]  --> src/chat/response/response.rs:4:12
[INFO] [stdout]   |
[INFO] [stdout] 4 | pub struct OpenAIChatResponse {
[INFO] [stdout]   |            ^^^^^^^^^^^^^^^^^^
[INFO] [stdout]   |
[INFO] [stdout]   = note: `#[warn(dead_code)]` (part of `#[warn(unused)]`) on by default
[INFO] [stdout] 
[INFO] [stdout] 
[INFO] [stdout] warning: struct `OpenAIChatResponseChoice` is never constructed
[INFO] [stdout]   --> src/chat/response/response.rs:14:12
[INFO] [stdout]    |
[INFO] [stdout] 14 | pub struct OpenAIChatResponseChoice {
[INFO] [stdout]    |            ^^^^^^^^^^^^^^^^^^^^^^^^
[INFO] [stdout] 
[INFO] [stdout] 
[INFO] [stdout] warning: struct `OpenAIChatResponseMessage` is never constructed
[INFO] [stdout]   --> src/chat/response/response.rs:21:12
[INFO] [stdout]    |
[INFO] [stdout] 21 | pub struct OpenAIChatResponseMessage {
[INFO] [stdout]    |            ^^^^^^^^^^^^^^^^^^^^^^^^^
[INFO] [stdout] 
[INFO] [stdout] 
[INFO] [stdout] warning: struct `ChatTokenUsage` is never constructed
[INFO] [stdout]   --> src/chat/response/response.rs:27:12
[INFO] [stdout]    |
[INFO] [stdout] 27 | pub struct ChatTokenUsage {
[INFO] [stdout]    |            ^^^^^^^^^^^^^^
[INFO] [stdout] 
[INFO] [stdout] 
[INFO] [stderr]     Finished `release` profile [optimized] target(s) in 1m 18s
[INFO] running `Command { std: "docker" "inspect" "0d0b863a72576e346a84a7bf91fc65b8a7554b4840035c44f1ff09cbdbea5d7e", kill_on_drop: false }`
[INFO] running `Command { std: "docker" "exec" "-e" "SOURCE_DIR=/opt/rustwide/workdir" "-e" "CARGO_HOME=/opt/rustwide/cargo-home" "-e" "RUSTUP_HOME=/opt/rustwide/rustup-home" "-e" "CARGO_TARGET_DIR=/opt/rustwide/target" "-e" "CARGO_INCREMENTAL=0" "-e" "RUST_BACKTRACE=full" "-e" "RUSTFLAGS=--cap-lints=warn" "-e" "RUSTDOCFLAGS=--cap-lints=warn" "-w" "/opt/rustwide/workdir" "--user" "0:0" "0d0b863a72576e346a84a7bf91fc65b8a7554b4840035c44f1ff09cbdbea5d7e" "/opt/rustwide/cargo-home/bin/cargo" "+1.99.0-beta.8" "test" "--frozen" "--no-run" "--message-format=json" "--release", kill_on_drop: false }`
[INFO] [stderr]    Compiling rustyopenai v0.1.0 (/opt/rustwide/workdir)
[INFO] [stdout] warning: unused import: `response::OpenAIChatResponse`
[INFO] [stdout]  --> src/chat/response/mod.rs:2:9
[INFO] [stdout]   |
[INFO] [stdout] 2 | pub use response::OpenAIChatResponse;
[INFO] [stdout]   |         ^^^^^^^^^^^^^^^^^^^^^^^^^^^^
[INFO] [stdout]   |
[INFO] [stdout]   = note: `#[warn(unused_imports)]` (part of `#[warn(unused)]`) on by default
[INFO] [stdout] 
[INFO] [stdout] 
[INFO] [stdout] warning: struct `OpenAIChatResponse` is never constructed
[INFO] [stdout]  --> src/chat/response/response.rs:4:12
[INFO] [stdout]   |
[INFO] [stdout] 4 | pub struct OpenAIChatResponse {
[INFO] [stdout]   |            ^^^^^^^^^^^^^^^^^^
[INFO] [stdout]   |
[INFO] [stdout]   = note: `#[warn(dead_code)]` (part of `#[warn(unused)]`) on by default
[INFO] [stdout] 
[INFO] [stdout] 
[INFO] [stdout] warning: struct `OpenAIChatResponseChoice` is never constructed
[INFO] [stdout]   --> src/chat/response/response.rs:14:12
[INFO] [stdout]    |
[INFO] [stdout] 14 | pub struct OpenAIChatResponseChoice {
[INFO] [stdout]    |            ^^^^^^^^^^^^^^^^^^^^^^^^
[INFO] [stdout] 
[INFO] [stdout] 
[INFO] [stdout] warning: struct `OpenAIChatResponseMessage` is never constructed
[INFO] [stdout]   --> src/chat/response/response.rs:21:12
[INFO] [stdout]    |
[INFO] [stdout] 21 | pub struct OpenAIChatResponseMessage {
[INFO] [stdout]    |            ^^^^^^^^^^^^^^^^^^^^^^^^^
[INFO] [stdout] 
[INFO] [stdout] 
[INFO] [stdout] warning: struct `ChatTokenUsage` is never constructed
[INFO] [stdout]   --> src/chat/response/response.rs:27:12
[INFO] [stdout]    |
[INFO] [stdout] 27 | pub struct ChatTokenUsage {
[INFO] [stdout]    |            ^^^^^^^^^^^^^^
[INFO] [stdout] 
[INFO] [stdout] 
[INFO] [stdout] warning: unused import: `response::OpenAIChatResponse`
[INFO] [stdout]  --> src/chat/response/mod.rs:2:9
[INFO] [stdout]   |
[INFO] [stdout] 2 | pub use response::OpenAIChatResponse;
[INFO] [stdout]   |         ^^^^^^^^^^^^^^^^^^^^^^^^^^^^
[INFO] [stdout]   |
[INFO] [stdout]   = note: `#[warn(unused_imports)]` (part of `#[warn(unused)]`) on by default
[INFO] [stdout] 
[INFO] [stdout] 
[INFO] [stdout] warning: struct `OpenAIChatResponse` is never constructed
[INFO] [stdout]  --> src/chat/response/response.rs:4:12
[INFO] [stdout]   |
[INFO] [stdout] 4 | pub struct OpenAIChatResponse {
[INFO] [stdout]   |            ^^^^^^^^^^^^^^^^^^
[INFO] [stdout]   |
[INFO] [stdout]   = note: `#[warn(dead_code)]` (part of `#[warn(unused)]`) on by default
[INFO] [stdout] 
[INFO] [stdout] 
[INFO] [stdout] warning: struct `OpenAIChatResponseChoice` is never constructed
[INFO] [stdout]   --> src/chat/response/response.rs:14:12
[INFO] [stdout]    |
[INFO] [stdout] 14 | pub struct OpenAIChatResponseChoice {
[INFO] [stdout]    |            ^^^^^^^^^^^^^^^^^^^^^^^^
[INFO] [stdout] 
[INFO] [stdout] 
[INFO] [stdout] warning: struct `OpenAIChatResponseMessage` is never constructed
[INFO] [stdout]   --> src/chat/response/response.rs:21:12
[INFO] [stdout]    |
[INFO] [stdout] 21 | pub struct OpenAIChatResponseMessage {
[INFO] [stdout]    |            ^^^^^^^^^^^^^^^^^^^^^^^^^
[INFO] [stdout] 
[INFO] [stdout] 
[INFO] [stdout] warning: struct `ChatTokenUsage` is never constructed
[INFO] [stdout]   --> src/chat/response/response.rs:27:12
[INFO] [stdout]    |
[INFO] [stdout] 27 | pub struct ChatTokenUsage {
[INFO] [stdout]    |            ^^^^^^^^^^^^^^
[INFO] [stdout] 
[INFO] [stdout] 
[INFO] [stderr]     Finished `release` profile [optimized] target(s) in 3.57s
[INFO] running `Command { std: "docker" "inspect" "0d0b863a72576e346a84a7bf91fc65b8a7554b4840035c44f1ff09cbdbea5d7e", kill_on_drop: false }`
[INFO] running `Command { std: "docker" "exec" "-e" "SOURCE_DIR=/opt/rustwide/workdir" "-e" "CARGO_HOME=/opt/rustwide/cargo-home" "-e" "RUSTUP_HOME=/opt/rustwide/rustup-home" "-e" "CARGO_TARGET_DIR=/opt/rustwide/target" "-e" "CARGO_INCREMENTAL=0" "-e" "RUST_BACKTRACE=full" "-e" "RUSTFLAGS=--cap-lints=warn" "-e" "RUSTDOCFLAGS=--cap-lints=warn" "-w" "/opt/rustwide/workdir" "--user" "0:0" "0d0b863a72576e346a84a7bf91fc65b8a7554b4840035c44f1ff09cbdbea5d7e" "/opt/rustwide/cargo-home/bin/cargo" "+1.99.0-beta.8" "test" "--frozen" "--release", kill_on_drop: false }`
[INFO] [stderr] warning: unused import: `response::OpenAIChatResponse`
[INFO] [stderr]  --> src/chat/response/mod.rs:2:9
[INFO] [stderr]   |
[INFO] [stderr] 2 | pub use response::OpenAIChatResponse;
[INFO] [stderr]   |         ^^^^^^^^^^^^^^^^^^^^^^^^^^^^
[INFO] [stderr]   |
[INFO] [stderr]   = note: `#[warn(unused_imports)]` (part of `#[warn(unused)]`) on by default
[INFO] [stderr] 
[INFO] [stderr] warning: struct `OpenAIChatResponse` is never constructed
[INFO] [stderr]  --> src/chat/response/response.rs:4:12
[INFO] [stderr]   |
[INFO] [stderr] 4 | pub struct OpenAIChatResponse {
[INFO] [stderr]   |            ^^^^^^^^^^^^^^^^^^
[INFO] [stderr]   |
[INFO] [stderr]   = note: `#[warn(dead_code)]` (part of `#[warn(unused)]`) on by default
[INFO] [stderr] 
[INFO] [stderr] warning: struct `OpenAIChatResponseChoice` is never constructed
[INFO] [stderr]   --> src/chat/response/response.rs:14:12
[INFO] [stderr]    |
[INFO] [stderr] 14 | pub struct OpenAIChatResponseChoice {
[INFO] [stderr]    |            ^^^^^^^^^^^^^^^^^^^^^^^^
[INFO] [stderr] 
[INFO] [stderr] warning: struct `OpenAIChatResponseMessage` is never constructed
[INFO] [stderr]   --> src/chat/response/response.rs:21:12
[INFO] [stderr]    |
[INFO] [stderr] 21 | pub struct OpenAIChatResponseMessage {
[INFO] [stderr]    |            ^^^^^^^^^^^^^^^^^^^^^^^^^
[INFO] [stderr] 
[INFO] [stderr] warning: struct `ChatTokenUsage` is never constructed
[INFO] [stderr]   --> src/chat/response/response.rs:27:12
[INFO] [stderr]    |
[INFO] [stderr] 27 | pub struct ChatTokenUsage {
[INFO] [stderr]    |            ^^^^^^^^^^^^^^
[INFO] [stderr] 
[INFO] [stderr] warning: `rustyopenai` (lib) generated 5 warnings (run `cargo fix --lib -p rustyopenai` to apply 1 suggestion)
[INFO] [stderr] warning: `rustyopenai` (lib test) generated 5 warnings (5 duplicates)
[INFO] [stderr]     Finished `release` profile [optimized] target(s) in 0.14s
[INFO] [stderr]      Running unittests src/lib.rs (/opt/rustwide/target/release/deps/rustyopenai-27a3cf76326df7e1)
[INFO] [stdout] 
[INFO] [stdout] running 2 tests
[INFO] [stdout] test chat::api_call::tests::test_get_complete_chat_response ... FAILED
[INFO] [stderr] [2026-10-18T16:14:30Z INFO  rustyopenai::client] Loading dotenv
[INFO] [stdout] test chat::api_call::tests::test_get_streamed_chat_response ... FAILED
[INFO] [stderr] [2026-10-18T16:14:30Z WARN  rustyopenai::client] Failed to load dotenv
[INFO] [stdout] 
[INFO] [stderr] error: test failed, to rerun pass `--lib`
[INFO] [stdout] failures:
[INFO] [stdout] 
[INFO] [stdout] ---- chat::api_call::tests::test_get_complete_chat_response stdout ----
[INFO] [stdout] Error: API key not found
[INFO] [stdout] 
[INFO] [stdout] ---- chat::api_call::tests::test_get_streamed_chat_response stdout ----
[INFO] [stdout] Error: API key not found
[INFO] [stdout] 
[INFO] [stdout] 
[INFO] [stdout] failures:
[INFO] [stdout]     chat::api_call::tests::test_get_complete_chat_response
[INFO] [stdout]     chat::api_call::tests::test_get_streamed_chat_response
[INFO] [stdout] 
[INFO] [stdout] test result: FAILED. 0 passed; 2 failed; 0 ignored; 0 measured; 0 filtered out; finished in 0.00s
[INFO] [stdout] 
[INFO] running `Command { std: "docker" "inspect" "0d0b863a72576e346a84a7bf91fc65b8a7554b4840035c44f1ff09cbdbea5d7e", kill_on_drop: false }`
[INFO] running `Command { std: "docker" "rm" "-f" "0d0b863a72576e346a84a7bf91fc65b8a7554b4840035c44f1ff09cbdbea5d7e", kill_on_drop: false }`
[INFO] [stdout] 0d0b863a72576e346a84a7bf91fc65b8a7554b4840035c44f1ff09cbdbea5d7e
