[INFO] fetching crate rustynetics 0.1.4...
[INFO] testing rustynetics-0.1.4 against 1.99.0-beta.8+cargoflags=--release for beta-release-1.100-2
[INFO] extracting crate rustynetics 0.1.4 into /workspace/builds/worker-1-tc1/source
[INFO] started tweaking crates.io crate rustynetics 0.1.4
[INFO] removed 0 missing tests
[INFO] finished tweaking crates.io crate rustynetics 0.1.4
[INFO] tweaked toml for crates.io crate rustynetics 0.1.4 written to /workspace/builds/worker-1-tc1/source/Cargo.toml
[INFO] validating manifest of crates.io crate rustynetics 0.1.4 on toolchain 1.99.0-beta.8
[INFO] running `Command { std: CARGO_HOME="/workspace/cargo-home" RUSTUP_HOME="/workspace/rustup-home" "/workspace/cargo-home/bin/cargo" "+1.99.0-beta.8" "metadata" "--manifest-path" "Cargo.toml" "--no-deps", kill_on_drop: false }`
[INFO] crate crates.io crate rustynetics 0.1.4 already has a lockfile, it will not be regenerated
[INFO] running `Command { std: CARGO_HOME="/workspace/cargo-home" RUSTUP_HOME="/workspace/rustup-home" "/workspace/cargo-home/bin/cargo" "+1.99.0-beta.8" "fetch" "--manifest-path" "Cargo.toml", kill_on_drop: false }`
[INFO] [stderr]     Updating crates.io index
[INFO] [stderr]  Downloading crates ...
[INFO] [stderr]   Downloaded openssl-sys v0.9.112
[INFO] [stderr]   Downloaded mysql v25.0.1
[INFO] [stderr]   Downloaded subprocess v0.2.15
[INFO] [stderr]   Downloaded mysql_common v0.32.4
[INFO] [stderr]   Downloaded openssl v0.10.76
[INFO] [stderr]   Downloaded libz-sys v1.1.25
[INFO] [stderr]   Downloaded borsh-derive v1.6.1
[INFO] [stderr]   Downloaded toml_datetime v1.0.1+spec-1.1.0
[INFO] [stderr]   Downloaded toml_edit v0.25.5+spec-1.1.0
[INFO] [stderr]   Downloaded winnow v1.0.0
[INFO] [stderr]   Downloaded toml_parser v1.0.10+spec-1.1.0
[INFO] [stderr]   Downloaded mysql-common-derive v0.31.2
[INFO] [stderr]   Downloaded btoi v0.4.3
[INFO] [stderr]   Downloaded list_comprehension_macro v0.1.1
[INFO] running `Command { std: "docker" "create" "-v" "/var/lib/crater-agent-workspace/builds/worker-1-tc1/source:/opt/rustwide/workdir:ro,Z" "-v" "/var/lib/crater-agent-workspace/builds/worker-1-tc1/target:/opt/rustwide/target:rw,Z" "-v" "/var/lib/crater-agent-workspace/cargo-home:/opt/rustwide/cargo-home:ro,Z" "-v" "/var/lib/crater-agent-workspace/rustup-home:/opt/rustwide/rustup-home:ro,Z" "-m" "1610612736" "--network" "none" "ghcr.io/rust-lang/crates-build-env/linux@sha256:77db811e55d90add9212f6832c23229e3de5f1c1f9905e8cb07319ea15df73ac" "sleep" "infinity", kill_on_drop: false }`
[INFO] [stdout] 7771fe6258f1cebf2a7701fc0c8a69824d344e3d012ffbc480fecfb31b0824d4
[INFO] running `Command { std: "docker" "start" "7771fe6258f1cebf2a7701fc0c8a69824d344e3d012ffbc480fecfb31b0824d4", kill_on_drop: false }`
[INFO] running `Command { std: "docker" "inspect" "7771fe6258f1cebf2a7701fc0c8a69824d344e3d012ffbc480fecfb31b0824d4", kill_on_drop: false }`
[INFO] running `Command { std: "docker" "exec" "-e" "SOURCE_DIR=/opt/rustwide/workdir" "-e" "CARGO_HOME=/opt/rustwide/cargo-home" "-e" "RUSTUP_HOME=/opt/rustwide/rustup-home" "-e" "CARGO_TARGET_DIR=/opt/rustwide/target" "-w" "/opt/rustwide/workdir" "--user" "0:0" "7771fe6258f1cebf2a7701fc0c8a69824d344e3d012ffbc480fecfb31b0824d4" "/opt/rustwide/cargo-home/bin/cargo" "+1.99.0-beta.8" "metadata" "--no-deps" "--format-version=1", kill_on_drop: false }`
[INFO] running `Command { std: "docker" "inspect" "7771fe6258f1cebf2a7701fc0c8a69824d344e3d012ffbc480fecfb31b0824d4", kill_on_drop: false }`
[INFO] running `Command { std: "docker" "exec" "-e" "SOURCE_DIR=/opt/rustwide/workdir" "-e" "CARGO_HOME=/opt/rustwide/cargo-home" "-e" "RUSTUP_HOME=/opt/rustwide/rustup-home" "-e" "CARGO_TARGET_DIR=/opt/rustwide/target" "-e" "CARGO_INCREMENTAL=0" "-e" "RUST_BACKTRACE=full" "-e" "RUSTFLAGS=--cap-lints=warn" "-e" "RUSTDOCFLAGS=--cap-lints=warn" "-w" "/opt/rustwide/workdir" "--user" "0:0" "7771fe6258f1cebf2a7701fc0c8a69824d344e3d012ffbc480fecfb31b0824d4" "/opt/rustwide/cargo-home/bin/cargo" "+1.99.0-beta.8" "build" "--frozen" "--message-format=json" "--release", kill_on_drop: false }`
[INFO] [stderr]    Compiling libc v0.2.183
[INFO] [stderr]    Compiling zerofrom-derive v0.1.6
[INFO] [stderr]    Compiling yoke-derive v0.8.1
[INFO] [stderr]    Compiling zerovec-derive v0.11.2
[INFO] [stderr]    Compiling socket2 v0.6.3
[INFO] [stderr]    Compiling mio v1.1.1
[INFO] [stderr]    Compiling smallvec v1.15.1
[INFO] [stderr]    Compiling simd-adler32 v0.3.8
[INFO] [stderr]    Compiling miniz_oxide v0.8.9
[INFO] [stderr]    Compiling num-traits v0.2.19
[INFO] [stderr]    Compiling regex-syntax v0.8.10
[INFO] [stderr]    Compiling tokio v1.50.0
[INFO] [stderr]    Compiling openssl v0.10.76
[INFO] [stderr]    Compiling jobserver v0.1.34
[INFO] [stderr]    Compiling getrandom v0.2.17
[INFO] [stderr]    Compiling zerofrom v0.1.6
[INFO] [stderr]    Compiling openssl-macros v0.1.1
[INFO] [stderr]    Compiling cc v1.2.57
[INFO] [stderr]    Compiling yoke v0.8.1
[INFO] [stderr]    Compiling frunk_core v0.4.4
[INFO] [stderr]    Compiling winnow v1.0.0
[INFO] [stderr]    Compiling zerovec v0.11.5
[INFO] [stderr]    Compiling zerotrie v0.2.3
[INFO] [stderr]    Compiling bindgen v0.72.1
[INFO] [stderr]    Compiling regex-automata v0.4.14
[INFO] [stderr]    Compiling darling_core v0.20.11
[INFO] [stderr]    Compiling tinystr v0.8.2
[INFO] [stderr]    Compiling icu_locale_core v2.1.1
[INFO] [stderr]    Compiling potential_utf v0.1.4
[INFO] [stderr]    Compiling toml_parser v1.0.10+spec-1.1.0
[INFO] [stderr]    Compiling icu_collections v2.1.1
[INFO] [stderr]    Compiling openssl-sys v0.9.112
[INFO] [stderr]    Compiling libz-sys v1.1.25
[INFO] [stderr]    Compiling zstd-sys v2.0.16+zstd.1.5.7
[INFO] [stderr]    Compiling icu_provider v2.1.1
[INFO] [stderr]    Compiling flate2 v1.1.9
[INFO] [stderr]    Compiling regex v1.12.3
[INFO] [stderr]    Compiling icu_properties v2.1.2
[INFO] [stderr]    Compiling icu_normalizer v2.1.1
[INFO] [stderr]    Compiling frunk_proc_macro_helpers v0.1.4
[INFO] [stderr]    Compiling native-tls v0.2.18
[INFO] [stderr]    Compiling freetype-sys v0.20.1
[INFO] [stderr]    Compiling rand_core v0.6.4
[INFO] [stderr]    Compiling pathfinder_simd v0.5.5
[INFO] [stderr]    Compiling clang-sys v1.8.1
[INFO] [stderr]    Compiling yeslogic-fontconfig-sys v6.0.0
[INFO] [stderr]    Compiling thiserror-impl v1.0.69
[INFO] [stderr]    Compiling toml_datetime v1.0.1+spec-1.1.0
[INFO] [stderr]    Compiling toml_edit v0.25.5+spec-1.1.0
[INFO] [stderr]    Compiling idna_adapter v1.2.1
[INFO] [stderr]    Compiling num-integer v0.1.46
[INFO] [stderr]    Compiling tokio-util v0.7.18
[INFO] [stderr]    Compiling digest v0.10.7
[INFO] [stderr]    Compiling darling_macro v0.20.11
[INFO] [stderr]    Compiling rand_chacha v0.3.1
[INFO] [stderr]    Compiling cmake v0.1.57
[INFO] [stderr]    Compiling h2 v0.4.13
[INFO] [stderr]    Compiling subprocess v0.2.15
[INFO] [stderr]    Compiling thiserror v1.0.69
[INFO] [stderr]    Compiling fdeflate v0.3.7
[INFO] [stderr]    Compiling bigdecimal v0.4.10
[INFO] [stderr]    Compiling proc-macro-error-attr2 v2.0.0
[INFO] [stderr]    Compiling rust_decimal v1.40.0
[INFO] [stderr]    Compiling dirs-sys v0.5.0
[INFO] [stderr]    Compiling png v0.17.16
[INFO] [stderr]    Compiling idna v1.1.0
[INFO] [stderr]    Compiling proc-macro-error2 v2.0.1
[INFO] [stderr]    Compiling dlib v0.5.3
[INFO] [stderr]    Compiling rand v0.8.5
[INFO] [stderr]    Compiling darling v0.20.11
[INFO] [stderr]    Compiling proc-macro-crate v3.5.0
[INFO] [stderr]    Compiling hyper v1.8.1
[INFO] [stderr]    Compiling num-bigint v0.4.6
[INFO] [stderr]    Compiling frunk_derives v0.4.4
[INFO] [stderr]    Compiling frunk_proc_macros v0.1.4
[INFO] [stderr]    Compiling font-kit v0.14.3
[INFO] [stderr]    Compiling weezl v0.1.12
[INFO] [stderr]    Compiling jpeg-decoder v0.3.2
[INFO] [stderr]    Compiling bytemuck v1.25.0
[INFO] [stderr]    Compiling arrayvec v0.7.6
[INFO] [stderr]    Compiling image v0.24.9
[INFO] [stderr]    Compiling mysql_common v0.32.4
[INFO] [stderr]    Compiling frunk v0.4.4
[INFO] [stderr]    Compiling mysql-common-derive v0.31.2
[INFO] [stderr]    Compiling time v0.3.47
[INFO] [stderr]    Compiling hyper-util v0.1.20
[INFO] [stderr]    Compiling gif v0.12.0
[INFO] [stderr]    Compiling tower v0.5.3
[INFO] [stderr]    Compiling crossbeam-deque v0.8.6
[INFO] [stderr]    Compiling serde_json v1.0.149
[INFO] [stderr]    Compiling pathfinder_geometry v0.5.1
[INFO] [stderr]    Compiling url v2.5.8
[INFO] [stderr]    Compiling tokio-native-tls v0.3.1
[INFO] [stderr]    Compiling dirs v6.0.0
[INFO] [stderr]    Compiling sha1 v0.10.6
[INFO] [stderr]    Compiling sha2 v0.10.9
[INFO] [stderr]    Compiling crossbeam-queue v0.3.12
[INFO] [stderr]    Compiling crossbeam-channel v0.5.15
[INFO] [stderr]    Compiling btoi v0.4.3
[INFO] [stderr]    Compiling derive_utils v0.15.1
[INFO] [stderr]    Compiling mysql v25.0.1
[INFO] [stderr]    Compiling uuid v1.22.0
[INFO] [stderr]    Compiling float-ord v0.3.2
[INFO] [stderr]    Compiling saturating v0.1.0
[INFO] [stderr]    Compiling base64 v0.21.7
[INFO] [stderr]    Compiling tower-http v0.6.8
[INFO] [stderr]    Compiling chrono v0.4.44
[INFO] [stderr]    Compiling twox-hash v1.6.3
[INFO] [stderr]    Compiling io-enum v1.2.1
[INFO] [stderr]    Compiling crossbeam v0.8.4
[INFO] [stderr]    Compiling hyper-tls v0.6.0
[INFO] [stderr]    Compiling plotters-bitmap v0.3.7
[INFO] [stderr]    Compiling futures-executor v0.3.32
[INFO] [stderr]    Compiling socket2 v0.5.10
[INFO] [stderr]    Compiling bufstream v0.1.4
[INFO] [stderr]    Compiling ttf-parser v0.20.0
[INFO] [stderr]    Compiling reqwest v0.12.28
[INFO] [stderr]    Compiling futures v0.3.32
[INFO] [stderr]    Compiling num v0.4.3
[INFO] [stderr]    Compiling clap v4.6.0
[INFO] [stderr]    Compiling quick-xml v0.38.4
[INFO] [stderr]    Compiling approx v0.5.1
[INFO] [stderr]    Compiling list_comprehension_macro v0.1.1
[INFO] [stderr]    Compiling plotters v0.3.7
[INFO] [stderr]    Compiling zstd-safe v7.2.4
[INFO] [stderr]    Compiling zstd v0.13.3
[INFO] [stderr]    Compiling rustynetics v0.1.4 (/opt/rustwide/workdir)
[INFO] [stdout] warning: use of deprecated constant `std::f64::INFINITY`: replaced by the `INFINITY` associated constant on `f64`
[INFO] [stdout]    --> src/bbi.rs:177:23
[INFO] [stdout]     |
[INFO] [stdout] 177 |             min: f64::INFINITY,
[INFO] [stdout]     |                       ^^^^^^^^
[INFO] [stdout]     |
[INFO] [stdout]     = note: `#[warn(deprecated)]` on by default
[INFO] [stdout] 
[INFO] [stdout] 
[INFO] [stdout] warning: use of deprecated constant `std::f64::NEG_INFINITY`: replaced by the `NEG_INFINITY` associated constant on `f64`
[INFO] [stdout]    --> src/bbi.rs:178:23
[INFO] [stdout]     |
[INFO] [stdout] 178 |             max: f64::NEG_INFINITY,
[INFO] [stdout]     |                       ^^^^^^^^^^^^
[INFO] [stdout] 
[INFO] [stdout] 
[INFO] [stdout] warning: use of deprecated constant `std::f32::NAN`: replaced by the `NAN` associated constant on `f32`
[INFO] [stdout]    --> src/bbi.rs:919:31
[INFO] [stdout]     |
[INFO] [stdout] 919 |             record.min = f32::NAN;
[INFO] [stdout]     |                               ^^^
[INFO] [stdout] 
[INFO] [stdout] 
[INFO] [stdout] warning: use of deprecated constant `std::f32::NAN`: replaced by the `NAN` associated constant on `f32`
[INFO] [stdout]    --> src/bbi.rs:920:31
[INFO] [stdout]     |
[INFO] [stdout] 920 |             record.max = f32::NAN;
[INFO] [stdout]     |                               ^^^
[INFO] [stdout] 
[INFO] [stdout] 
[INFO] [stdout] warning: use of deprecated constant `std::f64::NAN`: replaced by the `NAN` associated constant on `f64`
[INFO] [stdout]     --> src/bbi.rs:1366:27
[INFO] [stdout]      |
[INFO] [stdout] 1366 |             min_val: f64::NAN,
[INFO] [stdout]      |                           ^^^
[INFO] [stdout] 
[INFO] [stdout] 
[INFO] [stdout] warning: use of deprecated constant `std::f64::NAN`: replaced by the `NAN` associated constant on `f64`
[INFO] [stdout]     --> src/bbi.rs:1367:27
[INFO] [stdout]      |
[INFO] [stdout] 1367 |             max_val: f64::NAN,
[INFO] [stdout]      |                           ^^^
[INFO] [stdout] 
[INFO] [stdout] 
[INFO] [stderr]     Finished `release` profile [optimized] target(s) in 6m 39s
[INFO] [stderr] warning: the following packages contain code that will be rejected by a future version of Rust: proc-macro-error2 v2.0.1
[INFO] [stderr] note: to see what the problems were, use the option `--future-incompat-report`, or run `cargo report future-incompatibilities --id 2`
[INFO] running `Command { std: "docker" "inspect" "7771fe6258f1cebf2a7701fc0c8a69824d344e3d012ffbc480fecfb31b0824d4", kill_on_drop: false }`
[INFO] running `Command { std: "docker" "exec" "-e" "SOURCE_DIR=/opt/rustwide/workdir" "-e" "CARGO_HOME=/opt/rustwide/cargo-home" "-e" "RUSTUP_HOME=/opt/rustwide/rustup-home" "-e" "CARGO_TARGET_DIR=/opt/rustwide/target" "-e" "CARGO_INCREMENTAL=0" "-e" "RUST_BACKTRACE=full" "-e" "RUSTFLAGS=--cap-lints=warn" "-e" "RUSTDOCFLAGS=--cap-lints=warn" "-w" "/opt/rustwide/workdir" "--user" "0:0" "7771fe6258f1cebf2a7701fc0c8a69824d344e3d012ffbc480fecfb31b0824d4" "/opt/rustwide/cargo-home/bin/cargo" "+1.99.0-beta.8" "test" "--frozen" "--no-run" "--message-format=json" "--release", kill_on_drop: false }`
[INFO] [stdout] warning: use of deprecated constant `std::f64::INFINITY`: replaced by the `INFINITY` associated constant on `f64`
[INFO] [stdout]    --> src/bbi.rs:177:23
[INFO] [stdout]     |
[INFO] [stdout] 177 |             min: f64::INFINITY,
[INFO] [stdout]     |                       ^^^^^^^^
[INFO] [stdout]     |
[INFO] [stdout]     = note: `#[warn(deprecated)]` on by default
[INFO] [stdout] 
[INFO] [stdout] 
[INFO] [stdout] warning: use of deprecated constant `std::f64::NEG_INFINITY`: replaced by the `NEG_INFINITY` associated constant on `f64`
[INFO] [stdout]    --> src/bbi.rs:178:23
[INFO] [stdout]     |
[INFO] [stdout] 178 |             max: f64::NEG_INFINITY,
[INFO] [stdout]     |                       ^^^^^^^^^^^^
[INFO] [stdout] 
[INFO] [stdout] 
[INFO] [stderr]    Compiling rustynetics v0.1.4 (/opt/rustwide/workdir)
[INFO] [stdout] warning: use of deprecated constant `std::f32::NAN`: replaced by the `NAN` associated constant on `f32`
[INFO] [stdout]    --> src/bbi.rs:919:31
[INFO] [stdout]     |
[INFO] [stdout] 919 |             record.min = f32::NAN;
[INFO] [stdout]     |                               ^^^
[INFO] [stdout] 
[INFO] [stdout] 
[INFO] [stdout] warning: use of deprecated constant `std::f32::NAN`: replaced by the `NAN` associated constant on `f32`
[INFO] [stdout]    --> src/bbi.rs:920:31
[INFO] [stdout]     |
[INFO] [stdout] 920 |             record.max = f32::NAN;
[INFO] [stdout]     |                               ^^^
[INFO] [stdout] 
[INFO] [stdout] 
[INFO] [stdout] warning: use of deprecated constant `std::f64::NAN`: replaced by the `NAN` associated constant on `f64`
[INFO] [stdout]     --> src/bbi.rs:1366:27
[INFO] [stdout]      |
[INFO] [stdout] 1366 |             min_val: f64::NAN,
[INFO] [stdout]      |                           ^^^
[INFO] [stdout] 
[INFO] [stdout] 
[INFO] [stdout] warning: use of deprecated constant `std::f64::NAN`: replaced by the `NAN` associated constant on `f64`
[INFO] [stdout]     --> src/bbi.rs:1367:27
[INFO] [stdout]      |
[INFO] [stdout] 1367 |             max_val: f64::NAN,
[INFO] [stdout]      |                           ^^^
[INFO] [stdout] 
[INFO] [stdout] 
[INFO] [stdout] warning: use of deprecated constant `std::f64::INFINITY`: replaced by the `INFINITY` associated constant on `f64`
[INFO] [stdout]    --> src/bbi.rs:177:23
[INFO] [stdout]     |
[INFO] [stdout] 177 |             min: f64::INFINITY,
[INFO] [stdout]     |                       ^^^^^^^^
[INFO] [stdout]     |
[INFO] [stdout]     = note: `#[warn(deprecated)]` on by default
[INFO] [stdout] 
[INFO] [stdout] 
[INFO] [stdout] warning: use of deprecated constant `std::f64::NEG_INFINITY`: replaced by the `NEG_INFINITY` associated constant on `f64`
[INFO] [stdout]    --> src/bbi.rs:178:23
[INFO] [stdout]     |
[INFO] [stdout] 178 |             max: f64::NEG_INFINITY,
[INFO] [stdout]     |                       ^^^^^^^^^^^^
[INFO] [stdout] 
[INFO] [stdout] 
[INFO] [stdout] warning: use of deprecated constant `std::f32::NAN`: replaced by the `NAN` associated constant on `f32`
[INFO] [stdout]    --> src/bbi.rs:919:31
[INFO] [stdout]     |
[INFO] [stdout] 919 |             record.min = f32::NAN;
[INFO] [stdout]     |                               ^^^
[INFO] [stdout] 
[INFO] [stdout] 
[INFO] [stdout] warning: use of deprecated constant `std::f32::NAN`: replaced by the `NAN` associated constant on `f32`
[INFO] [stdout]    --> src/bbi.rs:920:31
[INFO] [stdout]     |
[INFO] [stdout] 920 |             record.max = f32::NAN;
[INFO] [stdout]     |                               ^^^
[INFO] [stdout] 
[INFO] [stdout] 
[INFO] [stdout] warning: use of deprecated constant `std::f64::NAN`: replaced by the `NAN` associated constant on `f64`
[INFO] [stdout]     --> src/bbi.rs:1366:27
[INFO] [stdout]      |
[INFO] [stdout] 1366 |             min_val: f64::NAN,
[INFO] [stdout]      |                           ^^^
[INFO] [stdout] 
[INFO] [stdout] 
[INFO] [stdout] warning: use of deprecated constant `std::f64::NAN`: replaced by the `NAN` associated constant on `f64`
[INFO] [stdout]     --> src/bbi.rs:1367:27
[INFO] [stdout]      |
[INFO] [stdout] 1367 |             max_val: f64::NAN,
[INFO] [stdout]      |                           ^^^
[INFO] [stdout] 
[INFO] [stdout] 
[INFO] [stderr]     Finished `release` profile [optimized] target(s) in 46.46s
[INFO] [stderr] warning: the following packages contain code that will be rejected by a future version of Rust: proc-macro-error2 v2.0.1
[INFO] [stderr] note: to see what the problems were, use the option `--future-incompat-report`, or run `cargo report future-incompatibilities --id 2`
[INFO] running `Command { std: "docker" "inspect" "7771fe6258f1cebf2a7701fc0c8a69824d344e3d012ffbc480fecfb31b0824d4", kill_on_drop: false }`
[INFO] running `Command { std: "docker" "exec" "-e" "SOURCE_DIR=/opt/rustwide/workdir" "-e" "CARGO_HOME=/opt/rustwide/cargo-home" "-e" "RUSTUP_HOME=/opt/rustwide/rustup-home" "-e" "CARGO_TARGET_DIR=/opt/rustwide/target" "-e" "CARGO_INCREMENTAL=0" "-e" "RUST_BACKTRACE=full" "-e" "RUSTFLAGS=--cap-lints=warn" "-e" "RUSTDOCFLAGS=--cap-lints=warn" "-w" "/opt/rustwide/workdir" "--user" "0:0" "7771fe6258f1cebf2a7701fc0c8a69824d344e3d012ffbc480fecfb31b0824d4" "/opt/rustwide/cargo-home/bin/cargo" "+1.99.0-beta.8" "test" "--frozen" "--release", kill_on_drop: false }`
[INFO] [stderr] warning: use of deprecated constant `std::f64::INFINITY`: replaced by the `INFINITY` associated constant on `f64`
[INFO] [stderr]    --> src/bbi.rs:177:23
[INFO] [stderr]     |
[INFO] [stderr] 177 |             min: f64::INFINITY,
[INFO] [stderr]     |                       ^^^^^^^^
[INFO] [stderr]     |
[INFO] [stderr]     = note: `#[warn(deprecated)]` on by default
[INFO] [stderr] 
[INFO] [stderr] warning: use of deprecated constant `std::f64::NEG_INFINITY`: replaced by the `NEG_INFINITY` associated constant on `f64`
[INFO] [stderr]    --> src/bbi.rs:178:23
[INFO] [stderr]     |
[INFO] [stderr] 178 |             max: f64::NEG_INFINITY,
[INFO] [stderr]     |                       ^^^^^^^^^^^^
[INFO] [stderr] 
[INFO] [stderr] warning: use of deprecated constant `std::f32::NAN`: replaced by the `NAN` associated constant on `f32`
[INFO] [stderr]    --> src/bbi.rs:919:31
[INFO] [stderr]     |
[INFO] [stderr] 919 |             record.min = f32::NAN;
[INFO] [stderr]     |                               ^^^
[INFO] [stderr] 
[INFO] [stderr] warning: use of deprecated constant `std::f32::NAN`: replaced by the `NAN` associated constant on `f32`
[INFO] [stderr]    --> src/bbi.rs:920:31
[INFO] [stderr]     |
[INFO] [stderr] 920 |             record.max = f32::NAN;
[INFO] [stderr]     |                               ^^^
[INFO] [stderr] 
[INFO] [stderr] warning: use of deprecated constant `std::f64::NAN`: replaced by the `NAN` associated constant on `f64`
[INFO] [stderr]     --> src/bbi.rs:1366:27
[INFO] [stderr]      |
[INFO] [stderr] 1366 |             min_val: f64::NAN,
[INFO] [stderr]      |                           ^^^
[INFO] [stderr] 
[INFO] [stderr] warning: use of deprecated constant `std::f64::NAN`: replaced by the `NAN` associated constant on `f64`
[INFO] [stderr]     --> src/bbi.rs:1367:27
[INFO] [stderr]      |
[INFO] [stderr] 1367 |             max_val: f64::NAN,
[INFO] [stderr]      |                           ^^^
[INFO] [stderr] 
[INFO] [stderr] warning: `rustynetics` (lib) generated 6 warnings
[INFO] [stderr] warning: `rustynetics` (lib test) generated 6 warnings (6 duplicates)
[INFO] [stderr]     Finished `release` profile [optimized] target(s) in 0.37s
[INFO] [stderr] warning: the following packages contain code that will be rejected by a future version of Rust: proc-macro-error2 v2.0.1
[INFO] [stderr] note: to see what the problems were, use the option `--future-incompat-report`, or run `cargo report future-incompatibilities --id 2`
[INFO] [stderr]      Running unittests src/lib.rs (/opt/rustwide/target/release/deps/rustynetics-b3ab61bda3de2400)
[INFO] [stdout] 
[INFO] [stdout] running 61 tests
[INFO] [stdout] test bgzf::tests::test_bgzf_netfile ... ok
[INFO] [stdout] test bigwig::tests::test_bigwig_1 ... ok
[INFO] [stdout] test bigwig_map_plugin::tests::input_exposes_seqname_and_values ... ok
[INFO] [stdout] test bam::tests::test_bam_genome ... ok
[INFO] [stdout] test bgzf::tests::test_bgzf ... ok
[INFO] [stdout] test genes_expr::tests::read_cufflinks_fpkm_tracking_rejects_invalid_header ... ok
[INFO] [stdout] test fastq::tests::bam_missing_quality_can_be_filled ... ok
[INFO] [stdout] test genes_table::tests::genes_write_table_includes_core_columns_and_extra_meta ... ok
[INFO] [stdout] test fastq::tests::fastq_writer_roundtrips_record ... ok
[INFO] [stdout] test genes_expr::tests::read_cufflinks_fpkm_tracking_imports_ok_rows ... ok
[INFO] [stdout] test genes_expr::tests::read_gtf_expr_sums_expression_by_gene ... ok
[INFO] [stdout] test granges_bedgraph::tests::granges_bedgraph_roundtrip ... ok
[INFO] [stdout] test fastq::tests::fastq_reader_reads_single_record ... ok
[INFO] [stdout] test genes_expr::tests::read_gtf_expr_replaces_existing_expr_column ... ok
[INFO] [stdout] test granges_cpg::tests::observed_over_expected_cpg_scores_each_range ... ok
[INFO] [stdout] test granges_cpg::tests::read_cpg_islands_table_roundtrips_expected_columns ... ok
[INFO] [stdout] test granges_find_overlaps::tests::test_overlaps ... ok
[INFO] [stdout] test granges_find_overlaps::tests::test_overlaps_list ... ok
[INFO] [stdout] test granges_merge::tests::test_merge ... ok
[INFO] [stdout] test granges_table::tests::read_table_all_preserves_textual_columns ... ok
[INFO] [stdout] test kmer::tests::kmer_does_not_match_when_ambiguity_is_insufficient ... ok
[INFO] [stdout] test kmer::tests::kmer_matches_longer_kmer_with_ambiguity ... ok
[INFO] [stdout] test granges_gtf::tests::test_granges_gtf ... FAILED
[INFO] [stdout] test kmer_catalogue::tests::catalogue_lookup_by_reverse_sequence_matches_class ... ok
[INFO] [stdout] test granges_find_nearest::tests::test_nearest ... ok
[INFO] [stdout] test kmer_catalogue::tests::catalogue_matches_revcomp_equivalence_class ... ok
[INFO] [stdout] test kmer_catalogue::tests::catalogue_reverse_lookup_matches_forward_lookup ... ok
[INFO] [stdout] test kmer_catalogue::tests::catalogue_combines_complement_reverse_and_revcomp ... ok
[INFO] [stdout] test fastq::tests::bam_reverse_strand_converts_to_original_fastq_orientation ... ok
[INFO] [stdout] test kmer_counter::tests::counter_matches_go_reference_output ... ok
[INFO] [stdout] test kmer_iterator::tests::cylinder_iterator_matches_go_order ... ok
[INFO] [stdout] test kmer_iterator::tests::instantiation_iterator_without_partial_matches_go_order ... ok
[INFO] [stdout] test kmer_iterator::tests::instantiation_iterator_with_partial_matches_go_order ... ok
[INFO] [stdout] test meta_row::tests::meta_row_reads_scalar_and_matrix_values ... ok
[INFO] [stdout] test orderedstringset::tests::duplicate_names_error ... ok
[INFO] [stdout] test orderedstringset::tests::read_fasta_preserves_order ... ok
[INFO] [stdout] test peaks::tests::import_xls_matches_go_fixture ... ok
[INFO] [stdout] test progress::tests::format_bytes_binary_units ... ok
[INFO] [stdout] test progress::tests::format_duration_short ... ok
[INFO] [stdout] test kmer_graph::tests::graph_matches_go_reference_relationships ... ok
[INFO] [stdout] test kmer_iterator::tests::base_iterator_respects_ambiguity_limit ... ok
[INFO] [stdout] test peaks::tests::invalid_header_is_rejected ... ok
[INFO] [stdout] test stringset::tests::get_slice_reports_out_of_bounds ... ok
[INFO] [stdout] test promoters::tests::promoters_merge_duplicate_windows_and_metadata ... ok
[INFO] [stdout] test tf::tests::import_matrix_matches_go_fixture ... ok
[INFO] [stdout] test tf::tests::max_score_matches_reverse_complement ... ok
[INFO] [stdout] test tf::tests::revcomp_scores_are_symmetric_for_fixture_motif ... ok
[INFO] [stdout] test stringset::tests::import_fasta_matches_go_fixture_lengths ... ok
[INFO] [stdout] test stringset::tests::scan_finds_case_insensitive_hits ... ok
[INFO] [stdout] test track_bigwig::tests::test_track_bigwig_1 ... FAILED
[INFO] [stdout] test track_segmentation::tests::export_segmentation_uses_custom_state_names_and_rgb_map ... ok
[INFO] [stdout] test track_segmentation::tests::export_segmentation_writes_bed9_track ... ok
[INFO] [stdout] test track_segmentation::tests::import_segmentation_assigns_state_ids_and_default_state ... ok
[INFO] [stdout] test utility_cumdist::tests::test_utility_cumdist_1 ... ok
[INFO] [stdout] test track_simple::tests::test_simple_track_1 ... ok
[INFO] [stdout] test granges_bam::tests::test_granges_bam_read_single_end ... ok
[INFO] [stdout] test granges_bigwig::tests::granges_import_bigwig_reads_values_into_float_matrix ... ok
[INFO] [stdout] test granges_bam::tests::test_granges_bam_read_paired_end ... ok
[INFO] [stdout] test bam::tests::test_bam_read_simple ... ok
[INFO] [stdout] test promoters::tests::promoters_match_go_fixture_count ... ok
[INFO] [stdout] test track_bigwig::tests::lazy_track_file_matches_eager_import ... ok
[INFO] [stdout] 
[INFO] [stdout] failures:
[INFO] [stdout] 
[INFO] [stdout] ---- granges_gtf::tests::test_granges_gtf stdout ----
[INFO] [stdout] 
[INFO] [stdout] thread 'granges_gtf::tests::test_granges_gtf' (4540) panicked at src/granges_gtf.rs:565:9:
[INFO] [stdout] assertion failed: granges.export_gtf("src/granges_gtf.gtf.tmp").is_ok()
[INFO] [stdout] stack backtrace:
[INFO] [stdout]    0:     0x5d055656d061 - <<std[70759c8f55707aa4]::sys::backtrace::BacktraceLock>::print::DisplayBacktrace as core[df12db4294e9bfd3]::fmt::Display>::fmt
[INFO] [stdout]    1:     0x5d0556584d9a - core[df12db4294e9bfd3]::fmt::write
[INFO] [stdout]    2:     0x5d0556571d1c - <alloc[2182bb758b4b3781]::vec::Vec<u8> as core[df12db4294e9bfd3]::io::write::Write>::write_fmt
[INFO] [stdout]    3:     0x5d0556547706 - std[70759c8f55707aa4]::panicking::default_hook::{closure#0}
[INFO] [stdout]    4:     0x5d05565647b9 - std[70759c8f55707aa4]::panicking::default_hook
[INFO] [stdout]    5:     0x5d05562f7400 - test[9d35eded1c95d3be]::test_main_inner::<test[9d35eded1c95d3be]::test_main_static::{closure#0}>::{closure#0}
[INFO] [stdout]    6:     0x5d0556564ae2 - std[70759c8f55707aa4]::panicking::panic_with_hook
[INFO] [stdout]    7:     0x5d05565477e4 - std[70759c8f55707aa4]::panicking::panic_handler::{closure#0}
[INFO] [stdout]    8:     0x5d0556540219 - std[70759c8f55707aa4]::sys::backtrace::__rust_end_short_backtrace::<std[70759c8f55707aa4]::panicking::panic_handler::{closure#0}, !>
[INFO] [stdout]    9:     0x5d055654859d - __rustc[8fa7c3cbc660c2b3]::rust_begin_unwind
[INFO] [stdout]   10:     0x5d055658557c - core[df12db4294e9bfd3]::panicking::panic_fmt
[INFO] [stdout]   11:     0x5d0556585542 - core[df12db4294e9bfd3]::panicking::panic
[INFO] [stdout]   12:     0x5d055627a5d1 - rustynetics[e1c646d289ddbe2]::granges_gtf::tests::test_granges_gtf
[INFO] [stdout]   13:     0x5d055629e409 - <rustynetics[e1c646d289ddbe2]::granges_gtf::tests::test_granges_gtf::{closure#0} as core[df12db4294e9bfd3]::ops::function::FnOnce<()>>::call_once
[INFO] [stdout]   14:     0x5d05562ea6eb - test[9d35eded1c95d3be]::__rust_begin_short_backtrace::<core[df12db4294e9bfd3]::result::Result<(), alloc[2182bb758b4b3781]::string::String>, fn() -> core[df12db4294e9bfd3]::result::Result<(), alloc[2182bb758b4b3781]::string::String>>
[INFO] [stdout]   15:     0x5d05562f7d55 - test[9d35eded1c95d3be]::run_test::{closure#0}
[INFO] [stdout]   16:     0x5d05562f1614 - std[70759c8f55707aa4]::sys::backtrace::__rust_begin_short_backtrace::<test[9d35eded1c95d3be]::run_test::{closure#1}, ()>
[INFO] [stdout]   17:     0x5d05562faeb2 - <std[70759c8f55707aa4]::thread::lifecycle::spawn_unchecked<test[9d35eded1c95d3be]::run_test::{closure#1}, ()>::{closure#1} as core[df12db4294e9bfd3]::ops::function::FnOnce<()>>::call_once::{shim:vtable#0}
[INFO] [stdout]   18:     0x5d055656c029 - <std[70759c8f55707aa4]::sys::thread::unix::Thread>::new::thread_start
[INFO] [stdout]   19:     0x797a970c9dfa - <unknown>
[INFO] [stdout]   20:     0x797a9715d3d4 - clone
[INFO] [stdout]   21:                0x0 - <unknown>
[INFO] [stdout] 
[INFO] [stdout] ---- track_bigwig::tests::test_track_bigwig_1 stdout ----
[INFO] [stdout] Read-only file system (os error 30)
[INFO] [stdout] 
[INFO] [stdout] thread 'track_bigwig::tests::test_track_bigwig_1' (4571) panicked at src/track_bigwig.rs:431:9:
[INFO] [stdout] assertion failed: result.is_ok()
[INFO] [stdout] stack backtrace:
[INFO] [stdout]    0:     0x5d055656d061 - <<std[70759c8f55707aa4]::sys::backtrace::BacktraceLock>::print::DisplayBacktrace as core[df12db4294e9bfd3]::fmt::Display>::fmt
[INFO] [stdout]    1:     0x5d0556584d9a - core[df12db4294e9bfd3]::fmt::write
[INFO] [stdout]    2:     0x5d0556571d1c - <alloc[2182bb758b4b3781]::vec::Vec<u8> as core[df12db4294e9bfd3]::io::write::Write>::write_fmt
[INFO] [stdout]    3:     0x5d0556547706 - std[70759c8f55707aa4]::panicking::default_hook::{closure#0}
[INFO] [stdout]    4:     0x5d05565647b9 - std[70759c8f55707aa4]::panicking::default_hook
[INFO] [stdout]    5:     0x5d05562f7400 - test[9d35eded1c95d3be]::test_main_inner::<test[9d35eded1c95d3be]::test_main_static::{closure#0}>::{closure#0}
[INFO] [stdout]    6:     0x5d0556564ae2 - std[70759c8f55707aa4]::panicking::panic_with_hook
[INFO] [stdout]    7:     0x5d05565477e4 - std[70759c8f55707aa4]::panicking::panic_handler::{closure#0}
[INFO] [stdout]    8:     0x5d0556540219 - std[70759c8f55707aa4]::sys::backtrace::__rust_end_short_backtrace::<std[70759c8f55707aa4]::panicking::panic_handler::{closure#0}, !>
[INFO] [stdout]    9:     0x5d055654859d - __rustc[8fa7c3cbc660c2b3]::rust_begin_unwind
[INFO] [stdout]   10:     0x5d055658557c - core[df12db4294e9bfd3]::panicking::panic_fmt
[INFO] [stdout]   11:     0x5d0556585542 - core[df12db4294e9bfd3]::panicking::panic
[INFO] [stdout]   12:     0x5d05562e85a9 - rustynetics[e1c646d289ddbe2]::track_bigwig::tests::test_track_bigwig_1
[INFO] [stdout]   13:     0x5d055629e449 - <rustynetics[e1c646d289ddbe2]::track_bigwig::tests::test_track_bigwig_1::{closure#0} as core[df12db4294e9bfd3]::ops::function::FnOnce<()>>::call_once
[INFO] [stdout]   14:     0x5d05562ea6eb - test[9d35eded1c95d3be]::__rust_begin_short_backtrace::<core[df12db4294e9bfd3]::result::Result<(), alloc[2182bb758b4b3781]::string::String>, fn() -> core[df12db4294e9bfd3]::result::Result<(), alloc[2182bb758b4b3781]::string::String>>
[INFO] [stdout]   15:     0x5d05562f7d55 - test[9d35eded1c95d3be]::run_test::{closure#0}
[INFO] [stdout]   16:     0x5d05562f1614 - std[70759c8f55707aa4]::sys::backtrace::__rust_begin_short_backtrace::<test[9d35eded1c95d3be]::run_test::{closure#1}, ()>
[INFO] [stdout]   17:     0x5d05562faeb2 - <std[70759c8f55707aa4]::thread::lifecycle::spawn_unchecked<test[9d35eded1c95d3be]::run_test::{closure#1}, ()>::{closure#1} as core[df12db4294e9bfd3]::ops::function::FnOnce<()>>::call_once::{shim:vtable#0}
[INFO] [stdout]   18:     0x5d055656c029 - <std[70759c8f55707aa4]::sys::thread::unix::Thread>::new::thread_start
[INFO] [stdout]   19:     0x797a970c9dfa - <unknown>
[INFO] [stdout]   20:     0x797a9715d3d4 - clone
[INFO] [stdout]   21:                0x0 - <unknown>
[INFO] [stdout] 
[INFO] [stdout] 
[INFO] [stdout] failures:
[INFO] [stdout]     granges_gtf::tests::test_granges_gtf
[INFO] [stdout]     track_bigwig::tests::test_track_bigwig_1
[INFO] [stdout] 
[INFO] [stdout] test result: FAILED. 59 passed; 2 failed; 0 ignored; 0 measured; 0 filtered out; finished in 2.26s
[INFO] [stdout] 
[INFO] [stderr] error: test failed, to rerun pass `--lib`
[INFO] running `Command { std: "docker" "inspect" "7771fe6258f1cebf2a7701fc0c8a69824d344e3d012ffbc480fecfb31b0824d4", kill_on_drop: false }`
[INFO] running `Command { std: "docker" "rm" "-f" "7771fe6258f1cebf2a7701fc0c8a69824d344e3d012ffbc480fecfb31b0824d4", kill_on_drop: false }`
[INFO] [stdout] 7771fe6258f1cebf2a7701fc0c8a69824d344e3d012ffbc480fecfb31b0824d4
