[INFO] fetching crate rustylink-chess 0.1.2...
[INFO] testing rustylink-chess-0.1.2 against 1.99.0-beta.8+cargoflags=--release for beta-release-1.100-2
[INFO] extracting crate rustylink-chess 0.1.2 into /workspace/builds/worker-4-tc1/source
[INFO] started tweaking crates.io crate rustylink-chess 0.1.2
[INFO] removed 0 missing tests
[INFO] finished tweaking crates.io crate rustylink-chess 0.1.2
[INFO] tweaked toml for crates.io crate rustylink-chess 0.1.2 written to /workspace/builds/worker-4-tc1/source/Cargo.toml
[INFO] validating manifest of crates.io crate rustylink-chess 0.1.2 on toolchain 1.99.0-beta.8
[INFO] running `Command { std: CARGO_HOME="/workspace/cargo-home" RUSTUP_HOME="/workspace/rustup-home" "/workspace/cargo-home/bin/cargo" "+1.99.0-beta.8" "metadata" "--manifest-path" "Cargo.toml" "--no-deps", kill_on_drop: false }`
[INFO] crate crates.io crate rustylink-chess 0.1.2 already has a lockfile, it will not be regenerated
[INFO] running `Command { std: CARGO_HOME="/workspace/cargo-home" RUSTUP_HOME="/workspace/rustup-home" "/workspace/cargo-home/bin/cargo" "+1.99.0-beta.8" "fetch" "--manifest-path" "Cargo.toml", kill_on_drop: false }`
[INFO] [stderr]     Updating crates.io index
[INFO] [stderr]  Downloading crates ...
[INFO] [stderr]   Downloaded hidapi v2.6.6
[INFO] running `Command { std: "docker" "create" "-v" "/var/lib/crater-agent-workspace/builds/worker-4-tc1/source:/opt/rustwide/workdir:ro,Z" "-v" "/var/lib/crater-agent-workspace/builds/worker-4-tc1/target:/opt/rustwide/target:rw,Z" "-v" "/var/lib/crater-agent-workspace/cargo-home:/opt/rustwide/cargo-home:ro,Z" "-v" "/var/lib/crater-agent-workspace/rustup-home:/opt/rustwide/rustup-home:ro,Z" "-m" "1610612736" "--network" "none" "ghcr.io/rust-lang/crates-build-env/linux@sha256:77db811e55d90add9212f6832c23229e3de5f1c1f9905e8cb07319ea15df73ac" "sleep" "infinity", kill_on_drop: false }`
[INFO] [stdout] 93f7e43d93b13586156034aff04a4b3ccc21479815a316dd2e3a67af85c5a7f2
[INFO] running `Command { std: "docker" "start" "93f7e43d93b13586156034aff04a4b3ccc21479815a316dd2e3a67af85c5a7f2", kill_on_drop: false }`
[INFO] running `Command { std: "docker" "inspect" "93f7e43d93b13586156034aff04a4b3ccc21479815a316dd2e3a67af85c5a7f2", kill_on_drop: false }`
[INFO] running `Command { std: "docker" "exec" "-e" "SOURCE_DIR=/opt/rustwide/workdir" "-e" "CARGO_HOME=/opt/rustwide/cargo-home" "-e" "RUSTUP_HOME=/opt/rustwide/rustup-home" "-e" "CARGO_TARGET_DIR=/opt/rustwide/target" "-w" "/opt/rustwide/workdir" "--user" "0:0" "93f7e43d93b13586156034aff04a4b3ccc21479815a316dd2e3a67af85c5a7f2" "/opt/rustwide/cargo-home/bin/cargo" "+1.99.0-beta.8" "metadata" "--no-deps" "--format-version=1", kill_on_drop: false }`
[INFO] running `Command { std: "docker" "inspect" "93f7e43d93b13586156034aff04a4b3ccc21479815a316dd2e3a67af85c5a7f2", kill_on_drop: false }`
[INFO] running `Command { std: "docker" "exec" "-e" "SOURCE_DIR=/opt/rustwide/workdir" "-e" "CARGO_HOME=/opt/rustwide/cargo-home" "-e" "RUSTUP_HOME=/opt/rustwide/rustup-home" "-e" "CARGO_TARGET_DIR=/opt/rustwide/target" "-e" "CARGO_INCREMENTAL=0" "-e" "RUST_BACKTRACE=full" "-e" "RUSTFLAGS=--cap-lints=warn" "-e" "RUSTDOCFLAGS=--cap-lints=warn" "-w" "/opt/rustwide/workdir" "--user" "0:0" "93f7e43d93b13586156034aff04a4b3ccc21479815a316dd2e3a67af85c5a7f2" "/opt/rustwide/cargo-home/bin/cargo" "+1.99.0-beta.8" "build" "--frozen" "--message-format=json" "--release", kill_on_drop: false }`
[INFO] [stderr]    Compiling hidapi v2.6.6
[INFO] [stderr]    Compiling rustylink-chess v0.1.2 (/opt/rustwide/workdir)
[INFO] [stderr]     Finished `release` profile [optimized] target(s) in 1.86s
[INFO] running `Command { std: "docker" "inspect" "93f7e43d93b13586156034aff04a4b3ccc21479815a316dd2e3a67af85c5a7f2", kill_on_drop: false }`
[INFO] running `Command { std: "docker" "exec" "-e" "SOURCE_DIR=/opt/rustwide/workdir" "-e" "CARGO_HOME=/opt/rustwide/cargo-home" "-e" "RUSTUP_HOME=/opt/rustwide/rustup-home" "-e" "CARGO_TARGET_DIR=/opt/rustwide/target" "-e" "CARGO_INCREMENTAL=0" "-e" "RUST_BACKTRACE=full" "-e" "RUSTFLAGS=--cap-lints=warn" "-e" "RUSTDOCFLAGS=--cap-lints=warn" "-w" "/opt/rustwide/workdir" "--user" "0:0" "93f7e43d93b13586156034aff04a4b3ccc21479815a316dd2e3a67af85c5a7f2" "/opt/rustwide/cargo-home/bin/cargo" "+1.99.0-beta.8" "test" "--frozen" "--no-run" "--message-format=json" "--release", kill_on_drop: false }`
[INFO] [stderr]    Compiling rustylink-chess v0.1.2 (/opt/rustwide/workdir)
[INFO] [stderr]     Finished `release` profile [optimized] target(s) in 0.46s
[INFO] running `Command { std: "docker" "inspect" "93f7e43d93b13586156034aff04a4b3ccc21479815a316dd2e3a67af85c5a7f2", kill_on_drop: false }`
[INFO] running `Command { std: "docker" "exec" "-e" "SOURCE_DIR=/opt/rustwide/workdir" "-e" "CARGO_HOME=/opt/rustwide/cargo-home" "-e" "RUSTUP_HOME=/opt/rustwide/rustup-home" "-e" "CARGO_TARGET_DIR=/opt/rustwide/target" "-e" "CARGO_INCREMENTAL=0" "-e" "RUST_BACKTRACE=full" "-e" "RUSTFLAGS=--cap-lints=warn" "-e" "RUSTDOCFLAGS=--cap-lints=warn" "-w" "/opt/rustwide/workdir" "--user" "0:0" "93f7e43d93b13586156034aff04a4b3ccc21479815a316dd2e3a67af85c5a7f2" "/opt/rustwide/cargo-home/bin/cargo" "+1.99.0-beta.8" "test" "--frozen" "--release", kill_on_drop: false }`
[INFO] [stderr]     Finished `release` profile [optimized] target(s) in 0.02s
[INFO] [stderr]      Running unittests src/lib.rs (/opt/rustwide/target/release/deps/rustylink_chess-8760a7460c6ec094)
[INFO] [stdout] 
[INFO] [stdout] running 0 tests
[INFO] [stdout] 
[INFO] [stdout] test result: ok. 0 passed; 0 failed; 0 ignored; 0 measured; 0 filtered out; finished in 0.00s
[INFO] [stdout] 
[INFO] [stderr]      Running tests/rustylink_tests.rs (/opt/rustwide/target/release/deps/rustylink_tests-a0a669e7d7679023)
[INFO] [stdout] 
[INFO] [stdout] running 5 tests
[INFO] [stdout] test get_battery_state ... FAILED
[INFO] [stdout] test beeps ... FAILED
[INFO] [stdout] test set_leds ... FAILED
[INFO] [stdout] test connect ... FAILED
[INFO] [stdout] test real_time_mode ... FAILED
[INFO] [stdout] 
[INFO] [stdout] failures:
[INFO] [stdout] 
[INFO] [stdout] ---- get_battery_state stdout ----
[INFO] [stdout] This test will fail if the connected device does not have a full battery! This is expected.
[INFO] [stdout] 
[INFO] [stdout] thread 'get_battery_state' (227) panicked at tests/rustylink_tests.rs:26:5:
[INFO] [stdout] assertion failed: c.is_ok()
[INFO] [stdout] stack backtrace:
[INFO] [stdout]    0:     0x571a34f7daa1 - <<std[70759c8f55707aa4]::sys::backtrace::BacktraceLock>::print::DisplayBacktrace as core[df12db4294e9bfd3]::fmt::Display>::fmt
[INFO] [stdout]    1:     0x571a34f9203a - core[df12db4294e9bfd3]::fmt::write
[INFO] [stdout]    2:     0x571a34f8200c - <alloc[2182bb758b4b3781]::vec::Vec<u8> as core[df12db4294e9bfd3]::io::write::Write>::write_fmt
[INFO] [stdout]    3:     0x571a34f59fe6 - std[70759c8f55707aa4]::panicking::default_hook::{closure#0}
[INFO] [stdout]    4:     0x571a34f76159 - std[70759c8f55707aa4]::panicking::default_hook
[INFO] [stdout]    5:     0x571a34f09b20 - test[9d35eded1c95d3be]::test_main_inner::<test[9d35eded1c95d3be]::test_main_static::{closure#0}>::{closure#0}
[INFO] [stdout]    6:     0x571a34f76312 - std[70759c8f55707aa4]::panicking::panic_with_hook
[INFO] [stdout]    7:     0x571a34f5a0c4 - std[70759c8f55707aa4]::panicking::panic_handler::{closure#0}
[INFO] [stdout]    8:     0x571a34f52e19 - std[70759c8f55707aa4]::sys::backtrace::__rust_end_short_backtrace::<std[70759c8f55707aa4]::panicking::panic_handler::{closure#0}, !>
[INFO] [stdout]    9:     0x571a34f5ac8d - __rustc[8fa7c3cbc660c2b3]::rust_begin_unwind
[INFO] [stdout]   10:     0x571a34f9276c - core[df12db4294e9bfd3]::panicking::panic_fmt
[INFO] [stdout]   11:     0x571a34f92732 - core[df12db4294e9bfd3]::panicking::panic
[INFO] [stdout]   12:     0x571a34efc7f5 - <rustylink_tests[ced6cfcb1cab6b42]::get_battery_state::{closure#0} as core[df12db4294e9bfd3]::ops::function::FnOnce<()>>::call_once
[INFO] [stdout]   13:     0x571a34efce0b - test[9d35eded1c95d3be]::__rust_begin_short_backtrace::<core[df12db4294e9bfd3]::result::Result<(), alloc[2182bb758b4b3781]::string::String>, fn() -> core[df12db4294e9bfd3]::result::Result<(), alloc[2182bb758b4b3781]::string::String>>
[INFO] [stdout]   14:     0x571a34f0a475 - test[9d35eded1c95d3be]::run_test::{closure#0}
[INFO] [stdout]   15:     0x571a34f03d34 - std[70759c8f55707aa4]::sys::backtrace::__rust_begin_short_backtrace::<test[9d35eded1c95d3be]::run_test::{closure#1}, ()>
[INFO] [stdout]   16:     0x571a34f0d5d2 - <std[70759c8f55707aa4]::thread::lifecycle::spawn_unchecked<test[9d35eded1c95d3be]::run_test::{closure#1}, ()>::{closure#1} as core[df12db4294e9bfd3]::ops::function::FnOnce<()>>::call_once::{shim:vtable#0}
[INFO] [stdout]   17:     0x571a34f7d379 - <std[70759c8f55707aa4]::sys::thread::unix::Thread>::new::thread_start
[INFO] [stdout]   18:     0x73c8081dedfa - <unknown>
[INFO] [stdout]   19:     0x73c8082723d4 - clone
[INFO] [stdout]   20:                0x0 - <unknown>
[INFO] [stdout] 
[INFO] [stdout] ---- beeps stdout ----
[INFO] [stdout] 
[INFO] [stdout] thread 'beeps' (225) panicked at tests/rustylink_tests.rs:70:52:
[INFO] [stdout] Could not connect to the device!: RlnError { details: "Hid connection error : HidApiError { message: \"No HID devices with requested VID/PID found in the system.\" }" }
[INFO] [stdout] stack backtrace:
[INFO] [stdout]    0:     0x571a34f7daa1 - <<std[70759c8f55707aa4]::sys::backtrace::BacktraceLock>::print::DisplayBacktrace as core[df12db4294e9bfd3]::fmt::Display>::fmt
[INFO] [stdout]    1:     0x571a34f9203a - core[df12db4294e9bfd3]::fmt::write
[INFO] [stdout]    2:     0x571a34f8200c - <alloc[2182bb758b4b3781]::vec::Vec<u8> as core[df12db4294e9bfd3]::io::write::Write>::write_fmt
[INFO] [stdout]    3:     0x571a34f59fe6 - std[70759c8f55707aa4]::panicking::default_hook::{closure#0}
[INFO] [stdout]    4:     0x571a34f76159 - std[70759c8f55707aa4]::panicking::default_hook
[INFO] [stdout]    5:     0x571a34f09b20 - test[9d35eded1c95d3be]::test_main_inner::<test[9d35eded1c95d3be]::test_main_static::{closure#0}>::{closure#0}
[INFO] [stdout]    6:     0x571a34f76312 - std[70759c8f55707aa4]::panicking::panic_with_hook
[INFO] [stdout]    7:     0x571a34f5a092 - std[70759c8f55707aa4]::panicking::panic_handler::{closure#0}
[INFO] [stdout]    8:     0x571a34f52e19 - std[70759c8f55707aa4]::sys::backtrace::__rust_end_short_backtrace::<std[70759c8f55707aa4]::panicking::panic_handler::{closure#0}, !>
[INFO] [stdout]    9:     0x571a34f5ac8d - __rustc[8fa7c3cbc660c2b3]::rust_begin_unwind
[INFO] [stdout]   10:     0x571a34f9276c - core[df12db4294e9bfd3]::panicking::panic_fmt
[INFO] [stdout]   11:     0x571a34f92542 - core[df12db4294e9bfd3]::result::unwrap_failed
[INFO] [stdout]   12:     0x571a34efc8fa - <rustylink_tests[ced6cfcb1cab6b42]::beeps::{closure#0} as core[df12db4294e9bfd3]::ops::function::FnOnce<()>>::call_once
[INFO] [stdout]   13:     0x571a34efce0b - test[9d35eded1c95d3be]::__rust_begin_short_backtrace::<core[df12db4294e9bfd3]::result::Result<(), alloc[2182bb758b4b3781]::string::String>, fn() -> core[df12db4294e9bfd3]::result::Result<(), alloc[2182bb758b4b3781]::string::String>>
[INFO] [stdout]   14:     0x571a34f0a475 - test[9d35eded1c95d3be]::run_test::{closure#0}
[INFO] [stdout]   15:     0x571a34f03d34 - std[70759c8f55707aa4]::sys::backtrace::__rust_begin_short_backtrace::<test[9d35eded1c95d3be]::run_test::{closure#1}, ()>
[INFO] [stdout]   16:     0x571a34f0d5d2 - <std[70759c8f55707aa4]::thread::lifecycle::spawn_unchecked<test[9d35eded1c95d3be]::run_test::{closure#1}, ()>::{closure#1} as core[df12db4294e9bfd3]::ops::function::FnOnce<()>>::call_once::{shim:vtable#0}
[INFO] [stdout]   17:     0x571a34f7d379 - <std[70759c8f55707aa4]::sys::thread::unix::Thread>::new::thread_start
[INFO] [stdout]   18:     0x73c8081dedfa - <unknown>
[INFO] [stdout]   19:     0x73c8082723d4 - clone
[INFO] [stdout]   20:                0x0 - <unknown>
[INFO] [stdout] 
[INFO] [stdout] ---- set_leds stdout ----
[INFO] [stdout] 
[INFO] [stdout] thread 'set_leds' (229) panicked at tests/rustylink_tests.rs:47:52:
[INFO] [stdout] Could not connect to the device!: RlnError { details: "Hid connection error : HidApiError { message: \"No HID devices with requested VID/PID found in the system.\" }" }
[INFO] [stdout] stack backtrace:
[INFO] [stdout]    0:     0x571a34f7daa1 - <<std[70759c8f55707aa4]::sys::backtrace::BacktraceLock>::print::DisplayBacktrace as core[df12db4294e9bfd3]::fmt::Display>::fmt
[INFO] [stdout]    1:     0x571a34f9203a - core[df12db4294e9bfd3]::fmt::write
[INFO] [stdout]    2:     0x571a34f8200c - <alloc[2182bb758b4b3781]::vec::Vec<u8> as core[df12db4294e9bfd3]::io::write::Write>::write_fmt
[INFO] [stdout]    3:     0x571a34f59fe6 - std[70759c8f55707aa4]::panicking::default_hook::{closure#0}
[INFO] [stdout]    4:     0x571a34f76159 - std[70759c8f55707aa4]::panicking::default_hook
[INFO] [stdout]    5:     0x571a34f09b20 - test[9d35eded1c95d3be]::test_main_inner::<test[9d35eded1c95d3be]::test_main_static::{closure#0}>::{closure#0}
[INFO] [stdout]    6:     0x571a34f76312 - std[70759c8f55707aa4]::panicking::panic_with_hook
[INFO] [stdout]    7:     0x571a34f5a092 - std[70759c8f55707aa4]::panicking::panic_handler::{closure#0}
[INFO] [stdout]    8:     0x571a34f52e19 - std[70759c8f55707aa4]::sys::backtrace::__rust_end_short_backtrace::<std[70759c8f55707aa4]::panicking::panic_handler::{closure#0}, !>
[INFO] [stdout]    9:     0x571a34f5ac8d - __rustc[8fa7c3cbc660c2b3]::rust_begin_unwind
[INFO] [stdout]   10:     0x571a34f9276c - core[df12db4294e9bfd3]::panicking::panic_fmt
[INFO] [stdout]   11:     0x571a34f92542 - core[df12db4294e9bfd3]::result::unwrap_failed
[INFO] [stdout]   12:     0x571a34efcc51 - <rustylink_tests[ced6cfcb1cab6b42]::set_leds::{closure#0} as core[df12db4294e9bfd3]::ops::function::FnOnce<()>>::call_once
[INFO] [stdout]   13:     0x571a34efce0b - test[9d35eded1c95d3be]::__rust_begin_short_backtrace::<core[df12db4294e9bfd3]::result::Result<(), alloc[2182bb758b4b3781]::string::String>, fn() -> core[df12db4294e9bfd3]::result::Result<(), alloc[2182bb758b4b3781]::string::String>>
[INFO] [stdout]   14:     0x571a34f0a475 - test[9d35eded1c95d3be]::run_test::{closure#0}
[INFO] [stdout]   15:     0x571a34f03d34 - std[70759c8f55707aa4]::sys::backtrace::__rust_begin_short_backtrace::<test[9d35eded1c95d3be]::run_test::{closure#1}, ()>
[INFO] [stdout]   16:     0x571a34f0d5d2 - <std[70759c8f55707aa4]::thread::lifecycle::spawn_unchecked<test[9d35eded1c95d3be]::run_test::{closure#1}, ()>::{closure#1} as core[df12db4294e9bfd3]::ops::function::FnOnce<()>>::call_once::{shim:vtable#0}
[INFO] [stdout]   17:     0x571a34f7d379 - <std[70759c8f55707aa4]::sys::thread::unix::Thread>::new::thread_start
[INFO] [stdout]   18:     0x73c8081dedfa - <unknown>
[INFO] [stdout]   19:     0x73c8082723d4 - clone
[INFO] [stdout]   20:                0x0 - <unknown>
[INFO] [stdout] 
[INFO] [stdout] ---- connect stdout ----
[INFO] [stdout] This test (and all other) will fail if no compatible device is connected! This is expected.
[INFO] [stdout] There was a problem connecting to the device!
[INFO] [stdout] Hid connection error : HidApiError { message: "No HID devices with requested VID/PID found in the system." }
[INFO] [stdout] 
[INFO] [stdout] thread 'connect' (226) panicked at tests/rustylink_tests.rs:16:9:
[INFO] [stdout] explicit panic
[INFO] [stdout] stack backtrace:
[INFO] [stdout]    0:     0x571a34f7daa1 - <<std[70759c8f55707aa4]::sys::backtrace::BacktraceLock>::print::DisplayBacktrace as core[df12db4294e9bfd3]::fmt::Display>::fmt
[INFO] [stdout]    1:     0x571a34f9203a - core[df12db4294e9bfd3]::fmt::write
[INFO] [stdout]    2:     0x571a34f8200c - <alloc[2182bb758b4b3781]::vec::Vec<u8> as core[df12db4294e9bfd3]::io::write::Write>::write_fmt
[INFO] [stdout]    3:     0x571a34f59fe6 - std[70759c8f55707aa4]::panicking::default_hook::{closure#0}
[INFO] [stdout]    4:     0x571a34f76159 - std[70759c8f55707aa4]::panicking::default_hook
[INFO] [stdout]    5:     0x571a34f09b20 - test[9d35eded1c95d3be]::test_main_inner::<test[9d35eded1c95d3be]::test_main_static::{closure#0}>::{closure#0}
[INFO] [stdout]    6:     0x571a34f76312 - std[70759c8f55707aa4]::panicking::panic_with_hook
[INFO] [stdout]    7:     0x571a34f5a0c4 - std[70759c8f55707aa4]::panicking::panic_handler::{closure#0}
[INFO] [stdout]    8:     0x571a34f52e19 - std[70759c8f55707aa4]::sys::backtrace::__rust_end_short_backtrace::<std[70759c8f55707aa4]::panicking::panic_handler::{closure#0}, !>
[INFO] [stdout]    9:     0x571a34f5ac8d - __rustc[8fa7c3cbc660c2b3]::rust_begin_unwind
[INFO] [stdout]   10:     0x571a34f9276c - core[df12db4294e9bfd3]::panicking::panic_fmt
[INFO] [stdout]   11:     0x571a34f92732 - core[df12db4294e9bfd3]::panicking::panic
[INFO] [stdout]   12:     0x571a34efca9f - <rustylink_tests[ced6cfcb1cab6b42]::connect::{closure#0} as core[df12db4294e9bfd3]::ops::function::FnOnce<()>>::call_once
[INFO] [stdout]   13:     0x571a34efce0b - test[9d35eded1c95d3be]::__rust_begin_short_backtrace::<core[df12db4294e9bfd3]::result::Result<(), alloc[2182bb758b4b3781]::string::String>, fn() -> core[df12db4294e9bfd3]::result::Result<(), alloc[2182bb758b4b3781]::string::String>>
[INFO] [stdout]   14:     0x571a34f0a475 - test[9d35eded1c95d3be]::run_test::{closure#0}
[INFO] [stdout]   15:     0x571a34f03d34 - std[70759c8f55707aa4]::sys::backtrace::__rust_begin_short_backtrace::<test[9d35eded1c95d3be]::run_test::{closure#1}, ()>
[INFO] [stdout]   16:     0x571a34f0d5d2 - <std[70759c8f55707aa4]::thread::lifecycle::spawn_unchecked<test[9d35eded1c95d3be]::run_test::{closure#1}, ()>::{closure#1} as core[df12db4294e9bfd3]::ops::function::FnOnce<()>>::call_once::{shim:vtable#0}
[INFO] [stdout]   17:     0x571a34f7d379 - <std[70759c8f55707aa4]::sys::thread::unix::Thread>::new::thread_start
[INFO] [stdout]   18:     0x73c8081dedfa - <unknown>
[INFO] [stdout]   19:     0x73c8082723d4 - clone
[INFO] [stdout]   20:                0x0 - <unknown>
[INFO] [stdout] 
[INFO] [stdout] ---- real_time_mode stdout ----
[INFO] [stdout] For this test to succeed, setup a classic chess starting position on the connected device
[INFO] [stdout] 
[INFO] [stdout] thread 'real_time_mode' (228) panicked at tests/rustylink_tests.rs:36:52:
[INFO] [stdout] Could not connect to the device!: RlnError { details: "Hid connection error : HidApiError { message: \"No HID devices with requested VID/PID found in the system.\" }" }
[INFO] [stdout] stack backtrace:
[INFO] [stdout]    0:     0x571a34f7daa1 - <<std[70759c8f55707aa4]::sys::backtrace::BacktraceLock>::print::DisplayBacktrace as core[df12db4294e9bfd3]::fmt::Display>::fmt
[INFO] [stdout]    1:     0x571a34f9203a - core[df12db4294e9bfd3]::fmt::write
[INFO] [stdout]    2:     0x571a34f8200c - <alloc[2182bb758b4b3781]::vec::Vec<u8> as core[df12db4294e9bfd3]::io::write::Write>::write_fmt
[INFO] [stdout]    3:     0x571a34f59fe6 - std[70759c8f55707aa4]::panicking::default_hook::{closure#0}
[INFO] [stdout]    4:     0x571a34f76159 - std[70759c8f55707aa4]::panicking::default_hook
[INFO] [stdout]    5:     0x571a34f09b20 - test[9d35eded1c95d3be]::test_main_inner::<test[9d35eded1c95d3be]::test_main_static::{closure#0}>::{closure#0}
[INFO] [stdout]    6:     0x571a34f76312 - std[70759c8f55707aa4]::panicking::panic_with_hook
[INFO] [stdout]    7:     0x571a34f5a092 - std[70759c8f55707aa4]::panicking::panic_handler::{closure#0}
[INFO] [stdout]    8:     0x571a34f52e19 - std[70759c8f55707aa4]::sys::backtrace::__rust_end_short_backtrace::<std[70759c8f55707aa4]::panicking::panic_handler::{closure#0}, !>
[INFO] [stdout]    9:     0x571a34f5ac8d - __rustc[8fa7c3cbc660c2b3]::rust_begin_unwind
[INFO] [stdout]   10:     0x571a34f9276c - core[df12db4294e9bfd3]::panicking::panic_fmt
[INFO] [stdout]   11:     0x571a34f92542 - core[df12db4294e9bfd3]::result::unwrap_failed
[INFO] [stdout]   12:     0x571a34efc662 - <rustylink_tests[ced6cfcb1cab6b42]::real_time_mode::{closure#0} as core[df12db4294e9bfd3]::ops::function::FnOnce<()>>::call_once
[INFO] [stdout]   13:     0x571a34efce0b - test[9d35eded1c95d3be]::__rust_begin_short_backtrace::<core[df12db4294e9bfd3]::result::Result<(), alloc[2182bb758b4b3781]::string::String>, fn() -> core[df12db4294e9bfd3]::result::Result<(), alloc[2182bb758b4b3781]::string::String>>
[INFO] [stdout]   14:     0x571a34f0a475 - test[9d35eded1c95d3be]::run_test::{closure#0}
[INFO] [stdout]   15:     0x571a34f03d34 - std[70759c8f55707aa4]::sys::backtrace::__rust_begin_short_backtrace::<test[9d35eded1c95d3be]::run_test::{closure#1}, ()>
[INFO] [stdout]   16:     0x571a34f0d5d2 - <std[70759c8f55707aa4]::thread::lifecycle::spawn_unchecked<test[9d35eded1c95d3be]::run_test::{closure#1}, ()>::{closure#1} as core[df12db4294e9bfd3]::ops::function::FnOnce<()>>::call_once::{shim:vtable#0}
[INFO] [stdout]   17:     0x571a34f7d379 - <std[70759c8f55707aa4]::sys::thread::unix::Thread>::new::thread_start
[INFO] [stdout]   18:     0x73c8081dedfa - <unknown>
[INFO] [stdout]   19:     0x73c8082723d4 - clone
[INFO] [stdout]   20:                0x0 - <unknown>
[INFO] [stdout] 
[INFO] [stdout] 
[INFO] [stdout] failures:
[INFO] [stdout]     beeps
[INFO] [stdout]     connect
[INFO] [stdout]     get_battery_state
[INFO] [stdout]     real_time_mode
[INFO] [stdout]     set_leds
[INFO] [stdout] 
[INFO] [stdout] test result: FAILED. 0 passed; 5 failed; 0 ignored; 0 measured; 0 filtered out; finished in 0.01s
[INFO] [stdout] 
[INFO] [stderr] error: test failed, to rerun pass `--test rustylink_tests`
[INFO] running `Command { std: "docker" "inspect" "93f7e43d93b13586156034aff04a4b3ccc21479815a316dd2e3a67af85c5a7f2", kill_on_drop: false }`
[INFO] running `Command { std: "docker" "rm" "-f" "93f7e43d93b13586156034aff04a4b3ccc21479815a316dd2e3a67af85c5a7f2", kill_on_drop: false }`
[INFO] [stdout] 93f7e43d93b13586156034aff04a4b3ccc21479815a316dd2e3a67af85c5a7f2
