[INFO] fetching crate rustyhmmer 0.1.4...
[INFO] testing rustyhmmer-0.1.4 against 1.100.0-beta.1+cargoflags=--release for beta-release-1.100-2
[INFO] extracting crate rustyhmmer 0.1.4 into /workspace/builds/worker-3-tc2/source
[INFO] started tweaking crates.io crate rustyhmmer 0.1.4
[INFO] finished tweaking crates.io crate rustyhmmer 0.1.4
[INFO] tweaked toml for crates.io crate rustyhmmer 0.1.4 written to /workspace/builds/worker-3-tc2/source/Cargo.toml
[INFO] validating manifest of crates.io crate rustyhmmer 0.1.4 on toolchain 1.100.0-beta.1
[INFO] running `Command { std: CARGO_HOME="/workspace/cargo-home" RUSTUP_HOME="/workspace/rustup-home" "/workspace/cargo-home/bin/cargo" "+1.100.0-beta.1" "metadata" "--manifest-path" "Cargo.toml" "--no-deps", kill_on_drop: false }`
[INFO] crate crates.io crate rustyhmmer 0.1.4 already has a lockfile, it will not be regenerated
[INFO] running `Command { std: CARGO_HOME="/workspace/cargo-home" RUSTUP_HOME="/workspace/rustup-home" "/workspace/cargo-home/bin/cargo" "+1.100.0-beta.1" "fetch" "--manifest-path" "Cargo.toml", kill_on_drop: false }`
[INFO] [stderr] warning: `package.homepage` is redundant with `package.repository`
[INFO] [stderr]   --> Cargo.toml:24:12
[INFO] [stderr]    |
[INFO] [stderr] 24 | homepage = "https://github.com/necoli1822/rustyhmmer"
[INFO] [stderr]    |            ^^^^^^^^^^^^^^^^^^^^^^^^^^^^^^^^^^^^^^^^^^
[INFO] [stderr] ...
[INFO] [stderr] 30 | repository = "https://github.com/necoli1822/rustyhmmer"
[INFO] [stderr]    |              ------------------------------------------
[INFO] [stderr]    |
[INFO] [stderr]    = note: `cargo::redundant_homepage` is set to `warn` by default
[INFO] [stderr] help: consider removing `package.homepage`
[INFO] [stderr] warning: `rustyhmmer` (manifest) generated 1 warning
[INFO] running `Command { std: "docker" "create" "-v" "/var/lib/crater-agent-workspace/builds/worker-3-tc2/source:/opt/rustwide/workdir:ro,Z" "-v" "/var/lib/crater-agent-workspace/builds/worker-3-tc2/target:/opt/rustwide/target:rw,Z" "-v" "/var/lib/crater-agent-workspace/cargo-home:/opt/rustwide/cargo-home:ro,Z" "-v" "/var/lib/crater-agent-workspace/rustup-home:/opt/rustwide/rustup-home:ro,Z" "-m" "1610612736" "--network" "none" "ghcr.io/rust-lang/crates-build-env/linux@sha256:77db811e55d90add9212f6832c23229e3de5f1c1f9905e8cb07319ea15df73ac" "sleep" "infinity", kill_on_drop: false }`
[INFO] [stdout] b9e434f505664c9617bd83ea06d42a10a3ffe159ff855ecce12f6b3461fe8154
[INFO] running `Command { std: "docker" "start" "b9e434f505664c9617bd83ea06d42a10a3ffe159ff855ecce12f6b3461fe8154", kill_on_drop: false }`
[INFO] running `Command { std: "docker" "inspect" "b9e434f505664c9617bd83ea06d42a10a3ffe159ff855ecce12f6b3461fe8154", kill_on_drop: false }`
[INFO] running `Command { std: "docker" "exec" "-e" "SOURCE_DIR=/opt/rustwide/workdir" "-e" "CARGO_HOME=/opt/rustwide/cargo-home" "-e" "RUSTUP_HOME=/opt/rustwide/rustup-home" "-e" "CARGO_TARGET_DIR=/opt/rustwide/target" "-w" "/opt/rustwide/workdir" "--user" "0:0" "b9e434f505664c9617bd83ea06d42a10a3ffe159ff855ecce12f6b3461fe8154" "/opt/rustwide/cargo-home/bin/cargo" "+1.100.0-beta.1" "metadata" "--no-deps" "--format-version=1", kill_on_drop: false }`
[INFO] running `Command { std: "docker" "inspect" "b9e434f505664c9617bd83ea06d42a10a3ffe159ff855ecce12f6b3461fe8154", kill_on_drop: false }`
[INFO] running `Command { std: "docker" "exec" "-e" "SOURCE_DIR=/opt/rustwide/workdir" "-e" "CARGO_HOME=/opt/rustwide/cargo-home" "-e" "RUSTUP_HOME=/opt/rustwide/rustup-home" "-e" "CARGO_TARGET_DIR=/opt/rustwide/target" "-e" "CARGO_INCREMENTAL=0" "-e" "RUST_BACKTRACE=full" "-e" "RUSTFLAGS=--cap-lints=warn" "-e" "RUSTDOCFLAGS=--cap-lints=warn" "-w" "/opt/rustwide/workdir" "--user" "0:0" "b9e434f505664c9617bd83ea06d42a10a3ffe159ff855ecce12f6b3461fe8154" "/opt/rustwide/cargo-home/bin/cargo" "+1.100.0-beta.1" "build" "--frozen" "--message-format=json" "--release", kill_on_drop: false }`
[INFO] [stderr] warning: `package.homepage` is redundant with `package.repository`
[INFO] [stderr]   --> Cargo.toml:24:12
[INFO] [stderr]    |
[INFO] [stderr] 24 | homepage = "https://github.com/necoli1822/rustyhmmer"
[INFO] [stderr]    |            ^^^^^^^^^^^^^^^^^^^^^^^^^^^^^^^^^^^^^^^^^^
[INFO] [stderr] ...
[INFO] [stderr] 30 | repository = "https://github.com/necoli1822/rustyhmmer"
[INFO] [stderr]    |              ------------------------------------------
[INFO] [stderr]    |
[INFO] [stderr]    = note: `cargo::redundant_homepage` is set to `warn` by default
[INFO] [stderr] help: consider removing `package.homepage`
[INFO] [stderr] warning: `rustyhmmer` (manifest) generated 1 warning
[INFO] [stderr]    Compiling crossbeam-utils v0.8.22
[INFO] [stderr]    Compiling crossbeam-epoch v0.9.20
[INFO] [stderr]    Compiling crossbeam-deque v0.8.7
[INFO] [stderr]    Compiling rayon-core v1.13.0
[INFO] [stderr]    Compiling either v1.17.0
[INFO] [stderr]    Compiling rayon v1.12.0
[INFO] [stderr]    Compiling rustyhmmer v0.1.4 (/opt/rustwide/workdir)
[INFO] [stderr]     Finished `release` profile [optimized] target(s) in 25.68s
[INFO] running `Command { std: "docker" "inspect" "b9e434f505664c9617bd83ea06d42a10a3ffe159ff855ecce12f6b3461fe8154", kill_on_drop: false }`
[INFO] running `Command { std: "docker" "exec" "-e" "SOURCE_DIR=/opt/rustwide/workdir" "-e" "CARGO_HOME=/opt/rustwide/cargo-home" "-e" "RUSTUP_HOME=/opt/rustwide/rustup-home" "-e" "CARGO_TARGET_DIR=/opt/rustwide/target" "-e" "CARGO_INCREMENTAL=0" "-e" "RUST_BACKTRACE=full" "-e" "RUSTFLAGS=--cap-lints=warn" "-e" "RUSTDOCFLAGS=--cap-lints=warn" "-w" "/opt/rustwide/workdir" "--user" "0:0" "b9e434f505664c9617bd83ea06d42a10a3ffe159ff855ecce12f6b3461fe8154" "/opt/rustwide/cargo-home/bin/cargo" "+1.100.0-beta.1" "test" "--frozen" "--no-run" "--message-format=json" "--release", kill_on_drop: false }`
[INFO] [stderr] warning: `package.homepage` is redundant with `package.repository`
[INFO] [stderr]   --> Cargo.toml:24:12
[INFO] [stderr]    |
[INFO] [stderr] 24 | homepage = "https://github.com/necoli1822/rustyhmmer"
[INFO] [stderr]    |            ^^^^^^^^^^^^^^^^^^^^^^^^^^^^^^^^^^^^^^^^^^
[INFO] [stderr] ...
[INFO] [stderr] 30 | repository = "https://github.com/necoli1822/rustyhmmer"
[INFO] [stderr]    |              ------------------------------------------
[INFO] [stderr]    |
[INFO] [stderr]    = note: `cargo::redundant_homepage` is set to `warn` by default
[INFO] [stderr] help: consider removing `package.homepage`
[INFO] [stderr] warning: `rustyhmmer` (manifest) generated 1 warning
[INFO] [stderr]    Compiling crossbeam-utils v0.8.22
[INFO] [stderr]    Compiling either v1.17.0
[INFO] [stderr]    Compiling crossbeam-epoch v0.9.20
[INFO] [stderr]    Compiling crossbeam-deque v0.8.7
[INFO] [stderr]    Compiling rayon-core v1.13.0
[INFO] [stderr]    Compiling rayon v1.12.0
[INFO] [stderr]    Compiling rustyhmmer v0.1.4 (/opt/rustwide/workdir)
[INFO] [stderr]     Finished `release` profile [optimized] target(s) in 28.17s
[INFO] running `Command { std: "docker" "inspect" "b9e434f505664c9617bd83ea06d42a10a3ffe159ff855ecce12f6b3461fe8154", kill_on_drop: false }`
[INFO] running `Command { std: "docker" "exec" "-e" "SOURCE_DIR=/opt/rustwide/workdir" "-e" "CARGO_HOME=/opt/rustwide/cargo-home" "-e" "RUSTUP_HOME=/opt/rustwide/rustup-home" "-e" "CARGO_TARGET_DIR=/opt/rustwide/target" "-e" "CARGO_INCREMENTAL=0" "-e" "RUST_BACKTRACE=full" "-e" "RUSTFLAGS=--cap-lints=warn" "-e" "RUSTDOCFLAGS=--cap-lints=warn" "-w" "/opt/rustwide/workdir" "--user" "0:0" "b9e434f505664c9617bd83ea06d42a10a3ffe159ff855ecce12f6b3461fe8154" "/opt/rustwide/cargo-home/bin/cargo" "+1.100.0-beta.1" "test" "--frozen" "--release", kill_on_drop: false }`
[INFO] [stderr] warning: `package.homepage` is redundant with `package.repository`
[INFO] [stderr]   --> Cargo.toml:24:12
[INFO] [stderr]    |
[INFO] [stderr] 24 | homepage = "https://github.com/necoli1822/rustyhmmer"
[INFO] [stderr]    |            ^^^^^^^^^^^^^^^^^^^^^^^^^^^^^^^^^^^^^^^^^^
[INFO] [stderr] ...
[INFO] [stderr] 30 | repository = "https://github.com/necoli1822/rustyhmmer"
[INFO] [stderr]    |              ------------------------------------------
[INFO] [stderr]    |
[INFO] [stderr]    = note: `cargo::redundant_homepage` is set to `warn` by default
[INFO] [stderr] help: consider removing `package.homepage`
[INFO] [stderr] warning: `rustyhmmer` (manifest) generated 1 warning
[INFO] [stderr]     Finished `release` profile [optimized] target(s) in 0.02s
[INFO] [stderr]      Running unittests src/lib.rs (/opt/rustwide/target/release/build/rustyhmmer/4487e369660e2644/out/rustyhmmer-4487e369660e2644)
[INFO] [stdout] 
[INFO] [stdout] running 69 tests
[INFO] [stdout] test alidisplay::tests::integer_widths ... ok
[INFO] [stdout] test alidisplay::tests::postprob_encoding_matches_c ... ok
[INFO] [stdout] test alidisplay::tests::postprob_round_trips ... ok
[INFO] [stdout] test alphabet::tests::canonical_codes ... ok
[INFO] [stdout] test alphabet::tests::background_sums_to_one ... ok
[INFO] [stdout] test easel::constants::tests::test_dsq_flags ... ok
[INFO] [stdout] test easel::constants::tests::test_error_code_values ... ok
[INFO] [stdout] test easel::gumbel::tests::test_gumbel_pdf_at_mode ... ok
[INFO] [stdout] test bias::tests::bias_passes_all_golden_hits ... FAILED
[INFO] [stdout] test easel::sse::tests::matches_easel_bit_for_bit ... ok
[INFO] [stdout] test easel::sse::tests::clamps_out_of_range ... ok
[INFO] [stdout] test alphabet::tests::digitize_sentinels ... ok
[INFO] [stdout] test easel::constants::tests::test_mathematical_constants ... ok
[INFO] [stdout] test domtblout::tests::globins_domtblout_rows_byte_identical ... FAILED
[INFO] [stdout] test domtblout::tests::globins_domtblout_header_byte_identical ... FAILED
[INFO] [stdout] test dp::tests::gforward_smoke ... FAILED
[INFO] [stdout] test forward::tests::forward_filter_passes_all_golden_hits ... FAILED
[INFO] [stdout] test easel::gumbel::tests::test_gumbel_invcdf_cdf_inverse ... ok
[INFO] [stdout] test hmmfile::tests::parse_fn3_cutoffs ... FAILED
[INFO] [stdout] test hmmfile::tests::match_line_annotation_fields ... FAILED
[INFO] [stdout] test hmmfile::tests::parse_globins4 ... FAILED
[INFO] [stdout] test hmmfile::tests::rejects_unknown_magic ... ok
[INFO] [stdout] test mpisupport::tests::blocks_close_on_the_record_that_crosses_the_limit ... ok
[INFO] [stdout] test hmmfile::tests::set_consensus_reproduces_the_file_cons_line ... FAILED
[INFO] [stdout] test hmmfile::tests::cutoff_tokens_parse_like_atof ... ok
[INFO] [stdout] test hmmfile::tests::binary_and_ascii_agree ... FAILED
[INFO] [stdout] test dp::tests::fn3_7less_multidomain ... FAILED
[INFO] [stdout] test easel::gumbel::tests::test_gumbel_logpdf_pdf_relationship ... ok
[INFO] [stdout] test easel::gumbel::tests::test_gumbel_surv_cdf_relationship ... ok
[INFO] [stdout] test easel::gumbel::tests::test_gumbel_cdf_properties ... ok
[INFO] [stdout] test ncbi::tests::ncbi_amino_inmap_translates_stdaa_codes ... ok
[INFO] [stdout] test mpisupport::tests::blocks_round_trip_through_the_wire_format ... ok
[INFO] [stdout] test ncbi::tests::header_uses_the_local_id_as_the_name ... ok
[INFO] [stdout] test ncbi::tests::header_falls_back_to_splitting_the_title ... ok
[INFO] [stdout] test ncbi::tests::index_version_and_type_are_checked ... ok
[INFO] [stdout] test ncbi::tests::long_form_string_lengths_parse ... ok
[INFO] [stdout] test omx::tests::oa_trace_pp_sums_to_oasc ... FAILED
[INFO] [stdout] test pipeline::tests::globins_scores_match_golden ... FAILED
[INFO] [stdout] test omx::tests::envelope_null2_smoke ... FAILED
[INFO] [stdout] test pli::tests::cut_ga_installs_both_thresholds ... ok
[INFO] [stdout] test seqio::tests::fasta_header_keeps_trailing_description_space ... ok
[INFO] [stdout] test seqio::tests::fasta_header_stops_description_at_ctrl_a ... ok
[INFO] [stdout] test seqio::tests::fasta_inmap_matches_c ... ok
[INFO] [stdout] test seqio::tests::hmmpgmd_header_matches_c ... ok
[INFO] [stdout] test seqio::tests::records_straddle_block_boundaries ... ok
[INFO] [stdout] test mpisupport::tests::hits_round_trip_through_the_wire_format ... ok
[INFO] [stdout] test mpisupport::tests::one_oversized_record_is_its_own_block ... ok
[INFO] [stdout] test mpisupport::tests::stats_round_trip_through_the_wire_format ... ok
[INFO] [stdout] test msv::tests::msv_passes_all_golden_hits ... FAILED
[INFO] [stdout] test ssi::tests::rejects_a_file_that_is_not_an_index ... ok
[INFO] [stdout] test msv::tests::quantization_constants ... FAILED
[INFO] [stdout] test ssi::tests::rejects_an_unsupported_offset_size ... ok
[INFO] [stdout] test tblout::tests::globins_tblout_rows_byte_identical ... FAILED
[INFO] [stdout] test ssi::tests::finds_primary_keys_by_binary_search ... ok
[INFO] [stdout] test msv::tests::tbm_matches_formula ... FAILED
[INFO] [stdout] test seqio::tests::empty_file_fails_the_open ... ok
[INFO] [stdout] test vitfilter::tests::quantization_constants ... FAILED
[INFO] [stdout] test tblout::tests::globins_tblout_header_byte_identical ... FAILED
[INFO] [stdout] test ssi::tests::secondary_keys_resolve_through_their_primary ... ok
[INFO] [stdout] test tblout::tests::fmt_g_spells_out_non_finite ... ok
[INFO] [stdout] test pli::tests::defaults_match_c ... ok
[INFO] [stdout] test pli::tests::max_opens_filters ... ok
[INFO] [stdout] test report::tests::fn3_7less_report_byte_identical ... FAILED
[INFO] [stdout] test pli::tests::seed_zero_is_arbitrary_and_stops_reseeding ... ok
[INFO] [stdout] test seqio::tests::daemon_requires_the_terminator ... ok
[INFO] [stdout] test seqio::tests::daemon_terminator_overshoots_by_one ... ok
[INFO] [stdout] test msv::tests::sse_matches_scalar_ssv ... ok
[INFO] [stdout] test alphabet::tests::symbol_table_len ... ok
[INFO] [stdout] test vitfilter::tests::sse_matches_scalar ... ok
[INFO] [stdout] 
[INFO] [stdout] failures:
[INFO] [stdout] 
[INFO] [stdout] ---- bias::tests::bias_passes_all_golden_hits stdout ----
[INFO] [stdout] 
[INFO] [stdout] thread 'bias::tests::bias_passes_all_golden_hits' (492) panicked at src/bias.rs:136:14:
[INFO] [stdout] called `Result::unwrap()` on an `Err` value: ParseError("open /opt/rustwide/workdir/testdata/globins4.hmm: No such file or directory (os error 2)")
[INFO] [stdout] stack backtrace:
[INFO] [stdout]    0:     0x5cfcc92ea046 - <<std[617be2ca0a6fd877]::sys::backtrace::BacktraceLock>::print::DisplayBacktrace as core[a373ad73a504971]::fmt::Display>::fmt
[INFO] [stdout]    1:     0x5cfcc922dc7a - core[a373ad73a504971]::fmt::write
[INFO] [stdout]    2:     0x5cfcc92f0d2c - <alloc[2e1b2a31b91974c5]::vec::Vec<u8> as core[a373ad73a504971]::io::write::Write>::write_fmt
[INFO] [stdout]    3:     0x5cfcc92c6a52 - std[617be2ca0a6fd877]::panicking::default_hook::{closure#0}
[INFO] [stdout]    4:     0x5cfcc92e2291 - std[617be2ca0a6fd877]::panicking::default_hook
[INFO] [stdout]    5:     0x5cfcc92e2472 - std[617be2ca0a6fd877]::panicking::panic_with_hook
[INFO] [stdout]    6:     0x5cfcc92c6b02 - std[617be2ca0a6fd877]::panicking::panic_handler::{closure#0}
[INFO] [stdout]    7:     0x5cfcc92bf5b9 - std[617be2ca0a6fd877]::sys::backtrace::__rust_end_short_backtrace::<std[617be2ca0a6fd877]::panicking::panic_handler::{closure#0}, !>
[INFO] [stdout]    8:     0x5cfcc92c778d - __rustc[ea4f61d10b84890b]::rust_begin_unwind
[INFO] [stdout]    9:     0x5cfcc922e36c - core[a373ad73a504971]::panicking::panic_fmt
[INFO] [stdout]   10:     0x5cfcc922e142 - core[a373ad73a504971]::result::unwrap_failed
[INFO] [stdout]   11:     0x5cfcc929cfbf - <rustyhmmer[68c1f912a8eea52d]::bias::tests::bias_passes_all_golden_hits::{closure#0} as core[a373ad73a504971]::ops::function::FnOnce<()>>::call_once
[INFO] [stdout]   12:     0x5cfcc92f22fb - test[aada8e7e76ba119b]::__rust_begin_short_backtrace::<core[a373ad73a504971]::result::Result<(), alloc[2e1b2a31b91974c5]::string::String>, fn() -> core[a373ad73a504971]::result::Result<(), alloc[2e1b2a31b91974c5]::string::String>>
[INFO] [stdout]   13:     0x5cfcc93001a4 - test[aada8e7e76ba119b]::run_test::{closure#0}
[INFO] [stdout]   14:     0x5cfcc92f98d4 - std[617be2ca0a6fd877]::sys::backtrace::__rust_begin_short_backtrace::<test[aada8e7e76ba119b]::run_test::{closure#1}, ()>
[INFO] [stdout]   15:     0x5cfcc9303f62 - <std[617be2ca0a6fd877]::thread::lifecycle::spawn_unchecked<test[aada8e7e76ba119b]::run_test::{closure#1}, ()>::{closure#1} as core[a373ad73a504971]::ops::function::FnOnce<()>>::call_once::{shim:vtable#0}
[INFO] [stdout]   16:     0x5cfcc92e8e54 - <std[617be2ca0a6fd877]::sys::thread::unix::Thread>::new::thread_start
[INFO] [stdout]   17:     0x7807f09abdfa - <unknown>
[INFO] [stdout]   18:     0x7807f0a3f3d4 - clone
[INFO] [stdout]   19:                0x0 - <unknown>
[INFO] [stdout] 
[INFO] [stdout] ---- domtblout::tests::globins_domtblout_rows_byte_identical stdout ----
[INFO] [stdout] 
[INFO] [stdout] thread 'domtblout::tests::globins_domtblout_rows_byte_identical' (494) panicked at src/domtblout.rs:256:14:
[INFO] [stdout] called `Result::unwrap()` on an `Err` value: ParseError("open /opt/rustwide/workdir/testdata/globins4.hmm: No such file or directory (os error 2)")
[INFO] [stdout] stack backtrace:
[INFO] [stdout]    0:     0x5cfcc92ea046 - <<std[617be2ca0a6fd877]::sys::backtrace::BacktraceLock>::print::DisplayBacktrace as core[a373ad73a504971]::fmt::Display>::fmt
[INFO] [stdout]    1:     0x5cfcc922dc7a - core[a373ad73a504971]::fmt::write
[INFO] [stdout]    2:     0x5cfcc92f0d2c - <alloc[2e1b2a31b91974c5]::vec::Vec<u8> as core[a373ad73a504971]::io::write::Write>::write_fmt
[INFO] [stdout]    3:     0x5cfcc92c6a52 - std[617be2ca0a6fd877]::panicking::default_hook::{closure#0}
[INFO] [stdout]    4:     0x5cfcc92e2291 - std[617be2ca0a6fd877]::panicking::default_hook
[INFO] [stdout]    5:     0x5cfcc92e2472 - std[617be2ca0a6fd877]::panicking::panic_with_hook
[INFO] [stdout]    6:     0x5cfcc92c6b02 - std[617be2ca0a6fd877]::panicking::panic_handler::{closure#0}
[INFO] [stdout]    7:     0x5cfcc92bf5b9 - std[617be2ca0a6fd877]::sys::backtrace::__rust_end_short_backtrace::<std[617be2ca0a6fd877]::panicking::panic_handler::{closure#0}, !>
[INFO] [stdout]    8:     0x5cfcc92c778d - __rustc[ea4f61d10b84890b]::rust_begin_unwind
[INFO] [stdout]    9:     0x5cfcc922e36c - core[a373ad73a504971]::panicking::panic_fmt
[INFO] [stdout]   10:     0x5cfcc922e142 - core[a373ad73a504971]::result::unwrap_failed
[INFO] [stdout]   11:     0x5cfcc92aea32 - <rustyhmmer[68c1f912a8eea52d]::domtblout::tests::globins_domtblout_rows_byte_identical::{closure#0} as core[a373ad73a504971]::ops::function::FnOnce<()>>::call_once
[INFO] [stdout]   12:     0x5cfcc92f22fb - test[aada8e7e76ba119b]::__rust_begin_short_backtrace::<core[a373ad73a504971]::result::Result<(), alloc[2e1b2a31b91974c5]::string::String>, fn() -> core[a373ad73a504971]::result::Result<(), alloc[2e1b2a31b91974c5]::string::String>>
[INFO] [stdout]   13:     0x5cfcc93001a4 - test[aada8e7e76ba119b]::run_test::{closure#0}
[INFO] [stdout]   14:     0x5cfcc92f98d4 - std[617be2ca0a6fd877]::sys::backtrace::__rust_begin_short_backtrace::<test[aada8e7e76ba119b]::run_test::{closure#1}, ()>
[INFO] [stdout]   15:     0x5cfcc9303f62 - <std[617be2ca0a6fd877]::thread::lifecycle::spawn_unchecked<test[aada8e7e76ba119b]::run_test::{closure#1}, ()>::{closure#1} as core[a373ad73a504971]::ops::function::FnOnce<()>>::call_once::{shim:vtable#0}
[INFO] [stdout]   16:     0x5cfcc92e8e54 - <std[617be2ca0a6fd877]::sys::thread::unix::Thread>::new::thread_start
[INFO] [stdout]   17:     0x7807f09abdfa - <unknown>
[INFO] [stdout]   18:     0x7807f0a3f3d4 - clone
[INFO] [stdout]   19:                0x0 - <unknown>
[INFO] [stdout] 
[INFO] [stdout] ---- domtblout::tests::globins_domtblout_header_byte_identical stdout ----
[INFO] [stdout] 
[INFO] [stdout] thread 'domtblout::tests::globins_domtblout_header_byte_identical' (493) panicked at src/domtblout.rs:313:88:
[INFO] [stdout] called `Result::unwrap()` on an `Err` value: Os { code: 2, kind: NotFound, message: "No such file or directory" }
[INFO] [stdout] stack backtrace:
[INFO] [stdout]    0:     0x5cfcc92ea046 - <<std[617be2ca0a6fd877]::sys::backtrace::BacktraceLock>::print::DisplayBacktrace as core[a373ad73a504971]::fmt::Display>::fmt
[INFO] [stdout]    1:     0x5cfcc922dc7a - core[a373ad73a504971]::fmt::write
[INFO] [stdout]    2:     0x5cfcc92f0d2c - <alloc[2e1b2a31b91974c5]::vec::Vec<u8> as core[a373ad73a504971]::io::write::Write>::write_fmt
[INFO] [stdout]    3:     0x5cfcc92c6a52 - std[617be2ca0a6fd877]::panicking::default_hook::{closure#0}
[INFO] [stdout]    4:     0x5cfcc92e2291 - std[617be2ca0a6fd877]::panicking::default_hook
[INFO] [stdout]    5:     0x5cfcc92e2472 - std[617be2ca0a6fd877]::panicking::panic_with_hook
[INFO] [stdout]    6:     0x5cfcc92c6b02 - std[617be2ca0a6fd877]::panicking::panic_handler::{closure#0}
[INFO] [stdout]    7:     0x5cfcc92bf5b9 - std[617be2ca0a6fd877]::sys::backtrace::__rust_end_short_backtrace::<std[617be2ca0a6fd877]::panicking::panic_handler::{closure#0}, !>
[INFO] [stdout]    8:     0x5cfcc92c778d - __rustc[ea4f61d10b84890b]::rust_begin_unwind
[INFO] [stdout]    9:     0x5cfcc922e36c - core[a373ad73a504971]::panicking::panic_fmt
[INFO] [stdout]   10:     0x5cfcc922e142 - core[a373ad73a504971]::result::unwrap_failed
[INFO] [stdout]   11:     0x5cfcc92af84d - <rustyhmmer[68c1f912a8eea52d]::domtblout::tests::globins_domtblout_header_byte_identical::{closure#0} as core[a373ad73a504971]::ops::function::FnOnce<()>>::call_once
[INFO] [stdout]   12:     0x5cfcc92f22fb - test[aada8e7e76ba119b]::__rust_begin_short_backtrace::<core[a373ad73a504971]::result::Result<(), alloc[2e1b2a31b91974c5]::string::String>, fn() -> core[a373ad73a504971]::result::Result<(), alloc[2e1b2a31b91974c5]::string::String>>
[INFO] [stdout]   13:     0x5cfcc93001a4 - test[aada8e7e76ba119b]::run_test::{closure#0}
[INFO] [stdout]   14:     0x5cfcc92f98d4 - std[617be2ca0a6fd877]::sys::backtrace::__rust_begin_short_backtrace::<test[aada8e7e76ba119b]::run_test::{closure#1}, ()>
[INFO] [stdout]   15:     0x5cfcc9303f62 - <std[617be2ca0a6fd877]::thread::lifecycle::spawn_unchecked<test[aada8e7e76ba119b]::run_test::{closure#1}, ()>::{closure#1} as core[a373ad73a504971]::ops::function::FnOnce<()>>::call_once::{shim:vtable#0}
[INFO] [stdout]   16:     0x5cfcc92e8e54 - <std[617be2ca0a6fd877]::sys::thread::unix::Thread>::new::thread_start
[INFO] [stdout]   17:     0x7807f09abdfa - <unknown>
[INFO] [stdout]   18:     0x7807f0a3f3d4 - clone
[INFO] [stdout]   19:                0x0 - <unknown>
[INFO] [stdout] 
[INFO] [stdout] ---- dp::tests::gforward_smoke stdout ----
[INFO] [stdout] 
[INFO] [stdout] thread 'dp::tests::gforward_smoke' (496) panicked at src/dp.rs:1864:14:
[INFO] [stdout] called `Result::unwrap()` on an `Err` value: ParseError("open /opt/rustwide/workdir/testdata/globins4.hmm: No such file or directory (os error 2)")
[INFO] [stdout] stack backtrace:
[INFO] [stdout]    0:     0x5cfcc92ea046 - <<std[617be2ca0a6fd877]::sys::backtrace::BacktraceLock>::print::DisplayBacktrace as core[a373ad73a504971]::fmt::Display>::fmt
[INFO] [stdout]    1:     0x5cfcc922dc7a - core[a373ad73a504971]::fmt::write
[INFO] [stdout]    2:     0x5cfcc92f0d2c - <alloc[2e1b2a31b91974c5]::vec::Vec<u8> as core[a373ad73a504971]::io::write::Write>::write_fmt
[INFO] [stdout]    3:     0x5cfcc92c6a52 - std[617be2ca0a6fd877]::panicking::default_hook::{closure#0}
[INFO] [stdout]    4:     0x5cfcc92e2291 - std[617be2ca0a6fd877]::panicking::default_hook
[INFO] [stdout]    5:     0x5cfcc92e2472 - std[617be2ca0a6fd877]::panicking::panic_with_hook
[INFO] [stdout]    6:     0x5cfcc92c6b02 - std[617be2ca0a6fd877]::panicking::panic_handler::{closure#0}
[INFO] [stdout]    7:     0x5cfcc92bf5b9 - std[617be2ca0a6fd877]::sys::backtrace::__rust_end_short_backtrace::<std[617be2ca0a6fd877]::panicking::panic_handler::{closure#0}, !>
[INFO] [stdout]    8:     0x5cfcc92c778d - __rustc[ea4f61d10b84890b]::rust_begin_unwind
[INFO] [stdout]    9:     0x5cfcc922e36c - core[a373ad73a504971]::panicking::panic_fmt
[INFO] [stdout]   10:     0x5cfcc922e142 - core[a373ad73a504971]::result::unwrap_failed
[INFO] [stdout]   11:     0x5cfcc9297301 - <rustyhmmer[68c1f912a8eea52d]::dp::tests::gforward_smoke::{closure#0} as core[a373ad73a504971]::ops::function::FnOnce<()>>::call_once
[INFO] [stdout]   12:     0x5cfcc92f22fb - test[aada8e7e76ba119b]::__rust_begin_short_backtrace::<core[a373ad73a504971]::result::Result<(), alloc[2e1b2a31b91974c5]::string::String>, fn() -> core[a373ad73a504971]::result::Result<(), alloc[2e1b2a31b91974c5]::string::String>>
[INFO] [stdout]   13:     0x5cfcc93001a4 - test[aada8e7e76ba119b]::run_test::{closure#0}
[INFO] [stdout]   14:     0x5cfcc92f98d4 - std[617be2ca0a6fd877]::sys::backtrace::__rust_begin_short_backtrace::<test[aada8e7e76ba119b]::run_test::{closure#1}, ()>
[INFO] [stdout]   15:     0x5cfcc9303f62 - <std[617be2ca0a6fd877]::thread::lifecycle::spawn_unchecked<test[aada8e7e76ba119b]::run_test::{closure#1}, ()>::{closure#1} as core[a373ad73a504971]::ops::function::FnOnce<()>>::call_once::{shim:vtable#0}
[INFO] [stdout]   16:     0x5cfcc92e8e54 - <std[617be2ca0a6fd877]::sys::thread::unix::Thread>::new::thread_start
[INFO] [stdout]   17:     0x7807f09abdfa - <unknown>
[INFO] [stdout]   18:     0x7807f0a3f3d4 - clone
[INFO] [stdout]   19:                0x0 - <unknown>
[INFO] [stdout] 
[INFO] [stdout] ---- forward::tests::forward_filter_passes_all_golden_hits stdout ----
[INFO] [stdout] 
[INFO] [stdout] thread 'forward::tests::forward_filter_passes_all_golden_hits' (507) panicked at src/forward.rs:794:14:
[INFO] [stdout] called `Result::unwrap()` on an `Err` value: ParseError("open /opt/rustwide/workdir/testdata/globins4.hmm: No such file or directory (os error 2)")
[INFO] [stdout] stack backtrace:
[INFO] [stdout]    0:     0x5cfcc92ea046 - <<std[617be2ca0a6fd877]::sys::backtrace::BacktraceLock>::print::DisplayBacktrace as core[a373ad73a504971]::fmt::Display>::fmt
[INFO] [stdout]    1:     0x5cfcc922dc7a - core[a373ad73a504971]::fmt::write
[INFO] [stdout]    2:     0x5cfcc92f0d2c - <alloc[2e1b2a31b91974c5]::vec::Vec<u8> as core[a373ad73a504971]::io::write::Write>::write_fmt
[INFO] [stdout]    3:     0x5cfcc92c6a52 - std[617be2ca0a6fd877]::panicking::default_hook::{closure#0}
[INFO] [stdout]    4:     0x5cfcc92e2291 - std[617be2ca0a6fd877]::panicking::default_hook
[INFO] [stdout]    5:     0x5cfcc92e2472 - std[617be2ca0a6fd877]::panicking::panic_with_hook
[INFO] [stdout]    6:     0x5cfcc92c6b02 - std[617be2ca0a6fd877]::panicking::panic_handler::{closure#0}
[INFO] [stdout]    7:     0x5cfcc92bf5b9 - std[617be2ca0a6fd877]::sys::backtrace::__rust_end_short_backtrace::<std[617be2ca0a6fd877]::panicking::panic_handler::{closure#0}, !>
[INFO] [stdout]    8:     0x5cfcc92c778d - __rustc[ea4f61d10b84890b]::rust_begin_unwind
[INFO] [stdout]    9:     0x5cfcc922e36c - core[a373ad73a504971]::panicking::panic_fmt
[INFO] [stdout]   10:     0x5cfcc922e142 - core[a373ad73a504971]::result::unwrap_failed
[INFO] [stdout]   11:     0x5cfcc92a8e1b - <rustyhmmer[68c1f912a8eea52d]::forward::tests::forward_filter_passes_all_golden_hits::{closure#0} as core[a373ad73a504971]::ops::function::FnOnce<()>>::call_once
[INFO] [stdout]   12:     0x5cfcc92f22fb - test[aada8e7e76ba119b]::__rust_begin_short_backtrace::<core[a373ad73a504971]::result::Result<(), alloc[2e1b2a31b91974c5]::string::String>, fn() -> core[a373ad73a504971]::result::Result<(), alloc[2e1b2a31b91974c5]::string::String>>
[INFO] [stdout]   13:     0x5cfcc93001a4 - test[aada8e7e76ba119b]::run_test::{closure#0}
[INFO] [stdout]   14:     0x5cfcc92f98d4 - std[617be2ca0a6fd877]::sys::backtrace::__rust_begin_short_backtrace::<test[aada8e7e76ba119b]::run_test::{closure#1}, ()>
[INFO] [stdout]   15:     0x5cfcc9303f62 - <std[617be2ca0a6fd877]::thread::lifecycle::spawn_unchecked<test[aada8e7e76ba119b]::run_test::{closure#1}, ()>::{closure#1} as core[a373ad73a504971]::ops::function::FnOnce<()>>::call_once::{shim:vtable#0}
[INFO] [stdout]   16:     0x5cfcc92e8e54 - <std[617be2ca0a6fd877]::sys::thread::unix::Thread>::new::thread_start
[INFO] [stdout]   17:     0x7807f09abdfa - <unknown>
[INFO] [stdout]   18:     0x7807f0a3f3d4 - clone
[INFO] [stdout]   19:                0x0 - <unknown>
[INFO] [stdout] 
[INFO] [stdout] ---- hmmfile::tests::parse_fn3_cutoffs stdout ----
[INFO] [stdout] 
[INFO] [stdout] thread 'hmmfile::tests::parse_fn3_cutoffs' (511) panicked at src/hmmfile.rs:873:52:
[INFO] [stdout] called `Result::unwrap()` on an `Err` value: ParseError("open /opt/rustwide/workdir/testdata/fn3.hmm: No such file or directory (os error 2)")
[INFO] [stdout] stack backtrace:
[INFO] [stdout]    0:     0x5cfcc92ea046 - <<std[617be2ca0a6fd877]::sys::backtrace::BacktraceLock>::print::DisplayBacktrace as core[a373ad73a504971]::fmt::Display>::fmt
[INFO] [stdout]    1:     0x5cfcc922dc7a - core[a373ad73a504971]::fmt::write
[INFO] [stdout]    2:     0x5cfcc92f0d2c - <alloc[2e1b2a31b91974c5]::vec::Vec<u8> as core[a373ad73a504971]::io::write::Write>::write_fmt
[INFO] [stdout]    3:     0x5cfcc92c6a52 - std[617be2ca0a6fd877]::panicking::default_hook::{closure#0}
[INFO] [stdout]    4:     0x5cfcc92e2291 - std[617be2ca0a6fd877]::panicking::default_hook
[INFO] [stdout]    5:     0x5cfcc92e2472 - std[617be2ca0a6fd877]::panicking::panic_with_hook
[INFO] [stdout]    6:     0x5cfcc92c6b02 - std[617be2ca0a6fd877]::panicking::panic_handler::{closure#0}
[INFO] [stdout]    7:     0x5cfcc92bf5b9 - std[617be2ca0a6fd877]::sys::backtrace::__rust_end_short_backtrace::<std[617be2ca0a6fd877]::panicking::panic_handler::{closure#0}, !>
[INFO] [stdout]    8:     0x5cfcc92c778d - __rustc[ea4f61d10b84890b]::rust_begin_unwind
[INFO] [stdout]    9:     0x5cfcc922e36c - core[a373ad73a504971]::panicking::panic_fmt
[INFO] [stdout]   10:     0x5cfcc922e142 - core[a373ad73a504971]::result::unwrap_failed
[INFO] [stdout]   11:     0x5cfcc92a95b2 - <rustyhmmer[68c1f912a8eea52d]::hmmfile::tests::parse_fn3_cutoffs::{closure#0} as core[a373ad73a504971]::ops::function::FnOnce<()>>::call_once
[INFO] [stdout]   12:     0x5cfcc92f22fb - test[aada8e7e76ba119b]::__rust_begin_short_backtrace::<core[a373ad73a504971]::result::Result<(), alloc[2e1b2a31b91974c5]::string::String>, fn() -> core[a373ad73a504971]::result::Result<(), alloc[2e1b2a31b91974c5]::string::String>>
[INFO] [stdout]   13:     0x5cfcc93001a4 - test[aada8e7e76ba119b]::run_test::{closure#0}
[INFO] [stdout]   14:     0x5cfcc92f98d4 - std[617be2ca0a6fd877]::sys::backtrace::__rust_begin_short_backtrace::<test[aada8e7e76ba119b]::run_test::{closure#1}, ()>
[INFO] [stdout]   15:     0x5cfcc9303f62 - <std[617be2ca0a6fd877]::thread::lifecycle::spawn_unchecked<test[aada8e7e76ba119b]::run_test::{closure#1}, ()>::{closure#1} as core[a373ad73a504971]::ops::function::FnOnce<()>>::call_once::{shim:vtable#0}
[INFO] [stdout]   16:     0x5cfcc92e8e54 - <std[617be2ca0a6fd877]::sys::thread::unix::Thread>::new::thread_start
[INFO] [stdout]   17:     0x7807f09abdfa - <unknown>
[INFO] [stdout]   18:     0x7807f0a3f3d4 - clone
[INFO] [stdout]   19:                0x0 - <unknown>
[INFO] [stdout] 
[INFO] [stdout] ---- hmmfile::tests::match_line_annotation_fields stdout ----
[INFO] [stdout] 
[INFO] [stdout] thread 'hmmfile::tests::match_line_annotation_fields' (510) panicked at src/hmmfile.rs:926:50:
[INFO] [stdout] called `Result::unwrap()` on an `Err` value: ParseError("open /opt/rustwide/workdir/testdata/fn3.hmm: No such file or directory (os error 2)")
[INFO] [stdout] stack backtrace:
[INFO] [stdout]    0:     0x5cfcc92ea046 - <<std[617be2ca0a6fd877]::sys::backtrace::BacktraceLock>::print::DisplayBacktrace as core[a373ad73a504971]::fmt::Display>::fmt
[INFO] [stdout]    1:     0x5cfcc922dc7a - core[a373ad73a504971]::fmt::write
[INFO] [stdout]    2:     0x5cfcc92f0d2c - <alloc[2e1b2a31b91974c5]::vec::Vec<u8> as core[a373ad73a504971]::io::write::Write>::write_fmt
[INFO] [stdout]    3:     0x5cfcc92c6a52 - std[617be2ca0a6fd877]::panicking::default_hook::{closure#0}
[INFO] [stdout]    4:     0x5cfcc92e2291 - std[617be2ca0a6fd877]::panicking::default_hook
[INFO] [stdout]    5:     0x5cfcc92e2472 - std[617be2ca0a6fd877]::panicking::panic_with_hook
[INFO] [stdout]    6:     0x5cfcc92c6b02 - std[617be2ca0a6fd877]::panicking::panic_handler::{closure#0}
[INFO] [stdout]    7:     0x5cfcc92bf5b9 - std[617be2ca0a6fd877]::sys::backtrace::__rust_end_short_backtrace::<std[617be2ca0a6fd877]::panicking::panic_handler::{closure#0}, !>
[INFO] [stdout]    8:     0x5cfcc92c778d - __rustc[ea4f61d10b84890b]::rust_begin_unwind
[INFO] [stdout]    9:     0x5cfcc922e36c - core[a373ad73a504971]::panicking::panic_fmt
[INFO] [stdout]   10:     0x5cfcc922e142 - core[a373ad73a504971]::result::unwrap_failed
[INFO] [stdout]   11:     0x5cfcc92ab267 - <rustyhmmer[68c1f912a8eea52d]::hmmfile::tests::match_line_annotation_fields::{closure#0} as core[a373ad73a504971]::ops::function::FnOnce<()>>::call_once
[INFO] [stdout]   12:     0x5cfcc92f22fb - test[aada8e7e76ba119b]::__rust_begin_short_backtrace::<core[a373ad73a504971]::result::Result<(), alloc[2e1b2a31b91974c5]::string::String>, fn() -> core[a373ad73a504971]::result::Result<(), alloc[2e1b2a31b91974c5]::string::String>>
[INFO] [stdout]   13:     0x5cfcc93001a4 - test[aada8e7e76ba119b]::run_test::{closure#0}
[INFO] [stdout]   14:     0x5cfcc92f98d4 - std[617be2ca0a6fd877]::sys::backtrace::__rust_begin_short_backtrace::<test[aada8e7e76ba119b]::run_test::{closure#1}, ()>
[INFO] [stdout]   15:     0x5cfcc9303f62 - <std[617be2ca0a6fd877]::thread::lifecycle::spawn_unchecked<test[aada8e7e76ba119b]::run_test::{closure#1}, ()>::{closure#1} as core[a373ad73a504971]::ops::function::FnOnce<()>>::call_once::{shim:vtable#0}
[INFO] [stdout]   16:     0x5cfcc92e8e54 - <std[617be2ca0a6fd877]::sys::thread::unix::Thread>::new::thread_start
[INFO] [stdout]   17:     0x7807f09abdfa - <unknown>
[INFO] [stdout]   18:     0x7807f0a3f3d4 - clone
[INFO] [stdout]   19:                0x0 - <unknown>
[INFO] [stdout] 
[INFO] [stdout] ---- hmmfile::tests::parse_globins4 stdout ----
[INFO] [stdout] 
[INFO] [stdout] thread 'hmmfile::tests::parse_globins4' (512) panicked at src/hmmfile.rs:853:57:
[INFO] [stdout] called `Result::unwrap()` on an `Err` value: ParseError("open /opt/rustwide/workdir/testdata/globins4.hmm: No such file or directory (os error 2)")
[INFO] [stdout] stack backtrace:
[INFO] [stdout]    0:     0x5cfcc92ea046 - <<std[617be2ca0a6fd877]::sys::backtrace::BacktraceLock>::print::DisplayBacktrace as core[a373ad73a504971]::fmt::Display>::fmt
[INFO] [stdout]    1:     0x5cfcc922dc7a - core[a373ad73a504971]::fmt::write
[INFO] [stdout]    2:     0x5cfcc92f0d2c - <alloc[2e1b2a31b91974c5]::vec::Vec<u8> as core[a373ad73a504971]::io::write::Write>::write_fmt
[INFO] [stdout]    3:     0x5cfcc92c6a52 - std[617be2ca0a6fd877]::panicking::default_hook::{closure#0}
[INFO] [stdout]    4:     0x5cfcc92e2291 - std[617be2ca0a6fd877]::panicking::default_hook
[INFO] [stdout]    5:     0x5cfcc92e2472 - std[617be2ca0a6fd877]::panicking::panic_with_hook
[INFO] [stdout]    6:     0x5cfcc92c6b02 - std[617be2ca0a6fd877]::panicking::panic_handler::{closure#0}
[INFO] [stdout]    7:     0x5cfcc92bf5b9 - std[617be2ca0a6fd877]::sys::backtrace::__rust_end_short_backtrace::<std[617be2ca0a6fd877]::panicking::panic_handler::{closure#0}, !>
[INFO] [stdout]    8:     0x5cfcc92c778d - __rustc[ea4f61d10b84890b]::rust_begin_unwind
[INFO] [stdout]    9:     0x5cfcc922e36c - core[a373ad73a504971]::panicking::panic_fmt
[INFO] [stdout]   10:     0x5cfcc922e142 - core[a373ad73a504971]::result::unwrap_failed
[INFO] [stdout]   11:     0x5cfcc92a9310 - <rustyhmmer[68c1f912a8eea52d]::hmmfile::tests::parse_globins4::{closure#0} as core[a373ad73a504971]::ops::function::FnOnce<()>>::call_once
[INFO] [stdout]   12:     0x5cfcc92f22fb - test[aada8e7e76ba119b]::__rust_begin_short_backtrace::<core[a373ad73a504971]::result::Result<(), alloc[2e1b2a31b91974c5]::string::String>, fn() -> core[a373ad73a504971]::result::Result<(), alloc[2e1b2a31b91974c5]::string::String>>
[INFO] [stdout]   13:     0x5cfcc93001a4 - test[aada8e7e76ba119b]::run_test::{closure#0}
[INFO] [stdout]   14:     0x5cfcc92f98d4 - std[617be2ca0a6fd877]::sys::backtrace::__rust_begin_short_backtrace::<test[aada8e7e76ba119b]::run_test::{closure#1}, ()>
[INFO] [stdout]   15:     0x5cfcc9303f62 - <std[617be2ca0a6fd877]::thread::lifecycle::spawn_unchecked<test[aada8e7e76ba119b]::run_test::{closure#1}, ()>::{closure#1} as core[a373ad73a504971]::ops::function::FnOnce<()>>::call_once::{shim:vtable#0}
[INFO] [stdout]   16:     0x5cfcc92e8e54 - <std[617be2ca0a6fd877]::sys::thread::unix::Thread>::new::thread_start
[INFO] [stdout]   17:     0x7807f09abdfa - <unknown>
[INFO] [stdout]   18:     0x7807f0a3f3d4 - clone
[INFO] [stdout]   19:                0x0 - <unknown>
[INFO] [stdout] 
[INFO] [stdout] ---- hmmfile::tests::set_consensus_reproduces_the_file_cons_line stdout ----
[INFO] [stdout] 
[INFO] [stdout] thread 'hmmfile::tests::set_consensus_reproduces_the_file_cons_line' (514) panicked at src/hmmfile.rs:905:48:
[INFO] [stdout] called `Result::unwrap()` on an `Err` value: ParseError("open /opt/rustwide/workdir/testdata/globins4.hmm: No such file or directory (os error 2)")
[INFO] [stdout] stack backtrace:
[INFO] [stdout]    0:     0x5cfcc92ea046 - <<std[617be2ca0a6fd877]::sys::backtrace::BacktraceLock>::print::DisplayBacktrace as core[a373ad73a504971]::fmt::Display>::fmt
[INFO] [stdout]    1:     0x5cfcc922dc7a - core[a373ad73a504971]::fmt::write
[INFO] [stdout]    2:     0x5cfcc92f0d2c - <alloc[2e1b2a31b91974c5]::vec::Vec<u8> as core[a373ad73a504971]::io::write::Write>::write_fmt
[INFO] [stdout]    3:     0x5cfcc92c6a52 - std[617be2ca0a6fd877]::panicking::default_hook::{closure#0}
[INFO] [stdout]    4:     0x5cfcc92e2291 - std[617be2ca0a6fd877]::panicking::default_hook
[INFO] [stdout]    5:     0x5cfcc92e2472 - std[617be2ca0a6fd877]::panicking::panic_with_hook
[INFO] [stdout]    6:     0x5cfcc92c6b02 - std[617be2ca0a6fd877]::panicking::panic_handler::{closure#0}
[INFO] [stdout]    7:     0x5cfcc92bf5b9 - std[617be2ca0a6fd877]::sys::backtrace::__rust_end_short_backtrace::<std[617be2ca0a6fd877]::panicking::panic_handler::{closure#0}, !>
[INFO] [stdout]    8:     0x5cfcc92c778d - __rustc[ea4f61d10b84890b]::rust_begin_unwind
[INFO] [stdout]    9:     0x5cfcc922e36c - core[a373ad73a504971]::panicking::panic_fmt
[INFO] [stdout]   10:     0x5cfcc922e142 - core[a373ad73a504971]::result::unwrap_failed
[INFO] [stdout]   11:     0x5cfcc92ac312 - <rustyhmmer[68c1f912a8eea52d]::hmmfile::tests::set_consensus_reproduces_the_file_cons_line::{closure#0} as core[a373ad73a504971]::ops::function::FnOnce<()>>::call_once
[INFO] [stdout]   12:     0x5cfcc92f22fb - test[aada8e7e76ba119b]::__rust_begin_short_backtrace::<core[a373ad73a504971]::result::Result<(), alloc[2e1b2a31b91974c5]::string::String>, fn() -> core[a373ad73a504971]::result::Result<(), alloc[2e1b2a31b91974c5]::string::String>>
[INFO] [stdout]   13:     0x5cfcc93001a4 - test[aada8e7e76ba119b]::run_test::{closure#0}
[INFO] [stdout]   14:     0x5cfcc92f98d4 - std[617be2ca0a6fd877]::sys::backtrace::__rust_begin_short_backtrace::<test[aada8e7e76ba119b]::run_test::{closure#1}, ()>
[INFO] [stdout]   15:     0x5cfcc9303f62 - <std[617be2ca0a6fd877]::thread::lifecycle::spawn_unchecked<test[aada8e7e76ba119b]::run_test::{closure#1}, ()>::{closure#1} as core[a373ad73a504971]::ops::function::FnOnce<()>>::call_once::{shim:vtable#0}
[INFO] [stdout]   16:     0x5cfcc92e8e54 - <std[617be2ca0a6fd877]::sys::thread::unix::Thread>::new::thread_start
[INFO] [stdout]   17:     0x7807f09abdfa - <unknown>
[INFO] [stdout]   18:     0x7807f0a3f3d4 - clone
[INFO] [stdout]   19:                0x0 - <unknown>
[INFO] [stdout] 
[INFO] [stdout] ---- hmmfile::tests::binary_and_ascii_agree stdout ----
[INFO] [stdout] 
[INFO] [stdout] thread 'hmmfile::tests::binary_and_ascii_agree' (508) panicked at src/hmmfile.rs:798:56:
[INFO] [stdout] called `Result::unwrap()` on an `Err` value: ParseError("open /opt/rustwide/workdir/testdata/globins4.hmm: No such file or directory (os error 2)")
[INFO] [stdout] stack backtrace:
[INFO] [stdout]    0:     0x5cfcc92ea046 - <<std[617be2ca0a6fd877]::sys::backtrace::BacktraceLock>::print::DisplayBacktrace as core[a373ad73a504971]::fmt::Display>::fmt
[INFO] [stdout]    1:     0x5cfcc922dc7a - core[a373ad73a504971]::fmt::write
[INFO] [stdout]    2:     0x5cfcc92f0d2c - <alloc[2e1b2a31b91974c5]::vec::Vec<u8> as core[a373ad73a504971]::io::write::Write>::write_fmt
[INFO] [stdout]    3:     0x5cfcc92c6a52 - std[617be2ca0a6fd877]::panicking::default_hook::{closure#0}
[INFO] [stdout]    4:     0x5cfcc92e2291 - std[617be2ca0a6fd877]::panicking::default_hook
[INFO] [stdout]    5:     0x5cfcc92e2472 - std[617be2ca0a6fd877]::panicking::panic_with_hook
[INFO] [stdout]    6:     0x5cfcc92c6b02 - std[617be2ca0a6fd877]::panicking::panic_handler::{closure#0}
[INFO] [stdout]    7:     0x5cfcc92bf5b9 - std[617be2ca0a6fd877]::sys::backtrace::__rust_end_short_backtrace::<std[617be2ca0a6fd877]::panicking::panic_handler::{closure#0}, !>
[INFO] [stdout]    8:     0x5cfcc92c778d - __rustc[ea4f61d10b84890b]::rust_begin_unwind
[INFO] [stdout]    9:     0x5cfcc922e36c - core[a373ad73a504971]::panicking::panic_fmt
[INFO] [stdout]   10:     0x5cfcc922e142 - core[a373ad73a504971]::result::unwrap_failed
[INFO] [stdout]   11:     0x5cfcc92aad99 - <rustyhmmer[68c1f912a8eea52d]::hmmfile::tests::binary_and_ascii_agree::{closure#0} as core[a373ad73a504971]::ops::function::FnOnce<()>>::call_once
[INFO] [stdout]   12:     0x5cfcc92f22fb - test[aada8e7e76ba119b]::__rust_begin_short_backtrace::<core[a373ad73a504971]::result::Result<(), alloc[2e1b2a31b91974c5]::string::String>, fn() -> core[a373ad73a504971]::result::Result<(), alloc[2e1b2a31b91974c5]::string::String>>
[INFO] [stdout]   13:     0x5cfcc93001a4 - test[aada8e7e76ba119b]::run_test::{closure#0}
[INFO] [stdout]   14:     0x5cfcc92f98d4 - std[617be2ca0a6fd877]::sys::backtrace::__rust_begin_short_backtrace::<test[aada8e7e76ba119b]::run_test::{closure#1}, ()>
[INFO] [stdout]   15:     0x5cfcc9303f62 - <std[617be2ca0a6fd877]::thread::lifecycle::spawn_unchecked<test[aada8e7e76ba119b]::run_test::{closure#1}, ()>::{closure#1} as core[a373ad73a504971]::ops::function::FnOnce<()>>::call_once::{shim:vtable#0}
[INFO] [stdout]   16:     0x5cfcc92e8e54 - <std[617be2ca0a6fd877]::sys::thread::unix::Thread>::new::thread_start
[INFO] [stdout]   17:     0x7807f09abdfa - <unknown>
[INFO] [stdout]   18:     0x7807f0a3f3d4 - clone
[INFO] [stdout]   19:                0x0 - <unknown>
[INFO] [stdout] 
[INFO] [stdout] ---- dp::tests::fn3_7less_multidomain stdout ----
[INFO] [stdout] 
[INFO] [stdout] thread 'dp::tests::fn3_7less_multidomain' (495) panicked at src/dp.rs:1889:51:
[INFO] [stdout] called `Result::unwrap()` on an `Err` value: Os { code: 2, kind: NotFound, message: "No such file or directory" }
[INFO] [stdout] stack backtrace:
[INFO] [stdout]    0:     0x5cfcc92ea046 - <<std[617be2ca0a6fd877]::sys::backtrace::BacktraceLock>::print::DisplayBacktrace as core[a373ad73a504971]::fmt::Display>::fmt
[INFO] [stdout]    1:     0x5cfcc922dc7a - core[a373ad73a504971]::fmt::write
[INFO] [stdout]    2:     0x5cfcc92f0d2c - <alloc[2e1b2a31b91974c5]::vec::Vec<u8> as core[a373ad73a504971]::io::write::Write>::write_fmt
[INFO] [stdout]    3:     0x5cfcc92c6a52 - std[617be2ca0a6fd877]::panicking::default_hook::{closure#0}
[INFO] [stdout]    4:     0x5cfcc92e2291 - std[617be2ca0a6fd877]::panicking::default_hook
[INFO] [stdout]    5:     0x5cfcc92e2472 - std[617be2ca0a6fd877]::panicking::panic_with_hook
[INFO] [stdout]    6:     0x5cfcc92c6b02 - std[617be2ca0a6fd877]::panicking::panic_handler::{closure#0}
[INFO] [stdout]    7:     0x5cfcc92bf5b9 - std[617be2ca0a6fd877]::sys::backtrace::__rust_end_short_backtrace::<std[617be2ca0a6fd877]::panicking::panic_handler::{closure#0}, !>
[INFO] [stdout]    8:     0x5cfcc92c778d - __rustc[ea4f61d10b84890b]::rust_begin_unwind
[INFO] [stdout]    9:     0x5cfcc922e36c - core[a373ad73a504971]::panicking::panic_fmt
[INFO] [stdout]   10:     0x5cfcc922e142 - core[a373ad73a504971]::result::unwrap_failed
[INFO] [stdout]   11:     0x5cfcc9298360 - <rustyhmmer[68c1f912a8eea52d]::dp::tests::fn3_7less_multidomain::{closure#0} as core[a373ad73a504971]::ops::function::FnOnce<()>>::call_once
[INFO] [stdout]   12:     0x5cfcc92f22fb - test[aada8e7e76ba119b]::__rust_begin_short_backtrace::<core[a373ad73a504971]::result::Result<(), alloc[2e1b2a31b91974c5]::string::String>, fn() -> core[a373ad73a504971]::result::Result<(), alloc[2e1b2a31b91974c5]::string::String>>
[INFO] [stdout]   13:     0x5cfcc93001a4 - test[aada8e7e76ba119b]::run_test::{closure#0}
[INFO] [stdout]   14:     0x5cfcc92f98d4 - std[617be2ca0a6fd877]::sys::backtrace::__rust_begin_short_backtrace::<test[aada8e7e76ba119b]::run_test::{closure#1}, ()>
[INFO] [stdout]   15:     0x5cfcc9303f62 - <std[617be2ca0a6fd877]::thread::lifecycle::spawn_unchecked<test[aada8e7e76ba119b]::run_test::{closure#1}, ()>::{closure#1} as core[a373ad73a504971]::ops::function::FnOnce<()>>::call_once::{shim:vtable#0}
[INFO] [stdout]   16:     0x5cfcc92e8e54 - <std[617be2ca0a6fd877]::sys::thread::unix::Thread>::new::thread_start
[INFO] [stdout]   17:     0x7807f09abdfa - <unknown>
[INFO] [stdout]   18:     0x7807f0a3f3d4 - clone
[INFO] [stdout]   19:                0x0 - <unknown>
[INFO] [stdout] 
[INFO] [stdout] ---- omx::tests::oa_trace_pp_sums_to_oasc stdout ----
[INFO] [stdout] 
[INFO] [stdout] thread 'omx::tests::oa_trace_pp_sums_to_oasc' (530) panicked at src/omx.rs:1209:14:
[INFO] [stdout] called `Result::unwrap()` on an `Err` value: ParseError("open /opt/rustwide/workdir/testdata/globins4.hmm: No such file or directory (os error 2)")
[INFO] [stdout] stack backtrace:
[INFO] [stdout]    0:     0x5cfcc92ea046 - <<std[617be2ca0a6fd877]::sys::backtrace::BacktraceLock>::print::DisplayBacktrace as core[a373ad73a504971]::fmt::Display>::fmt
[INFO] [stdout]    1:     0x5cfcc922dc7a - core[a373ad73a504971]::fmt::write
[INFO] [stdout]    2:     0x5cfcc92f0d2c - <alloc[2e1b2a31b91974c5]::vec::Vec<u8> as core[a373ad73a504971]::io::write::Write>::write_fmt
[INFO] [stdout]    3:     0x5cfcc92c6a52 - std[617be2ca0a6fd877]::panicking::default_hook::{closure#0}
[INFO] [stdout]    4:     0x5cfcc92e2291 - std[617be2ca0a6fd877]::panicking::default_hook
[INFO] [stdout]    5:     0x5cfcc92e2472 - std[617be2ca0a6fd877]::panicking::panic_with_hook
[INFO] [stdout]    6:     0x5cfcc92c6b02 - std[617be2ca0a6fd877]::panicking::panic_handler::{closure#0}
[INFO] [stdout]    7:     0x5cfcc92bf5b9 - std[617be2ca0a6fd877]::sys::backtrace::__rust_end_short_backtrace::<std[617be2ca0a6fd877]::panicking::panic_handler::{closure#0}, !>
[INFO] [stdout]    8:     0x5cfcc92c778d - __rustc[ea4f61d10b84890b]::rust_begin_unwind
[INFO] [stdout]    9:     0x5cfcc922e36c - core[a373ad73a504971]::panicking::panic_fmt
[INFO] [stdout]   10:     0x5cfcc922e142 - core[a373ad73a504971]::result::unwrap_failed
[INFO] [stdout]   11:     0x5cfcc929bf2f - <rustyhmmer[68c1f912a8eea52d]::omx::tests::oa_trace_pp_sums_to_oasc::{closure#0} as core[a373ad73a504971]::ops::function::FnOnce<()>>::call_once
[INFO] [stdout]   12:     0x5cfcc92f22fb - test[aada8e7e76ba119b]::__rust_begin_short_backtrace::<core[a373ad73a504971]::result::Result<(), alloc[2e1b2a31b91974c5]::string::String>, fn() -> core[a373ad73a504971]::result::Result<(), alloc[2e1b2a31b91974c5]::string::String>>
[INFO] [stdout]   13:     0x5cfcc93001a4 - test[aada8e7e76ba119b]::run_test::{closure#0}
[INFO] [stdout]   14:     0x5cfcc92f98d4 - std[617be2ca0a6fd877]::sys::backtrace::__rust_begin_short_backtrace::<test[aada8e7e76ba119b]::run_test::{closure#1}, ()>
[INFO] [stdout]   15:     0x5cfcc9303f62 - <std[617be2ca0a6fd877]::thread::lifecycle::spawn_unchecked<test[aada8e7e76ba119b]::run_test::{closure#1}, ()>::{closure#1} as core[a373ad73a504971]::ops::function::FnOnce<()>>::call_once::{shim:vtable#0}
[INFO] [stdout]   16:     0x5cfcc92e8e54 - <std[617be2ca0a6fd877]::sys::thread::unix::Thread>::new::thread_start
[INFO] [stdout]   17:     0x7807f09abdfa - <unknown>
[INFO] [stdout]   18:     0x7807f0a3f3d4 - clone
[INFO] [stdout]   19:                0x0 - <unknown>
[INFO] [stdout] 
[INFO] [stdout] ---- pipeline::tests::globins_scores_match_golden stdout ----
[INFO] [stdout] 
[INFO] [stdout] thread 'pipeline::tests::globins_scores_match_golden' (531) panicked at src/pipeline.rs:353:14:
[INFO] [stdout] called `Result::unwrap()` on an `Err` value: ParseError("open /opt/rustwide/workdir/testdata/globins4.hmm: No such file or directory (os error 2)")
[INFO] [stdout] stack backtrace:
[INFO] [stdout]    0:     0x5cfcc92ea046 - <<std[617be2ca0a6fd877]::sys::backtrace::BacktraceLock>::print::DisplayBacktrace as core[a373ad73a504971]::fmt::Display>::fmt
[INFO] [stdout]    1:     0x5cfcc922dc7a - core[a373ad73a504971]::fmt::write
[INFO] [stdout]    2:     0x5cfcc92f0d2c - <alloc[2e1b2a31b91974c5]::vec::Vec<u8> as core[a373ad73a504971]::io::write::Write>::write_fmt
[INFO] [stdout]    3:     0x5cfcc92c6a52 - std[617be2ca0a6fd877]::panicking::default_hook::{closure#0}
[INFO] [stdout]    4:     0x5cfcc92e2291 - std[617be2ca0a6fd877]::panicking::default_hook
[INFO] [stdout]    5:     0x5cfcc92e2472 - std[617be2ca0a6fd877]::panicking::panic_with_hook
[INFO] [stdout]    6:     0x5cfcc92c6b02 - std[617be2ca0a6fd877]::panicking::panic_handler::{closure#0}
[INFO] [stdout]    7:     0x5cfcc92bf5b9 - std[617be2ca0a6fd877]::sys::backtrace::__rust_end_short_backtrace::<std[617be2ca0a6fd877]::panicking::panic_handler::{closure#0}, !>
[INFO] [stdout]    8:     0x5cfcc92c778d - __rustc[ea4f61d10b84890b]::rust_begin_unwind
[INFO] [stdout]    9:     0x5cfcc922e36c - core[a373ad73a504971]::panicking::panic_fmt
[INFO] [stdout]   10:     0x5cfcc922e142 - core[a373ad73a504971]::result::unwrap_failed
[INFO] [stdout]   11:     0x5cfcc92ad105 - <rustyhmmer[68c1f912a8eea52d]::pipeline::tests::globins_scores_match_golden::{closure#0} as core[a373ad73a504971]::ops::function::FnOnce<()>>::call_once
[INFO] [stdout]   12:     0x5cfcc92f22fb - test[aada8e7e76ba119b]::__rust_begin_short_backtrace::<core[a373ad73a504971]::result::Result<(), alloc[2e1b2a31b91974c5]::string::String>, fn() -> core[a373ad73a504971]::result::Result<(), alloc[2e1b2a31b91974c5]::string::String>>
[INFO] [stdout]   13:     0x5cfcc93001a4 - test[aada8e7e76ba119b]::run_test::{closure#0}
[INFO] [stdout]   14:     0x5cfcc92f98d4 - std[617be2ca0a6fd877]::sys::backtrace::__rust_begin_short_backtrace::<test[aada8e7e76ba119b]::run_test::{closure#1}, ()>
[INFO] [stdout]   15:     0x5cfcc9303f62 - <std[617be2ca0a6fd877]::thread::lifecycle::spawn_unchecked<test[aada8e7e76ba119b]::run_test::{closure#1}, ()>::{closure#1} as core[a373ad73a504971]::ops::function::FnOnce<()>>::call_once::{shim:vtable#0}
[INFO] [stdout]   16:     0x5cfcc92e8e54 - <std[617be2ca0a6fd877]::sys::thread::unix::Thread>::new::thread_start
[INFO] [stdout]   17:     0x7807f09abdfa - <unknown>
[INFO] [stdout]   18:     0x7807f0a3f3d4 - clone
[INFO] [stdout]   19:                0x0 - <unknown>
[INFO] [stdout] 
[INFO] [stdout] ---- omx::tests::envelope_null2_smoke stdout ----
[INFO] [stdout] 
[INFO] [stdout] thread 'omx::tests::envelope_null2_smoke' (529) panicked at src/omx.rs:1163:14:
[INFO] [stdout] called `Result::unwrap()` on an `Err` value: ParseError("open /opt/rustwide/workdir/testdata/globins4.hmm: No such file or directory (os error 2)")
[INFO] [stdout] stack backtrace:
[INFO] [stdout]    0:     0x5cfcc92ea046 - <<std[617be2ca0a6fd877]::sys::backtrace::BacktraceLock>::print::DisplayBacktrace as core[a373ad73a504971]::fmt::Display>::fmt
[INFO] [stdout]    1:     0x5cfcc922dc7a - core[a373ad73a504971]::fmt::write
[INFO] [stdout]    2:     0x5cfcc92f0d2c - <alloc[2e1b2a31b91974c5]::vec::Vec<u8> as core[a373ad73a504971]::io::write::Write>::write_fmt
[INFO] [stdout]    3:     0x5cfcc92c6a52 - std[617be2ca0a6fd877]::panicking::default_hook::{closure#0}
[INFO] [stdout]    4:     0x5cfcc92e2291 - std[617be2ca0a6fd877]::panicking::default_hook
[INFO] [stdout]    5:     0x5cfcc92e2472 - std[617be2ca0a6fd877]::panicking::panic_with_hook
[INFO] [stdout]    6:     0x5cfcc92c6b02 - std[617be2ca0a6fd877]::panicking::panic_handler::{closure#0}
[INFO] [stdout]    7:     0x5cfcc92bf5b9 - std[617be2ca0a6fd877]::sys::backtrace::__rust_end_short_backtrace::<std[617be2ca0a6fd877]::panicking::panic_handler::{closure#0}, !>
[INFO] [stdout]    8:     0x5cfcc92c778d - __rustc[ea4f61d10b84890b]::rust_begin_unwind
[INFO] [stdout]    9:     0x5cfcc922e36c - core[a373ad73a504971]::panicking::panic_fmt
[INFO] [stdout]   10:     0x5cfcc922e142 - core[a373ad73a504971]::result::unwrap_failed
[INFO] [stdout]   11:     0x5cfcc929b415 - <rustyhmmer[68c1f912a8eea52d]::omx::tests::envelope_null2_smoke::{closure#0} as core[a373ad73a504971]::ops::function::FnOnce<()>>::call_once
[INFO] [stdout]   12:     0x5cfcc92f22fb - test[aada8e7e76ba119b]::__rust_begin_short_backtrace::<core[a373ad73a504971]::result::Result<(), alloc[2e1b2a31b91974c5]::string::String>, fn() -> core[a373ad73a504971]::result::Result<(), alloc[2e1b2a31b91974c5]::string::String>>
[INFO] [stdout]   13:     0x5cfcc93001a4 - test[aada8e7e76ba119b]::run_test::{closure#0}
[INFO] [stdout]   14:     0x5cfcc92f98d4 - std[617be2ca0a6fd877]::sys::backtrace::__rust_begin_short_backtrace::<test[aada8e7e76ba119b]::run_test::{closure#1}, ()>
[INFO] [stdout]   15:     0x5cfcc9303f62 - <std[617be2ca0a6fd877]::thread::lifecycle::spawn_unchecked<test[aada8e7e76ba119b]::run_test::{closure#1}, ()>::{closure#1} as core[a373ad73a504971]::ops::function::FnOnce<()>>::call_once::{shim:vtable#0}
[INFO] [stdout]   16:     0x5cfcc92e8e54 - <std[617be2ca0a6fd877]::sys::thread::unix::Thread>::new::thread_start
[INFO] [stdout]   17:     0x7807f09abdfa - <unknown>
[INFO] [stdout]   18:     0x7807f0a3f3d4 - clone
[INFO] [stdout]   19:                0x0 - <unknown>
[INFO] [stdout] 
[INFO] [stdout] ---- msv::tests::msv_passes_all_golden_hits stdout ----
[INFO] [stdout] 
[INFO] [stdout] thread 'msv::tests::msv_passes_all_golden_hits' (520) panicked at src/msv.rs:464:29:
[INFO] [stdout] called `Result::unwrap()` on an `Err` value: ParseError("open /opt/rustwide/workdir/testdata/globins4.hmm: No such file or directory (os error 2)")
[INFO] [stdout] stack backtrace:
[INFO] [stdout]    0:     0x5cfcc92ea046 - <<std[617be2ca0a6fd877]::sys::backtrace::BacktraceLock>::print::DisplayBacktrace as core[a373ad73a504971]::fmt::Display>::fmt
[INFO] [stdout]    1:     0x5cfcc922dc7a - core[a373ad73a504971]::fmt::write
[INFO] [stdout]    2:     0x5cfcc92f0d2c - <alloc[2e1b2a31b91974c5]::vec::Vec<u8> as core[a373ad73a504971]::io::write::Write>::write_fmt
[INFO] [stdout]    3:     0x5cfcc92c6a52 - std[617be2ca0a6fd877]::panicking::default_hook::{closure#0}
[INFO] [stdout]    4:     0x5cfcc92e2291 - std[617be2ca0a6fd877]::panicking::default_hook
[INFO] [stdout]    5:     0x5cfcc92e2472 - std[617be2ca0a6fd877]::panicking::panic_with_hook
[INFO] [stdout]    6:     0x5cfcc92c6b02 - std[617be2ca0a6fd877]::panicking::panic_handler::{closure#0}
[INFO] [stdout]    7:     0x5cfcc92bf5b9 - std[617be2ca0a6fd877]::sys::backtrace::__rust_end_short_backtrace::<std[617be2ca0a6fd877]::panicking::panic_handler::{closure#0}, !>
[INFO] [stdout]    8:     0x5cfcc92c778d - __rustc[ea4f61d10b84890b]::rust_begin_unwind
[INFO] [stdout]    9:     0x5cfcc922e36c - core[a373ad73a504971]::panicking::panic_fmt
[INFO] [stdout]   10:     0x5cfcc922e142 - core[a373ad73a504971]::result::unwrap_failed
[INFO] [stdout]   11:     0x5cfcc9287e8a - rustyhmmer[68c1f912a8eea52d]::msv::tests::globins
[INFO] [stdout]   12:     0x5cfcc929a594 - <rustyhmmer[68c1f912a8eea52d]::msv::tests::msv_passes_all_golden_hits::{closure#0} as core[a373ad73a504971]::ops::function::FnOnce<()>>::call_once
[INFO] [stdout]   13:     0x5cfcc92f22fb - test[aada8e7e76ba119b]::__rust_begin_short_backtrace::<core[a373ad73a504971]::result::Result<(), alloc[2e1b2a31b91974c5]::string::String>, fn() -> core[a373ad73a504971]::result::Result<(), alloc[2e1b2a31b91974c5]::string::String>>
[INFO] [stdout]   14:     0x5cfcc93001a4 - test[aada8e7e76ba119b]::run_test::{closure#0}
[INFO] [stdout]   15:     0x5cfcc92f98d4 - std[617be2ca0a6fd877]::sys::backtrace::__rust_begin_short_backtrace::<test[aada8e7e76ba119b]::run_test::{closure#1}, ()>
[INFO] [stdout]   16:     0x5cfcc9303f62 - <std[617be2ca0a6fd877]::thread::lifecycle::spawn_unchecked<test[aada8e7e76ba119b]::run_test::{closure#1}, ()>::{closure#1} as core[a373ad73a504971]::ops::function::FnOnce<()>>::call_once::{shim:vtable#0}
[INFO] [stdout]   17:     0x5cfcc92e8e54 - <std[617be2ca0a6fd877]::sys::thread::unix::Thread>::new::thread_start
[INFO] [stdout]   18:     0x7807f09abdfa - <unknown>
[INFO] [stdout]   19:     0x7807f0a3f3d4 - clone
[INFO] [stdout]   20:                0x0 - <unknown>
[INFO] [stdout] 
[INFO] [stdout] ---- msv::tests::quantization_constants stdout ----
[INFO] [stdout] 
[INFO] [stdout] thread 'msv::tests::quantization_constants' (521) panicked at src/msv.rs:464:29:
[INFO] [stdout] called `Result::unwrap()` on an `Err` value: ParseError("open /opt/rustwide/workdir/testdata/globins4.hmm: No such file or directory (os error 2)")
[INFO] [stdout] stack backtrace:
[INFO] [stdout]    0:     0x5cfcc92ea046 - <<std[617be2ca0a6fd877]::sys::backtrace::BacktraceLock>::print::DisplayBacktrace as core[a373ad73a504971]::fmt::Display>::fmt
[INFO] [stdout]    1:     0x5cfcc922dc7a - core[a373ad73a504971]::fmt::write
[INFO] [stdout]    2:     0x5cfcc92f0d2c - <alloc[2e1b2a31b91974c5]::vec::Vec<u8> as core[a373ad73a504971]::io::write::Write>::write_fmt
[INFO] [stdout]    3:     0x5cfcc92c6a52 - std[617be2ca0a6fd877]::panicking::default_hook::{closure#0}
[INFO] [stdout]    4:     0x5cfcc92e2291 - std[617be2ca0a6fd877]::panicking::default_hook
[INFO] [stdout]    5:     0x5cfcc92e2472 - std[617be2ca0a6fd877]::panicking::panic_with_hook
[INFO] [stdout]    6:     0x5cfcc92c6b02 - std[617be2ca0a6fd877]::panicking::panic_handler::{closure#0}
[INFO] [stdout]    7:     0x5cfcc92bf5b9 - std[617be2ca0a6fd877]::sys::backtrace::__rust_end_short_backtrace::<std[617be2ca0a6fd877]::panicking::panic_handler::{closure#0}, !>
[INFO] [stdout]    8:     0x5cfcc92c778d - __rustc[ea4f61d10b84890b]::rust_begin_unwind
[INFO] [stdout]    9:     0x5cfcc922e36c - core[a373ad73a504971]::panicking::panic_fmt
[INFO] [stdout]   10:     0x5cfcc922e142 - core[a373ad73a504971]::result::unwrap_failed
[INFO] [stdout]   11:     0x5cfcc9287e8a - rustyhmmer[68c1f912a8eea52d]::msv::tests::globins
[INFO] [stdout]   12:     0x5cfcc92987ed - <rustyhmmer[68c1f912a8eea52d]::msv::tests::quantization_constants::{closure#0} as core[a373ad73a504971]::ops::function::FnOnce<()>>::call_once
[INFO] [stdout]   13:     0x5cfcc92f22fb - test[aada8e7e76ba119b]::__rust_begin_short_backtrace::<core[a373ad73a504971]::result::Result<(), alloc[2e1b2a31b91974c5]::string::String>, fn() -> core[a373ad73a504971]::result::Result<(), alloc[2e1b2a31b91974c5]::string::String>>
[INFO] [stdout]   14:     0x5cfcc93001a4 - test[aada8e7e76ba119b]::run_test::{closure#0}
[INFO] [stdout]   15:     0x5cfcc92f98d4 - std[617be2ca0a6fd877]::sys::backtrace::__rust_begin_short_backtrace::<test[aada8e7e76ba119b]::run_test::{closure#1}, ()>
[INFO] [stdout]   16:     0x5cfcc9303f62 - <std[617be2ca0a6fd877]::thread::lifecycle::spawn_unchecked<test[aada8e7e76ba119b]::run_test::{closure#1}, ()>::{closure#1} as core[a373ad73a504971]::ops::function::FnOnce<()>>::call_once::{shim:vtable#0}
[INFO] [stdout]   17:     0x5cfcc92e8e54 - <std[617be2ca0a6fd877]::sys::thread::unix::Thread>::new::thread_start
[INFO] [stdout]   18:     0x7807f09abdfa - <unknown>
[INFO] [stdout]   19:     0x7807f0a3f3d4 - clone
[INFO] [stdout]   20:                0x0 - <unknown>
[INFO] [stdout] 
[INFO] [stdout] ---- tblout::tests::globins_tblout_rows_byte_identical stdout ----
[INFO] [stdout] 
[INFO] [stdout] thread 'tblout::tests::globins_tblout_rows_byte_identical' (551) panicked at src/tblout.rs:351:14:
[INFO] [stdout] called `Result::unwrap()` on an `Err` value: ParseError("open /opt/rustwide/workdir/testdata/globins4.hmm: No such file or directory (os error 2)")
[INFO] [stdout] stack backtrace:
[INFO] [stdout]    0:     0x5cfcc92ea046 - <<std[617be2ca0a6fd877]::sys::backtrace::BacktraceLock>::print::DisplayBacktrace as core[a373ad73a504971]::fmt::Display>::fmt
[INFO] [stdout]    1:     0x5cfcc922dc7a - core[a373ad73a504971]::fmt::write
[INFO] [stdout]    2:     0x5cfcc92f0d2c - <alloc[2e1b2a31b91974c5]::vec::Vec<u8> as core[a373ad73a504971]::io::write::Write>::write_fmt
[INFO] [stdout]    3:     0x5cfcc92c6a52 - std[617be2ca0a6fd877]::panicking::default_hook::{closure#0}
[INFO] [stdout]    4:     0x5cfcc92e2291 - std[617be2ca0a6fd877]::panicking::default_hook
[INFO] [stdout]    5:     0x5cfcc92e2472 - std[617be2ca0a6fd877]::panicking::panic_with_hook
[INFO] [stdout]    6:     0x5cfcc92c6b02 - std[617be2ca0a6fd877]::panicking::panic_handler::{closure#0}
[INFO] [stdout]    7:     0x5cfcc92bf5b9 - std[617be2ca0a6fd877]::sys::backtrace::__rust_end_short_backtrace::<std[617be2ca0a6fd877]::panicking::panic_handler::{closure#0}, !>
[INFO] [stdout]    8:     0x5cfcc92c778d - __rustc[ea4f61d10b84890b]::rust_begin_unwind
[INFO] [stdout]    9:     0x5cfcc922e36c - core[a373ad73a504971]::panicking::panic_fmt
[INFO] [stdout]   10:     0x5cfcc922e142 - core[a373ad73a504971]::result::unwrap_failed
[INFO] [stdout]   11:     0x5cfcc92a774e - <rustyhmmer[68c1f912a8eea52d]::tblout::tests::globins_tblout_rows_byte_identical::{closure#0} as core[a373ad73a504971]::ops::function::FnOnce<()>>::call_once
[INFO] [stdout]   12:     0x5cfcc92f22fb - test[aada8e7e76ba119b]::__rust_begin_short_backtrace::<core[a373ad73a504971]::result::Result<(), alloc[2e1b2a31b91974c5]::string::String>, fn() -> core[a373ad73a504971]::result::Result<(), alloc[2e1b2a31b91974c5]::string::String>>
[INFO] [stdout]   13:     0x5cfcc93001a4 - test[aada8e7e76ba119b]::run_test::{closure#0}
[INFO] [stdout]   14:     0x5cfcc92f98d4 - std[617be2ca0a6fd877]::sys::backtrace::__rust_begin_short_backtrace::<test[aada8e7e76ba119b]::run_test::{closure#1}, ()>
[INFO] [stdout]   15:     0x5cfcc9303f62 - <std[617be2ca0a6fd877]::thread::lifecycle::spawn_unchecked<test[aada8e7e76ba119b]::run_test::{closure#1}, ()>::{closure#1} as core[a373ad73a504971]::ops::function::FnOnce<()>>::call_once::{shim:vtable#0}
[INFO] [stdout]   16:     0x5cfcc92e8e54 - <std[617be2ca0a6fd877]::sys::thread::unix::Thread>::new::thread_start
[INFO] [stdout]   17:     0x7807f09abdfa - <unknown>
[INFO] [stdout]   18:     0x7807f0a3f3d4 - clone
[INFO] [stdout]   19:                0x0 - <unknown>
[INFO] [stdout] 
[INFO] [stdout] ---- msv::tests::tbm_matches_formula stdout ----
[INFO] [stdout] 
[INFO] [stdout] thread 'msv::tests::tbm_matches_formula' (523) panicked at src/msv.rs:464:29:
[INFO] [stdout] called `Result::unwrap()` on an `Err` value: ParseError("open /opt/rustwide/workdir/testdata/globins4.hmm: No such file or directory (os error 2)")
[INFO] [stdout] stack backtrace:
[INFO] [stdout]    0:     0x5cfcc92ea046 - <<std[617be2ca0a6fd877]::sys::backtrace::BacktraceLock>::print::DisplayBacktrace as core[a373ad73a504971]::fmt::Display>::fmt
[INFO] [stdout]    1:     0x5cfcc922dc7a - core[a373ad73a504971]::fmt::write
[INFO] [stdout]    2:     0x5cfcc92f0d2c - <alloc[2e1b2a31b91974c5]::vec::Vec<u8> as core[a373ad73a504971]::io::write::Write>::write_fmt
[INFO] [stdout]    3:     0x5cfcc92c6a52 - std[617be2ca0a6fd877]::panicking::default_hook::{closure#0}
[INFO] [stdout]    4:     0x5cfcc92e2291 - std[617be2ca0a6fd877]::panicking::default_hook
[INFO] [stdout]    5:     0x5cfcc92e2472 - std[617be2ca0a6fd877]::panicking::panic_with_hook
[INFO] [stdout]    6:     0x5cfcc92c6b02 - std[617be2ca0a6fd877]::panicking::panic_handler::{closure#0}
[INFO] [stdout]    7:     0x5cfcc92bf5b9 - std[617be2ca0a6fd877]::sys::backtrace::__rust_end_short_backtrace::<std[617be2ca0a6fd877]::panicking::panic_handler::{closure#0}, !>
[INFO] [stdout]    8:     0x5cfcc92c778d - __rustc[ea4f61d10b84890b]::rust_begin_unwind
[INFO] [stdout]    9:     0x5cfcc922e36c - core[a373ad73a504971]::panicking::panic_fmt
[INFO] [stdout]   10:     0x5cfcc922e142 - core[a373ad73a504971]::result::unwrap_failed
[INFO] [stdout]   11:     0x5cfcc9287e8a - rustyhmmer[68c1f912a8eea52d]::msv::tests::globins
[INFO] [stdout]   12:     0x5cfcc929862d - <rustyhmmer[68c1f912a8eea52d]::msv::tests::tbm_matches_formula::{closure#0} as core[a373ad73a504971]::ops::function::FnOnce<()>>::call_once
[INFO] [stdout]   13:     0x5cfcc92f22fb - test[aada8e7e76ba119b]::__rust_begin_short_backtrace::<core[a373ad73a504971]::result::Result<(), alloc[2e1b2a31b91974c5]::string::String>, fn() -> core[a373ad73a504971]::result::Result<(), alloc[2e1b2a31b91974c5]::string::String>>
[INFO] [stdout]   14:     0x5cfcc93001a4 - test[aada8e7e76ba119b]::run_test::{closure#0}
[INFO] [stdout]   15:     0x5cfcc92f98d4 - std[617be2ca0a6fd877]::sys::backtrace::__rust_begin_short_backtrace::<test[aada8e7e76ba119b]::run_test::{closure#1}, ()>
[INFO] [stdout]   16:     0x5cfcc9303f62 - <std[617be2ca0a6fd877]::thread::lifecycle::spawn_unchecked<test[aada8e7e76ba119b]::run_test::{closure#1}, ()>::{closure#1} as core[a373ad73a504971]::ops::function::FnOnce<()>>::call_once::{shim:vtable#0}
[INFO] [stdout]   17:     0x5cfcc92e8e54 - <std[617be2ca0a6fd877]::sys::thread::unix::Thread>::new::thread_start
[INFO] [stdout]   18:     0x7807f09abdfa - <unknown>
[INFO] [stdout]   19:     0x7807f0a3f3d4 - clone
[INFO] [stdout]   20:                0x0 - <unknown>
[INFO] [stdout] 
[INFO] [stdout] ---- vitfilter::tests::quantization_constants stdout ----
[INFO] [stdout] 
[INFO] [stdout] thread 'vitfilter::tests::quantization_constants' (552) panicked at src/vitfilter.rs:602:29:
[INFO] [stdout] called `Result::unwrap()` on an `Err` value: ParseError("open /opt/rustwide/workdir/testdata/globins4.hmm: No such file or directory (os error 2)")
[INFO] [stdout] stack backtrace:
[INFO] [stdout]    0:     0x5cfcc92ea046 - <<std[617be2ca0a6fd877]::sys::backtrace::BacktraceLock>::print::DisplayBacktrace as core[a373ad73a504971]::fmt::Display>::fmt
[INFO] [stdout]    1:     0x5cfcc922dc7a - core[a373ad73a504971]::fmt::write
[INFO] [stdout]    2:     0x5cfcc92f0d2c - <alloc[2e1b2a31b91974c5]::vec::Vec<u8> as core[a373ad73a504971]::io::write::Write>::write_fmt
[INFO] [stdout]    3:     0x5cfcc92c6a52 - std[617be2ca0a6fd877]::panicking::default_hook::{closure#0}
[INFO] [stdout]    4:     0x5cfcc92e2291 - std[617be2ca0a6fd877]::panicking::default_hook
[INFO] [stdout]    5:     0x5cfcc92e2472 - std[617be2ca0a6fd877]::panicking::panic_with_hook
[INFO] [stdout]    6:     0x5cfcc92c6b02 - std[617be2ca0a6fd877]::panicking::panic_handler::{closure#0}
[INFO] [stdout]    7:     0x5cfcc92bf5b9 - std[617be2ca0a6fd877]::sys::backtrace::__rust_end_short_backtrace::<std[617be2ca0a6fd877]::panicking::panic_handler::{closure#0}, !>
[INFO] [stdout]    8:     0x5cfcc92c778d - __rustc[ea4f61d10b84890b]::rust_begin_unwind
[INFO] [stdout]    9:     0x5cfcc922e36c - core[a373ad73a504971]::panicking::panic_fmt
[INFO] [stdout]   10:     0x5cfcc922e142 - core[a373ad73a504971]::result::unwrap_failed
[INFO] [stdout]   11:     0x5cfcc92b22f5 - <rustyhmmer[68c1f912a8eea52d]::vitfilter::tests::quantization_constants::{closure#0} as core[a373ad73a504971]::ops::function::FnOnce<()>>::call_once
[INFO] [stdout]   12:     0x5cfcc92f22fb - test[aada8e7e76ba119b]::__rust_begin_short_backtrace::<core[a373ad73a504971]::result::Result<(), alloc[2e1b2a31b91974c5]::string::String>, fn() -> core[a373ad73a504971]::result::Result<(), alloc[2e1b2a31b91974c5]::string::String>>
[INFO] [stdout]   13:     0x5cfcc93001a4 - test[aada8e7e76ba119b]::run_test::{closure#0}
[INFO] [stdout]   14:     0x5cfcc92f98d4 - std[617be2ca0a6fd877]::sys::backtrace::__rust_begin_short_backtrace::<test[aada8e7e76ba119b]::run_test::{closure#1}, ()>
[INFO] [stdout]   15:     0x5cfcc9303f62 - <std[617be2ca0a6fd877]::thread::lifecycle::spawn_unchecked<test[aada8e7e76ba119b]::run_test::{closure#1}, ()>::{closure#1} as core[a373ad73a504971]::ops::function::FnOnce<()>>::call_once::{shim:vtable#0}
[INFO] [stdout]   16:     0x5cfcc92e8e54 - <std[617be2ca0a6fd877]::sys::thread::unix::Thread>::new::thread_start
[INFO] [stdout]   17:     0x7807f09abdfa - <unknown>
[INFO] [stdout]   18:     0x7807f0a3f3d4 - clone
[INFO] [stdout]   19:                0x0 - <unknown>
[INFO] [stdout] 
[INFO] [stdout] ---- tblout::tests::globins_tblout_header_byte_identical stdout ----
[INFO] [stdout] 
[INFO] [stdout] thread 'tblout::tests::globins_tblout_header_byte_identical' (550) panicked at src/tblout.rs:340:85:
[INFO] [stdout] called `Result::unwrap()` on an `Err` value: Os { code: 2, kind: NotFound, message: "No such file or directory" }
[INFO] [stdout] stack backtrace:
[INFO] [stdout]    0:     0x5cfcc92ea046 - <<std[617be2ca0a6fd877]::sys::backtrace::BacktraceLock>::print::DisplayBacktrace as core[a373ad73a504971]::fmt::Display>::fmt
[INFO] [stdout]    1:     0x5cfcc922dc7a - core[a373ad73a504971]::fmt::write
[INFO] [stdout]    2:     0x5cfcc92f0d2c - <alloc[2e1b2a31b91974c5]::vec::Vec<u8> as core[a373ad73a504971]::io::write::Write>::write_fmt
[INFO] [stdout]    3:     0x5cfcc92c6a52 - std[617be2ca0a6fd877]::panicking::default_hook::{closure#0}
[INFO] [stdout]    4:     0x5cfcc92e2291 - std[617be2ca0a6fd877]::panicking::default_hook
[INFO] [stdout]    5:     0x5cfcc92e2472 - std[617be2ca0a6fd877]::panicking::panic_with_hook
[INFO] [stdout]    6:     0x5cfcc92c6b02 - std[617be2ca0a6fd877]::panicking::panic_handler::{closure#0}
[INFO] [stdout]    7:     0x5cfcc92bf5b9 - std[617be2ca0a6fd877]::sys::backtrace::__rust_end_short_backtrace::<std[617be2ca0a6fd877]::panicking::panic_handler::{closure#0}, !>
[INFO] [stdout]    8:     0x5cfcc92c778d - __rustc[ea4f61d10b84890b]::rust_begin_unwind
[INFO] [stdout]    9:     0x5cfcc922e36c - core[a373ad73a504971]::panicking::panic_fmt
[INFO] [stdout]   10:     0x5cfcc922e142 - core[a373ad73a504971]::result::unwrap_failed
[INFO] [stdout]   11:     0x5cfcc92a85dd - <rustyhmmer[68c1f912a8eea52d]::tblout::tests::globins_tblout_header_byte_identical::{closure#0} as core[a373ad73a504971]::ops::function::FnOnce<()>>::call_once
[INFO] [stdout]   12:     0x5cfcc92f22fb - test[aada8e7e76ba119b]::__rust_begin_short_backtrace::<core[a373ad73a504971]::result::Result<(), alloc[2e1b2a31b91974c5]::string::String>, fn() -> core[a373ad73a504971]::result::Result<(), alloc[2e1b2a31b91974c5]::string::String>>
[INFO] [stdout]   13:     0x5cfcc93001a4 - test[aada8e7e76ba119b]::run_test::{closure#0}
[INFO] [stdout]   14:     0x5cfcc92f98d4 - std[617be2ca0a6fd877]::sys::backtrace::__rust_begin_short_backtrace::<test[aada8e7e76ba119b]::run_test::{closure#1}, ()>
[INFO] [stdout]   15:     0x5cfcc9303f62 - <std[617be2ca0a6fd877]::thread::lifecycle::spawn_unchecked<test[aada8e7e76ba119b]::run_test::{closure#1}, ()>::{closure#1} as core[a373ad73a504971]::ops::function::FnOnce<()>>::call_once::{shim:vtable#0}
[INFO] [stdout]   16:     0x5cfcc92e8e54 - <std[617be2ca0a6fd877]::sys::thread::unix::Thread>::new::thread_start
[INFO] [stdout]   17:     0x7807f09abdfa - <unknown>
[INFO] [stdout]   18:     0x7807f0a3f3d4 - clone
[INFO] [stdout]   19:                0x0 - <unknown>
[INFO] [stdout] 
[INFO] [stdout] ---- report::tests::fn3_7less_report_byte_identical stdout ----
[INFO] [stdout] 
[INFO] [stdout] thread 'report::tests::fn3_7less_report_byte_identical' (536) panicked at src/report.rs:384:14:
[INFO] [stdout] called `Result::unwrap()` on an `Err` value: ParseError("open /opt/rustwide/workdir/testdata/fn3.hmm: No such file or directory (os error 2)")
[INFO] [stdout] stack backtrace:
[INFO] [stdout]    0:     0x5cfcc92ea046 - <<std[617be2ca0a6fd877]::sys::backtrace::BacktraceLock>::print::DisplayBacktrace as core[a373ad73a504971]::fmt::Display>::fmt
[INFO] [stdout]    1:     0x5cfcc922dc7a - core[a373ad73a504971]::fmt::write
[INFO] [stdout]    2:     0x5cfcc92f0d2c - <alloc[2e1b2a31b91974c5]::vec::Vec<u8> as core[a373ad73a504971]::io::write::Write>::write_fmt
[INFO] [stdout]    3:     0x5cfcc92c6a52 - std[617be2ca0a6fd877]::panicking::default_hook::{closure#0}
[INFO] [stdout]    4:     0x5cfcc92e2291 - std[617be2ca0a6fd877]::panicking::default_hook
[INFO] [stdout]    5:     0x5cfcc92e2472 - std[617be2ca0a6fd877]::panicking::panic_with_hook
[INFO] [stdout]    6:     0x5cfcc92c6b02 - std[617be2ca0a6fd877]::panicking::panic_handler::{closure#0}
[INFO] [stdout]    7:     0x5cfcc92bf5b9 - std[617be2ca0a6fd877]::sys::backtrace::__rust_end_short_backtrace::<std[617be2ca0a6fd877]::panicking::panic_handler::{closure#0}, !>
[INFO] [stdout]    8:     0x5cfcc92c778d - __rustc[ea4f61d10b84890b]::rust_begin_unwind
[INFO] [stdout]    9:     0x5cfcc922e36c - core[a373ad73a504971]::panicking::panic_fmt
[INFO] [stdout]   10:     0x5cfcc922e142 - core[a373ad73a504971]::result::unwrap_failed
[INFO] [stdout]   11:     0x5cfcc929f747 - <rustyhmmer[68c1f912a8eea52d]::report::tests::fn3_7less_report_byte_identical::{closure#0} as core[a373ad73a504971]::ops::function::FnOnce<()>>::call_once
[INFO] [stdout]   12:     0x5cfcc92f22fb - test[aada8e7e76ba119b]::__rust_begin_short_backtrace::<core[a373ad73a504971]::result::Result<(), alloc[2e1b2a31b91974c5]::string::String>, fn() -> core[a373ad73a504971]::result::Result<(), alloc[2e1b2a31b91974c5]::string::String>>
[INFO] [stdout]   13:     0x5cfcc93001a4 - test[aada8e7e76ba119b]::run_test::{closure#0}
[INFO] [stdout]   14:     0x5cfcc92f98d4 - std[617be2ca0a6fd877]::sys::backtrace::__rust_begin_short_backtrace::<test[aada8e7e76ba119b]::run_test::{closure#1}, ()>
[INFO] [stdout]   15:     0x5cfcc9303f62 - <std[617be2ca0a6fd877]::thread::lifecycle::spawn_unchecked<test[aada8e7e76ba119b]::run_test::{closure#1}, ()>::{closure#1} as core[a373ad73a504971]::ops::function::FnOnce<()>>::call_once::{shim:vtable#0}
[INFO] [stdout]   16:     0x5cfcc92e8e54 - <std[617be2ca0a6fd877]::sys::thread::unix::Thread>::new::thread_start
[INFO] [stdout]   17:     0x7807f09abdfa - <unknown>
[INFO] [stdout]   18:     0x7807f0a3f3d4 - clone
[INFO] [stdout]   19:                0x0 - <unknown>
[INFO] [stdout] 
[INFO] [stdout] 
[INFO] [stdout] failures:
[INFO] [stdout]     bias::tests::bias_passes_all_golden_hits
[INFO] [stdout]     domtblout::tests::globins_domtblout_header_byte_identical
[INFO] [stdout]     domtblout::tests::globins_domtblout_rows_byte_identical
[INFO] [stdout]     dp::tests::fn3_7less_multidomain
[INFO] [stdout]     dp::tests::gforward_smoke
[INFO] [stdout]     forward::tests::forward_filter_passes_all_golden_hits
[INFO] [stdout]     hmmfile::tests::binary_and_ascii_agree
[INFO] [stdout]     hmmfile::tests::match_line_annotation_fields
[INFO] [stdout]     hmmfile::tests::parse_fn3_cutoffs
[INFO] [stdout]     hmmfile::tests::parse_globins4
[INFO] [stdout]     hmmfile::tests::set_consensus_reproduces_the_file_cons_line
[INFO] [stdout]     msv::tests::msv_passes_all_golden_hits
[INFO] [stdout]     msv::tests::quantization_constants
[INFO] [stdout]     msv::tests::tbm_matches_formula
[INFO] [stdout]     omx::tests::envelope_null2_smoke
[INFO] [stdout]     omx::tests::oa_trace_pp_sums_to_oasc
[INFO] [stdout]     pipeline::tests::globins_scores_match_golden
[INFO] [stdout]     report::tests::fn3_7less_report_byte_identical
[INFO] [stdout]     tblout::tests::globins_tblout_header_byte_identical
[INFO] [stdout]     tblout::tests::globins_tblout_rows_byte_identical
[INFO] [stdout]     vitfilter::tests::quantization_constants
[INFO] [stdout] 
[INFO] [stdout] test result: FAILED. 48 passed; 21 failed; 0 ignored; 0 measured; 0 filtered out; finished in 0.11s
[INFO] [stdout] 
[INFO] [stderr] error: test failed, to rerun pass `--lib`
[INFO] running `Command { std: "docker" "inspect" "b9e434f505664c9617bd83ea06d42a10a3ffe159ff855ecce12f6b3461fe8154", kill_on_drop: false }`
[INFO] running `Command { std: "docker" "rm" "-f" "b9e434f505664c9617bd83ea06d42a10a3ffe159ff855ecce12f6b3461fe8154", kill_on_drop: false }`
[INFO] [stdout] b9e434f505664c9617bd83ea06d42a10a3ffe159ff855ecce12f6b3461fe8154
