[INFO] fetching crate rustyforge 0.4.1...
[INFO] testing rustyforge-0.4.1 against 1.100.0-beta.1+cargoflags=--release for beta-release-1.100-2
[INFO] extracting crate rustyforge 0.4.1 into /workspace/builds/worker-1-tc2/source
[INFO] started tweaking crates.io crate rustyforge 0.4.1
[INFO] finished tweaking crates.io crate rustyforge 0.4.1
[INFO] tweaked toml for crates.io crate rustyforge 0.4.1 written to /workspace/builds/worker-1-tc2/source/Cargo.toml
[INFO] validating manifest of crates.io crate rustyforge 0.4.1 on toolchain 1.100.0-beta.1
[INFO] running `Command { std: CARGO_HOME="/workspace/cargo-home" RUSTUP_HOME="/workspace/rustup-home" "/workspace/cargo-home/bin/cargo" "+1.100.0-beta.1" "metadata" "--manifest-path" "Cargo.toml" "--no-deps", kill_on_drop: false }`
[INFO] crate crates.io crate rustyforge 0.4.1 already has a lockfile, it will not be regenerated
[INFO] running `Command { std: CARGO_HOME="/workspace/cargo-home" RUSTUP_HOME="/workspace/rustup-home" "/workspace/cargo-home/bin/cargo" "+1.100.0-beta.1" "fetch" "--manifest-path" "Cargo.toml", kill_on_drop: false }`
[INFO] [stderr]     Blocking waiting for file lock on package cache
[INFO] running `Command { std: "docker" "create" "-v" "/var/lib/crater-agent-workspace/builds/worker-1-tc2/source:/opt/rustwide/workdir:ro,Z" "-v" "/var/lib/crater-agent-workspace/builds/worker-1-tc2/target:/opt/rustwide/target:rw,Z" "-v" "/var/lib/crater-agent-workspace/cargo-home:/opt/rustwide/cargo-home:ro,Z" "-v" "/var/lib/crater-agent-workspace/rustup-home:/opt/rustwide/rustup-home:ro,Z" "-m" "1610612736" "--network" "none" "ghcr.io/rust-lang/crates-build-env/linux@sha256:77db811e55d90add9212f6832c23229e3de5f1c1f9905e8cb07319ea15df73ac" "sleep" "infinity", kill_on_drop: false }`
[INFO] [stdout] 2f4f7d7a7acf60ebb76ac12e74cc3e5fef6ce3bdc653a389c48c6941468a034a
[INFO] running `Command { std: "docker" "start" "2f4f7d7a7acf60ebb76ac12e74cc3e5fef6ce3bdc653a389c48c6941468a034a", kill_on_drop: false }`
[INFO] running `Command { std: "docker" "inspect" "2f4f7d7a7acf60ebb76ac12e74cc3e5fef6ce3bdc653a389c48c6941468a034a", kill_on_drop: false }`
[INFO] running `Command { std: "docker" "exec" "-e" "SOURCE_DIR=/opt/rustwide/workdir" "-e" "CARGO_HOME=/opt/rustwide/cargo-home" "-e" "RUSTUP_HOME=/opt/rustwide/rustup-home" "-e" "CARGO_TARGET_DIR=/opt/rustwide/target" "-w" "/opt/rustwide/workdir" "--user" "0:0" "2f4f7d7a7acf60ebb76ac12e74cc3e5fef6ce3bdc653a389c48c6941468a034a" "/opt/rustwide/cargo-home/bin/cargo" "+1.100.0-beta.1" "metadata" "--no-deps" "--format-version=1", kill_on_drop: false }`
[INFO] running `Command { std: "docker" "inspect" "2f4f7d7a7acf60ebb76ac12e74cc3e5fef6ce3bdc653a389c48c6941468a034a", kill_on_drop: false }`
[INFO] running `Command { std: "docker" "exec" "-e" "SOURCE_DIR=/opt/rustwide/workdir" "-e" "CARGO_HOME=/opt/rustwide/cargo-home" "-e" "RUSTUP_HOME=/opt/rustwide/rustup-home" "-e" "CARGO_TARGET_DIR=/opt/rustwide/target" "-e" "CARGO_INCREMENTAL=0" "-e" "RUST_BACKTRACE=full" "-e" "RUSTFLAGS=--cap-lints=warn" "-e" "RUSTDOCFLAGS=--cap-lints=warn" "-w" "/opt/rustwide/workdir" "--user" "0:0" "2f4f7d7a7acf60ebb76ac12e74cc3e5fef6ce3bdc653a389c48c6941468a034a" "/opt/rustwide/cargo-home/bin/cargo" "+1.100.0-beta.1" "build" "--frozen" "--message-format=json" "--release", kill_on_drop: false }`
[INFO] [stderr]    Compiling libc v0.2.172
[INFO] [stderr]    Compiling rustix v1.0.7
[INFO] [stderr]    Compiling lock_api v0.4.13
[INFO] [stderr]    Compiling convert_case v0.7.1
[INFO] [stderr]    Compiling syn v2.0.101
[INFO] [stderr]    Compiling indexmap v2.9.0
[INFO] [stderr]    Compiling anstream v0.6.19
[INFO] [stderr]    Compiling aho-corasick v1.1.3
[INFO] [stderr]    Compiling winnow v0.7.10
[INFO] [stderr]    Compiling litrs v0.4.1
[INFO] [stderr]    Compiling clap_lex v0.7.4
[INFO] [stderr]    Compiling bstr v1.12.0
[INFO] [stderr]    Compiling sha2 v0.10.9
[INFO] [stderr]    Compiling colored v3.0.0
[INFO] [stderr]    Compiling clap_builder v4.5.39
[INFO] [stderr]    Compiling document-features v0.2.11
[INFO] [stderr]    Compiling signal-hook-registry v1.4.5
[INFO] [stderr]    Compiling parking_lot_core v0.9.11
[INFO] [stderr]    Compiling mio v1.0.4
[INFO] [stderr]    Compiling getrandom v0.3.3
[INFO] [stderr]    Compiling parking_lot v0.12.4
[INFO] [stderr]    Compiling signal-hook v0.3.18
[INFO] [stderr]    Compiling signal-hook-mio v0.2.4
[INFO] [stderr]    Compiling regex-automata v0.4.9
[INFO] [stderr]    Compiling tempfile v3.20.0
[INFO] [stderr]    Compiling serde_derive v1.0.219
[INFO] [stderr]    Compiling derive_more-impl v2.0.1
[INFO] [stderr]    Compiling clap_derive v4.5.32
[INFO] [stderr]    Compiling derive_more v2.0.1
[INFO] [stderr]    Compiling crossterm v0.29.0
[INFO] [stderr]    Compiling globset v0.4.16
[INFO] [stderr]    Compiling clap v4.5.39
[INFO] [stderr]    Compiling serde v1.0.219
[INFO] [stderr]    Compiling serde_spanned v0.6.9
[INFO] [stderr]    Compiling toml_datetime v0.6.11
[INFO] [stderr]    Compiling serde_json v1.0.140
[INFO] [stderr]    Compiling toml_edit v0.22.27
[INFO] [stderr]    Compiling toml v0.8.23
[INFO] [stderr]    Compiling rustyforge v0.4.1 (/opt/rustwide/workdir)
[INFO] [stdout] warning: unused `Result` that must be used
[INFO] [stdout]   --> src/main.rs:80:13
[INFO] [stdout]    |
[INFO] [stdout] 80 |             compile(&config).context("Error compiling");
[INFO] [stdout]    |             ^^^^^^^^^^^^^^^^^^^^^^^^^^^^^^^^^^^^^^^^^^^
[INFO] [stdout]    |
[INFO] [stdout]    = note: this `Result` may be an `Err` variant, which should be handled
[INFO] [stdout]    = note: `#[warn(unused_must_use)]` (part of `#[warn(unused)]`) on by default
[INFO] [stdout] help: use `let _ = ...` to ignore the resulting value
[INFO] [stdout]    |
[INFO] [stdout] 80 |             let _ = compile(&config).context("Error compiling");
[INFO] [stdout]    |             +++++++
[INFO] [stdout] 
[INFO] [stdout] 
[INFO] [stderr] warning: unused dependency `tempfile`
[INFO] [stderr]   --> Cargo.toml:34:15
[INFO] [stderr]    |
[INFO] [stderr] 34 | [dependencies.tempfile]
[INFO] [stderr]    |               ^^^^^^^^^
[INFO] [stderr]    |
[INFO] [stderr]    = note: `cargo::unused_dependencies` is set to `warn` by default
[INFO] [stderr] help: consider removing the dependency on `tempfile`
[INFO] [stderr] warning: `rustyforge` (manifest) generated 1 warning
[INFO] [stderr]     Finished `release` profile [optimized] target(s) in 52.97s
[INFO] running `Command { std: "docker" "inspect" "2f4f7d7a7acf60ebb76ac12e74cc3e5fef6ce3bdc653a389c48c6941468a034a", kill_on_drop: false }`
[INFO] running `Command { std: "docker" "exec" "-e" "SOURCE_DIR=/opt/rustwide/workdir" "-e" "CARGO_HOME=/opt/rustwide/cargo-home" "-e" "RUSTUP_HOME=/opt/rustwide/rustup-home" "-e" "CARGO_TARGET_DIR=/opt/rustwide/target" "-e" "CARGO_INCREMENTAL=0" "-e" "RUST_BACKTRACE=full" "-e" "RUSTFLAGS=--cap-lints=warn" "-e" "RUSTDOCFLAGS=--cap-lints=warn" "-w" "/opt/rustwide/workdir" "--user" "0:0" "2f4f7d7a7acf60ebb76ac12e74cc3e5fef6ce3bdc653a389c48c6941468a034a" "/opt/rustwide/cargo-home/bin/cargo" "+1.100.0-beta.1" "test" "--frozen" "--no-run" "--message-format=json" "--release", kill_on_drop: false }`
[INFO] [stderr]    Compiling rustyforge v0.4.1 (/opt/rustwide/workdir)
[INFO] [stdout] warning: unused `Result` that must be used
[INFO] [stdout]   --> src/main.rs:80:13
[INFO] [stdout]    |
[INFO] [stdout] 80 |             compile(&config).context("Error compiling");
[INFO] [stdout]    |             ^^^^^^^^^^^^^^^^^^^^^^^^^^^^^^^^^^^^^^^^^^^
[INFO] [stdout]    |
[INFO] [stdout]    = note: this `Result` may be an `Err` variant, which should be handled
[INFO] [stdout]    = note: `#[warn(unused_must_use)]` (part of `#[warn(unused)]`) on by default
[INFO] [stdout] help: use `let _ = ...` to ignore the resulting value
[INFO] [stdout]    |
[INFO] [stdout] 80 |             let _ = compile(&config).context("Error compiling");
[INFO] [stdout]    |             +++++++
[INFO] [stdout] 
[INFO] [stdout] 
[INFO] [stderr]     Finished `release` profile [optimized] target(s) in 3.98s
[INFO] running `Command { std: "docker" "inspect" "2f4f7d7a7acf60ebb76ac12e74cc3e5fef6ce3bdc653a389c48c6941468a034a", kill_on_drop: false }`
[INFO] running `Command { std: "docker" "exec" "-e" "SOURCE_DIR=/opt/rustwide/workdir" "-e" "CARGO_HOME=/opt/rustwide/cargo-home" "-e" "RUSTUP_HOME=/opt/rustwide/rustup-home" "-e" "CARGO_TARGET_DIR=/opt/rustwide/target" "-e" "CARGO_INCREMENTAL=0" "-e" "RUST_BACKTRACE=full" "-e" "RUSTFLAGS=--cap-lints=warn" "-e" "RUSTDOCFLAGS=--cap-lints=warn" "-w" "/opt/rustwide/workdir" "--user" "0:0" "2f4f7d7a7acf60ebb76ac12e74cc3e5fef6ce3bdc653a389c48c6941468a034a" "/opt/rustwide/cargo-home/bin/cargo" "+1.100.0-beta.1" "test" "--frozen" "--release", kill_on_drop: false }`
[INFO] [stderr] warning: unused `Result` that must be used
[INFO] [stderr]   --> src/main.rs:80:13
[INFO] [stderr]    |
[INFO] [stderr] 80 |             compile(&config).context("Error compiling");
[INFO] [stderr]    |             ^^^^^^^^^^^^^^^^^^^^^^^^^^^^^^^^^^^^^^^^^^^
[INFO] [stderr]    |
[INFO] [stderr]    = note: this `Result` may be an `Err` variant, which should be handled
[INFO] [stderr]    = note: `#[warn(unused_must_use)]` (part of `#[warn(unused)]`) on by default
[INFO] [stderr] help: use `let _ = ...` to ignore the resulting value
[INFO] [stderr]    |
[INFO] [stderr] 80 |             let _ = compile(&config).context("Error compiling");
[INFO] [stderr]    |             +++++++
[INFO] [stderr] 
[INFO] [stderr] warning: `rustyforge` (bin "rustyforge" test) generated 1 warning
[INFO] [stderr]     Finished `release` profile [optimized] target(s) in 0.13s
[INFO] [stderr]      Running unittests src/main.rs (/opt/rustwide/target/release/build/rustyforge/1824a0f7b65d4c39/out/rustyforge-1824a0f7b65d4c39)
[INFO] [stdout] 
[INFO] [stdout] running 25 tests
[INFO] [stdout] test fs_utils::tests::test_find_file_exists ... ok
[INFO] [stdout] test fs_utils::tests::test_get_forge_path_debug ... ok
[INFO] [stdout] test fs_utils::tests::test_find_file_not_exists ... ok
[INFO] [stdout] test fs_utils::tests::test_find_o_files ... ok
[INFO] [stdout] test discovery::tests::test_find_c_files_and_header_dirs ... ok
[INFO] [stdout] test discovery::tests::test_should_be_ignored ... ok
[INFO] [stdout] test fs_utils::tests::test_find_o_files_missing_dir - should panic ... ok
[INFO] [stdout] test fs_utils::tests::test_normalize_path_strip_dot_slash ... ok
[INFO] [stdout] test fs_utils::tests::test_normalize_path_no_prefix ... ok
[INFO] [stdout] test fs_utils::tests::test_normalize_path_backslashes ... ok
[INFO] [stdout] test utils::tests::test_valid_ldflags_exact ... ok
[INFO] [stdout] test tests::integration_tests::test_valid_project_gcc ... FAILED
[INFO] [stdout] test tests::integration_tests::test_valid_project_clang ... FAILED
[INFO] [stdout] test utils::tests::test_forbidden_flags ... ok
[INFO] [stdout] test utils::tests::test_invalid_flags ... ok
[INFO] [stdout] test utils::tests::test_invalid_ldflags ... ok
[INFO] [stdout] test fs_utils::tests::test_normalize_path_windows_unc_prefix ... ok
[INFO] [stdout] test utils::tests::test_valid_exact_flags ... ok
[INFO] [stdout] test fs_utils::tests::test_get_forge_path_release ... FAILED
[INFO] [stdout] test utils::tests::test_valid_ldflags_prefix ... ok
[INFO] [stdout] test fs_utils::tests::test_get_forge_path_shared ... ok
[INFO] [stdout] test utils::tests::test_valid_prefix_flags ... ok
[INFO] [stdout] test hashes::tests::test_cache_hash_and_get_cached_hash_and_file_changed ... ok
[INFO] [stdout] test tests::integration_tests::test_broken_project_gcc ... ok
[INFO] [stdout] test tests::integration_tests::test_broken_project_clang ... ok
[INFO] [stdout] 
[INFO] [stdout] failures:
[INFO] [stdout] 
[INFO] [stdout] ---- tests::integration_tests::test_valid_project_gcc stdout ----
[INFO] [stdout] 
[INFO] [stdout] thread 'tests::integration_tests::test_valid_project_gcc' (1016) panicked at src/tests.rs:70:50:
[INFO] [stdout] called `Result::unwrap()` on an `Err` value: Os { code: 30, kind: ReadOnlyFilesystem, message: "Read-only file system" }
[INFO] [stdout] stack backtrace:
[INFO] [stdout]    0:     0x58534e519591 - <<std[617be2ca0a6fd877]::sys::backtrace::BacktraceLock>::print::DisplayBacktrace as core[a373ad73a504971]::fmt::Display>::fmt
[INFO] [stdout]    1:     0x58534e52f68a - core[a373ad73a504971]::fmt::write
[INFO] [stdout]    2:     0x58534e51e04c - <alloc[2e1b2a31b91974c5]::vec::Vec<u8> as core[a373ad73a504971]::io::write::Write>::write_fmt
[INFO] [stdout]    3:     0x58534e4f2b76 - std[617be2ca0a6fd877]::panicking::default_hook::{closure#0}
[INFO] [stdout]    4:     0x58534e510829 - std[617be2ca0a6fd877]::panicking::default_hook
[INFO] [stdout]    5:     0x58534e3c7c10 - test[aada8e7e76ba119b]::test_main_inner::{closure#0}
[INFO] [stdout]    6:     0x58534e510b52 - std[617be2ca0a6fd877]::panicking::panic_with_hook
[INFO] [stdout]    7:     0x58534e4f2c22 - std[617be2ca0a6fd877]::panicking::panic_handler::{closure#0}
[INFO] [stdout]    8:     0x58534e4eafc9 - std[617be2ca0a6fd877]::sys::backtrace::__rust_end_short_backtrace::<std[617be2ca0a6fd877]::panicking::panic_handler::{closure#0}, !>
[INFO] [stdout]    9:     0x58534e4f393d - __rustc[ea4f61d10b84890b]::rust_begin_unwind
[INFO] [stdout]   10:     0x58534e52fe6c - core[a373ad73a504971]::panicking::panic_fmt
[INFO] [stdout]   11:     0x58534e52fc42 - core[a373ad73a504971]::result::unwrap_failed
[INFO] [stdout]   12:     0x58534e3a86e7 - <rustyforge[535bc15ce5a18bf0]::tests::integration_tests::test_valid_project_gcc::{closure#0} as core[a373ad73a504971]::ops::function::FnOnce<()>>::call_once
[INFO] [stdout]   13:     0x58534e3bb05b - test[aada8e7e76ba119b]::__rust_begin_short_backtrace::<core[a373ad73a504971]::result::Result<(), alloc[2e1b2a31b91974c5]::string::String>, fn() -> core[a373ad73a504971]::result::Result<(), alloc[2e1b2a31b91974c5]::string::String>>
[INFO] [stdout]   14:     0x58534e3c8235 - test[aada8e7e76ba119b]::run_test::{closure#0}
[INFO] [stdout]   15:     0x58534e3c1b24 - std[617be2ca0a6fd877]::sys::backtrace::__rust_begin_short_backtrace::<test[aada8e7e76ba119b]::run_test::{closure#1}, ()>
[INFO] [stdout]   16:     0x58534e3cb2c2 - <std[617be2ca0a6fd877]::thread::lifecycle::spawn_unchecked<test[aada8e7e76ba119b]::run_test::{closure#1}, ()>::{closure#1} as core[a373ad73a504971]::ops::function::FnOnce<()>>::call_once::{shim:vtable#0}
[INFO] [stdout]   17:     0x58534e51889f - <std[617be2ca0a6fd877]::sys::thread::unix::Thread>::new::thread_start
[INFO] [stdout]   18:     0x769f56f90dfa - <unknown>
[INFO] [stdout]   19:     0x769f570243d4 - clone
[INFO] [stdout]   20:                0x0 - <unknown>
[INFO] [stdout] 
[INFO] [stdout] ---- tests::integration_tests::test_valid_project_clang stdout ----
[INFO] [stdout] 
[INFO] [stdout] thread 'tests::integration_tests::test_valid_project_clang' (1015) panicked at src/tests.rs:131:50:
[INFO] [stdout] called `Result::unwrap()` on an `Err` value: Os { code: 30, kind: ReadOnlyFilesystem, message: "Read-only file system" }
[INFO] [stdout] stack backtrace:
[INFO] [stdout]    0:     0x58534e519591 - <<std[617be2ca0a6fd877]::sys::backtrace::BacktraceLock>::print::DisplayBacktrace as core[a373ad73a504971]::fmt::Display>::fmt
[INFO] [stdout]    1:     0x58534e52f68a - core[a373ad73a504971]::fmt::write
[INFO] [stdout]    2:     0x58534e51e04c - <alloc[2e1b2a31b91974c5]::vec::Vec<u8> as core[a373ad73a504971]::io::write::Write>::write_fmt
[INFO] [stdout]    3:     0x58534e4f2b76 - std[617be2ca0a6fd877]::panicking::default_hook::{closure#0}
[INFO] [stdout]    4:     0x58534e510829 - std[617be2ca0a6fd877]::panicking::default_hook
[INFO] [stdout]    5:     0x58534e3c7c10 - test[aada8e7e76ba119b]::test_main_inner::{closure#0}
[INFO] [stdout]    6:     0x58534e510b52 - std[617be2ca0a6fd877]::panicking::panic_with_hook
[INFO] [stdout]    7:     0x58534e4f2c22 - std[617be2ca0a6fd877]::panicking::panic_handler::{closure#0}
[INFO] [stdout]    8:     0x58534e4eafc9 - std[617be2ca0a6fd877]::sys::backtrace::__rust_end_short_backtrace::<std[617be2ca0a6fd877]::panicking::panic_handler::{closure#0}, !>
[INFO] [stdout]    9:     0x58534e4f393d - __rustc[ea4f61d10b84890b]::rust_begin_unwind
[INFO] [stdout]   10:     0x58534e52fe6c - core[a373ad73a504971]::panicking::panic_fmt
[INFO] [stdout]   11:     0x58534e52fc42 - core[a373ad73a504971]::result::unwrap_failed
[INFO] [stdout]   12:     0x58534e3a97bf - <rustyforge[535bc15ce5a18bf0]::tests::integration_tests::test_valid_project_clang::{closure#0} as core[a373ad73a504971]::ops::function::FnOnce<()>>::call_once
[INFO] [stdout]   13:     0x58534e3bb05b - test[aada8e7e76ba119b]::__rust_begin_short_backtrace::<core[a373ad73a504971]::result::Result<(), alloc[2e1b2a31b91974c5]::string::String>, fn() -> core[a373ad73a504971]::result::Result<(), alloc[2e1b2a31b91974c5]::string::String>>
[INFO] [stdout]   14:     0x58534e3c8235 - test[aada8e7e76ba119b]::run_test::{closure#0}
[INFO] [stdout]   15:     0x58534e3c1b24 - std[617be2ca0a6fd877]::sys::backtrace::__rust_begin_short_backtrace::<test[aada8e7e76ba119b]::run_test::{closure#1}, ()>
[INFO] [stdout]   16:     0x58534e3cb2c2 - <std[617be2ca0a6fd877]::thread::lifecycle::spawn_unchecked<test[aada8e7e76ba119b]::run_test::{closure#1}, ()>::{closure#1} as core[a373ad73a504971]::ops::function::FnOnce<()>>::call_once::{shim:vtable#0}
[INFO] [stdout]   17:     0x58534e51889f - <std[617be2ca0a6fd877]::sys::thread::unix::Thread>::new::thread_start
[INFO] [stdout]   18:     0x769f56f90dfa - <unknown>
[INFO] [stdout]   19:     0x769f570243d4 - clone
[INFO] [stdout]   20:                0x0 - <unknown>
[INFO] [stdout] 
[INFO] [stdout] ---- fs_utils::tests::test_get_forge_path_release stdout ----
[INFO] [stdout] 
[INFO] [stdout] thread 'fs_utils::tests::test_get_forge_path_release' (1006) panicked at src/fs_utils.rs:484:9:
[INFO] [stdout] assertion `left == right` failed
[INFO] [stdout]   left: "/opt/rustwide/workdir/forge/release/utils.o"
[INFO] [stdout]  right: "/opt/rustwide/workdir/tests/fixtures/broken_project/forge/release/utils.o"
[INFO] [stdout] stack backtrace:
[INFO] [stdout]    0:     0x58534e519591 - <<std[617be2ca0a6fd877]::sys::backtrace::BacktraceLock>::print::DisplayBacktrace as core[a373ad73a504971]::fmt::Display>::fmt
[INFO] [stdout]    1:     0x58534e52f68a - core[a373ad73a504971]::fmt::write
[INFO] [stdout]    2:     0x58534e51e04c - <alloc[2e1b2a31b91974c5]::vec::Vec<u8> as core[a373ad73a504971]::io::write::Write>::write_fmt
[INFO] [stdout]    3:     0x58534e4f2b76 - std[617be2ca0a6fd877]::panicking::default_hook::{closure#0}
[INFO] [stdout]    4:     0x58534e510829 - std[617be2ca0a6fd877]::panicking::default_hook
[INFO] [stdout]    5:     0x58534e3c7c10 - test[aada8e7e76ba119b]::test_main_inner::{closure#0}
[INFO] [stdout]    6:     0x58534e510b52 - std[617be2ca0a6fd877]::panicking::panic_with_hook
[INFO] [stdout]    7:     0x58534e4f2c22 - std[617be2ca0a6fd877]::panicking::panic_handler::{closure#0}
[INFO] [stdout]    8:     0x58534e4eafc9 - std[617be2ca0a6fd877]::sys::backtrace::__rust_end_short_backtrace::<std[617be2ca0a6fd877]::panicking::panic_handler::{closure#0}, !>
[INFO] [stdout]    9:     0x58534e4f393d - __rustc[ea4f61d10b84890b]::rust_begin_unwind
[INFO] [stdout]   10:     0x58534e52fe6c - core[a373ad73a504971]::panicking::panic_fmt
[INFO] [stdout]   11:     0x58534e52fd83 - core[a373ad73a504971]::panicking::assert_failed_inner
[INFO] [stdout]   12:     0x58534e3b0294 - core[a373ad73a504971]::panicking::assert_failed::<std[617be2ca0a6fd877]::path::PathBuf, std[617be2ca0a6fd877]::path::PathBuf>
[INFO] [stdout]   13:     0x58534e3a0f8b - <rustyforge[535bc15ce5a18bf0]::fs_utils::tests::test_get_forge_path_release::{closure#0} as core[a373ad73a504971]::ops::function::FnOnce<()>>::call_once
[INFO] [stdout]   14:     0x58534e3bb05b - test[aada8e7e76ba119b]::__rust_begin_short_backtrace::<core[a373ad73a504971]::result::Result<(), alloc[2e1b2a31b91974c5]::string::String>, fn() -> core[a373ad73a504971]::result::Result<(), alloc[2e1b2a31b91974c5]::string::String>>
[INFO] [stdout]   15:     0x58534e3c8235 - test[aada8e7e76ba119b]::run_test::{closure#0}
[INFO] [stdout]   16:     0x58534e3c1b24 - std[617be2ca0a6fd877]::sys::backtrace::__rust_begin_short_backtrace::<test[aada8e7e76ba119b]::run_test::{closure#1}, ()>
[INFO] [stdout]   17:     0x58534e3cb2c2 - <std[617be2ca0a6fd877]::thread::lifecycle::spawn_unchecked<test[aada8e7e76ba119b]::run_test::{closure#1}, ()>::{closure#1} as core[a373ad73a504971]::ops::function::FnOnce<()>>::call_once::{shim:vtable#0}
[INFO] [stdout]   18:     0x58534e51889f - <std[617be2ca0a6fd877]::sys::thread::unix::Thread>::new::thread_start
[INFO] [stdout]   19:     0x769f56f90dfa - <unknown>
[INFO] [stdout]   20:     0x769f570243d4 - clone
[INFO] [stdout]   21:                0x0 - <unknown>
[INFO] [stdout] 
[INFO] [stdout] 
[INFO] [stdout] failures:
[INFO] [stdout]     fs_utils::tests::test_get_forge_path_release
[INFO] [stdout]     tests::integration_tests::test_valid_project_clang
[INFO] [stdout]     tests::integration_tests::test_valid_project_gcc
[INFO] [stdout] 
[INFO] [stdout] test result: FAILED. 22 passed; 3 failed; 0 ignored; 0 measured; 0 filtered out; finished in 0.14s
[INFO] [stdout] 
[INFO] [stderr] error: test failed, to rerun pass `--bin rustyforge`
[INFO] running `Command { std: "docker" "inspect" "2f4f7d7a7acf60ebb76ac12e74cc3e5fef6ce3bdc653a389c48c6941468a034a", kill_on_drop: false }`
[INFO] running `Command { std: "docker" "rm" "-f" "2f4f7d7a7acf60ebb76ac12e74cc3e5fef6ce3bdc653a389c48c6941468a034a", kill_on_drop: false }`
[INFO] [stdout] 2f4f7d7a7acf60ebb76ac12e74cc3e5fef6ce3bdc653a389c48c6941468a034a
