[INFO] fetching crate rustyfi-syntax 0.1.6...
[INFO] testing rustyfi-syntax-0.1.6 against 1.99.0-beta.8+cargoflags=--release for beta-release-1.100-2
[INFO] extracting crate rustyfi-syntax 0.1.6 into /workspace/builds/worker-0-tc1/source
[INFO] started tweaking crates.io crate rustyfi-syntax 0.1.6
[INFO] removed 0 missing tests
[INFO] finished tweaking crates.io crate rustyfi-syntax 0.1.6
[INFO] tweaked toml for crates.io crate rustyfi-syntax 0.1.6 written to /workspace/builds/worker-0-tc1/source/Cargo.toml
[INFO] validating manifest of crates.io crate rustyfi-syntax 0.1.6 on toolchain 1.99.0-beta.8
[INFO] running `Command { std: CARGO_HOME="/workspace/cargo-home" RUSTUP_HOME="/workspace/rustup-home" "/workspace/cargo-home/bin/cargo" "+1.99.0-beta.8" "metadata" "--manifest-path" "Cargo.toml" "--no-deps", kill_on_drop: false }`
[INFO] crate crates.io crate rustyfi-syntax 0.1.6 already has a lockfile, it will not be regenerated
[INFO] running `Command { std: CARGO_HOME="/workspace/cargo-home" RUSTUP_HOME="/workspace/rustup-home" "/workspace/cargo-home/bin/cargo" "+1.99.0-beta.8" "fetch" "--manifest-path" "Cargo.toml", kill_on_drop: false }`
[INFO] [stderr]     Updating crates.io index
[INFO] [stderr]  Downloading crates ...
[INFO] [stderr]   Downloaded thiserror-impl v2.0.18
[INFO] [stderr]   Downloaded thiserror v2.0.18
[INFO] [stderr]   Downloaded proc-macro-error-attr v1.0.4
[INFO] [stderr]   Downloaded safegraph-macros v0.2.0
[INFO] [stderr]   Downloaded proc-macro-crate v1.3.1
[INFO] [stderr]   Downloaded ident_case v1.0.1
[INFO] [stderr]   Downloaded newer-type-macro v0.3.0
[INFO] [stderr]   Downloaded template-quote-impl v0.4.4
[INFO] [stderr]   Downloaded proc-macro-error-attr2 v2.0.0
[INFO] [stderr]   Downloaded darling_macro v0.20.11
[INFO] [stderr]   Downloaded parametrized-macro v0.1.7
[INFO] [stderr]   Downloaded parametrized v0.1.8
[INFO] [stderr]   Downloaded toml_datetime v0.6.11
[INFO] [stderr]   Downloaded newer-type-std v0.3.0
[INFO] [stderr]   Downloaded newer-type v0.3.0
[INFO] [stderr]   Downloaded include_dir v0.7.4
[INFO] [stderr]   Downloaded quote v1.0.46
[INFO] [stderr]   Downloaded syn_derive v0.1.8
[INFO] [stderr]   Downloaded newer-type-macro v0.1.2
[INFO] [stderr]   Downloaded decycle-macro v0.5.2
[INFO] [stderr]   Downloaded include_dir_macros v0.7.4
[INFO] [stderr]   Downloaded safegraph-macros v0.1.0
[INFO] [stderr]   Downloaded type-leak v0.7.0
[INFO] [stderr]   Downloaded sumtype-macro v0.4.1
[INFO] [stderr]   Downloaded type-leak v0.2.0
[INFO] [stderr]   Downloaded template-quote v0.4.4
[INFO] [stderr]   Downloaded proc-macro-error v1.0.4
[INFO] [stderr]   Downloaded fixedbitset v0.5.7
[INFO] [stderr]   Downloaded either v1.16.0
[INFO] [stderr]   Downloaded derive-syn-parse v0.2.0
[INFO] [stderr]   Downloaded derive-syn-parse v0.1.5
[INFO] [stderr]   Downloaded newer-type v0.1.2
[INFO] [stderr]   Downloaded proc-macro-error2 v2.0.1
[INFO] [stderr]   Downloaded decycle v0.5.2
[INFO] [stderr]   Downloaded proc-macro2 v1.0.106
[INFO] [stderr]   Downloaded sumtype v0.4.1
[INFO] [stderr]   Downloaded syan-macro v0.2.2
[INFO] [stderr]   Downloaded darling v0.20.11
[INFO] [stderr]   Downloaded darling_core v0.20.11
[INFO] [stderr]   Downloaded toml_edit v0.19.15
[INFO] [stderr]   Downloaded memchr v2.8.2
[INFO] [stderr]   Downloaded itertools v0.10.5
[INFO] [stderr]   Downloaded decycle-impl v0.5.2
[INFO] [stderr]   Downloaded syn v2.0.118
[INFO] [stderr]   Downloaded syan v0.2.2
[INFO] [stderr]   Downloaded itertools v0.14.0
[INFO] [stderr]   Downloaded winnow v0.5.40
[INFO] [stderr]   Downloaded safegraph v0.2.0
[INFO] [stderr]   Downloaded unicode-width v0.1.14
[INFO] [stderr]   Downloaded petgraph v0.7.1
[INFO] [stderr]   Downloaded safegraph v0.1.0
[INFO] [stderr]   Downloaded aquamarine v0.6.0
[INFO] running `Command { std: "docker" "create" "-v" "/var/lib/crater-agent-workspace/builds/worker-0-tc1/source:/opt/rustwide/workdir:ro,Z" "-v" "/var/lib/crater-agent-workspace/builds/worker-0-tc1/target:/opt/rustwide/target:rw,Z" "-v" "/var/lib/crater-agent-workspace/cargo-home:/opt/rustwide/cargo-home:ro,Z" "-v" "/var/lib/crater-agent-workspace/rustup-home:/opt/rustwide/rustup-home:ro,Z" "-m" "1610612736" "--network" "none" "ghcr.io/rust-lang/crates-build-env/linux@sha256:77db811e55d90add9212f6832c23229e3de5f1c1f9905e8cb07319ea15df73ac" "sleep" "infinity", kill_on_drop: false }`
[INFO] [stdout] cc0f84936b47cc71d08afa91280a5633ba67206a0057497a4442c3045e774ec4
[INFO] running `Command { std: "docker" "start" "cc0f84936b47cc71d08afa91280a5633ba67206a0057497a4442c3045e774ec4", kill_on_drop: false }`
[INFO] running `Command { std: "docker" "inspect" "cc0f84936b47cc71d08afa91280a5633ba67206a0057497a4442c3045e774ec4", kill_on_drop: false }`
[INFO] running `Command { std: "docker" "exec" "-e" "SOURCE_DIR=/opt/rustwide/workdir" "-e" "CARGO_HOME=/opt/rustwide/cargo-home" "-e" "RUSTUP_HOME=/opt/rustwide/rustup-home" "-e" "CARGO_TARGET_DIR=/opt/rustwide/target" "-w" "/opt/rustwide/workdir" "--user" "0:0" "cc0f84936b47cc71d08afa91280a5633ba67206a0057497a4442c3045e774ec4" "/opt/rustwide/cargo-home/bin/cargo" "+1.99.0-beta.8" "metadata" "--no-deps" "--format-version=1", kill_on_drop: false }`
[INFO] running `Command { std: "docker" "inspect" "cc0f84936b47cc71d08afa91280a5633ba67206a0057497a4442c3045e774ec4", kill_on_drop: false }`
[INFO] running `Command { std: "docker" "exec" "-e" "SOURCE_DIR=/opt/rustwide/workdir" "-e" "CARGO_HOME=/opt/rustwide/cargo-home" "-e" "RUSTUP_HOME=/opt/rustwide/rustup-home" "-e" "CARGO_TARGET_DIR=/opt/rustwide/target" "-e" "CARGO_INCREMENTAL=0" "-e" "RUST_BACKTRACE=full" "-e" "RUSTFLAGS=--cap-lints=warn" "-e" "RUSTDOCFLAGS=--cap-lints=warn" "-w" "/opt/rustwide/workdir" "--user" "0:0" "cc0f84936b47cc71d08afa91280a5633ba67206a0057497a4442c3045e774ec4" "/opt/rustwide/cargo-home/bin/cargo" "+1.99.0-beta.8" "build" "--frozen" "--message-format=json" "--release", kill_on_drop: false }`
[INFO] [stderr]    Compiling proc-macro2 v1.0.106
[INFO] [stderr]    Compiling quote v1.0.46
[INFO] [stderr]    Compiling unicode-ident v1.0.24
[INFO] [stderr]    Compiling version_check v0.9.5
[INFO] [stderr]    Compiling syn v1.0.109
[INFO] [stderr]    Compiling autocfg v1.5.1
[INFO] [stderr]    Compiling rustversion v1.0.22
[INFO] [stderr]    Compiling hashbrown v0.17.1
[INFO] [stderr]    Compiling equivalent v1.0.2
[INFO] [stderr]    Compiling either v1.16.0
[INFO] [stderr]    Compiling strsim v0.11.1
[INFO] [stderr]    Compiling ident_case v1.0.1
[INFO] [stderr]    Compiling fnv v1.0.7
[INFO] [stderr]    Compiling unicode-width v0.1.14
[INFO] [stderr]    Compiling winnow v0.5.40
[INFO] [stderr]    Compiling toml_datetime v0.6.11
[INFO] [stderr]    Compiling fixedbitset v0.5.7
[INFO] [stderr]    Compiling once_cell v1.21.4
[INFO] [stderr]    Compiling thiserror v2.0.18
[INFO] [stderr]    Compiling itertools v0.10.5
[INFO] [stderr]    Compiling itertools v0.14.0
[INFO] [stderr]    Compiling proc-macro-error-attr v1.0.4
[INFO] [stderr]    Compiling proc-macro-error v1.0.4
[INFO] [stderr]    Compiling num-traits v0.2.19
[INFO] [stderr]    Compiling indexmap v2.14.0
[INFO] [stderr]    Compiling syn v2.0.118
[INFO] [stderr]    Compiling include_dir_macros v0.7.4
[INFO] [stderr]    Compiling proc-macro-error-attr2 v2.0.0
[INFO] [stderr]    Compiling include_dir v0.7.4
[INFO] [stderr]    Compiling proc-macro-error2 v2.0.1
[INFO] [stderr]    Compiling petgraph v0.7.1
[INFO] [stderr]    Compiling toml_edit v0.19.15
[INFO] [stderr]    Compiling template-quote-impl v0.4.4
[INFO] [stderr]    Compiling derive-syn-parse v0.1.5
[INFO] [stderr]    Compiling proc-macro-crate v1.3.1
[INFO] [stderr]    Compiling template-quote v0.4.4
[INFO] [stderr]    Compiling darling_core v0.20.11
[INFO] [stderr]    Compiling safegraph-macros v0.1.0
[INFO] [stderr]    Compiling safegraph-macros v0.2.0
[INFO] [stderr]    Compiling derive-syn-parse v0.2.0
[INFO] [stderr]    Compiling aquamarine v0.6.0
[INFO] [stderr]    Compiling syn_derive v0.1.8
[INFO] [stderr]    Compiling parametrized-macro v0.1.7
[INFO] [stderr]    Compiling thiserror-impl v2.0.18
[INFO] [stderr]    Compiling type-leak v0.2.0
[INFO] [stderr]    Compiling safegraph v0.2.0
[INFO] [stderr]    Compiling safegraph v0.1.0
[INFO] [stderr]    Compiling newer-type-macro v0.1.2
[INFO] [stderr]    Compiling darling_macro v0.20.11
[INFO] [stderr]    Compiling darling v0.20.11
[INFO] [stderr]    Compiling type-leak v0.7.0
[INFO] [stderr]    Compiling decycle-impl v0.5.2
[INFO] [stderr]    Compiling sumtype-macro v0.4.1
[INFO] [stderr]    Compiling newer-type-macro v0.3.0
[INFO] [stderr]    Compiling newer-type v0.1.2
[INFO] [stderr]    Compiling sumtype v0.4.1
[INFO] [stderr]    Compiling parametrized v0.1.8
[INFO] [stderr]    Compiling newer-type v0.3.0
[INFO] [stderr]    Compiling newer-type-std v0.3.0
[INFO] [stderr]    Compiling decycle-macro v0.5.2
[INFO] [stderr]    Compiling decycle v0.5.2
[INFO] [stderr]    Compiling syan-macro v0.2.2
[INFO] [stderr]    Compiling syan v0.2.2
[INFO] [stderr]    Compiling rustyfi-syntax v0.1.6 (/opt/rustwide/workdir)
[INFO] [stderr]     Finished `release` profile [optimized] target(s) in 2m 37s
[INFO] [stderr] warning: the following packages contain code that will be rejected by a future version of Rust: proc-macro-error2 v2.0.1
[INFO] [stderr] note: to see what the problems were, use the option `--future-incompat-report`, or run `cargo report future-incompatibilities --id 1`
[INFO] running `Command { std: "docker" "inspect" "cc0f84936b47cc71d08afa91280a5633ba67206a0057497a4442c3045e774ec4", kill_on_drop: false }`
[INFO] running `Command { std: "docker" "exec" "-e" "SOURCE_DIR=/opt/rustwide/workdir" "-e" "CARGO_HOME=/opt/rustwide/cargo-home" "-e" "RUSTUP_HOME=/opt/rustwide/rustup-home" "-e" "CARGO_TARGET_DIR=/opt/rustwide/target" "-e" "CARGO_INCREMENTAL=0" "-e" "RUST_BACKTRACE=full" "-e" "RUSTFLAGS=--cap-lints=warn" "-e" "RUSTDOCFLAGS=--cap-lints=warn" "-w" "/opt/rustwide/workdir" "--user" "0:0" "cc0f84936b47cc71d08afa91280a5633ba67206a0057497a4442c3045e774ec4" "/opt/rustwide/cargo-home/bin/cargo" "+1.99.0-beta.8" "test" "--frozen" "--no-run" "--message-format=json" "--release", kill_on_drop: false }`
[INFO] [stderr]    Compiling rustyfi-syntax v0.1.6 (/opt/rustwide/workdir)
[INFO] [stderr]     Finished `release` profile [optimized] target(s) in 28.16s
[INFO] [stderr] warning: the following packages contain code that will be rejected by a future version of Rust: proc-macro-error2 v2.0.1
[INFO] [stderr] note: to see what the problems were, use the option `--future-incompat-report`, or run `cargo report future-incompatibilities --id 1`
[INFO] running `Command { std: "docker" "inspect" "cc0f84936b47cc71d08afa91280a5633ba67206a0057497a4442c3045e774ec4", kill_on_drop: false }`
[INFO] running `Command { std: "docker" "exec" "-e" "SOURCE_DIR=/opt/rustwide/workdir" "-e" "CARGO_HOME=/opt/rustwide/cargo-home" "-e" "RUSTUP_HOME=/opt/rustwide/rustup-home" "-e" "CARGO_TARGET_DIR=/opt/rustwide/target" "-e" "CARGO_INCREMENTAL=0" "-e" "RUST_BACKTRACE=full" "-e" "RUSTFLAGS=--cap-lints=warn" "-e" "RUSTDOCFLAGS=--cap-lints=warn" "-w" "/opt/rustwide/workdir" "--user" "0:0" "cc0f84936b47cc71d08afa91280a5633ba67206a0057497a4442c3045e774ec4" "/opt/rustwide/cargo-home/bin/cargo" "+1.99.0-beta.8" "test" "--frozen" "--release", kill_on_drop: false }`
[INFO] [stderr]     Finished `release` profile [optimized] target(s) in 0.09s
[INFO] [stderr] warning: the following packages contain code that will be rejected by a future version of Rust: proc-macro-error2 v2.0.1
[INFO] [stderr] note: to see what the problems were, use the option `--future-incompat-report`, or run `cargo report future-incompatibilities --id 1`
[INFO] [stderr]      Running unittests src/lib.rs (/opt/rustwide/target/release/deps/rustyfi_syntax-8e7f89294c4a3df8)
[INFO] [stdout] 
[INFO] [stdout] running 25 tests
[INFO] [stdout] test version::tests::display_round_trips_through_from_str ... ok
[INFO] [stdout] test version::tests::from_str_accepts_0_0_forms ... ok
[INFO] [stdout] test version::tests::from_str_accepts_0_1_forms ... ok
[INFO] [stdout] test version::tests::sniff_hyphenated_let_head_is_v0_0 ... ok
[INFO] [stdout] test version::tests::sniff_headers_reports_envelope_axis ... ok
[INFO] [stdout] test version::tests::sniff_none_for_headerless_document ... ok
[INFO] [stdout] test version::tests::sniff_require_import_are_transparent_stage_still_pins ... ok
[INFO] [stdout] test parse_error::tests::join_alternatives_reads_as_english ... ok
[INFO] [stdout] test leaf_macro::tests::probe_leaf_parses_and_reports_its_span ... ok
[INFO] [stdout] test version::tests::sniff_use_shapes_broader_than_bare_ident ... ok
[INFO] [stdout] test version::tests::sniff_v0_0_fixtures_are_never_mistaken_for_v0_1 ... ok
[INFO] [stdout] test version::tests::sniff_require_then_module_is_none ... ok
[INFO] [stdout] test version::tests::sniff_headers_no_envelope_axis_for_legacy_or_ambiguous ... ok
[INFO] [stdout] test parse_error::tests::leaf_reason_drops_syans_span_suffix ... ok
[INFO] [stdout] test parse_error::tests::the_two_kinds_are_framed_differently ... ok
[INFO] [stdout] test version::tests::capability_probes ... ok
[INFO] [stdout] test version::tests::from_str_rejects_unknown_forms ... ok
[INFO] [stdout] test version::tests::sniff_best_effort_v0_1_use_header ... ok
[INFO] [stdout] test parse_error::tests::render_reasons_caps_a_long_alternative_list ... ok
[INFO] [stdout] test parse_error::tests::render_reasons_factors_out_a_shared_expected ... ok
[INFO] [stdout] test version::tests::default_is_v0_0 ... ok
[INFO] [stdout] test cst::bind_name_tests::from_var_tok_preserves_name_and_span ... ok
[INFO] [stdout] test version::tests::sniff_lib_rustyfi_corpus_never_v0_1 ... FAILED
[INFO] [stdout] test version::tests::sniff_val_head_is_v0_1 ... ok
[INFO] [stdout] test version::tests::sniff_version_is_a_sniff_headers_wrapper ... ok
[INFO] [stdout] 
[INFO] [stdout] failures:
[INFO] [stdout] 
[INFO] [stdout] ---- version::tests::sniff_lib_rustyfi_corpus_never_v0_1 stdout ----
[INFO] [stdout] 
[INFO] [stdout] thread 'version::tests::sniff_lib_rustyfi_corpus_never_v0_1' (2079) panicked at src/version.rs:531:46:
[INFO] [stdout] lib-rustyfi/dist/packages must exist: Os { code: 2, kind: NotFound, message: "No such file or directory" }
[INFO] [stdout] stack backtrace:
[INFO] [stdout]    0:     0x64f3cd0ffa21 - <<std[70759c8f55707aa4]::sys::backtrace::BacktraceLock>::print::DisplayBacktrace as core[df12db4294e9bfd3]::fmt::Display>::fmt
[INFO] [stdout]    1:     0x64f3cd1140ea - core[df12db4294e9bfd3]::fmt::write
[INFO] [stdout]    2:     0x64f3cd10418c - <alloc[2182bb758b4b3781]::vec::Vec<u8> as core[df12db4294e9bfd3]::io::write::Write>::write_fmt
[INFO] [stdout]    3:     0x64f3cd0db796 - std[70759c8f55707aa4]::panicking::default_hook::{closure#0}
[INFO] [stdout]    4:     0x64f3cd0f7c09 - std[70759c8f55707aa4]::panicking::default_hook
[INFO] [stdout]    5:     0x64f3cd093740 - test[9d35eded1c95d3be]::test_main_inner::<test[9d35eded1c95d3be]::test_main_static::{closure#0}>::{closure#0}
[INFO] [stdout]    6:     0x64f3cd0f7dc2 - std[70759c8f55707aa4]::panicking::panic_with_hook
[INFO] [stdout]    7:     0x64f3cd0db842 - std[70759c8f55707aa4]::panicking::panic_handler::{closure#0}
[INFO] [stdout]    8:     0x64f3cd0d4399 - std[70759c8f55707aa4]::sys::backtrace::__rust_end_short_backtrace::<std[70759c8f55707aa4]::panicking::panic_handler::{closure#0}, !>
[INFO] [stdout]    9:     0x64f3cd0dc43d - __rustc[8fa7c3cbc660c2b3]::rust_begin_unwind
[INFO] [stdout]   10:     0x64f3cd11481c - core[df12db4294e9bfd3]::panicking::panic_fmt
[INFO] [stdout]   11:     0x64f3cd1145f2 - core[df12db4294e9bfd3]::result::unwrap_failed
[INFO] [stdout]   12:     0x64f3cd081d7f - rustyfi_syntax[8202080493431885]::version::tests::sniff_lib_rustyfi_corpus_never_v0_1
[INFO] [stdout]   13:     0x64f3cd084af9 - <rustyfi_syntax[8202080493431885]::version::tests::sniff_lib_rustyfi_corpus_never_v0_1::{closure#0} as core[df12db4294e9bfd3]::ops::function::FnOnce<()>>::call_once
[INFO] [stdout]   14:     0x64f3cd086a2b - test[9d35eded1c95d3be]::__rust_begin_short_backtrace::<core[df12db4294e9bfd3]::result::Result<(), alloc[2182bb758b4b3781]::string::String>, fn() -> core[df12db4294e9bfd3]::result::Result<(), alloc[2182bb758b4b3781]::string::String>>
[INFO] [stdout]   15:     0x64f3cd094095 - test[9d35eded1c95d3be]::run_test::{closure#0}
[INFO] [stdout]   16:     0x64f3cd08d954 - std[70759c8f55707aa4]::sys::backtrace::__rust_begin_short_backtrace::<test[9d35eded1c95d3be]::run_test::{closure#1}, ()>
[INFO] [stdout]   17:     0x64f3cd0971f2 - <std[70759c8f55707aa4]::thread::lifecycle::spawn_unchecked<test[9d35eded1c95d3be]::run_test::{closure#1}, ()>::{closure#1} as core[df12db4294e9bfd3]::ops::function::FnOnce<()>>::call_once::{shim:vtable#0}
[INFO] [stdout]   18:     0x64f3cd0fef89 - <std[70759c8f55707aa4]::sys::thread::unix::Thread>::new::thread_start
[INFO] [stdout]   19:     0x7efcc4e77dfa - <unknown>
[INFO] [stdout]   20:     0x7efcc4f0b3d4 - clone
[INFO] [stdout]   21:                0x0 - <unknown>
[INFO] [stdout] 
[INFO] [stdout] 
[INFO] [stdout] failures:
[INFO] [stdout]     version::tests::sniff_lib_rustyfi_corpus_never_v0_1
[INFO] [stdout] 
[INFO] [stdout] test result: FAILED. 24 passed; 1 failed; 0 ignored; 0 measured; 0 filtered out; finished in 0.01s
[INFO] [stdout] 
[INFO] [stderr] error: test failed, to rerun pass `--lib`
[INFO] running `Command { std: "docker" "inspect" "cc0f84936b47cc71d08afa91280a5633ba67206a0057497a4442c3045e774ec4", kill_on_drop: false }`
[INFO] running `Command { std: "docker" "rm" "-f" "cc0f84936b47cc71d08afa91280a5633ba67206a0057497a4442c3045e774ec4", kill_on_drop: false }`
[INFO] [stdout] cc0f84936b47cc71d08afa91280a5633ba67206a0057497a4442c3045e774ec4
