[INFO] fetching crate rustyasn 0.7.4...
[INFO] testing rustyasn-0.7.4 against 1.100.0-beta.1+cargoflags=--release for beta-release-1.100-2
[INFO] extracting crate rustyasn 0.7.4 into /workspace/builds/worker-4-tc2/source
[INFO] started tweaking crates.io crate rustyasn 0.7.4
[INFO] removed 0 missing examples
[INFO] removed 0 missing tests
[INFO] finished tweaking crates.io crate rustyasn 0.7.4
[INFO] tweaked toml for crates.io crate rustyasn 0.7.4 written to /workspace/builds/worker-4-tc2/source/Cargo.toml
[INFO] validating manifest of crates.io crate rustyasn 0.7.4 on toolchain 1.100.0-beta.1
[INFO] running `Command { std: CARGO_HOME="/workspace/cargo-home" RUSTUP_HOME="/workspace/rustup-home" "/workspace/cargo-home/bin/cargo" "+1.100.0-beta.1" "metadata" "--manifest-path" "Cargo.toml" "--no-deps", kill_on_drop: false }`
[INFO] crate crates.io crate rustyasn 0.7.4 already has a lockfile, it will not be regenerated
[INFO] running `Command { std: CARGO_HOME="/workspace/cargo-home" RUSTUP_HOME="/workspace/rustup-home" "/workspace/cargo-home/bin/cargo" "+1.100.0-beta.1" "fetch" "--manifest-path" "Cargo.toml", kill_on_drop: false }`
[INFO] [stderr] warning: Cargo.toml: `lints.rust.rust-2024-compatibility` is deprecated in favor of `lints.rust.rust_2024_compatibility` and will not work in a future edition
[INFO] [stderr] warning: Cargo.toml: `lints.rust.rust-2024-incompatible-pat` is deprecated in favor of `lints.rust.rust_2024_incompatible_pat` and will not work in a future edition
[INFO] [stderr] warning: `rustyasn` (manifest) generated 2 warnings
[INFO] running `Command { std: "docker" "create" "-v" "/var/lib/crater-agent-workspace/builds/worker-4-tc2/source:/opt/rustwide/workdir:ro,Z" "-v" "/var/lib/crater-agent-workspace/builds/worker-4-tc2/target:/opt/rustwide/target:rw,Z" "-v" "/var/lib/crater-agent-workspace/cargo-home:/opt/rustwide/cargo-home:ro,Z" "-v" "/var/lib/crater-agent-workspace/rustup-home:/opt/rustwide/rustup-home:ro,Z" "-m" "1610612736" "--network" "none" "ghcr.io/rust-lang/crates-build-env/linux@sha256:77db811e55d90add9212f6832c23229e3de5f1c1f9905e8cb07319ea15df73ac" "sleep" "infinity", kill_on_drop: false }`
[INFO] [stdout] f0ef9a2a26b408e96c905166ed3b684adbfcfe9d5cf49fe40900607107cff34b
[INFO] running `Command { std: "docker" "start" "f0ef9a2a26b408e96c905166ed3b684adbfcfe9d5cf49fe40900607107cff34b", kill_on_drop: false }`
[INFO] running `Command { std: "docker" "inspect" "f0ef9a2a26b408e96c905166ed3b684adbfcfe9d5cf49fe40900607107cff34b", kill_on_drop: false }`
[INFO] running `Command { std: "docker" "exec" "-e" "SOURCE_DIR=/opt/rustwide/workdir" "-e" "CARGO_HOME=/opt/rustwide/cargo-home" "-e" "RUSTUP_HOME=/opt/rustwide/rustup-home" "-e" "CARGO_TARGET_DIR=/opt/rustwide/target" "-w" "/opt/rustwide/workdir" "--user" "0:0" "f0ef9a2a26b408e96c905166ed3b684adbfcfe9d5cf49fe40900607107cff34b" "/opt/rustwide/cargo-home/bin/cargo" "+1.100.0-beta.1" "metadata" "--no-deps" "--format-version=1", kill_on_drop: false }`
[INFO] running `Command { std: "docker" "inspect" "f0ef9a2a26b408e96c905166ed3b684adbfcfe9d5cf49fe40900607107cff34b", kill_on_drop: false }`
[INFO] running `Command { std: "docker" "exec" "-e" "SOURCE_DIR=/opt/rustwide/workdir" "-e" "CARGO_HOME=/opt/rustwide/cargo-home" "-e" "RUSTUP_HOME=/opt/rustwide/rustup-home" "-e" "CARGO_TARGET_DIR=/opt/rustwide/target" "-e" "CARGO_INCREMENTAL=0" "-e" "RUST_BACKTRACE=full" "-e" "RUSTFLAGS=--cap-lints=warn" "-e" "RUSTDOCFLAGS=--cap-lints=warn" "-w" "/opt/rustwide/workdir" "--user" "0:0" "f0ef9a2a26b408e96c905166ed3b684adbfcfe9d5cf49fe40900607107cff34b" "/opt/rustwide/cargo-home/bin/cargo" "+1.100.0-beta.1" "build" "--frozen" "--message-format=json" "--release", kill_on_drop: false }`
[INFO] [stderr] warning: Cargo.toml: `lints.rust.rust-2024-compatibility` is deprecated in favor of `lints.rust.rust_2024_compatibility` and will not work in a future edition
[INFO] [stderr] warning: Cargo.toml: `lints.rust.rust-2024-incompatible-pat` is deprecated in favor of `lints.rust.rust_2024_incompatible_pat` and will not work in a future edition
[INFO] [stderr] warning: `rustyasn` (manifest) generated 2 warnings
[INFO] [stderr]    Compiling proc-macro2 v1.0.95
[INFO] [stderr]    Compiling serde v1.0.219
[INFO] [stderr]    Compiling rustversion v1.0.21
[INFO] [stderr]    Compiling thiserror v2.0.12
[INFO] [stderr]    Compiling memchr v2.7.5
[INFO] [stderr]    Compiling getrandom v0.3.3
[INFO] [stderr]    Compiling static_assertions v1.1.0
[INFO] [stderr]    Compiling cfg-if v1.0.1
[INFO] [stderr]    Compiling libc v0.2.174
[INFO] [stderr]    Compiling roxmltree v0.20.0
[INFO] [stderr]    Compiling rustc-hash v2.1.1
[INFO] [stderr]    Compiling smartstring v1.0.1
[INFO] [stderr]    Compiling num-traits v0.2.19
[INFO] [stderr]    Compiling crossbeam-utils v0.8.21
[INFO] [stderr]    Compiling iana-time-zone v0.1.63
[INFO] [stderr]    Compiling futures-core v0.3.31
[INFO] [stderr]    Compiling futures-sink v0.3.31
[INFO] [stderr]    Compiling syn v1.0.109
[INFO] [stderr]    Compiling indoc v2.0.6
[INFO] [stderr]    Compiling pin-project-lite v0.2.16
[INFO] [stderr]    Compiling zerocopy v0.8.26
[INFO] [stderr]    Compiling futures-io v0.3.31
[INFO] [stderr]    Compiling radium v0.7.0
[INFO] [stderr]    Compiling hashbrown v0.15.4
[INFO] [stderr]    Compiling equivalent v1.0.2
[INFO] [stderr]    Compiling strsim v0.11.1
[INFO] [stderr]    Compiling ident_case v1.0.1
[INFO] [stderr]    Compiling fnv v1.0.7
[INFO] [stderr]    Compiling rayon-core v1.12.1
[INFO] [stderr]    Compiling futures-channel v0.3.31
[INFO] [stderr]    Compiling ahash v0.8.12
[INFO] [stderr]    Compiling pin-utils v0.1.0
[INFO] [stderr]    Compiling toml_datetime v0.6.11
[INFO] [stderr]    Compiling foldhash v0.1.5
[INFO] [stderr]    Compiling allocator-api2 v0.2.21
[INFO] [stderr]    Compiling crossbeam-epoch v0.9.18
[INFO] [stderr]    Compiling ryu v1.0.20
[INFO] [stderr]    Compiling futures-task v0.3.31
[INFO] [stderr]    Compiling quote v1.0.40
[INFO] [stderr]    Compiling chrono v0.4.41
[INFO] [stderr]    Compiling typewit_proc_macros v1.8.1
[INFO] [stderr]    Compiling slab v0.4.10
[INFO] [stderr]    Compiling anyhow v1.0.98
[INFO] [stderr]    Compiling either v1.15.0
[INFO] [stderr]    Compiling doc-comment v0.3.3
[INFO] [stderr]    Compiling indexmap v2.10.0
[INFO] [stderr]    Compiling winnow v0.7.12
[INFO] [stderr]    Compiling crossbeam-deque v0.8.6
[INFO] [stderr]    Compiling itoa v1.0.15
[INFO] [stderr]    Compiling tap v1.0.1
[INFO] [stderr]    Compiling serde_json v1.0.140
[INFO] [stderr]    Compiling bytes v1.10.1
[INFO] [stderr]    Compiling syn v2.0.104
[INFO] [stderr]    Compiling wyz v0.5.1
[INFO] [stderr]    Compiling typewit v1.11.0
[INFO] [stderr]    Compiling lock_api v0.4.13
[INFO] [stderr]    Compiling heck v0.4.1
[INFO] [stderr]    Compiling parking_lot_core v0.9.11
[INFO] [stderr]    Compiling ref-cast v1.0.24
[INFO] [stderr]    Compiling minimal-lexical v0.2.1
[INFO] [stderr]    Compiling bitflags v2.9.1
[INFO] [stderr]    Compiling funty v2.0.0
[INFO] [stderr]    Compiling nom v7.1.3
[INFO] [stderr]    Compiling rayon v1.10.0
[INFO] [stderr]    Compiling raw-cpuid v11.5.0
[INFO] [stderr]    Compiling uuid v1.17.0
[INFO] [stderr]    Compiling konst_kernel v0.3.15
[INFO] [stderr]    Compiling bitvec v1.0.1
[INFO] [stderr]    Compiling float-cmp v0.10.0
[INFO] [stderr]    Compiling num-integer v0.1.46
[INFO] [stderr]    Compiling itertools v0.13.0
[INFO] [stderr]    Compiling tokio v1.46.1
[INFO] [stderr]    Compiling arrayvec v0.7.6
[INFO] [stderr]    Compiling rust_decimal v1.37.2
[INFO] [stderr]    Compiling const_panic v0.2.12
[INFO] [stderr]    Compiling glob v0.3.2
[INFO] [stderr]    Compiling num-bigint v0.4.6
[INFO] [stderr]    Compiling konst v0.3.16
[INFO] [stderr]    Compiling toml_edit v0.22.27
[INFO] [stderr]    Compiling nohash-hasher v0.2.0
[INFO] [stderr]    Compiling futures-timer v3.0.3
[INFO] [stderr]    Compiling log v0.4.27
[INFO] [stderr]    Compiling smallvec v1.15.1
[INFO] [stderr]    Compiling tokio-util v0.7.15
[INFO] [stderr]    Compiling quanta v0.12.6
[INFO] [stderr]    Compiling simdutf8 v0.1.5
[INFO] [stderr]    Compiling darling_core v0.21.0
[INFO] [stderr]    Compiling serde_derive v1.0.219
[INFO] [stderr]    Compiling strum_macros v0.27.1
[INFO] [stderr]    Compiling thiserror-impl v2.0.12
[INFO] [stderr]    Compiling futures-macro v0.3.31
[INFO] [stderr]    Compiling zerocopy-derive v0.8.26
[INFO] [stderr]    Compiling ref-cast-impl v1.0.24
[INFO] [stderr]    Compiling rust_decimal_macros v1.37.1
[INFO] [stderr]    Compiling snafu-derive v0.7.5
[INFO] [stderr]    Compiling rasn-derive v0.18.0
[INFO] [stderr]    Compiling bitvec-nom2 v0.2.1
[INFO] [stderr]    Compiling proc-macro-crate v3.3.0
[INFO] [stderr]    Compiling futures-util v0.3.31
[INFO] [stderr]    Compiling darling_macro v0.21.0
[INFO] [stderr]    Compiling snafu v0.7.5
[INFO] [stderr]    Compiling darling v0.21.0
[INFO] [stderr]    Compiling rustyfix-derive v0.7.4
[INFO] [stderr]    Compiling strum v0.27.1
[INFO] [stderr]    Compiling rustyfix-dictionary v0.7.4
[INFO] [stderr]    Compiling rustyfix-codegen v0.7.4
[INFO] [stderr]    Compiling rustyfix v0.7.4
[INFO] [stderr]    Compiling rustyasn v0.7.4 (/opt/rustwide/workdir)
[INFO] [stderr]    Compiling hashbrown v0.14.5
[INFO] [stderr]    Compiling futures-executor v0.3.31
[INFO] [stderr]    Compiling futures v0.3.31
[INFO] [stderr]    Compiling halfbrown v0.3.0
[INFO] [stderr]    Compiling smallbytes v0.1.0
[INFO] [stderr]    Compiling value-trait v0.11.0
[INFO] [stderr]    Compiling parking_lot v0.12.4
[INFO] [stderr]    Compiling rasn v0.18.0
[INFO] [stderr]    Compiling simd-json v0.15.1
[INFO] [stdout] warning: hiding a lifetime that's elided elsewhere is confusing
[INFO] [stdout]    --> src/message.rs:302:9
[INFO] [stdout]     |
[INFO] [stdout] 302 |         &self,
[INFO] [stdout]     |         ^^^^^ the lifetime is elided here
[INFO] [stdout] 303 |         field: u32,
[INFO] [stdout] 304 |     ) -> Result<Self::Group, FieldValueError<<usize as FieldType>::Error>> {
[INFO] [stdout]     |                                              ^^^^^^^^^^^^^^^^^^^^^^^^^^^ the same lifetime is hidden here
[INFO] [stdout]     |
[INFO] [stdout]     = help: the same lifetime is referred to in inconsistent ways, making the signature confusing
[INFO] [stdout]     = note: `#[warn(mismatched_lifetime_syntaxes)]` on by default
[INFO] [stdout] help: use `'_` for type paths
[INFO] [stdout]     |
[INFO] [stdout] 304 |     ) -> Result<Self::Group, FieldValueError<<usize as FieldType<'_>>::Error>> {
[INFO] [stdout]     |                                                                 ++++
[INFO] [stdout] 
[INFO] [stdout] 
[INFO] [stdout] warning: hiding a lifetime that's elided elsewhere is confusing
[INFO] [stdout]    --> src/message.rs:340:18
[INFO] [stdout]     |
[INFO] [stdout] 340 |     fn group_opt(&self, field: u32) -> Result<Option<Self::Group>, <usize as FieldType>::Error> {
[INFO] [stdout]     |                  ^^^^^ the lifetime is elided here                 ^^^^^^^^^^^^^^^^^^^^^^^^^^^ the same lifetime is hidden here
[INFO] [stdout]     |
[INFO] [stdout]     = help: the same lifetime is referred to in inconsistent ways, making the signature confusing
[INFO] [stdout] help: use `'_` for type paths
[INFO] [stdout]     |
[INFO] [stdout] 340 |     fn group_opt(&self, field: u32) -> Result<Option<Self::Group>, <usize as FieldType<'_>>::Error> {
[INFO] [stdout]     |                                                                                       ++++
[INFO] [stdout] 
[INFO] [stdout] 
[INFO] [stderr] warning: unused dependency `simd-json`
[INFO] [stderr]   --> Cargo.toml:64:15
[INFO] [stderr]    |
[INFO] [stderr] 64 | [dependencies.simd-json]
[INFO] [stderr]    |               ^^^^^^^^^^
[INFO] [stderr]    |
[INFO] [stderr]    = note: `cargo::unused_dependencies` is set to `warn` by default
[INFO] [stderr] help: consider removing the dependency on `simd-json`
[INFO] [stderr] warning: unused dependency `rustyfix-codegen`
[INFO] [stderr]   --> Cargo.toml:18:21
[INFO] [stderr]    |
[INFO] [stderr] 18 | [build-dependencies.rustyfix-codegen]
[INFO] [stderr]    |                     ^^^^^^^^^^^^^^^^^
[INFO] [stderr]    |
[INFO] [stderr] help: consider removing the dependency on `rustyfix-codegen`
[INFO] [stderr] warning: `rustyasn` (manifest) generated 2 warnings
[INFO] [stderr]     Finished `release` profile [optimized] target(s) in 1m 18s
[INFO] running `Command { std: "docker" "inspect" "f0ef9a2a26b408e96c905166ed3b684adbfcfe9d5cf49fe40900607107cff34b", kill_on_drop: false }`
[INFO] running `Command { std: "docker" "exec" "-e" "SOURCE_DIR=/opt/rustwide/workdir" "-e" "CARGO_HOME=/opt/rustwide/cargo-home" "-e" "RUSTUP_HOME=/opt/rustwide/rustup-home" "-e" "CARGO_TARGET_DIR=/opt/rustwide/target" "-e" "CARGO_INCREMENTAL=0" "-e" "RUST_BACKTRACE=full" "-e" "RUSTFLAGS=--cap-lints=warn" "-e" "RUSTDOCFLAGS=--cap-lints=warn" "-w" "/opt/rustwide/workdir" "--user" "0:0" "f0ef9a2a26b408e96c905166ed3b684adbfcfe9d5cf49fe40900607107cff34b" "/opt/rustwide/cargo-home/bin/cargo" "+1.100.0-beta.1" "test" "--frozen" "--no-run" "--message-format=json" "--release", kill_on_drop: false }`
[INFO] [stderr] warning: Cargo.toml: `lints.rust.rust-2024-compatibility` is deprecated in favor of `lints.rust.rust_2024_compatibility` and will not work in a future edition
[INFO] [stderr] warning: Cargo.toml: `lints.rust.rust-2024-incompatible-pat` is deprecated in favor of `lints.rust.rust_2024_incompatible_pat` and will not work in a future edition
[INFO] [stderr] warning: `rustyasn` (manifest) generated 2 warnings
[INFO] [stderr]    Compiling num-traits v0.2.19
[INFO] [stderr]    Compiling aho-corasick v1.1.3
[INFO] [stderr]    Compiling regex-syntax v0.8.5
[INFO] [stderr]    Compiling log v0.4.27
[INFO] [stderr]    Compiling getrandom v0.2.16
[INFO] [stderr]    Compiling rayon-core v1.12.1
[INFO] [stderr]    Compiling half v2.6.0
[INFO] [stderr]    Compiling clap_lex v0.7.5
[INFO] [stderr]    Compiling anstream v0.6.19
[INFO] [stderr]    Compiling tinytemplate v1.2.1
[INFO] [stderr]    Compiling itertools v0.13.0
[INFO] [stderr]    Compiling yansi v1.0.1
[INFO] [stderr]    Compiling diff v0.1.13
[INFO] [stderr]    Compiling jiff v0.2.15
[INFO] [stderr]    Compiling quickcheck_macros v1.1.0
[INFO] [stderr]    Compiling rand_core v0.6.4
[INFO] [stderr]    Compiling clap_builder v4.5.41
[INFO] [stderr]    Compiling rand v0.8.5
[INFO] [stderr]    Compiling ciborium-ll v0.2.2
[INFO] [stderr]    Compiling pretty_assertions v1.4.1
[INFO] [stderr]    Compiling ciborium v0.2.2
[INFO] [stderr]    Compiling rayon v1.10.0
[INFO] [stderr]    Compiling chrono v0.4.41
[INFO] [stderr]    Compiling num-integer v0.1.46
[INFO] [stderr]    Compiling float-cmp v0.10.0
[INFO] [stderr]    Compiling plotters v0.3.7
[INFO] [stderr]    Compiling rust_decimal v1.37.2
[INFO] [stderr]    Compiling value-trait v0.11.0
[INFO] [stderr]    Compiling num-bigint v0.4.6
[INFO] [stderr]    Compiling simd-json v0.15.1
[INFO] [stderr]    Compiling regex-automata v0.4.9
[INFO] [stderr]    Compiling rustyfix v0.7.4
[INFO] [stderr]    Compiling rasn v0.18.0
[INFO] [stderr]    Compiling clap v4.5.41
[INFO] [stderr]    Compiling regex v1.11.1
[INFO] [stderr]    Compiling env_logger v0.8.4
[INFO] [stderr]    Compiling env_filter v0.1.3
[INFO] [stderr]    Compiling criterion v0.6.0
[INFO] [stderr]    Compiling env_logger v0.11.8
[INFO] [stderr]    Compiling quickcheck v1.0.3
[INFO] [stderr]    Compiling rustyasn v0.7.4 (/opt/rustwide/workdir)
[INFO] [stdout] warning: hiding a lifetime that's elided elsewhere is confusing
[INFO] [stdout]    --> src/message.rs:302:9
[INFO] [stdout]     |
[INFO] [stdout] 302 |         &self,
[INFO] [stdout]     |         ^^^^^ the lifetime is elided here
[INFO] [stdout] 303 |         field: u32,
[INFO] [stdout] 304 |     ) -> Result<Self::Group, FieldValueError<<usize as FieldType>::Error>> {
[INFO] [stdout]     |                                              ^^^^^^^^^^^^^^^^^^^^^^^^^^^ the same lifetime is hidden here
[INFO] [stdout]     |
[INFO] [stdout]     = help: the same lifetime is referred to in inconsistent ways, making the signature confusing
[INFO] [stdout]     = note: `#[warn(mismatched_lifetime_syntaxes)]` on by default
[INFO] [stdout] help: use `'_` for type paths
[INFO] [stdout]     |
[INFO] [stdout] 304 |     ) -> Result<Self::Group, FieldValueError<<usize as FieldType<'_>>::Error>> {
[INFO] [stdout]     |                                                                 ++++
[INFO] [stdout] 
[INFO] [stdout] 
[INFO] [stdout] warning: hiding a lifetime that's elided elsewhere is confusing
[INFO] [stdout]    --> src/message.rs:340:18
[INFO] [stdout]     |
[INFO] [stdout] 340 |     fn group_opt(&self, field: u32) -> Result<Option<Self::Group>, <usize as FieldType>::Error> {
[INFO] [stdout]     |                  ^^^^^ the lifetime is elided here                 ^^^^^^^^^^^^^^^^^^^^^^^^^^^ the same lifetime is hidden here
[INFO] [stdout]     |
[INFO] [stdout]     = help: the same lifetime is referred to in inconsistent ways, making the signature confusing
[INFO] [stdout] help: use `'_` for type paths
[INFO] [stdout]     |
[INFO] [stdout] 340 |     fn group_opt(&self, field: u32) -> Result<Option<Self::Group>, <usize as FieldType<'_>>::Error> {
[INFO] [stdout]     |                                                                                       ++++
[INFO] [stdout] 
[INFO] [stdout] 
[INFO] [stdout] warning: hiding a lifetime that's elided elsewhere is confusing
[INFO] [stdout]    --> src/message.rs:302:9
[INFO] [stdout]     |
[INFO] [stdout] 302 |         &self,
[INFO] [stdout]     |         ^^^^^ the lifetime is elided here
[INFO] [stdout] 303 |         field: u32,
[INFO] [stdout] 304 |     ) -> Result<Self::Group, FieldValueError<<usize as FieldType>::Error>> {
[INFO] [stdout]     |                                              ^^^^^^^^^^^^^^^^^^^^^^^^^^^ the same lifetime is hidden here
[INFO] [stdout]     |
[INFO] [stdout]     = help: the same lifetime is referred to in inconsistent ways, making the signature confusing
[INFO] [stdout]     = note: `#[warn(mismatched_lifetime_syntaxes)]` on by default
[INFO] [stdout] help: use `'_` for type paths
[INFO] [stdout]     |
[INFO] [stdout] 304 |     ) -> Result<Self::Group, FieldValueError<<usize as FieldType<'_>>::Error>> {
[INFO] [stdout]     |                                                                 ++++
[INFO] [stdout] 
[INFO] [stdout] 
[INFO] [stdout] warning: hiding a lifetime that's elided elsewhere is confusing
[INFO] [stdout]    --> src/message.rs:340:18
[INFO] [stdout]     |
[INFO] [stdout] 340 |     fn group_opt(&self, field: u32) -> Result<Option<Self::Group>, <usize as FieldType>::Error> {
[INFO] [stdout]     |                  ^^^^^ the lifetime is elided here                 ^^^^^^^^^^^^^^^^^^^^^^^^^^^ the same lifetime is hidden here
[INFO] [stdout]     |
[INFO] [stdout]     = help: the same lifetime is referred to in inconsistent ways, making the signature confusing
[INFO] [stdout] help: use `'_` for type paths
[INFO] [stdout]     |
[INFO] [stdout] 340 |     fn group_opt(&self, field: u32) -> Result<Option<Self::Group>, <usize as FieldType<'_>>::Error> {
[INFO] [stdout]     |                                                                                       ++++
[INFO] [stdout] 
[INFO] [stdout] 
[INFO] [stderr] warning: unused dependency `simd-json`
[INFO] [stderr]   --> Cargo.toml:64:15
[INFO] [stderr]    |
[INFO] [stderr] 64 | [dependencies.simd-json]
[INFO] [stderr]    |               ^^^^^^^^^^
[INFO] [stderr]    |
[INFO] [stderr]    = note: `cargo::unused_dependencies` is set to `warn` by default
[INFO] [stderr] help: consider removing the dependency on `simd-json`
[INFO] [stderr] warning: unused dependency `rustyfix-codegen`
[INFO] [stderr]   --> Cargo.toml:18:21
[INFO] [stderr]    |
[INFO] [stderr] 18 | [build-dependencies.rustyfix-codegen]
[INFO] [stderr]    |                     ^^^^^^^^^^^^^^^^^
[INFO] [stderr]    |
[INFO] [stderr] help: consider removing the dependency on `rustyfix-codegen`
[INFO] [stderr] warning: `rustyasn` (manifest) generated 2 warnings
[INFO] [stderr]     Finished `release` profile [optimized] target(s) in 1m 29s
[INFO] running `Command { std: "docker" "inspect" "f0ef9a2a26b408e96c905166ed3b684adbfcfe9d5cf49fe40900607107cff34b", kill_on_drop: false }`
[INFO] running `Command { std: "docker" "exec" "-e" "SOURCE_DIR=/opt/rustwide/workdir" "-e" "CARGO_HOME=/opt/rustwide/cargo-home" "-e" "RUSTUP_HOME=/opt/rustwide/rustup-home" "-e" "CARGO_TARGET_DIR=/opt/rustwide/target" "-e" "CARGO_INCREMENTAL=0" "-e" "RUST_BACKTRACE=full" "-e" "RUSTFLAGS=--cap-lints=warn" "-e" "RUSTDOCFLAGS=--cap-lints=warn" "-w" "/opt/rustwide/workdir" "--user" "0:0" "f0ef9a2a26b408e96c905166ed3b684adbfcfe9d5cf49fe40900607107cff34b" "/opt/rustwide/cargo-home/bin/cargo" "+1.100.0-beta.1" "test" "--frozen" "--release", kill_on_drop: false }`
[INFO] [stderr] warning: Cargo.toml: `lints.rust.rust-2024-compatibility` is deprecated in favor of `lints.rust.rust_2024_compatibility` and will not work in a future edition
[INFO] [stderr] warning: Cargo.toml: `lints.rust.rust-2024-incompatible-pat` is deprecated in favor of `lints.rust.rust_2024_incompatible_pat` and will not work in a future edition
[INFO] [stderr] warning: `rustyasn` (manifest) generated 2 warnings
[INFO] [stderr] warning: hiding a lifetime that's elided elsewhere is confusing
[INFO] [stderr]    --> src/message.rs:302:9
[INFO] [stderr]     |
[INFO] [stderr] 302 |         &self,
[INFO] [stderr]     |         ^^^^^ the lifetime is elided here
[INFO] [stderr] 303 |         field: u32,
[INFO] [stderr] 304 |     ) -> Result<Self::Group, FieldValueError<<usize as FieldType>::Error>> {
[INFO] [stderr]     |                                              ^^^^^^^^^^^^^^^^^^^^^^^^^^^ the same lifetime is hidden here
[INFO] [stderr]     |
[INFO] [stderr]     = help: the same lifetime is referred to in inconsistent ways, making the signature confusing
[INFO] [stderr]     = note: `#[warn(mismatched_lifetime_syntaxes)]` on by default
[INFO] [stderr] help: use `'_` for type paths
[INFO] [stderr]     |
[INFO] [stderr] 304 |     ) -> Result<Self::Group, FieldValueError<<usize as FieldType<'_>>::Error>> {
[INFO] [stderr]     |                                                                 ++++
[INFO] [stderr] 
[INFO] [stderr] warning: hiding a lifetime that's elided elsewhere is confusing
[INFO] [stderr]    --> src/message.rs:340:18
[INFO] [stderr]     |
[INFO] [stderr] 340 |     fn group_opt(&self, field: u32) -> Result<Option<Self::Group>, <usize as FieldType>::Error> {
[INFO] [stderr]     |                  ^^^^^ the lifetime is elided here                 ^^^^^^^^^^^^^^^^^^^^^^^^^^^ the same lifetime is hidden here
[INFO] [stderr]     |
[INFO] [stderr]     = help: the same lifetime is referred to in inconsistent ways, making the signature confusing
[INFO] [stderr] help: use `'_` for type paths
[INFO] [stderr]     |
[INFO] [stderr] 340 |     fn group_opt(&self, field: u32) -> Result<Option<Self::Group>, <usize as FieldType<'_>>::Error> {
[INFO] [stderr]     |                                                                                       ++++
[INFO] [stderr] 
[INFO] [stderr] warning: `rustyasn` (lib) generated 2 warnings (run `cargo fix --lib -p rustyasn` to apply 2 suggestions)
[INFO] [stderr] warning: `rustyasn` (lib test) generated 2 warnings (2 duplicates)
[INFO] [stderr] warning: unused dependency `simd-json`
[INFO] [stderr]   --> Cargo.toml:64:15
[INFO] [stderr]    |
[INFO] [stderr] 64 | [dependencies.simd-json]
[INFO] [stderr]    |               ^^^^^^^^^^
[INFO] [stderr]    |
[INFO] [stderr]    = note: `cargo::unused_dependencies` is set to `warn` by default
[INFO] [stderr] help: consider removing the dependency on `simd-json`
[INFO] [stderr] warning: unused dependency `rustyfix-codegen`
[INFO] [stderr]   --> Cargo.toml:18:21
[INFO] [stderr]    |
[INFO] [stderr] 18 | [build-dependencies.rustyfix-codegen]
[INFO] [stderr]    |                     ^^^^^^^^^^^^^^^^^
[INFO] [stderr]    |
[INFO] [stderr] help: consider removing the dependency on `rustyfix-codegen`
[INFO] [stderr] warning: `rustyasn` (manifest) generated 2 warnings
[INFO] [stderr]     Finished `release` profile [optimized] target(s) in 0.28s
[INFO] [stderr]      Running unittests src/lib.rs (/opt/rustwide/target/release/build/rustyasn/f62ac56af41c2f82/out/rustyasn-f62ac56af41c2f82)
[INFO] [stdout] 
[INFO] [stdout] running 63 tests
[INFO] [stdout] test config::tests::test_encoding_rule_properties ... ok
[INFO] [stdout] test config::tests::test_message_options ... ok
[INFO] [stdout] test buffers::tests::test_const_buffer_inline ... ok
[INFO] [stdout] test buffers::tests::test_field_buffer_alias ... ok
[INFO] [stdout] test buffers::tests::test_const_buffer_spill ... ok
[INFO] [stdout] test decoder::tests::test_integer_parsing_with_result ... ok
[INFO] [stdout] test config::tests::test_config_presets ... ok
[INFO] [stdout] test error::tests::test_error_display ... ok
[INFO] [stdout] test buffers::tests::test_buffer_pool ... ok
[INFO] [stdout] test field_types::tests::test_asn1_boolean_field_type ... ok
[INFO] [stdout] test decoder::tests::test_message_field_access ... ok
[INFO] [stdout] test generated::tests::test_message_type_conversion ... ok
[INFO] [stdout] test generated::tests::test_asn1_message_conversion ... ok
[INFO] [stdout] test error::tests::test_error_conversion ... ok
[INFO] [stdout] test field_types::tests::test_asn1_bytes_field_type ... ok
[INFO] [stdout] test field_types::tests::test_asn1_integer_field_type ... ok
[INFO] [stdout] test field_types::tests::test_asn1_uinteger_field_type ... ok
[INFO] [stdout] test generated::tests::test_field_tag_conversion ... ok
[INFO] [stdout] test field_types::tests::test_asn1_string_field_type ... ok
[INFO] [stdout] test message::tests::test_repeating_group_parsing ... ok
[INFO] [stdout] test message::tests::test_conversion_to_fix_message ... ok
[INFO] [stdout] test message::tests::test_conversion_from_fix_message ... ok
[INFO] [stdout] test message::tests::test_conversion_from_fix_message_with_sending_time ... ok
[INFO] [stdout] test message::tests::test_message_creation ... ok
[INFO] [stdout] test message::tests::test_message_group ... ok
[INFO] [stdout] test message::tests::test_helper_methods ... ok
[INFO] [stdout] test message::tests::test_field_map_implementation ... ok
[INFO] [stdout] test message::tests::test_group_with_invalid_count ... ok
[INFO] [stdout] test schema::tests::test_date_time_validation ... ok
[INFO] [stdout] test message::tests::test_schema_vs_string_conversion_performance_comparison ... ok
[INFO] [stdout] test decoder::tests::test_streaming_decoder_state ... ok
[INFO] [stdout] test encoder::tests::test_encoder_creation ... ok
[INFO] [stdout] test decoder::tests::test_decoder_creation ... ok
[INFO] [stdout] test encoder::tests::test_field_addition ... ok
[INFO] [stdout] test types::tests::test_field_value_conversions ... ok
[INFO] [stdout] test types::tests::test_from_bytes_with_type_character ... ok
[INFO] [stdout] test types::tests::test_from_bytes_with_type_binary_data ... ok
[INFO] [stdout] test types::tests::test_from_bytes_with_type_date ... ok
[INFO] [stdout] test schema::tests::test_dictionary_driven_field_extraction ... ok
[INFO] [stdout] test types::tests::test_from_bytes_with_type_decimal ... ok
[INFO] [stdout] test types::tests::test_from_bytes_with_type_integer ... ok
[INFO] [stdout] test types::tests::test_from_bytes_with_type_invalid_utf8 ... ok
[INFO] [stdout] test types::tests::test_from_bytes_with_type_time ... ok
[INFO] [stdout] test types::tests::test_from_bytes_with_type_string ... ok
[INFO] [stdout] test types::tests::test_from_bytes_with_type_unsigned_integer ... ok
[INFO] [stdout] test types::tests::test_message_structure ... ok
[INFO] [stdout] test message::tests::test_conversion_to_fix_message_with_schema ... ok
[INFO] [stdout] test types::tests::test_from_bytes_with_type_timestamp ... ok
[INFO] [stdout] test message::tests::test_schema_conversion_with_unknown_field ... ok
[INFO] [stdout] test schema::tests::test_schema_creation ... ok
[INFO] [stdout] test schema::tests::test_schema_backward_compatibility ... ok
[INFO] [stdout] test types::tests::test_from_bytes_with_type_boolean ... ok
[INFO] [stdout] test types::tests::test_optimization_binary_data_no_string_conversion ... ok
[INFO] [stdout] test schema::tests::test_field_type_mapping ... ok
[INFO] [stdout] test types::tests::test_optimization_boolean_byte_comparison ... ok
[INFO] [stdout] test schema::tests::test_data_type_mapping ... ok
[INFO] [stdout] test types::tests::test_performance_comparison_from_string_vs_from_bytes_with_type ... ok
[INFO] [stdout] test schema::tests::test_dictionary_driven_message_extraction ... ok
[INFO] [stdout] test schema::tests::test_group_processing ... ok
[INFO] [stdout] test decoder::tests::test_length_validation_against_max_size ... FAILED
[INFO] [stdout] test schema::tests::test_field_location_detection ... ok
[INFO] [stdout] test decoder::tests::test_length_validation_passes_within_limit ... FAILED
[INFO] [stdout] test types::tests::test_from_bytes_with_schema ... ok
[INFO] [stdout] 
[INFO] [stdout] failures:
[INFO] [stdout] 
[INFO] [stdout] ---- decoder::tests::test_length_validation_against_max_size stdout ----
[INFO] [stdout] 
[INFO] [stdout] thread 'decoder::tests::test_length_validation_against_max_size' (3753) panicked at src/decoder.rs:565:18:
[INFO] [stdout] Expected MessageTooLarge error, got: Err(Decode(InvalidTag { tag: 48, offset: 0 }))
[INFO] [stdout] stack backtrace:
[INFO] [stdout]    0:     0x5f4a82b75b81 - <<std[617be2ca0a6fd877]::sys::backtrace::BacktraceLock>::print::DisplayBacktrace as core[a373ad73a504971]::fmt::Display>::fmt
[INFO] [stdout]    1:     0x5f4a82b8af9a - core[a373ad73a504971]::fmt::write
[INFO] [stdout]    2:     0x5f4a82b79d9c - <alloc[2e1b2a31b91974c5]::vec::Vec<u8> as core[a373ad73a504971]::io::write::Write>::write_fmt
[INFO] [stdout]    3:     0x5f4a82b51fe6 - std[617be2ca0a6fd877]::panicking::default_hook::{closure#0}
[INFO] [stdout]    4:     0x5f4a82b6e219 - std[617be2ca0a6fd877]::panicking::default_hook
[INFO] [stdout]    5:     0x5f4a82ad37d0 - test[aada8e7e76ba119b]::test_main_inner::{closure#0}
[INFO] [stdout]    6:     0x5f4a82b6e3d2 - std[617be2ca0a6fd877]::panicking::panic_with_hook
[INFO] [stdout]    7:     0x5f4a82b52092 - std[617be2ca0a6fd877]::panicking::panic_handler::{closure#0}
[INFO] [stdout]    8:     0x5f4a82b4ada9 - std[617be2ca0a6fd877]::sys::backtrace::__rust_end_short_backtrace::<std[617be2ca0a6fd877]::panicking::panic_handler::{closure#0}, !>
[INFO] [stdout]    9:     0x5f4a82b52c9d - __rustc[ea4f61d10b84890b]::rust_begin_unwind
[INFO] [stdout]   10:     0x5f4a82b8b6cc - core[a373ad73a504971]::panicking::panic_fmt
[INFO] [stdout]   11:     0x5f4a82ab731c - <rustyasn[cb72df634c033e13]::decoder::tests::test_length_validation_against_max_size::{closure#0} as core[a373ad73a504971]::ops::function::FnOnce<()>>::call_once
[INFO] [stdout]   12:     0x5f4a82ac6c1b - test[aada8e7e76ba119b]::__rust_begin_short_backtrace::<core[a373ad73a504971]::result::Result<(), alloc[2e1b2a31b91974c5]::string::String>, fn() -> core[a373ad73a504971]::result::Result<(), alloc[2e1b2a31b91974c5]::string::String>>
[INFO] [stdout]   13:     0x5f4a82ad3df5 - test[aada8e7e76ba119b]::run_test::{closure#0}
[INFO] [stdout]   14:     0x5f4a82acd6e4 - std[617be2ca0a6fd877]::sys::backtrace::__rust_begin_short_backtrace::<test[aada8e7e76ba119b]::run_test::{closure#1}, ()>
[INFO] [stdout]   15:     0x5f4a82ad6e82 - <std[617be2ca0a6fd877]::thread::lifecycle::spawn_unchecked<test[aada8e7e76ba119b]::run_test::{closure#1}, ()>::{closure#1} as core[a373ad73a504971]::ops::function::FnOnce<()>>::call_once::{shim:vtable#0}
[INFO] [stdout]   16:     0x5f4a82b753df - <std[617be2ca0a6fd877]::sys::thread::unix::Thread>::new::thread_start
[INFO] [stdout]   17:     0x7c0d8c756dfa - <unknown>
[INFO] [stdout]   18:     0x7c0d8c7ea3d4 - clone
[INFO] [stdout]   19:                0x0 - <unknown>
[INFO] [stdout] 
[INFO] [stdout] ---- decoder::tests::test_length_validation_passes_within_limit stdout ----
[INFO] [stdout] 
[INFO] [stdout] thread 'decoder::tests::test_length_validation_passes_within_limit' (3754) panicked at src/decoder.rs:587:9:
[INFO] [stdout] assertion failed: result.is_ok()
[INFO] [stdout] stack backtrace:
[INFO] [stdout]    0:     0x5f4a82b75b81 - <<std[617be2ca0a6fd877]::sys::backtrace::BacktraceLock>::print::DisplayBacktrace as core[a373ad73a504971]::fmt::Display>::fmt
[INFO] [stdout]    1:     0x5f4a82b8af9a - core[a373ad73a504971]::fmt::write
[INFO] [stdout]    2:     0x5f4a82b79d9c - <alloc[2e1b2a31b91974c5]::vec::Vec<u8> as core[a373ad73a504971]::io::write::Write>::write_fmt
[INFO] [stdout]    3:     0x5f4a82b51fe6 - std[617be2ca0a6fd877]::panicking::default_hook::{closure#0}
[INFO] [stdout]    4:     0x5f4a82b6e219 - std[617be2ca0a6fd877]::panicking::default_hook
[INFO] [stdout]    5:     0x5f4a82ad37d0 - test[aada8e7e76ba119b]::test_main_inner::{closure#0}
[INFO] [stdout]    6:     0x5f4a82b6e3d2 - std[617be2ca0a6fd877]::panicking::panic_with_hook
[INFO] [stdout]    7:     0x5f4a82b520c4 - std[617be2ca0a6fd877]::panicking::panic_handler::{closure#0}
[INFO] [stdout]    8:     0x5f4a82b4ada9 - std[617be2ca0a6fd877]::sys::backtrace::__rust_end_short_backtrace::<std[617be2ca0a6fd877]::panicking::panic_handler::{closure#0}, !>
[INFO] [stdout]    9:     0x5f4a82b52c9d - __rustc[ea4f61d10b84890b]::rust_begin_unwind
[INFO] [stdout]   10:     0x5f4a82b8b6cc - core[a373ad73a504971]::panicking::panic_fmt
[INFO] [stdout]   11:     0x5f4a82b8b692 - core[a373ad73a504971]::panicking::panic
[INFO] [stdout]   12:     0x5f4a82ab7790 - <rustyasn[cb72df634c033e13]::decoder::tests::test_length_validation_passes_within_limit::{closure#0} as core[a373ad73a504971]::ops::function::FnOnce<()>>::call_once
[INFO] [stdout]   13:     0x5f4a82ac6c1b - test[aada8e7e76ba119b]::__rust_begin_short_backtrace::<core[a373ad73a504971]::result::Result<(), alloc[2e1b2a31b91974c5]::string::String>, fn() -> core[a373ad73a504971]::result::Result<(), alloc[2e1b2a31b91974c5]::string::String>>
[INFO] [stdout]   14:     0x5f4a82ad3df5 - test[aada8e7e76ba119b]::run_test::{closure#0}
[INFO] [stdout]   15:     0x5f4a82acd6e4 - std[617be2ca0a6fd877]::sys::backtrace::__rust_begin_short_backtrace::<test[aada8e7e76ba119b]::run_test::{closure#1}, ()>
[INFO] [stdout]   16:     0x5f4a82ad6e82 - <std[617be2ca0a6fd877]::thread::lifecycle::spawn_unchecked<test[aada8e7e76ba119b]::run_test::{closure#1}, ()>::{closure#1} as core[a373ad73a504971]::ops::function::FnOnce<()>>::call_once::{shim:vtable#0}
[INFO] [stdout]   17:     0x5f4a82b753df - <std[617be2ca0a6fd877]::sys::thread::unix::Thread>::new::thread_start
[INFO] [stdout]   18:     0x7c0d8c756dfa - <unknown>
[INFO] [stdout]   19:     0x7c0d8c7ea3d4 - clone
[INFO] [stdout]   20:                0x0 - <unknown>
[INFO] [stdout] 
[INFO] [stdout] 
[INFO] [stdout] failures:
[INFO] [stdout]     decoder::tests::test_length_validation_against_max_size
[INFO] [stdout]     decoder::tests::test_length_validation_passes_within_limit
[INFO] [stdout] 
[INFO] [stdout] test result: FAILED. 61 passed; 2 failed; 0 ignored; 0 measured; 0 filtered out; finished in 0.11s
[INFO] [stdout] 
[INFO] [stderr] error: test failed, to rerun pass `--lib`
[INFO] running `Command { std: "docker" "inspect" "f0ef9a2a26b408e96c905166ed3b684adbfcfe9d5cf49fe40900607107cff34b", kill_on_drop: false }`
[INFO] running `Command { std: "docker" "rm" "-f" "f0ef9a2a26b408e96c905166ed3b684adbfcfe9d5cf49fe40900607107cff34b", kill_on_drop: false }`
[INFO] [stdout] f0ef9a2a26b408e96c905166ed3b684adbfcfe9d5cf49fe40900607107cff34b
