[INFO] fetching crate rusty_time-daemon 0.3.0...
[INFO] testing rusty_time-daemon-0.3.0 against 1.99.0-beta.8+cargoflags=--release for beta-release-1.100-2
[INFO] extracting crate rusty_time-daemon 0.3.0 into /workspace/builds/worker-5-tc1/source
[INFO] started tweaking crates.io crate rusty_time-daemon 0.3.0
[INFO] finished tweaking crates.io crate rusty_time-daemon 0.3.0
[INFO] tweaked toml for crates.io crate rusty_time-daemon 0.3.0 written to /workspace/builds/worker-5-tc1/source/Cargo.toml
[INFO] validating manifest of crates.io crate rusty_time-daemon 0.3.0 on toolchain 1.99.0-beta.8
[INFO] running `Command { std: CARGO_HOME="/workspace/cargo-home" RUSTUP_HOME="/workspace/rustup-home" "/workspace/cargo-home/bin/cargo" "+1.99.0-beta.8" "metadata" "--manifest-path" "Cargo.toml" "--no-deps", kill_on_drop: false }`
[INFO] crate crates.io crate rusty_time-daemon 0.3.0 already has a lockfile, it will not be regenerated
[INFO] running `Command { std: CARGO_HOME="/workspace/cargo-home" RUSTUP_HOME="/workspace/rustup-home" "/workspace/cargo-home/bin/cargo" "+1.99.0-beta.8" "fetch" "--manifest-path" "Cargo.toml", kill_on_drop: false }`
[INFO] [stderr]     Updating crates.io index
[INFO] [stderr]  Downloading crates ...
[INFO] [stderr]   Downloaded spacedb-sdk v0.5.2
[INFO] [stderr]   Downloaded spacedb-meter v0.5.2
[INFO] [stderr]   Downloaded smallstr v0.3.1
[INFO] [stderr]   Downloaded spacedb-crdt v0.5.2
[INFO] [stderr]   Downloaded spacedb-consistency v0.5.2
[INFO] [stderr]   Downloaded spacedb-store v0.5.2
[INFO] [stderr]   Downloaded spacedb-access v0.5.2
[INFO] [stderr]   Downloaded rusty_time-nts v0.3.0
[INFO] [stderr]   Downloaded oxitls-rustcrypto-provider v0.3.0
[INFO] [stderr]   Downloaded yrs v0.25.0
[INFO] [stderr]   Downloaded dbl v0.5.0
[INFO] [stderr]   Downloaded aes-siv v0.8.0
[INFO] [stderr]   Downloaded ctr v0.10.1
[INFO] [stderr]   Downloaded rusty_alloc-api v1.1.6
[INFO] [stderr]   Downloaded aead v0.6.1
[INFO] [stderr]   Downloaded rusty_time-alloc v0.3.0
[INFO] [stderr]   Downloaded rusty_time-api v0.3.0
[INFO] [stderr]   Downloaded rusty_time-clock v0.3.0
[INFO] [stderr]   Downloaded rusty_time-core v0.3.0
[INFO] [stderr]   Downloaded oxitls-rcgen v0.3.0
[INFO] [stderr]   Downloaded wnaf v0.14.0
[INFO] [stderr]   Downloaded rcgen v0.14.9
[INFO] [stderr]   Downloaded p384 v0.14.0
[INFO] [stderr]   Downloaded p12 v0.6.3
[INFO] [stderr]   Downloaded rusty_alloc v1.1.6
[INFO] [stderr]   Downloaded p256 v0.14.0
[INFO] [stderr]   Downloaded oxitls-core v0.3.0
[INFO] [stderr]   Downloaded oxitls-webpki-roots v0.3.0
[INFO] [stderr]   Downloaded x509-ocsp v0.2.1
[INFO] [stderr]   Downloaded ghash v0.6.0
[INFO] [stderr]   Downloaded polyval v0.7.3
[INFO] [stderr]   Downloaded universal-hash v0.6.1
[INFO] [stderr]   Downloaded oxitls-adapter-rustls-rustcrypto v0.3.0
[INFO] [stderr]   Downloaded aes-gcm v0.11.1
[INFO] [stderr]   Downloaded cmac v0.8.0
[INFO] running `Command { std: "docker" "create" "-v" "/var/lib/crater-agent-workspace/builds/worker-5-tc1/source:/opt/rustwide/workdir:ro,Z" "-v" "/var/lib/crater-agent-workspace/builds/worker-5-tc1/target:/opt/rustwide/target:rw,Z" "-v" "/var/lib/crater-agent-workspace/cargo-home:/opt/rustwide/cargo-home:ro,Z" "-v" "/var/lib/crater-agent-workspace/rustup-home:/opt/rustwide/rustup-home:ro,Z" "-m" "1610612736" "--network" "none" "ghcr.io/rust-lang/crates-build-env/linux@sha256:77db811e55d90add9212f6832c23229e3de5f1c1f9905e8cb07319ea15df73ac" "sleep" "infinity", kill_on_drop: false }`
[INFO] [stdout] ea47b658ae03fb47dd03c8ccd02abab6cedc9b5c001769d1994cd4de095e5580
[INFO] running `Command { std: "docker" "start" "ea47b658ae03fb47dd03c8ccd02abab6cedc9b5c001769d1994cd4de095e5580", kill_on_drop: false }`
[INFO] running `Command { std: "docker" "inspect" "ea47b658ae03fb47dd03c8ccd02abab6cedc9b5c001769d1994cd4de095e5580", kill_on_drop: false }`
[INFO] running `Command { std: "docker" "exec" "-e" "SOURCE_DIR=/opt/rustwide/workdir" "-e" "CARGO_HOME=/opt/rustwide/cargo-home" "-e" "RUSTUP_HOME=/opt/rustwide/rustup-home" "-e" "CARGO_TARGET_DIR=/opt/rustwide/target" "-w" "/opt/rustwide/workdir" "--user" "0:0" "ea47b658ae03fb47dd03c8ccd02abab6cedc9b5c001769d1994cd4de095e5580" "/opt/rustwide/cargo-home/bin/cargo" "+1.99.0-beta.8" "metadata" "--no-deps" "--format-version=1", kill_on_drop: false }`
[INFO] running `Command { std: "docker" "inspect" "ea47b658ae03fb47dd03c8ccd02abab6cedc9b5c001769d1994cd4de095e5580", kill_on_drop: false }`
[INFO] running `Command { std: "docker" "exec" "-e" "SOURCE_DIR=/opt/rustwide/workdir" "-e" "CARGO_HOME=/opt/rustwide/cargo-home" "-e" "RUSTUP_HOME=/opt/rustwide/rustup-home" "-e" "CARGO_TARGET_DIR=/opt/rustwide/target" "-e" "CARGO_INCREMENTAL=0" "-e" "RUST_BACKTRACE=full" "-e" "RUSTFLAGS=--cap-lints=warn" "-e" "RUSTDOCFLAGS=--cap-lints=warn" "-w" "/opt/rustwide/workdir" "--user" "0:0" "ea47b658ae03fb47dd03c8ccd02abab6cedc9b5c001769d1994cd4de095e5580" "/opt/rustwide/cargo-home/bin/cargo" "+1.99.0-beta.8" "build" "--frozen" "--message-format=json" "--release", kill_on_drop: false }`
[INFO] [stderr]    Compiling syn v2.0.119
[INFO] [stderr]    Compiling subtle v2.6.1
[INFO] [stderr]    Compiling const-oid v0.9.6
[INFO] [stderr]    Compiling syn v3.0.4
[INFO] [stderr]    Compiling generic-array v0.14.7
[INFO] [stderr]    Compiling num-traits v0.2.19
[INFO] [stderr]    Compiling const-oid v0.10.2
[INFO] [stderr]    Compiling smallvec v1.15.2
[INFO] [stderr]    Compiling getrandom v0.2.17
[INFO] [stderr]    Compiling spin v0.9.9
[INFO] [stderr]    Compiling serde_core v1.0.229
[INFO] [stderr]    Compiling serde v1.0.229
[INFO] [stderr]    Compiling num-conv v0.2.2
[INFO] [stderr]    Compiling time-core v0.1.9
[INFO] [stderr]    Compiling heapless v0.7.17
[INFO] [stderr]    Compiling rustls v0.23.43
[INFO] [stderr]    Compiling rand_core v0.6.4
[INFO] [stderr]    Compiling hash32 v0.2.1
[INFO] [stderr]    Compiling nom v7.1.3
[INFO] [stderr]    Compiling curve25519-dalek v4.1.3
[INFO] [stderr]    Compiling time-macros v0.2.32
[INFO] [stderr]    Compiling lazy_static v1.5.0
[INFO] [stderr]    Compiling blake3 v1.8.7
[INFO] [stderr]    Compiling ctutils v0.4.2
[INFO] [stderr]    Compiling parking_lot_core v0.9.12
[INFO] [stderr]    Compiling ff v0.14.0
[INFO] [stderr]    Compiling errno v0.3.14
[INFO] [stderr]    Compiling ff v0.13.1
[INFO] [stderr]    Compiling rand_chacha v0.3.1
[INFO] [stderr]    Compiling group v0.14.0
[INFO] [stderr]    Compiling num-bigint-dig v0.8.6
[INFO] [stderr]    Compiling signal-hook-registry v1.4.8
[INFO] [stderr]    Compiling mio v1.2.2
[INFO] [stderr]    Compiling arrayvec v0.7.8
[INFO] [stderr]    Compiling group v0.13.0
[INFO] [stderr]    Compiling rand v0.8.8
[INFO] [stderr]    Compiling redb v2.6.3
[INFO] [stderr]    Compiling parking_lot v0.12.5
[INFO] [stderr]    Compiling oid-registry v0.8.1
[INFO] [stderr]    Compiling hashbrown v0.14.5
[INFO] [stderr]    Compiling hashbrown v0.17.1
[INFO] [stderr]    Compiling smallstr v0.3.1
[INFO] [stderr]    Compiling fastrand v2.5.0
[INFO] [stderr]    Compiling data-encoding v2.11.1
[INFO] [stderr]    Compiling num-integer v0.1.47
[INFO] [stderr]    Compiling time v0.3.55
[INFO] [stderr]    Compiling dashmap v6.2.1
[INFO] [stderr]    Compiling base64 v0.22.1
[INFO] [stderr]    Compiling num-iter v0.1.46
[INFO] [stderr]    Compiling num-bigint v0.4.8
[INFO] [stderr]    Compiling getrandom v0.3.4
[INFO] [stderr]    Compiling pem v3.0.6
[INFO] [stderr]    Compiling rusty_alloc v1.1.6
[INFO] [stderr]    Compiling lru v0.18.2
[INFO] [stderr]    Compiling yasna v0.5.2
[INFO] [stderr]    Compiling password-hash v0.5.0
[INFO] [stderr]    Compiling rusty_time-core v0.3.0
[INFO] [stderr]    Compiling rusty_alloc-api v1.1.6
[INFO] [stderr]    Compiling rusty_time-alloc v0.3.0
[INFO] [stderr]    Compiling rusty_time-clock v0.3.0
[INFO] [stderr]    Compiling rusticata-macros v4.1.0
[INFO] [stderr]    Compiling serde_json v1.0.151
[INFO] [stderr]    Compiling thiserror-impl v2.0.20
[INFO] [stderr]    Compiling serde_derive v1.0.229
[INFO] [stderr]    Compiling displaydoc v0.2.7
[INFO] [stderr]    Compiling tokio-macros v2.7.2
[INFO] [stderr]    Compiling async-trait v0.1.92
[INFO] [stderr]    Compiling tokio v1.53.1
[INFO] [stderr]    Compiling synstructure v0.13.2
[INFO] [stderr]    Compiling yasna v0.6.0
[INFO] [stderr]    Compiling thiserror v2.0.20
[INFO] [stderr]    Compiling cobs v0.3.0
[INFO] [stderr]    Compiling zeroize_derive v1.5.0
[INFO] [stderr]    Compiling der_derive v0.7.3
[INFO] [stderr]    Compiling thiserror-impl v1.0.69
[INFO] [stderr]    Compiling zeroize v1.9.0
[INFO] [stderr]    Compiling hybrid-array v0.4.14
[INFO] [stderr]    Compiling rustls-pki-types v1.15.1
[INFO] [stderr]    Compiling der v0.8.1
[INFO] [stderr]    Compiling asn1-rs-impl v0.2.0
[INFO] [stderr]    Compiling asn1-rs-derive v0.6.0
[INFO] [stderr]    Compiling curve25519-dalek-derive v0.1.1
[INFO] [stderr]    Compiling tracing-attributes v0.1.31
[INFO] [stderr]    Compiling crypto-common v0.2.2
[INFO] [stderr]    Compiling der v0.7.10
[INFO] [stderr]    Compiling crypto-common v0.1.7
[INFO] [stderr]    Compiling block-buffer v0.10.4
[INFO] [stderr]    Compiling block-buffer v0.12.1
[INFO] [stderr]    Compiling digest v0.10.7
[INFO] [stderr]    Compiling block-padding v0.3.3
[INFO] [stderr]    Compiling universal-hash v0.5.1
[INFO] [stderr]    Compiling inout v0.1.4
[INFO] [stderr]    Compiling hmac v0.12.1
[INFO] [stderr]    Compiling signature v2.2.0
[INFO] [stderr]    Compiling hkdf v0.12.4
[INFO] [stderr]    Compiling crypto-bigint v0.5.5
[INFO] [stderr]    Compiling polyval v0.6.2
[INFO] [stderr]    Compiling cipher v0.4.4
[INFO] [stderr]    Compiling sha2 v0.10.9
[INFO] [stderr]    Compiling aead v0.5.2
[INFO] [stderr]    Compiling ghash v0.5.1
[INFO] [stderr]    Compiling rfc6979 v0.4.0
[INFO] [stderr]    Compiling crypto-bigint v0.7.5
[INFO] [stderr]    Compiling spki v0.8.0
[INFO] [stderr]    Compiling rustls-webpki v0.103.15
[INFO] [stderr]    Compiling digest v0.11.3
[INFO] [stderr]    Compiling hmac v0.13.0
[INFO] [stderr]    Compiling ctr v0.9.2
[INFO] [stderr]    Compiling aes v0.8.4
[INFO] [stderr]    Compiling inout v0.2.2
[INFO] [stderr]    Compiling pkcs8 v0.11.0
[INFO] [stderr]    Compiling hkdf v0.13.0
[INFO] [stderr]    Compiling sec1 v0.8.1
[INFO] [stderr]    Compiling cipher v0.5.2
[INFO] [stderr]    Compiling asn1-rs v0.7.2
[INFO] [stderr]    Compiling spki v0.7.3
[INFO] [stderr]    Compiling pkcs5 v0.7.1
[INFO] [stderr]    Compiling aes-gcm v0.10.3
[INFO] [stderr]    Compiling thiserror v1.0.69
[INFO] [stderr]    Compiling sha2 v0.11.0
[INFO] [stderr]    Compiling signature v3.0.0
[INFO] [stderr]    Compiling chacha20 v0.9.1
[INFO] [stderr]    Compiling poly1305 v0.8.0
[INFO] [stderr]    Compiling pkcs8 v0.10.2
[INFO] [stderr]    Compiling wnaf v0.14.0
[INFO] [stderr]    Compiling sec1 v0.7.3
[INFO] [stderr]    Compiling pkcs1 v0.7.5
[INFO] [stderr]    Compiling ed25519 v2.2.3
[INFO] [stderr]    Compiling elliptic-curve v0.14.1
[INFO] [stderr]    Compiling primefield v0.14.0
[INFO] [stderr]    Compiling elliptic-curve v0.13.8
[INFO] [stderr]    Compiling postcard v1.1.3
[INFO] [stderr]    Compiling rfc6979 v0.6.0
[INFO] [stderr]    Compiling der-parser v10.0.0
[INFO] [stderr]    Compiling ed25519-dalek v2.2.0
[INFO] [stderr]    Compiling ecdsa v0.17.0
[INFO] [stderr]    Compiling ecdsa v0.16.9
[INFO] [stderr]    Compiling primeorder v0.13.6
[INFO] [stderr]    Compiling primeorder v0.14.0
[INFO] [stderr]    Compiling rsa v0.9.10
[INFO] [stderr]    Compiling chacha20poly1305 v0.10.1
[INFO] [stderr]    Compiling x25519-dalek v2.0.1
[INFO] [stderr]    Compiling webpki-roots v1.0.9
[INFO] [stderr]    Compiling spacedb-store v0.5.2
[INFO] [stderr]    Compiling yrs v0.25.0
[INFO] [stderr]    Compiling x509-cert v0.2.5
[INFO] [stderr]    Compiling aes v0.9.2
[INFO] [stderr]    Compiling x509-parser v0.18.1
[INFO] [stderr]    Compiling ctr v0.10.1
[INFO] [stderr]    Compiling p256 v0.13.2
[INFO] [stderr]    Compiling p384 v0.13.1
[INFO] [stderr]    Compiling aead v0.6.1
[INFO] [stderr]    Compiling universal-hash v0.6.1
[INFO] [stderr]    Compiling sha1 v0.10.7
[INFO] [stderr]    Compiling rustls-pemfile v2.2.0
[INFO] [stderr]    Compiling dbl v0.5.0
[INFO] [stderr]    Compiling cmac v0.8.0
[INFO] [stderr]    Compiling polyval v0.7.3
[INFO] [stderr]    Compiling p384 v0.14.0
[INFO] [stderr]    Compiling p256 v0.14.0
[INFO] [stderr]    Compiling tracing v0.1.44
[INFO] [stderr]    Compiling des v0.8.1
[INFO] [stderr]    Compiling cbc v0.1.2
[INFO] [stderr]    Compiling rc2 v0.8.1
[INFO] [stderr]    Compiling ghash v0.6.0
[INFO] [stderr]    Compiling p12 v0.6.3
[INFO] [stderr]    Compiling spacedb-access v0.5.2
[INFO] [stderr]    Compiling aes-siv v0.8.0
[INFO] [stderr]    Compiling spacedb-meter v0.5.2
[INFO] [stderr]    Compiling blake2 v0.10.6
[INFO] [stderr]    Compiling rcgen v0.14.9
[INFO] [stderr]    Compiling argon2 v0.5.3
[INFO] [stderr]    Compiling aes-gcm v0.11.1
[INFO] [stderr]    Compiling rusty_time-api v0.3.0
[INFO] [stderr]    Compiling x509-ocsp v0.2.1
[INFO] [stderr]    Compiling oxitls-rustcrypto-provider v0.3.0
[INFO] [stderr]    Compiling oxitls-core v0.3.0
[INFO] [stderr]    Compiling tokio-rustls v0.26.4
[INFO] [stderr]    Compiling oxitls-webpki-roots v0.3.0
[INFO] [stderr]    Compiling rusty_time-nts v0.3.0
[INFO] [stderr]    Compiling oxitls-adapter-rustls-rustcrypto v0.3.0
[INFO] [stderr]    Compiling spacedb-crdt v0.5.2
[INFO] [stderr]    Compiling spacedb-consistency v0.5.2
[INFO] [stderr]    Compiling oxitls-rcgen v0.3.0
[INFO] [stderr]    Compiling spacedb-sdk v0.5.2
[INFO] [stderr]    Compiling rusty_time-daemon v0.3.0 (/opt/rustwide/workdir)
[INFO] [stderr]     Finished `release` profile [optimized] target(s) in 2m 08s
[INFO] running `Command { std: "docker" "inspect" "ea47b658ae03fb47dd03c8ccd02abab6cedc9b5c001769d1994cd4de095e5580", kill_on_drop: false }`
[INFO] running `Command { std: "docker" "exec" "-e" "SOURCE_DIR=/opt/rustwide/workdir" "-e" "CARGO_HOME=/opt/rustwide/cargo-home" "-e" "RUSTUP_HOME=/opt/rustwide/rustup-home" "-e" "CARGO_TARGET_DIR=/opt/rustwide/target" "-e" "CARGO_INCREMENTAL=0" "-e" "RUST_BACKTRACE=full" "-e" "RUSTFLAGS=--cap-lints=warn" "-e" "RUSTDOCFLAGS=--cap-lints=warn" "-w" "/opt/rustwide/workdir" "--user" "0:0" "ea47b658ae03fb47dd03c8ccd02abab6cedc9b5c001769d1994cd4de095e5580" "/opt/rustwide/cargo-home/bin/cargo" "+1.99.0-beta.8" "test" "--frozen" "--no-run" "--message-format=json" "--release", kill_on_drop: false }`
[INFO] [stderr]    Compiling rusty_time-daemon v0.3.0 (/opt/rustwide/workdir)
[INFO] [stderr]     Finished `release` profile [optimized] target(s) in 6.02s
[INFO] running `Command { std: "docker" "inspect" "ea47b658ae03fb47dd03c8ccd02abab6cedc9b5c001769d1994cd4de095e5580", kill_on_drop: false }`
[INFO] running `Command { std: "docker" "exec" "-e" "SOURCE_DIR=/opt/rustwide/workdir" "-e" "CARGO_HOME=/opt/rustwide/cargo-home" "-e" "RUSTUP_HOME=/opt/rustwide/rustup-home" "-e" "CARGO_TARGET_DIR=/opt/rustwide/target" "-e" "CARGO_INCREMENTAL=0" "-e" "RUST_BACKTRACE=full" "-e" "RUSTFLAGS=--cap-lints=warn" "-e" "RUSTDOCFLAGS=--cap-lints=warn" "-w" "/opt/rustwide/workdir" "--user" "0:0" "ea47b658ae03fb47dd03c8ccd02abab6cedc9b5c001769d1994cd4de095e5580" "/opt/rustwide/cargo-home/bin/cargo" "+1.99.0-beta.8" "test" "--frozen" "--release", kill_on_drop: false }`
[INFO] [stderr]     Finished `release` profile [optimized] target(s) in 0.27s
[INFO] [stderr]      Running unittests src/main.rs (/opt/rustwide/target/release/deps/rtimed-86632cccbbade0cc)
[INFO] [stdout] 
[INFO] [stdout] running 54 tests
[INFO] [stdout] test control::tests::the_tracking_wire_shape_is_flat_under_the_result_tag ... ok
[INFO] [stdout] test control::tests::ntsdata_reports_key_ids_only ... ok
[INFO] [stdout] test control::tests::client_ages_are_finite_even_when_clocks_disagree ... ok
[INFO] [stdout] test control::tests::tracking_starts_unsynchronized_with_an_infinite_bound ... ok
[INFO] [stdout] test nts_session::tests::protect_spends_a_cookie_and_refuses_when_empty ... ok
[INFO] [stdout] test control::tests::clients_op_lists_most_recent_first ... ok
[INFO] [stdout] test query::tests::era_pivot_resolves_post_2036_times ... ok
[INFO] [stdout] test control::tests::a_malformed_request_is_an_error_not_a_crash ... ok
[INFO] [stdout] test control::tests::the_tracking_op_answers_from_a_sync_daemon ... ok
[INFO] [stdout] test server::tests::answers_plain_client_requests ... ok
[INFO] [stdout] test query::tests::options_parse_and_validate ... ok
[INFO] [stdout] test gateway::tests::asset_names_that_escape_the_directory_are_refused ... ok
[INFO] [stdout] test server::tests::a_client_not_asking_for_interleaved_gets_this_exchanges_timestamps ... ok
[INFO] [stdout] test gateway::tests::the_status_page_is_present_and_self_contained ... ok
[INFO] [stdout] test control::tests::an_op_aimed_at_the_role_that_is_not_running_errors_rather_than_inventing ... ok
[INFO] [stdout] test control::tests::ping_reports_the_version ... ok
[INFO] [stdout] test nts_session::tests::each_request_uses_a_distinct_unique_id ... ok
[INFO] [stdout] test server::tests::changing_source_port_does_not_reset_the_rate_limit ... ok
[INFO] [stdout] test control::tests::serverstats_reflects_real_traffic ... ok
[INFO] [stdout] test server::tests::interleaved_mode_reports_the_previous_exchanges_timestamps ... ok
[INFO] [stdout] test service::tests::activation_delegates_to_the_platform_seam ... ok
[INFO] [stdout] test server::tests::a_flood_is_rate_limited_and_kissed_off_sparingly ... ok
[INFO] [stdout] test control::tests::publish_then_snapshot_reports_what_the_controller_decided ... ok
[INFO] [stdout] test server::tests::forged_authenticator_gets_no_answer ... ok
[INFO] [stdout] test service::tests::notify_is_harmless_when_no_supervisor_is_listening ... ok
[INFO] [stdout] test server::tests::nts_round_trip_client_to_server ... ok
[INFO] [stdout] test server::tests::one_clients_flood_does_not_deny_service_to_another ... ok
[INFO] [stdout] test server::tests::placeholder_count_cannot_amplify_without_bound ... ok
[INFO] [stdout] test service::tests::systemd_unit_is_hardened_and_uses_readiness ... ok
[INFO] [stdout] test service::tests::the_packaged_unit_agrees_with_what_we_print ... FAILED
[INFO] [stdout] test query::tests::era_pivot_resolves_current_times ... ok
[INFO] [stdout] test server::tests::refuses_to_reflect_server_mode_packets ... ok
[INFO] [stdout] test service::tests::service_definition_names_the_binary_and_is_not_empty ... ok
[INFO] [stdout] test server::tests::unknown_cookie_gets_no_answer ... ok
[INFO] [stdout] test sync::tests::a_lone_early_reply_cannot_steer_a_three_server_clock ... ok
[INFO] [stdout] test sync::tests::discipline_knobs_are_configurable_for_a_fair_comparison ... ok
[INFO] [stdout] test server::tests::malformed_datagrams_never_panic ... ok
[INFO] [stdout] test sync::tests::one_source_is_always_selected ... ok
[INFO] [stdout] test sync::tests::a_negative_makestep_limit_means_always ... ok
[INFO] [stdout] test sync::tests::a_source_that_stopped_answering_stops_blocking_the_quorum ... ok
[INFO] [stdout] test sync::tests::intervals_too_narrow_to_overlap_elect_nobody ... ok
[INFO] [stdout] test sync::tests::options_require_a_server ... ok
[INFO] [stdout] test control::tests::a_stalled_loop_stops_claiming_synchronized ... ok
[INFO] [stdout] test sync::tests::a_falseticker_is_rejected_and_two_honest_sources_still_agree ... ok
[INFO] [stdout] test store::tests::cookies_round_trip_and_shrink_cleanly ... ok
[INFO] [stdout] test store::tests::secrets_never_touch_the_disk_in_clear ... ok
[INFO] [stdout] test store::tests::drift_survives_a_restart ... ok
[INFO] [stdout] test store::tests::a_sealed_value_cannot_be_moved_to_another_key ... ok
[INFO] [stdout] test store::tests::merging_a_peer_replica_carries_its_entries ... ok
[INFO] [stdout] test store::tests::wrong_passphrase_cannot_read_values ... ok
[INFO] [stdout] test store::tests::truncated_file_is_reported_not_silently_ignored ... ok
[INFO] [stdout] test store::tests::master_keys_survive_a_restart ... ok
[INFO] [stdout] test store::tests::survives_repeated_open_flush_cycles ... ok
[INFO] [stdout] test store::tests::client_session_survives_repeated_cycles ... ok
[INFO] [stdout] 
[INFO] [stdout] failures:
[INFO] [stdout] 
[INFO] [stdout] ---- service::tests::the_packaged_unit_agrees_with_what_we_print stdout ----
[INFO] [stdout] 
[INFO] [stdout] thread 'service::tests::the_packaged_unit_agrees_with_what_we_print' (3269) panicked at src/service.rs:228:10:
[INFO] [stdout] packaged unit must exist: Os { code: 2, kind: NotFound, message: "No such file or directory" }
[INFO] [stdout] stack backtrace:
[INFO] [stdout]    0:     0x60b8a4914a01 - <<std[70759c8f55707aa4]::sys::backtrace::BacktraceLock>::print::DisplayBacktrace as core[df12db4294e9bfd3]::fmt::Display>::fmt
[INFO] [stdout]    1:     0x60b8a492b87a - core[df12db4294e9bfd3]::fmt::write
[INFO] [stdout]    2:     0x60b8a49192bc - <alloc[2182bb758b4b3781]::vec::Vec<u8> as core[df12db4294e9bfd3]::io::write::Write>::write_fmt
[INFO] [stdout]    3:     0x60b8a48edec6 - std[70759c8f55707aa4]::panicking::default_hook::{closure#0}
[INFO] [stdout]    4:     0x60b8a490b2b9 - std[70759c8f55707aa4]::panicking::default_hook
[INFO] [stdout]    5:     0x60b8a47fd670 - test[9d35eded1c95d3be]::test_main_inner::<test[9d35eded1c95d3be]::test_main_static::{closure#0}>::{closure#0}
[INFO] [stdout]    6:     0x60b8a490b472 - std[70759c8f55707aa4]::panicking::panic_with_hook
[INFO] [stdout]    7:     0x60b8a48edf72 - std[70759c8f55707aa4]::panicking::panic_handler::{closure#0}
[INFO] [stdout]    8:     0x60b8a48e6909 - std[70759c8f55707aa4]::sys::backtrace::__rust_end_short_backtrace::<std[70759c8f55707aa4]::panicking::panic_handler::{closure#0}, !>
[INFO] [stdout]    9:     0x60b8a48eed2d - __rustc[8fa7c3cbc660c2b3]::rust_begin_unwind
[INFO] [stdout]   10:     0x60b8a492bfac - core[df12db4294e9bfd3]::panicking::panic_fmt
[INFO] [stdout]   11:     0x60b8a492bd82 - core[df12db4294e9bfd3]::result::unwrap_failed
[INFO] [stdout]   12:     0x60b8a47dd3ef - rtimed[6d2b08a904a5b7f0]::service::tests::the_packaged_unit_agrees_with_what_we_print
[INFO] [stdout]   13:     0x60b8a47c9529 - <rtimed[6d2b08a904a5b7f0]::service::tests::the_packaged_unit_agrees_with_what_we_print::{closure#0} as core[df12db4294e9bfd3]::ops::function::FnOnce<()>>::call_once
[INFO] [stdout]   14:     0x60b8a47f095b - test[9d35eded1c95d3be]::__rust_begin_short_backtrace::<core[df12db4294e9bfd3]::result::Result<(), alloc[2182bb758b4b3781]::string::String>, fn() -> core[df12db4294e9bfd3]::result::Result<(), alloc[2182bb758b4b3781]::string::String>>
[INFO] [stdout]   15:     0x60b8a47fdfc5 - test[9d35eded1c95d3be]::run_test::{closure#0}
[INFO] [stdout]   16:     0x60b8a47f7884 - std[70759c8f55707aa4]::sys::backtrace::__rust_begin_short_backtrace::<test[9d35eded1c95d3be]::run_test::{closure#1}, ()>
[INFO] [stdout]   17:     0x60b8a4801122 - <std[70759c8f55707aa4]::thread::lifecycle::spawn_unchecked<test[9d35eded1c95d3be]::run_test::{closure#1}, ()>::{closure#1} as core[df12db4294e9bfd3]::ops::function::FnOnce<()>>::call_once::{shim:vtable#0}
[INFO] [stdout]   18:     0x60b8a49134b9 - <std[70759c8f55707aa4]::sys::thread::unix::Thread>::new::thread_start
[INFO] [stdout]   19:     0x77cb13306dfa - <unknown>
[INFO] [stdout]   20:     0x77cb1339a3d4 - clone
[INFO] [stdout]   21:                0x0 - <unknown>
[INFO] [stdout] 
[INFO] [stdout] 
[INFO] [stdout] failures:
[INFO] [stdout]     service::tests::the_packaged_unit_agrees_with_what_we_print
[INFO] [stdout] 
[INFO] [stdout] test result: FAILED. 53 passed; 1 failed; 0 ignored; 0 measured; 0 filtered out; finished in 0.53s
[INFO] [stdout] 
[INFO] [stderr] error: test failed, to rerun pass `--bin rtimed`
[INFO] running `Command { std: "docker" "inspect" "ea47b658ae03fb47dd03c8ccd02abab6cedc9b5c001769d1994cd4de095e5580", kill_on_drop: false }`
[INFO] running `Command { std: "docker" "rm" "-f" "ea47b658ae03fb47dd03c8ccd02abab6cedc9b5c001769d1994cd4de095e5580", kill_on_drop: false }`
[INFO] [stdout] ea47b658ae03fb47dd03c8ccd02abab6cedc9b5c001769d1994cd4de095e5580
