[INFO] fetching crate rusty_png 0.3.2...
[INFO] testing rusty_png-0.3.2 against 1.100.0-beta.1+cargoflags=--release for beta-release-1.100-2
[INFO] extracting crate rusty_png 0.3.2 into /workspace/builds/worker-0-tc2/source
[INFO] started tweaking crates.io crate rusty_png 0.3.2
[INFO] finished tweaking crates.io crate rusty_png 0.3.2
[INFO] tweaked toml for crates.io crate rusty_png 0.3.2 written to /workspace/builds/worker-0-tc2/source/Cargo.toml
[INFO] validating manifest of crates.io crate rusty_png 0.3.2 on toolchain 1.100.0-beta.1
[INFO] running `Command { std: CARGO_HOME="/workspace/cargo-home" RUSTUP_HOME="/workspace/rustup-home" "/workspace/cargo-home/bin/cargo" "+1.100.0-beta.1" "metadata" "--manifest-path" "Cargo.toml" "--no-deps", kill_on_drop: false }`
[INFO] crate crates.io crate rusty_png 0.3.2 already has a lockfile, it will not be regenerated
[INFO] running `Command { std: CARGO_HOME="/workspace/cargo-home" RUSTUP_HOME="/workspace/rustup-home" "/workspace/cargo-home/bin/cargo" "+1.100.0-beta.1" "fetch" "--manifest-path" "Cargo.toml", kill_on_drop: false }`
[INFO] [stderr] warning: `package.homepage` is redundant with `package.repository`
[INFO] [stderr]   --> Cargo.toml:75:12
[INFO] [stderr]    |
[INFO] [stderr] 75 | homepage = "https://github.com/Remade-With-Rust/rusty_png"
[INFO] [stderr]    |            ^^^^^^^^^^^^^^^^^^^^^^^^^^^^^^^^^^^^^^^^^^^^^^^
[INFO] [stderr] ...
[INFO] [stderr] 81 | repository = "https://github.com/Remade-With-Rust/rusty_png"
[INFO] [stderr]    |              -----------------------------------------------
[INFO] [stderr]    |
[INFO] [stderr]    = note: `cargo::redundant_homepage` is set to `warn` by default
[INFO] [stderr] help: consider removing `package.homepage`
[INFO] [stderr] warning: `rusty_png` (manifest) generated 1 warning
[INFO] running `Command { std: "docker" "create" "-v" "/var/lib/crater-agent-workspace/builds/worker-0-tc2/source:/opt/rustwide/workdir:ro,Z" "-v" "/var/lib/crater-agent-workspace/builds/worker-0-tc2/target:/opt/rustwide/target:rw,Z" "-v" "/var/lib/crater-agent-workspace/cargo-home:/opt/rustwide/cargo-home:ro,Z" "-v" "/var/lib/crater-agent-workspace/rustup-home:/opt/rustwide/rustup-home:ro,Z" "-m" "1610612736" "--network" "none" "ghcr.io/rust-lang/crates-build-env/linux@sha256:77db811e55d90add9212f6832c23229e3de5f1c1f9905e8cb07319ea15df73ac" "sleep" "infinity", kill_on_drop: false }`
[INFO] [stdout] 0ec73667f92f8815819be5ca845c99aa3c6bfe0939e44d045f818ed452e3f968
[INFO] running `Command { std: "docker" "start" "0ec73667f92f8815819be5ca845c99aa3c6bfe0939e44d045f818ed452e3f968", kill_on_drop: false }`
[INFO] running `Command { std: "docker" "inspect" "0ec73667f92f8815819be5ca845c99aa3c6bfe0939e44d045f818ed452e3f968", kill_on_drop: false }`
[INFO] running `Command { std: "docker" "exec" "-e" "SOURCE_DIR=/opt/rustwide/workdir" "-e" "CARGO_HOME=/opt/rustwide/cargo-home" "-e" "RUSTUP_HOME=/opt/rustwide/rustup-home" "-e" "CARGO_TARGET_DIR=/opt/rustwide/target" "-w" "/opt/rustwide/workdir" "--user" "0:0" "0ec73667f92f8815819be5ca845c99aa3c6bfe0939e44d045f818ed452e3f968" "/opt/rustwide/cargo-home/bin/cargo" "+1.100.0-beta.1" "metadata" "--no-deps" "--format-version=1", kill_on_drop: false }`
[INFO] running `Command { std: "docker" "inspect" "0ec73667f92f8815819be5ca845c99aa3c6bfe0939e44d045f818ed452e3f968", kill_on_drop: false }`
[INFO] running `Command { std: "docker" "exec" "-e" "SOURCE_DIR=/opt/rustwide/workdir" "-e" "CARGO_HOME=/opt/rustwide/cargo-home" "-e" "RUSTUP_HOME=/opt/rustwide/rustup-home" "-e" "CARGO_TARGET_DIR=/opt/rustwide/target" "-e" "CARGO_INCREMENTAL=0" "-e" "RUST_BACKTRACE=full" "-e" "RUSTFLAGS=--cap-lints=warn" "-e" "RUSTDOCFLAGS=--cap-lints=warn" "-w" "/opt/rustwide/workdir" "--user" "0:0" "0ec73667f92f8815819be5ca845c99aa3c6bfe0939e44d045f818ed452e3f968" "/opt/rustwide/cargo-home/bin/cargo" "+1.100.0-beta.1" "build" "--frozen" "--message-format=json" "--release", kill_on_drop: false }`
[INFO] [stderr] warning: `package.homepage` is redundant with `package.repository`
[INFO] [stderr]   --> Cargo.toml:75:12
[INFO] [stderr]    |
[INFO] [stderr] 75 | homepage = "https://github.com/Remade-With-Rust/rusty_png"
[INFO] [stderr]    |            ^^^^^^^^^^^^^^^^^^^^^^^^^^^^^^^^^^^^^^^^^^^^^^^
[INFO] [stderr] ...
[INFO] [stderr] 81 | repository = "https://github.com/Remade-With-Rust/rusty_png"
[INFO] [stderr]    |              -----------------------------------------------
[INFO] [stderr]    |
[INFO] [stderr]    = note: `cargo::redundant_homepage` is set to `warn` by default
[INFO] [stderr] help: consider removing `package.homepage`
[INFO] [stderr] warning: `rusty_png` (manifest) generated 1 warning
[INFO] [stderr]    Compiling simd-adler32 v0.3.9
[INFO] [stderr]    Compiling zlib-rs v0.6.6
[INFO] [stderr]    Compiling miniz_oxide v0.8.9
[INFO] [stderr]    Compiling fdeflate v0.3.7
[INFO] [stderr]    Compiling flate2 v1.1.9
[INFO] [stderr]    Compiling rusty_png v0.3.2 (/opt/rustwide/workdir)
[INFO] [stdout] warning: unused variable: `par_active`
[INFO] [stdout]    --> src/encoder.rs:845:13
[INFO] [stdout]     |
[INFO] [stdout] 845 |         let par_active = false;
[INFO] [stdout]     |             ^^^^^^^^^^ help: if this is intentional, prefix it with an underscore: `_par_active`
[INFO] [stdout]     |
[INFO] [stdout]     = note: `#[warn(unused_variables)]` (part of `#[warn(unused)]`) on by default
[INFO] [stdout] 
[INFO] [stdout] 
[INFO] [stdout] warning: hiding a lifetime that's elided elsewhere is confusing
[INFO] [stdout]    --> src/decoder/mod.rs:478:21
[INFO] [stdout]     |
[INFO] [stdout] 478 |     pub fn next_row(&mut self) -> Result<Option<Row>, DecodingError> {
[INFO] [stdout]     |                     ^^^^^^^^^                   ^^^ the same lifetime is hidden here
[INFO] [stdout]     |                     |
[INFO] [stdout]     |                     the lifetime is elided here
[INFO] [stdout]     |
[INFO] [stdout]     = help: the same lifetime is referred to in inconsistent ways, making the signature confusing
[INFO] [stdout]     = note: `#[warn(mismatched_lifetime_syntaxes)]` on by default
[INFO] [stdout] help: use `'_` for type paths
[INFO] [stdout]     |
[INFO] [stdout] 478 |     pub fn next_row(&mut self) -> Result<Option<Row<'_>>, DecodingError> {
[INFO] [stdout]     |                                                    ++++
[INFO] [stdout] 
[INFO] [stdout] 
[INFO] [stdout] warning: hiding a lifetime that's elided elsewhere is confusing
[INFO] [stdout]    --> src/decoder/mod.rs:484:32
[INFO] [stdout]     |
[INFO] [stdout] 484 |     pub fn next_interlaced_row(&mut self) -> Result<Option<InterlacedRow>, DecodingError> {
[INFO] [stdout]     |                                ^^^^^^^^^                   ^^^^^^^^^^^^^ the same lifetime is hidden here
[INFO] [stdout]     |                                |
[INFO] [stdout]     |                                the lifetime is elided here
[INFO] [stdout]     |
[INFO] [stdout]     = help: the same lifetime is referred to in inconsistent ways, making the signature confusing
[INFO] [stdout] help: use `'_` for type paths
[INFO] [stdout]     |
[INFO] [stdout] 484 |     pub fn next_interlaced_row(&mut self) -> Result<Option<InterlacedRow<'_>>, DecodingError> {
[INFO] [stdout]     |                                                                         ++++
[INFO] [stdout] 
[INFO] [stdout] 
[INFO] [stdout] warning: hiding a lifetime that's elided elsewhere is confusing
[INFO] [stdout]     --> src/encoder.rs:1270:26
[INFO] [stdout]      |
[INFO] [stdout] 1270 |     pub fn stream_writer(&mut self) -> Result<StreamWriter<W>> {
[INFO] [stdout]      |                          ^^^^^^^^^            ^^^^^^^^^^^^^^^ the same lifetime is hidden here
[INFO] [stdout]      |                          |
[INFO] [stdout]      |                          the lifetime is elided here
[INFO] [stdout]      |
[INFO] [stdout]      = help: the same lifetime is referred to in inconsistent ways, making the signature confusing
[INFO] [stdout] help: use `'_` for type paths
[INFO] [stdout]      |
[INFO] [stdout] 1270 |     pub fn stream_writer(&mut self) -> Result<StreamWriter<'_, W>> {
[INFO] [stdout]      |                                                            +++
[INFO] [stdout] 
[INFO] [stdout] 
[INFO] [stdout] warning: hiding a lifetime that's elided elsewhere is confusing
[INFO] [stdout]     --> src/encoder.rs:1279:36
[INFO] [stdout]      |
[INFO] [stdout] 1279 |     pub fn stream_writer_with_size(&mut self, size: usize) -> Result<StreamWriter<W>> {
[INFO] [stdout]      |                                    ^^^^^^^^^                         ^^^^^^^^^^^^^^^ the same lifetime is hidden here
[INFO] [stdout]      |                                    |
[INFO] [stdout]      |                                    the lifetime is elided here
[INFO] [stdout]      |
[INFO] [stdout]      = help: the same lifetime is referred to in inconsistent ways, making the signature confusing
[INFO] [stdout] help: use `'_` for type paths
[INFO] [stdout]      |
[INFO] [stdout] 1279 |     pub fn stream_writer_with_size(&mut self, size: usize) -> Result<StreamWriter<'_, W>> {
[INFO] [stdout]      |                                                                                   +++
[INFO] [stdout] 
[INFO] [stdout] 
[INFO] [stderr]     Finished `release` profile [optimized] target(s) in 7.95s
[INFO] running `Command { std: "docker" "inspect" "0ec73667f92f8815819be5ca845c99aa3c6bfe0939e44d045f818ed452e3f968", kill_on_drop: false }`
[INFO] running `Command { std: "docker" "exec" "-e" "SOURCE_DIR=/opt/rustwide/workdir" "-e" "CARGO_HOME=/opt/rustwide/cargo-home" "-e" "RUSTUP_HOME=/opt/rustwide/rustup-home" "-e" "CARGO_TARGET_DIR=/opt/rustwide/target" "-e" "CARGO_INCREMENTAL=0" "-e" "RUST_BACKTRACE=full" "-e" "RUSTFLAGS=--cap-lints=warn" "-e" "RUSTDOCFLAGS=--cap-lints=warn" "-w" "/opt/rustwide/workdir" "--user" "0:0" "0ec73667f92f8815819be5ca845c99aa3c6bfe0939e44d045f818ed452e3f968" "/opt/rustwide/cargo-home/bin/cargo" "+1.100.0-beta.1" "test" "--frozen" "--no-run" "--message-format=json" "--release", kill_on_drop: false }`
[INFO] [stderr] warning: `package.homepage` is redundant with `package.repository`
[INFO] [stderr]   --> Cargo.toml:75:12
[INFO] [stderr]    |
[INFO] [stderr] 75 | homepage = "https://github.com/Remade-With-Rust/rusty_png"
[INFO] [stderr]    |            ^^^^^^^^^^^^^^^^^^^^^^^^^^^^^^^^^^^^^^^^^^^^^^^
[INFO] [stderr] ...
[INFO] [stderr] 81 | repository = "https://github.com/Remade-With-Rust/rusty_png"
[INFO] [stderr]    |              -----------------------------------------------
[INFO] [stderr]    |
[INFO] [stderr]    = note: `cargo::redundant_homepage` is set to `warn` by default
[INFO] [stderr] help: consider removing `package.homepage`
[INFO] [stderr] warning: `rusty_png` (manifest) generated 1 warning
[INFO] [stderr]    Compiling quote v1.0.46
[INFO] [stderr]    Compiling zerocopy v0.8.52
[INFO] [stderr]    Compiling libc v0.2.186
[INFO] [stderr]    Compiling crossbeam-utils v0.8.21
[INFO] [stderr]    Compiling serde_core v1.0.228
[INFO] [stderr]    Compiling serde v1.0.228
[INFO] [stderr]    Compiling serde_json v1.0.150
[INFO] [stderr]    Compiling indexmap v1.9.3
[INFO] [stderr]    Compiling os_str_bytes v6.6.1
[INFO] [stderr]    Compiling memchr v2.8.2
[INFO] [stderr]    Compiling ciborium-io v0.2.2
[INFO] [stderr]    Compiling plotters-backend v0.3.7
[INFO] [stderr]    Compiling num-traits v0.2.19
[INFO] [stderr]    Compiling regex-automata v0.4.14
[INFO] [stderr]    Compiling itertools v0.10.5
[INFO] [stderr]    Compiling cast v0.3.0
[INFO] [stderr]    Compiling textwrap v0.16.2
[INFO] [stderr]    Compiling walkdir v2.5.0
[INFO] [stderr]    Compiling anes v0.1.6
[INFO] [stderr]    Compiling lazy_static v1.5.0
[INFO] [stderr]    Compiling syn v2.0.118
[INFO] [stderr]    Compiling clap_lex v0.2.4
[INFO] [stderr]    Compiling plotters-svg v0.3.7
[INFO] [stderr]    Compiling oorandom v11.1.5
[INFO] [stderr]    Compiling glob v0.3.4
[INFO] [stderr]    Compiling byteorder v1.5.0
[INFO] [stdout] warning: unused variable: `par_active`
[INFO] [stdout]    --> src/encoder.rs:845:13
[INFO] [stdout]     |
[INFO] [stdout] 845 |         let par_active = false;
[INFO] [stdout]     |             ^^^^^^^^^^ help: if this is intentional, prefix it with an underscore: `_par_active`
[INFO] [stdout]     |
[INFO] [stdout]     = note: `#[warn(unused_variables)]` (part of `#[warn(unused)]`) on by default
[INFO] [stdout] 
[INFO] [stdout] 
[INFO] [stdout] warning: hiding a lifetime that's elided elsewhere is confusing
[INFO] [stdout]    --> src/decoder/mod.rs:478:21
[INFO] [stdout]     |
[INFO] [stdout] 478 |     pub fn next_row(&mut self) -> Result<Option<Row>, DecodingError> {
[INFO] [stdout]     |                     ^^^^^^^^^                   ^^^ the same lifetime is hidden here
[INFO] [stdout]     |                     |
[INFO] [stdout]     |                     the lifetime is elided here
[INFO] [stdout]     |
[INFO] [stdout]     = help: the same lifetime is referred to in inconsistent ways, making the signature confusing
[INFO] [stdout]     = note: `#[warn(mismatched_lifetime_syntaxes)]` on by default
[INFO] [stdout] help: use `'_` for type paths
[INFO] [stdout]     |
[INFO] [stdout] 478 |     pub fn next_row(&mut self) -> Result<Option<Row<'_>>, DecodingError> {
[INFO] [stdout]     |                                                    ++++
[INFO] [stdout] 
[INFO] [stdout] 
[INFO] [stdout] warning: hiding a lifetime that's elided elsewhere is confusing
[INFO] [stdout]    --> src/decoder/mod.rs:484:32
[INFO] [stdout]     |
[INFO] [stdout] 484 |     pub fn next_interlaced_row(&mut self) -> Result<Option<InterlacedRow>, DecodingError> {
[INFO] [stdout]     |                                ^^^^^^^^^                   ^^^^^^^^^^^^^ the same lifetime is hidden here
[INFO] [stdout]     |                                |
[INFO] [stdout]     |                                the lifetime is elided here
[INFO] [stdout]     |
[INFO] [stdout]     = help: the same lifetime is referred to in inconsistent ways, making the signature confusing
[INFO] [stdout] help: use `'_` for type paths
[INFO] [stdout]     |
[INFO] [stdout] 484 |     pub fn next_interlaced_row(&mut self) -> Result<Option<InterlacedRow<'_>>, DecodingError> {
[INFO] [stdout]     |                                                                         ++++
[INFO] [stdout] 
[INFO] [stdout] 
[INFO] [stdout] warning: hiding a lifetime that's elided elsewhere is confusing
[INFO] [stdout]     --> src/encoder.rs:1270:26
[INFO] [stdout]      |
[INFO] [stdout] 1270 |     pub fn stream_writer(&mut self) -> Result<StreamWriter<W>> {
[INFO] [stdout]      |                          ^^^^^^^^^            ^^^^^^^^^^^^^^^ the same lifetime is hidden here
[INFO] [stdout]      |                          |
[INFO] [stdout]      |                          the lifetime is elided here
[INFO] [stdout]      |
[INFO] [stdout]      = help: the same lifetime is referred to in inconsistent ways, making the signature confusing
[INFO] [stdout] help: use `'_` for type paths
[INFO] [stdout]      |
[INFO] [stdout] 1270 |     pub fn stream_writer(&mut self) -> Result<StreamWriter<'_, W>> {
[INFO] [stdout]      |                                                            +++
[INFO] [stdout] 
[INFO] [stdout] 
[INFO] [stdout] warning: hiding a lifetime that's elided elsewhere is confusing
[INFO] [stdout]     --> src/encoder.rs:1279:36
[INFO] [stdout]      |
[INFO] [stdout] 1279 |     pub fn stream_writer_with_size(&mut self, size: usize) -> Result<StreamWriter<W>> {
[INFO] [stdout]      |                                    ^^^^^^^^^                         ^^^^^^^^^^^^^^^ the same lifetime is hidden here
[INFO] [stdout]      |                                    |
[INFO] [stdout]      |                                    the lifetime is elided here
[INFO] [stdout]      |
[INFO] [stdout]      = help: the same lifetime is referred to in inconsistent ways, making the signature confusing
[INFO] [stdout] help: use `'_` for type paths
[INFO] [stdout]      |
[INFO] [stdout] 1279 |     pub fn stream_writer_with_size(&mut self, size: usize) -> Result<StreamWriter<'_, W>> {
[INFO] [stdout]      |                                                                                   +++
[INFO] [stdout] 
[INFO] [stdout] 
[INFO] [stderr]    Compiling clap v3.2.25
[INFO] [stderr]    Compiling crossbeam-epoch v0.9.18
[INFO] [stderr]    Compiling plotters v0.3.7
[INFO] [stderr]    Compiling approx v0.5.1
[INFO] [stderr]    Compiling crossbeam-deque v0.8.6
[INFO] [stderr]    Compiling getrandom v0.2.17
[INFO] [stderr]    Compiling atty v0.2.14
[INFO] [stderr]    Compiling rand_core v0.6.4
[INFO] [stderr]    Compiling rayon-core v1.13.0
[INFO] [stderr]    Compiling criterion-plot v0.5.0
[INFO] [stderr]    Compiling rayon v1.12.0
[INFO] [stderr]    Compiling regex v1.13.0
[INFO] [stderr]    Compiling zerocopy-derive v0.8.52
[INFO] [stderr]    Compiling serde_derive v1.0.228
[INFO] [stderr]    Compiling tinytemplate v1.2.1
[INFO] [stderr]    Compiling half v2.7.1
[INFO] [stderr]    Compiling ppv-lite86 v0.2.21
[INFO] [stderr]    Compiling rand_chacha v0.3.1
[INFO] [stderr]    Compiling ciborium-ll v0.2.2
[INFO] [stderr]    Compiling rand v0.8.6
[INFO] [stderr]    Compiling ciborium v0.2.2
[INFO] [stderr]    Compiling criterion v0.4.0
[INFO] [stderr]    Compiling rusty_png v0.3.2 (/opt/rustwide/workdir)
[INFO] [stdout] warning: unused variable: `par_active`
[INFO] [stdout]    --> src/encoder.rs:845:13
[INFO] [stdout]     |
[INFO] [stdout] 845 |         let par_active = false;
[INFO] [stdout]     |             ^^^^^^^^^^ help: if this is intentional, prefix it with an underscore: `_par_active`
[INFO] [stdout]     |
[INFO] [stdout]     = note: `#[warn(unused_variables)]` (part of `#[warn(unused)]`) on by default
[INFO] [stdout] 
[INFO] [stdout] 
[INFO] [stdout] warning: hiding a lifetime that's elided elsewhere is confusing
[INFO] [stdout]    --> src/decoder/mod.rs:478:21
[INFO] [stdout]     |
[INFO] [stdout] 478 |     pub fn next_row(&mut self) -> Result<Option<Row>, DecodingError> {
[INFO] [stdout]     |                     ^^^^^^^^^                   ^^^ the same lifetime is hidden here
[INFO] [stdout]     |                     |
[INFO] [stdout]     |                     the lifetime is elided here
[INFO] [stdout]     |
[INFO] [stdout]     = help: the same lifetime is referred to in inconsistent ways, making the signature confusing
[INFO] [stdout]     = note: `#[warn(mismatched_lifetime_syntaxes)]` on by default
[INFO] [stdout] help: use `'_` for type paths
[INFO] [stdout]     |
[INFO] [stdout] 478 |     pub fn next_row(&mut self) -> Result<Option<Row<'_>>, DecodingError> {
[INFO] [stdout]     |                                                    ++++
[INFO] [stdout] 
[INFO] [stdout] 
[INFO] [stdout] warning: hiding a lifetime that's elided elsewhere is confusing
[INFO] [stdout]    --> src/decoder/mod.rs:484:32
[INFO] [stdout]     |
[INFO] [stdout] 484 |     pub fn next_interlaced_row(&mut self) -> Result<Option<InterlacedRow>, DecodingError> {
[INFO] [stdout]     |                                ^^^^^^^^^                   ^^^^^^^^^^^^^ the same lifetime is hidden here
[INFO] [stdout]     |                                |
[INFO] [stdout]     |                                the lifetime is elided here
[INFO] [stdout]     |
[INFO] [stdout]     = help: the same lifetime is referred to in inconsistent ways, making the signature confusing
[INFO] [stdout] help: use `'_` for type paths
[INFO] [stdout]     |
[INFO] [stdout] 484 |     pub fn next_interlaced_row(&mut self) -> Result<Option<InterlacedRow<'_>>, DecodingError> {
[INFO] [stdout]     |                                                                         ++++
[INFO] [stdout] 
[INFO] [stdout] 
[INFO] [stdout] warning: hiding a lifetime that's elided elsewhere is confusing
[INFO] [stdout]     --> src/encoder.rs:1270:26
[INFO] [stdout]      |
[INFO] [stdout] 1270 |     pub fn stream_writer(&mut self) -> Result<StreamWriter<W>> {
[INFO] [stdout]      |                          ^^^^^^^^^            ^^^^^^^^^^^^^^^ the same lifetime is hidden here
[INFO] [stdout]      |                          |
[INFO] [stdout]      |                          the lifetime is elided here
[INFO] [stdout]      |
[INFO] [stdout]      = help: the same lifetime is referred to in inconsistent ways, making the signature confusing
[INFO] [stdout] help: use `'_` for type paths
[INFO] [stdout]      |
[INFO] [stdout] 1270 |     pub fn stream_writer(&mut self) -> Result<StreamWriter<'_, W>> {
[INFO] [stdout]      |                                                            +++
[INFO] [stdout] 
[INFO] [stdout] 
[INFO] [stdout] warning: hiding a lifetime that's elided elsewhere is confusing
[INFO] [stdout]     --> src/encoder.rs:1279:36
[INFO] [stdout]      |
[INFO] [stdout] 1279 |     pub fn stream_writer_with_size(&mut self, size: usize) -> Result<StreamWriter<W>> {
[INFO] [stdout]      |                                    ^^^^^^^^^                         ^^^^^^^^^^^^^^^ the same lifetime is hidden here
[INFO] [stdout]      |                                    |
[INFO] [stdout]      |                                    the lifetime is elided here
[INFO] [stdout]      |
[INFO] [stdout]      = help: the same lifetime is referred to in inconsistent ways, making the signature confusing
[INFO] [stdout] help: use `'_` for type paths
[INFO] [stdout]      |
[INFO] [stdout] 1279 |     pub fn stream_writer_with_size(&mut self, size: usize) -> Result<StreamWriter<'_, W>> {
[INFO] [stdout]      |                                                                                   +++
[INFO] [stdout] 
[INFO] [stdout] 
[INFO] [stderr]     Finished `release` profile [optimized] target(s) in 50.65s
[INFO] running `Command { std: "docker" "inspect" "0ec73667f92f8815819be5ca845c99aa3c6bfe0939e44d045f818ed452e3f968", kill_on_drop: false }`
[INFO] running `Command { std: "docker" "exec" "-e" "SOURCE_DIR=/opt/rustwide/workdir" "-e" "CARGO_HOME=/opt/rustwide/cargo-home" "-e" "RUSTUP_HOME=/opt/rustwide/rustup-home" "-e" "CARGO_TARGET_DIR=/opt/rustwide/target" "-e" "CARGO_INCREMENTAL=0" "-e" "RUST_BACKTRACE=full" "-e" "RUSTFLAGS=--cap-lints=warn" "-e" "RUSTDOCFLAGS=--cap-lints=warn" "-w" "/opt/rustwide/workdir" "--user" "0:0" "0ec73667f92f8815819be5ca845c99aa3c6bfe0939e44d045f818ed452e3f968" "/opt/rustwide/cargo-home/bin/cargo" "+1.100.0-beta.1" "test" "--frozen" "--release", kill_on_drop: false }`
[INFO] [stderr] warning: `package.homepage` is redundant with `package.repository`
[INFO] [stderr]   --> Cargo.toml:75:12
[INFO] [stderr]    |
[INFO] [stderr] 75 | homepage = "https://github.com/Remade-With-Rust/rusty_png"
[INFO] [stderr]    |            ^^^^^^^^^^^^^^^^^^^^^^^^^^^^^^^^^^^^^^^^^^^^^^^
[INFO] [stderr] ...
[INFO] [stderr] 81 | repository = "https://github.com/Remade-With-Rust/rusty_png"
[INFO] [stderr]    |              -----------------------------------------------
[INFO] [stderr]    |
[INFO] [stderr]    = note: `cargo::redundant_homepage` is set to `warn` by default
[INFO] [stderr] help: consider removing `package.homepage`
[INFO] [stderr] warning: `rusty_png` (manifest) generated 1 warning
[INFO] [stderr] warning: unused variable: `par_active`
[INFO] [stderr]    --> src/encoder.rs:845:13
[INFO] [stderr]     |
[INFO] [stderr] 845 |         let par_active = false;
[INFO] [stderr]     |             ^^^^^^^^^^ help: if this is intentional, prefix it with an underscore: `_par_active`
[INFO] [stderr]     |
[INFO] [stderr]     = note: `#[warn(unused_variables)]` (part of `#[warn(unused)]`) on by default
[INFO] [stderr] 
[INFO] [stderr] warning: hiding a lifetime that's elided elsewhere is confusing
[INFO] [stderr]    --> src/decoder/mod.rs:478:21
[INFO] [stderr]     |
[INFO] [stderr] 478 |     pub fn next_row(&mut self) -> Result<Option<Row>, DecodingError> {
[INFO] [stderr]     |                     ^^^^^^^^^                   ^^^ the same lifetime is hidden here
[INFO] [stderr]     |                     |
[INFO] [stderr]     |                     the lifetime is elided here
[INFO] [stderr]     |
[INFO] [stderr]     = help: the same lifetime is referred to in inconsistent ways, making the signature confusing
[INFO] [stderr]     = note: `#[warn(mismatched_lifetime_syntaxes)]` on by default
[INFO] [stderr] help: use `'_` for type paths
[INFO] [stderr]     |
[INFO] [stderr] 478 |     pub fn next_row(&mut self) -> Result<Option<Row<'_>>, DecodingError> {
[INFO] [stderr]     |                                                    ++++
[INFO] [stderr] 
[INFO] [stderr] warning: hiding a lifetime that's elided elsewhere is confusing
[INFO] [stderr]    --> src/decoder/mod.rs:484:32
[INFO] [stderr]     |
[INFO] [stderr] 484 |     pub fn next_interlaced_row(&mut self) -> Result<Option<InterlacedRow>, DecodingError> {
[INFO] [stderr]     |                                ^^^^^^^^^                   ^^^^^^^^^^^^^ the same lifetime is hidden here
[INFO] [stderr]     |                                |
[INFO] [stderr]     |                                the lifetime is elided here
[INFO] [stderr]     |
[INFO] [stderr]     = help: the same lifetime is referred to in inconsistent ways, making the signature confusing
[INFO] [stderr] help: use `'_` for type paths
[INFO] [stderr]     |
[INFO] [stderr] 484 |     pub fn next_interlaced_row(&mut self) -> Result<Option<InterlacedRow<'_>>, DecodingError> {
[INFO] [stderr]     |                                                                         ++++
[INFO] [stderr] 
[INFO] [stderr] warning: hiding a lifetime that's elided elsewhere is confusing
[INFO] [stderr]     --> src/encoder.rs:1270:26
[INFO] [stderr]      |
[INFO] [stderr] 1270 |     pub fn stream_writer(&mut self) -> Result<StreamWriter<W>> {
[INFO] [stderr]      |                          ^^^^^^^^^            ^^^^^^^^^^^^^^^ the same lifetime is hidden here
[INFO] [stderr]      |                          |
[INFO] [stderr]      |                          the lifetime is elided here
[INFO] [stderr]      |
[INFO] [stderr]      = help: the same lifetime is referred to in inconsistent ways, making the signature confusing
[INFO] [stderr] help: use `'_` for type paths
[INFO] [stderr]      |
[INFO] [stderr] 1270 |     pub fn stream_writer(&mut self) -> Result<StreamWriter<'_, W>> {
[INFO] [stderr]      |                                                            +++
[INFO] [stderr] 
[INFO] [stderr] warning: hiding a lifetime that's elided elsewhere is confusing
[INFO] [stderr]     --> src/encoder.rs:1279:36
[INFO] [stderr]      |
[INFO] [stderr] 1279 |     pub fn stream_writer_with_size(&mut self, size: usize) -> Result<StreamWriter<W>> {
[INFO] [stderr]      |                                    ^^^^^^^^^                         ^^^^^^^^^^^^^^^ the same lifetime is hidden here
[INFO] [stderr]      |                                    |
[INFO] [stderr]      |                                    the lifetime is elided here
[INFO] [stderr]      |
[INFO] [stderr]      = help: the same lifetime is referred to in inconsistent ways, making the signature confusing
[INFO] [stderr] help: use `'_` for type paths
[INFO] [stderr]      |
[INFO] [stderr] 1279 |     pub fn stream_writer_with_size(&mut self, size: usize) -> Result<StreamWriter<'_, W>> {
[INFO] [stderr]      |                                                                                   +++
[INFO] [stderr] 
[INFO] [stderr] warning: `rusty_png` (lib) generated 5 warnings (run `cargo fix --lib -p rusty_png` to apply 5 suggestions)
[INFO] [stderr] warning: `rusty_png` (lib test) generated 5 warnings (5 duplicates)
[INFO] [stderr]     Finished `release` profile [optimized] target(s) in 0.12s
[INFO] [stderr]      Running unittests src/lib.rs (/opt/rustwide/target/release/build/rusty_png/7174660e1ccc8507/out/rusty_png-7174660e1ccc8507)
[INFO] [stdout] 
[INFO] [stdout] running 64 tests
[INFO] [stdout] test decoder::interlace_info::test::adam7 ... ok
[INFO] [stdout] test adam7::test_subbyte_pixels ... ok
[INFO] [stdout] test decoder::stream::tests::test_idat_bigger_than_image_size_from_ihdr ... ok
[INFO] [stdout] test decoder::stream::tests::test_next_frame_info_after_next_frame ... ok
[INFO] [stdout] test adam7::test_adam7 ... ok
[INFO] [stdout] test decoder::stream::tests::test_mdcv_and_clli_chunks ... FAILED
[INFO] [stdout] test adam7::test_expand_pass_subbyte ... ok
[INFO] [stdout] test decoder::stream::tests::test_frame_split_across_two_fdat_chunks ... ok
[INFO] [stdout] test decoder::stream::tests::test_finishing_twice ... ok
[INFO] [stdout] test adam7::test_expand_adam7_bits_independent_row_stride ... ok
[INFO] [stdout] test decoder::interlace_info::test::null ... ok
[INFO] [stdout] test decoder::stream::tests::test_next_frame_info_polling_after_end_non_animated ... ok
[INFO] [stdout] test decoder::interlace_info::test::empty ... ok
[INFO] [stdout] test decoder::stream::tests::test_next_frame_info_to_skip_first_frame ... ok
[INFO] [stdout] test decoder::stream::tests::test_iccp_roundtrip ... ok
[INFO] [stdout] test decoder::stream::tests::image_source_chromaticities ... FAILED
[INFO] [stdout] test decoder::stream::tests::image_source_sbit ... FAILED
[INFO] [stdout] test decoder::stream::tests::image_gamma ... FAILED
[INFO] [stdout] test decoder::stream::tests::test_fdat_chunk_payload_length_0 ... ok
[INFO] [stdout] test adam7::test_expand_adam7_bits ... ok
[INFO] [stdout] test decoder::stream::tests::test_fdat_chunk_payload_length_3 ... ok
[INFO] [stdout] test decoder::stream::tests::test_only_idat_chunk_in_input_stream ... ok
[INFO] [stdout] test decoder::stream::tests::test_next_frame_polling_after_end_idat_not_part_of_animation ... ok
[INFO] [stdout] test decoder::transform::palette::test::test_expand_paletted_rgba_8bit ... ok
[INFO] [stdout] test decoder::transform::palette::test::test_expand_paletted_rgba_8bit_less_trns_entries_than_palette_entries ... ok
[INFO] [stdout] test encoder::tests::can_write_header_with_valid_bit_depth_color_type_combination ... ok
[INFO] [stdout] test encoder::tests::expect_error_on_empty_image ... ok
[INFO] [stdout] test decoder::transform::palette::test::test_expand_paletted_rgba_4bit ... ok
[INFO] [stdout] test decoder::transform::palette::test::test_expand_paletted_rgb_8bit ... ok
[INFO] [stdout] test decoder::stream::tests::test_row_by_row_of_two_frames ... ok
[INFO] [stdout] test decoder::stream::tests::test_png_with_broken_iccp ... FAILED
[INFO] [stdout] test decoder::stream::tests::test_streaming_input_and_reading_header_info ... ok
[INFO] [stdout] test decoder::stream::tests::test_two_iccp_chunks ... FAILED
[INFO] [stdout] test decoder::stream::tests::test_streaming_input_and_decoding_via_next_row ... ok
[INFO] [stdout] test decoder::stream::tests::test_streaming_input_and_decoding_via_next_frame ... ok
[INFO] [stdout] test decoder::transform::palette::test::test_expand_paletted_rgba_8bit_more_trns_entries_than_palette_entries ... ok
[INFO] [stdout] test encoder::tests::all_filters_roundtrip ... ok
[INFO] [stdout] test encoder::tests::expect_error_on_wrong_image_len ... ok
[INFO] [stdout] test encoder::tests::exper_error_on_huge_chunk ... ok
[INFO] [stdout] test encoder::tests::expect_error_on_invalid_bit_depth_color_type_combination ... ok
[INFO] [stdout] test decoder::stream::tests::test_row_by_row_then_next_frame ... ok
[INFO] [stdout] test decoder::transform::palette::test::test_expand_paletted_rgb_4bit ... ok
[INFO] [stdout] test decoder::transform::palette::test::test_create_rgba_palette ... ok
[INFO] [stdout] test encoder::tests::exper_error_on_non_u32_chunk ... ok
[INFO] [stdout] test encoder::tests::image_palette ... FAILED
[INFO] [stdout] test encoder::tests::image_validate_animation ... ok
[INFO] [stdout] test encoder::tests::image_validate_animation2 ... ok
[INFO] [stdout] test filter::test::paeth_impls_are_equivalent ... ignored
[INFO] [stdout] test encoder::tests::image_validate_missing_image ... ok
[INFO] [stdout] test filter::test::sum_buffer_test ... ok
[INFO] [stdout] test encoder::tests::roundtrip ... ok
[INFO] [stdout] test encoder::tests::finish_drops_inner_writer ... ok
[INFO] [stdout] test encoder::tests::image_validate_animation_sep_def_image ... ok
[INFO] [stdout] test encoder::tests::write_image_chunks_beyond_first ... ok
[INFO] [stdout] test filter::test::roundtrip ... ok
[INFO] [stdout] test encoder::tests::issue_307_stream_validation ... ok
[INFO] [stdout] test encoder::tests::roundtrip_stream ... ok
[INFO] [stdout] test encoder::tests::image_validate_missing_animated_frame ... ok
[INFO] [stdout] test encoder::tests::image_validate_sequence_without_animation ... ok
[INFO] [stdout] test encoder::tests::stream_filtering ... ok
[INFO] [stdout] test filter::test::roundtrip_ascending_previous_line ... ok
[INFO] [stdout] test decoder::stream::tests::test_next_frame_polling_after_end_idat_part_of_animation ... ok
[INFO] [stdout] test decoder::stream::tests::test_next_frame_polling_after_end_non_animated ... ok
[INFO] [stdout] test encoder::tests::some_gamma_roundtrip ... ok
[INFO] [stdout] 
[INFO] [stdout] failures:
[INFO] [stdout] 
[INFO] [stdout] ---- decoder::stream::tests::test_mdcv_and_clli_chunks stdout ----
[INFO] [stdout] 
[INFO] [stdout] thread 'decoder::stream::tests::test_mdcv_and_clli_chunks' (1147) panicked at src/decoder/stream.rs:2142:84:
[INFO] [stdout] called `Result::unwrap()` on an `Err` value: Os { code: 2, kind: NotFound, message: "No such file or directory" }
[INFO] [stdout] stack backtrace:
[INFO] [stdout]    0:     0x645e2976b261 - <<std[617be2ca0a6fd877]::sys::backtrace::BacktraceLock>::print::DisplayBacktrace as core[a373ad73a504971]::fmt::Display>::fmt
[INFO] [stdout]    1:     0x645e297811aa - core[a373ad73a504971]::fmt::write
[INFO] [stdout]    2:     0x645e2976f76c - <alloc[2e1b2a31b91974c5]::vec::Vec<u8> as core[a373ad73a504971]::io::write::Write>::write_fmt
[INFO] [stdout]    3:     0x645e29746d06 - std[617be2ca0a6fd877]::panicking::default_hook::{closure#0}
[INFO] [stdout]    4:     0x645e297634e9 - std[617be2ca0a6fd877]::panicking::default_hook
[INFO] [stdout]    5:     0x645e296e8fb0 - test[aada8e7e76ba119b]::test_main_inner::{closure#0}
[INFO] [stdout]    6:     0x645e297636a2 - std[617be2ca0a6fd877]::panicking::panic_with_hook
[INFO] [stdout]    7:     0x645e29746db2 - std[617be2ca0a6fd877]::panicking::panic_handler::{closure#0}
[INFO] [stdout]    8:     0x645e2973fa29 - std[617be2ca0a6fd877]::sys::backtrace::__rust_end_short_backtrace::<std[617be2ca0a6fd877]::panicking::panic_handler::{closure#0}, !>
[INFO] [stdout]    9:     0x645e297479bd - __rustc[ea4f61d10b84890b]::rust_begin_unwind
[INFO] [stdout]   10:     0x645e2978190c - core[a373ad73a504971]::panicking::panic_fmt
[INFO] [stdout]   11:     0x645e297816e2 - core[a373ad73a504971]::result::unwrap_failed
[INFO] [stdout]   12:     0x645e2969780f - <rusty_png[31b563bab94f7d8a]::decoder::stream::tests::test_mdcv_and_clli_chunks::{closure#0} as core[a373ad73a504971]::ops::function::FnOnce<()>>::call_once
[INFO] [stdout]   13:     0x645e296dc3fb - test[aada8e7e76ba119b]::__rust_begin_short_backtrace::<core[a373ad73a504971]::result::Result<(), alloc[2e1b2a31b91974c5]::string::String>, fn() -> core[a373ad73a504971]::result::Result<(), alloc[2e1b2a31b91974c5]::string::String>>
[INFO] [stdout]   14:     0x645e296e95d5 - test[aada8e7e76ba119b]::run_test::{closure#0}
[INFO] [stdout]   15:     0x645e296e2ec4 - std[617be2ca0a6fd877]::sys::backtrace::__rust_begin_short_backtrace::<test[aada8e7e76ba119b]::run_test::{closure#1}, ()>
[INFO] [stdout]   16:     0x645e296ec662 - <std[617be2ca0a6fd877]::thread::lifecycle::spawn_unchecked<test[aada8e7e76ba119b]::run_test::{closure#1}, ()>::{closure#1} as core[a373ad73a504971]::ops::function::FnOnce<()>>::call_once::{shim:vtable#0}
[INFO] [stdout]   17:     0x645e2976aabf - <std[617be2ca0a6fd877]::sys::thread::unix::Thread>::new::thread_start
[INFO] [stdout]   18:     0x757c53275dfa - <unknown>
[INFO] [stdout]   19:     0x757c533093d4 - clone
[INFO] [stdout]   20:                0x0 - <unknown>
[INFO] [stdout] 
[INFO] [stdout] ---- decoder::stream::tests::image_source_chromaticities stdout ----
[INFO] [stderr] error: test failed, to rerun pass `--lib`
[INFO] [stdout] 
[INFO] [stdout] thread 'decoder::stream::tests::image_source_chromaticities' (1139) panicked at src/decoder/stream.rs:1888:64:
[INFO] [stdout] called `Result::unwrap()` on an `Err` value: Os { code: 2, kind: NotFound, message: "No such file or directory" }
[INFO] [stdout] stack backtrace:
[INFO] [stdout]    0:     0x645e2976b261 - <<std[617be2ca0a6fd877]::sys::backtrace::BacktraceLock>::print::DisplayBacktrace as core[a373ad73a504971]::fmt::Display>::fmt
[INFO] [stdout]    1:     0x645e297811aa - core[a373ad73a504971]::fmt::write
[INFO] [stdout]    2:     0x645e2976f76c - <alloc[2e1b2a31b91974c5]::vec::Vec<u8> as core[a373ad73a504971]::io::write::Write>::write_fmt
[INFO] [stdout]    3:     0x645e29746d06 - std[617be2ca0a6fd877]::panicking::default_hook::{closure#0}
[INFO] [stdout]    4:     0x645e297634e9 - std[617be2ca0a6fd877]::panicking::default_hook
[INFO] [stdout]    5:     0x645e296e8fb0 - test[aada8e7e76ba119b]::test_main_inner::{closure#0}
[INFO] [stdout]    6:     0x645e297636a2 - std[617be2ca0a6fd877]::panicking::panic_with_hook
[INFO] [stdout]    7:     0x645e29746db2 - std[617be2ca0a6fd877]::panicking::panic_handler::{closure#0}
[INFO] [stdout]    8:     0x645e2973fa29 - std[617be2ca0a6fd877]::sys::backtrace::__rust_end_short_backtrace::<std[617be2ca0a6fd877]::panicking::panic_handler::{closure#0}, !>
[INFO] [stdout]    9:     0x645e297479bd - __rustc[ea4f61d10b84890b]::rust_begin_unwind
[INFO] [stdout]   10:     0x645e2978190c - core[a373ad73a504971]::panicking::panic_fmt
[INFO] [stdout]   11:     0x645e297816e2 - core[a373ad73a504971]::result::unwrap_failed
[INFO] [stdout]   12:     0x645e29694d48 - rusty_png[31b563bab94f7d8a]::decoder::stream::tests::image_source_chromaticities::trial
[INFO] [stdout]   13:     0x645e29697cf6 - <rusty_png[31b563bab94f7d8a]::decoder::stream::tests::image_source_chromaticities::{closure#0} as core[a373ad73a504971]::ops::function::FnOnce<()>>::call_once
[INFO] [stdout]   14:     0x645e296dc3fb - test[aada8e7e76ba119b]::__rust_begin_short_backtrace::<core[a373ad73a504971]::result::Result<(), alloc[2e1b2a31b91974c5]::string::String>, fn() -> core[a373ad73a504971]::result::Result<(), alloc[2e1b2a31b91974c5]::string::String>>
[INFO] [stdout]   15:     0x645e296e95d5 - test[aada8e7e76ba119b]::run_test::{closure#0}
[INFO] [stdout]   16:     0x645e296e2ec4 - std[617be2ca0a6fd877]::sys::backtrace::__rust_begin_short_backtrace::<test[aada8e7e76ba119b]::run_test::{closure#1}, ()>
[INFO] [stdout]   17:     0x645e296ec662 - <std[617be2ca0a6fd877]::thread::lifecycle::spawn_unchecked<test[aada8e7e76ba119b]::run_test::{closure#1}, ()>::{closure#1} as core[a373ad73a504971]::ops::function::FnOnce<()>>::call_once::{shim:vtable#0}
[INFO] [stdout]   18:     0x645e2976aabf - <std[617be2ca0a6fd877]::sys::thread::unix::Thread>::new::thread_start
[INFO] [stdout]   19:     0x757c53275dfa - <unknown>
[INFO] [stdout]   20:     0x757c533093d4 - clone
[INFO] [stdout]   21:                0x0 - <unknown>
[INFO] [stdout] 
[INFO] [stdout] ---- decoder::stream::tests::image_source_sbit stdout ----
[INFO] [stdout] 
[INFO] [stdout] thread 'decoder::stream::tests::image_source_sbit' (1140) panicked at src/decoder/stream.rs:2075:64:
[INFO] [stdout] called `Result::unwrap()` on an `Err` value: Os { code: 2, kind: NotFound, message: "No such file or directory" }
[INFO] [stdout] stack backtrace:
[INFO] [stdout]    0:     0x645e2976b261 - <<std[617be2ca0a6fd877]::sys::backtrace::BacktraceLock>::print::DisplayBacktrace as core[a373ad73a504971]::fmt::Display>::fmt
[INFO] [stdout]    1:     0x645e297811aa - core[a373ad73a504971]::fmt::write
[INFO] [stdout]    2:     0x645e2976f76c - <alloc[2e1b2a31b91974c5]::vec::Vec<u8> as core[a373ad73a504971]::io::write::Write>::write_fmt
[INFO] [stdout]    3:     0x645e29746d06 - std[617be2ca0a6fd877]::panicking::default_hook::{closure#0}
[INFO] [stdout]    4:     0x645e297634e9 - std[617be2ca0a6fd877]::panicking::default_hook
[INFO] [stdout]    5:     0x645e296e8fb0 - test[aada8e7e76ba119b]::test_main_inner::{closure#0}
[INFO] [stdout]    6:     0x645e297636a2 - std[617be2ca0a6fd877]::panicking::panic_with_hook
[INFO] [stdout]    7:     0x645e29746db2 - std[617be2ca0a6fd877]::panicking::panic_handler::{closure#0}
[INFO] [stdout]    8:     0x645e2973fa29 - std[617be2ca0a6fd877]::sys::backtrace::__rust_end_short_backtrace::<std[617be2ca0a6fd877]::panicking::panic_handler::{closure#0}, !>
[INFO] [stdout]    9:     0x645e297479bd - __rustc[ea4f61d10b84890b]::rust_begin_unwind
[INFO] [stdout]   10:     0x645e2978190c - core[a373ad73a504971]::panicking::panic_fmt
[INFO] [stdout]   11:     0x645e297816e2 - core[a373ad73a504971]::result::unwrap_failed
[INFO] [stdout]   12:     0x645e29694ade - rusty_png[31b563bab94f7d8a]::decoder::stream::tests::image_source_sbit::trial
[INFO] [stdout]   13:     0x645e29696097 - <rusty_png[31b563bab94f7d8a]::decoder::stream::tests::image_source_sbit::{closure#0} as core[a373ad73a504971]::ops::function::FnOnce<()>>::call_once
[INFO] [stdout]   14:     0x645e296dc3fb - test[aada8e7e76ba119b]::__rust_begin_short_backtrace::<core[a373ad73a504971]::result::Result<(), alloc[2e1b2a31b91974c5]::string::String>, fn() -> core[a373ad73a504971]::result::Result<(), alloc[2e1b2a31b91974c5]::string::String>>
[INFO] [stdout]   15:     0x645e296e95d5 - test[aada8e7e76ba119b]::run_test::{closure#0}
[INFO] [stdout]   16:     0x645e296e2ec4 - std[617be2ca0a6fd877]::sys::backtrace::__rust_begin_short_backtrace::<test[aada8e7e76ba119b]::run_test::{closure#1}, ()>
[INFO] [stdout]   17:     0x645e296ec662 - <std[617be2ca0a6fd877]::thread::lifecycle::spawn_unchecked<test[aada8e7e76ba119b]::run_test::{closure#1}, ()>::{closure#1} as core[a373ad73a504971]::ops::function::FnOnce<()>>::call_once::{shim:vtable#0}
[INFO] [stdout]   18:     0x645e2976aabf - <std[617be2ca0a6fd877]::sys::thread::unix::Thread>::new::thread_start
[INFO] [stdout]   19:     0x757c53275dfa - <unknown>
[INFO] [stdout]   20:     0x757c533093d4 - clone
[INFO] [stdout]   21:                0x0 - <unknown>
[INFO] [stdout] 
[INFO] [stdout] ---- decoder::stream::tests::image_gamma stdout ----
[INFO] [stdout] 
[INFO] [stdout] thread 'decoder::stream::tests::image_gamma' (1138) panicked at src/decoder/stream.rs:1847:64:
[INFO] [stdout] called `Result::unwrap()` on an `Err` value: Os { code: 2, kind: NotFound, message: "No such file or directory" }
[INFO] [stdout] stack backtrace:
[INFO] [stdout]    0:     0x645e2976b261 - <<std[617be2ca0a6fd877]::sys::backtrace::BacktraceLock>::print::DisplayBacktrace as core[a373ad73a504971]::fmt::Display>::fmt
[INFO] [stdout]    1:     0x645e297811aa - core[a373ad73a504971]::fmt::write
[INFO] [stdout]    2:     0x645e2976f76c - <alloc[2e1b2a31b91974c5]::vec::Vec<u8> as core[a373ad73a504971]::io::write::Write>::write_fmt
[INFO] [stdout]    3:     0x645e29746d06 - std[617be2ca0a6fd877]::panicking::default_hook::{closure#0}
[INFO] [stdout]    4:     0x645e297634e9 - std[617be2ca0a6fd877]::panicking::default_hook
[INFO] [stdout]    5:     0x645e296e8fb0 - test[aada8e7e76ba119b]::test_main_inner::{closure#0}
[INFO] [stdout]    6:     0x645e297636a2 - std[617be2ca0a6fd877]::panicking::panic_with_hook
[INFO] [stdout]    7:     0x645e29746db2 - std[617be2ca0a6fd877]::panicking::panic_handler::{closure#0}
[INFO] [stdout]    8:     0x645e2973fa29 - std[617be2ca0a6fd877]::sys::backtrace::__rust_end_short_backtrace::<std[617be2ca0a6fd877]::panicking::panic_handler::{closure#0}, !>
[INFO] [stdout]    9:     0x645e297479bd - __rustc[ea4f61d10b84890b]::rust_begin_unwind
[INFO] [stdout]   10:     0x645e2978190c - core[a373ad73a504971]::panicking::panic_fmt
[INFO] [stdout]   11:     0x645e297816e2 - core[a373ad73a504971]::result::unwrap_failed
[INFO] [stdout]   12:     0x645e29694822 - rusty_png[31b563bab94f7d8a]::decoder::stream::tests::image_gamma::trial
[INFO] [stdout]   13:     0x645e29695e02 - <rusty_png[31b563bab94f7d8a]::decoder::stream::tests::image_gamma::{closure#0} as core[a373ad73a504971]::ops::function::FnOnce<()>>::call_once
[INFO] [stdout]   14:     0x645e296dc3fb - test[aada8e7e76ba119b]::__rust_begin_short_backtrace::<core[a373ad73a504971]::result::Result<(), alloc[2e1b2a31b91974c5]::string::String>, fn() -> core[a373ad73a504971]::result::Result<(), alloc[2e1b2a31b91974c5]::string::String>>
[INFO] [stdout]   15:     0x645e296e95d5 - test[aada8e7e76ba119b]::run_test::{closure#0}
[INFO] [stdout]   16:     0x645e296e2ec4 - std[617be2ca0a6fd877]::sys::backtrace::__rust_begin_short_backtrace::<test[aada8e7e76ba119b]::run_test::{closure#1}, ()>
[INFO] [stdout]   17:     0x645e296ec662 - <std[617be2ca0a6fd877]::thread::lifecycle::spawn_unchecked<test[aada8e7e76ba119b]::run_test::{closure#1}, ()>::{closure#1} as core[a373ad73a504971]::ops::function::FnOnce<()>>::call_once::{shim:vtable#0}
[INFO] [stdout]   18:     0x645e2976aabf - <std[617be2ca0a6fd877]::sys::thread::unix::Thread>::new::thread_start
[INFO] [stdout]   19:     0x757c53275dfa - <unknown>
[INFO] [stdout]   20:     0x757c533093d4 - clone
[INFO] [stdout]   21:                0x0 - <unknown>
[INFO] [stdout] 
[INFO] [stdout] ---- decoder::stream::tests::test_png_with_broken_iccp stdout ----
[INFO] [stdout] 
[INFO] [stdout] thread 'decoder::stream::tests::test_png_with_broken_iccp' (1155) panicked at src/decoder/stream.rs:2132:84:
[INFO] [stdout] called `Result::unwrap()` on an `Err` value: Os { code: 2, kind: NotFound, message: "No such file or directory" }
[INFO] [stdout] stack backtrace:
[INFO] [stdout]    0:     0x645e2976b261 - <<std[617be2ca0a6fd877]::sys::backtrace::BacktraceLock>::print::DisplayBacktrace as core[a373ad73a504971]::fmt::Display>::fmt
[INFO] [stdout]    1:     0x645e297811aa - core[a373ad73a504971]::fmt::write
[INFO] [stdout]    2:     0x645e2976f76c - <alloc[2e1b2a31b91974c5]::vec::Vec<u8> as core[a373ad73a504971]::io::write::Write>::write_fmt
[INFO] [stdout]    3:     0x645e29746d06 - std[617be2ca0a6fd877]::panicking::default_hook::{closure#0}
[INFO] [stdout]    4:     0x645e297634e9 - std[617be2ca0a6fd877]::panicking::default_hook
[INFO] [stdout]    5:     0x645e296e8fb0 - test[aada8e7e76ba119b]::test_main_inner::{closure#0}
[INFO] [stdout]    6:     0x645e297636a2 - std[617be2ca0a6fd877]::panicking::panic_with_hook
[INFO] [stdout]    7:     0x645e29746db2 - std[617be2ca0a6fd877]::panicking::panic_handler::{closure#0}
[INFO] [stdout]    8:     0x645e2973fa29 - std[617be2ca0a6fd877]::sys::backtrace::__rust_end_short_backtrace::<std[617be2ca0a6fd877]::panicking::panic_handler::{closure#0}, !>
[INFO] [stdout]    9:     0x645e297479bd - __rustc[ea4f61d10b84890b]::rust_begin_unwind
[INFO] [stdout]   10:     0x645e2978190c - core[a373ad73a504971]::panicking::panic_fmt
[INFO] [stdout]   11:     0x645e297816e2 - core[a373ad73a504971]::result::unwrap_failed
[INFO] [stdout]   12:     0x645e29697c13 - <rusty_png[31b563bab94f7d8a]::decoder::stream::tests::test_png_with_broken_iccp::{closure#0} as core[a373ad73a504971]::ops::function::FnOnce<()>>::call_once
[INFO] [stdout]   13:     0x645e296dc3fb - test[aada8e7e76ba119b]::__rust_begin_short_backtrace::<core[a373ad73a504971]::result::Result<(), alloc[2e1b2a31b91974c5]::string::String>, fn() -> core[a373ad73a504971]::result::Result<(), alloc[2e1b2a31b91974c5]::string::String>>
[INFO] [stdout]   14:     0x645e296e95d5 - test[aada8e7e76ba119b]::run_test::{closure#0}
[INFO] [stdout]   15:     0x645e296e2ec4 - std[617be2ca0a6fd877]::sys::backtrace::__rust_begin_short_backtrace::<test[aada8e7e76ba119b]::run_test::{closure#1}, ()>
[INFO] [stdout]   16:     0x645e296ec662 - <std[617be2ca0a6fd877]::thread::lifecycle::spawn_unchecked<test[aada8e7e76ba119b]::run_test::{closure#1}, ()>::{closure#1} as core[a373ad73a504971]::ops::function::FnOnce<()>>::call_once::{shim:vtable#0}
[INFO] [stdout]   17:     0x645e2976aabf - <std[617be2ca0a6fd877]::sys::thread::unix::Thread>::new::thread_start
[INFO] [stdout]   18:     0x757c53275dfa - <unknown>
[INFO] [stdout]   19:     0x757c533093d4 - clone
[INFO] [stdout]   20:                0x0 - <unknown>
[INFO] [stdout] 
[INFO] [stdout] ---- decoder::stream::tests::test_two_iccp_chunks stdout ----
[INFO] [stdout] 
[INFO] [stdout] thread 'decoder::stream::tests::test_two_iccp_chunks' (1161) panicked at src/decoder/stream.rs:2102:87:
[INFO] [stdout] called `Result::unwrap()` on an `Err` value: Os { code: 2, kind: NotFound, message: "No such file or directory" }
[INFO] [stdout] stack backtrace:
[INFO] [stdout]    0:     0x645e2976b261 - <<std[617be2ca0a6fd877]::sys::backtrace::BacktraceLock>::print::DisplayBacktrace as core[a373ad73a504971]::fmt::Display>::fmt
[INFO] [stdout]    1:     0x645e297811aa - core[a373ad73a504971]::fmt::write
[INFO] [stdout]    2:     0x645e2976f76c - <alloc[2e1b2a31b91974c5]::vec::Vec<u8> as core[a373ad73a504971]::io::write::Write>::write_fmt
[INFO] [stdout]    3:     0x645e29746d06 - std[617be2ca0a6fd877]::panicking::default_hook::{closure#0}
[INFO] [stdout]    4:     0x645e297634e9 - std[617be2ca0a6fd877]::panicking::default_hook
[INFO] [stdout]    5:     0x645e296e8fb0 - test[aada8e7e76ba119b]::test_main_inner::{closure#0}
[INFO] [stdout]    6:     0x645e297636a2 - std[617be2ca0a6fd877]::panicking::panic_with_hook
[INFO] [stdout]    7:     0x645e29746db2 - std[617be2ca0a6fd877]::panicking::panic_handler::{closure#0}
[INFO] [stdout]    8:     0x645e2973fa29 - std[617be2ca0a6fd877]::sys::backtrace::__rust_end_short_backtrace::<std[617be2ca0a6fd877]::panicking::panic_handler::{closure#0}, !>
[INFO] [stdout]    9:     0x645e297479bd - __rustc[ea4f61d10b84890b]::rust_begin_unwind
[INFO] [stdout]   10:     0x645e2978190c - core[a373ad73a504971]::panicking::panic_fmt
[INFO] [stdout]   11:     0x645e297816e2 - core[a373ad73a504971]::result::unwrap_failed
[INFO] [stdout]   12:     0x645e29696f6e - <rusty_png[31b563bab94f7d8a]::decoder::stream::tests::test_two_iccp_chunks::{closure#0} as core[a373ad73a504971]::ops::function::FnOnce<()>>::call_once
[INFO] [stdout]   13:     0x645e296dc3fb - test[aada8e7e76ba119b]::__rust_begin_short_backtrace::<core[a373ad73a504971]::result::Result<(), alloc[2e1b2a31b91974c5]::string::String>, fn() -> core[a373ad73a504971]::result::Result<(), alloc[2e1b2a31b91974c5]::string::String>>
[INFO] [stdout]   14:     0x645e296e95d5 - test[aada8e7e76ba119b]::run_test::{closure#0}
[INFO] [stdout]   15:     0x645e296e2ec4 - std[617be2ca0a6fd877]::sys::backtrace::__rust_begin_short_backtrace::<test[aada8e7e76ba119b]::run_test::{closure#1}, ()>
[INFO] [stdout]   16:     0x645e296ec662 - <std[617be2ca0a6fd877]::thread::lifecycle::spawn_unchecked<test[aada8e7e76ba119b]::run_test::{closure#1}, ()>::{closure#1} as core[a373ad73a504971]::ops::function::FnOnce<()>>::call_once::{shim:vtable#0}
[INFO] [stdout]   17:     0x645e2976aabf - <std[617be2ca0a6fd877]::sys::thread::unix::Thread>::new::thread_start
[INFO] [stdout]   18:     0x757c53275dfa - <unknown>
[INFO] [stdout]   19:     0x757c533093d4 - clone
[INFO] [stdout]   20:                0x0 - <unknown>
[INFO] [stdout] 
[INFO] [stdout] ---- encoder::tests::image_palette stdout ----
[INFO] [stdout] 
[INFO] [stdout] thread 'encoder::tests::image_palette' (1177) panicked at src/encoder.rs:2118:58:
[INFO] [stdout] called `Result::unwrap()` on an `Err` value: Os { code: 2, kind: NotFound, message: "No such file or directory" }
[INFO] [stdout] stack backtrace:
[INFO] [stdout]    0:     0x645e2976b261 - <<std[617be2ca0a6fd877]::sys::backtrace::BacktraceLock>::print::DisplayBacktrace as core[a373ad73a504971]::fmt::Display>::fmt
[INFO] [stdout]    1:     0x645e297811aa - core[a373ad73a504971]::fmt::write
[INFO] [stdout]    2:     0x645e2976f76c - <alloc[2e1b2a31b91974c5]::vec::Vec<u8> as core[a373ad73a504971]::io::write::Write>::write_fmt
[INFO] [stdout]    3:     0x645e29746d06 - std[617be2ca0a6fd877]::panicking::default_hook::{closure#0}
[INFO] [stdout]    4:     0x645e297634e9 - std[617be2ca0a6fd877]::panicking::default_hook
[INFO] [stdout]    5:     0x645e296e8fb0 - test[aada8e7e76ba119b]::test_main_inner::{closure#0}
[INFO] [stdout]    6:     0x645e297636a2 - std[617be2ca0a6fd877]::panicking::panic_with_hook
[INFO] [stdout]    7:     0x645e29746db2 - std[617be2ca0a6fd877]::panicking::panic_handler::{closure#0}
[INFO] [stdout]    8:     0x645e2973fa29 - std[617be2ca0a6fd877]::sys::backtrace::__rust_end_short_backtrace::<std[617be2ca0a6fd877]::panicking::panic_handler::{closure#0}, !>
[INFO] [stdout]    9:     0x645e297479bd - __rustc[ea4f61d10b84890b]::rust_begin_unwind
[INFO] [stdout]   10:     0x645e2978190c - core[a373ad73a504971]::panicking::panic_fmt
[INFO] [stdout]   11:     0x645e297816e2 - core[a373ad73a504971]::result::unwrap_failed
[INFO] [stdout]   12:     0x645e296a8f22 - <rusty_png[31b563bab94f7d8a]::encoder::tests::image_palette::{closure#0} as core[a373ad73a504971]::ops::function::FnOnce<()>>::call_once
[INFO] [stdout]   13:     0x645e296dc3fb - test[aada8e7e76ba119b]::__rust_begin_short_backtrace::<core[a373ad73a504971]::result::Result<(), alloc[2e1b2a31b91974c5]::string::String>, fn() -> core[a373ad73a504971]::result::Result<(), alloc[2e1b2a31b91974c5]::string::String>>
[INFO] [stdout]   14:     0x645e296e95d5 - test[aada8e7e76ba119b]::run_test::{closure#0}
[INFO] [stdout]   15:     0x645e296e2ec4 - std[617be2ca0a6fd877]::sys::backtrace::__rust_begin_short_backtrace::<test[aada8e7e76ba119b]::run_test::{closure#1}, ()>
[INFO] [stdout]   16:     0x645e296ec662 - <std[617be2ca0a6fd877]::thread::lifecycle::spawn_unchecked<test[aada8e7e76ba119b]::run_test::{closure#1}, ()>::{closure#1} as core[a373ad73a504971]::ops::function::FnOnce<()>>::call_once::{shim:vtable#0}
[INFO] [stdout]   17:     0x645e2976aabf - <std[617be2ca0a6fd877]::sys::thread::unix::Thread>::new::thread_start
[INFO] [stdout]   18:     0x757c53275dfa - <unknown>
[INFO] [stdout]   19:     0x757c533093d4 - clone
[INFO] [stdout]   20:                0x0 - <unknown>
[INFO] [stdout] 
[INFO] [stdout] 
[INFO] [stdout] failures:
[INFO] [stdout]     decoder::stream::tests::image_gamma
[INFO] [stdout]     decoder::stream::tests::image_source_chromaticities
[INFO] [stdout]     decoder::stream::tests::image_source_sbit
[INFO] [stdout]     decoder::stream::tests::test_mdcv_and_clli_chunks
[INFO] [stdout]     decoder::stream::tests::test_png_with_broken_iccp
[INFO] [stdout]     decoder::stream::tests::test_two_iccp_chunks
[INFO] [stdout]     encoder::tests::image_palette
[INFO] [stdout] 
[INFO] [stdout] test result: FAILED. 56 passed; 7 failed; 1 ignored; 0 measured; 0 filtered out; finished in 0.10s
[INFO] [stdout] 
[INFO] running `Command { std: "docker" "inspect" "0ec73667f92f8815819be5ca845c99aa3c6bfe0939e44d045f818ed452e3f968", kill_on_drop: false }`
[INFO] running `Command { std: "docker" "rm" "-f" "0ec73667f92f8815819be5ca845c99aa3c6bfe0939e44d045f818ed452e3f968", kill_on_drop: false }`
[INFO] [stdout] 0ec73667f92f8815819be5ca845c99aa3c6bfe0939e44d045f818ed452e3f968
