[INFO] fetching crate rusty-vipe 0.2.0...
[INFO] testing rusty-vipe-0.2.0 against 1.100.0-beta.1+cargoflags=--release for beta-release-1.100-2
[INFO] extracting crate rusty-vipe 0.2.0 into /workspace/builds/worker-2-tc2/source
[INFO] started tweaking crates.io crate rusty-vipe 0.2.0
[INFO] removed 0 missing tests
[INFO] finished tweaking crates.io crate rusty-vipe 0.2.0
[INFO] tweaked toml for crates.io crate rusty-vipe 0.2.0 written to /workspace/builds/worker-2-tc2/source/Cargo.toml
[INFO] validating manifest of crates.io crate rusty-vipe 0.2.0 on toolchain 1.100.0-beta.1
[INFO] running `Command { std: CARGO_HOME="/workspace/cargo-home" RUSTUP_HOME="/workspace/rustup-home" "/workspace/cargo-home/bin/cargo" "+1.100.0-beta.1" "metadata" "--manifest-path" "Cargo.toml" "--no-deps", kill_on_drop: false }`
[INFO] crate crates.io crate rusty-vipe 0.2.0 already has a lockfile, it will not be regenerated
[INFO] running `Command { std: CARGO_HOME="/workspace/cargo-home" RUSTUP_HOME="/workspace/rustup-home" "/workspace/cargo-home/bin/cargo" "+1.100.0-beta.1" "fetch" "--manifest-path" "Cargo.toml", kill_on_drop: false }`
[INFO] [stderr] warning: `package.homepage` is redundant with `package.repository`
[INFO] [stderr]    --> Cargo.toml:97:12
[INFO] [stderr]     |
[INFO] [stderr]  97 | homepage = "https://github.com/jsh562/rusty-vipe"
[INFO] [stderr]     |            ^^^^^^^^^^^^^^^^^^^^^^^^^^^^^^^^^^^^^^
[INFO] [stderr] ...
[INFO] [stderr] 102 | repository = "https://github.com/jsh562/rusty-vipe"
[INFO] [stderr]     |              --------------------------------------
[INFO] [stderr]     |
[INFO] [stderr]     = note: `cargo::redundant_homepage` is set to `warn` by default
[INFO] [stderr] help: consider removing `package.homepage`
[INFO] [stderr] warning: `rusty-vipe` (manifest) generated 1 warning
[INFO] running `Command { std: "docker" "create" "-v" "/var/lib/crater-agent-workspace/builds/worker-2-tc2/source:/opt/rustwide/workdir:ro,Z" "-v" "/var/lib/crater-agent-workspace/builds/worker-2-tc2/target:/opt/rustwide/target:rw,Z" "-v" "/var/lib/crater-agent-workspace/cargo-home:/opt/rustwide/cargo-home:ro,Z" "-v" "/var/lib/crater-agent-workspace/rustup-home:/opt/rustwide/rustup-home:ro,Z" "-m" "1610612736" "--network" "none" "ghcr.io/rust-lang/crates-build-env/linux@sha256:77db811e55d90add9212f6832c23229e3de5f1c1f9905e8cb07319ea15df73ac" "sleep" "infinity", kill_on_drop: false }`
[INFO] [stdout] bddbb703a5633429ab2494f17b1a9d78e38b76004f46b9fd5ee77ae2a05aa2d3
[INFO] running `Command { std: "docker" "start" "bddbb703a5633429ab2494f17b1a9d78e38b76004f46b9fd5ee77ae2a05aa2d3", kill_on_drop: false }`
[INFO] running `Command { std: "docker" "inspect" "bddbb703a5633429ab2494f17b1a9d78e38b76004f46b9fd5ee77ae2a05aa2d3", kill_on_drop: false }`
[INFO] running `Command { std: "docker" "exec" "-e" "SOURCE_DIR=/opt/rustwide/workdir" "-e" "CARGO_HOME=/opt/rustwide/cargo-home" "-e" "RUSTUP_HOME=/opt/rustwide/rustup-home" "-e" "CARGO_TARGET_DIR=/opt/rustwide/target" "-w" "/opt/rustwide/workdir" "--user" "0:0" "bddbb703a5633429ab2494f17b1a9d78e38b76004f46b9fd5ee77ae2a05aa2d3" "/opt/rustwide/cargo-home/bin/cargo" "+1.100.0-beta.1" "metadata" "--no-deps" "--format-version=1", kill_on_drop: false }`
[INFO] running `Command { std: "docker" "inspect" "bddbb703a5633429ab2494f17b1a9d78e38b76004f46b9fd5ee77ae2a05aa2d3", kill_on_drop: false }`
[INFO] running `Command { std: "docker" "exec" "-e" "SOURCE_DIR=/opt/rustwide/workdir" "-e" "CARGO_HOME=/opt/rustwide/cargo-home" "-e" "RUSTUP_HOME=/opt/rustwide/rustup-home" "-e" "CARGO_TARGET_DIR=/opt/rustwide/target" "-e" "CARGO_INCREMENTAL=0" "-e" "RUST_BACKTRACE=full" "-e" "RUSTFLAGS=--cap-lints=warn" "-e" "RUSTDOCFLAGS=--cap-lints=warn" "-w" "/opt/rustwide/workdir" "--user" "0:0" "bddbb703a5633429ab2494f17b1a9d78e38b76004f46b9fd5ee77ae2a05aa2d3" "/opt/rustwide/cargo-home/bin/cargo" "+1.100.0-beta.1" "build" "--frozen" "--message-format=json" "--release", kill_on_drop: false }`
[INFO] [stderr] warning: `package.homepage` is redundant with `package.repository`
[INFO] [stderr]    --> Cargo.toml:97:12
[INFO] [stderr]     |
[INFO] [stderr]  97 | homepage = "https://github.com/jsh562/rusty-vipe"
[INFO] [stderr]     |            ^^^^^^^^^^^^^^^^^^^^^^^^^^^^^^^^^^^^^^
[INFO] [stderr] ...
[INFO] [stderr] 102 | repository = "https://github.com/jsh562/rusty-vipe"
[INFO] [stderr]     |              --------------------------------------
[INFO] [stderr]     |
[INFO] [stderr]     = note: `cargo::redundant_homepage` is set to `warn` by default
[INFO] [stderr] help: consider removing `package.homepage`
[INFO] [stderr] warning: `rusty-vipe` (manifest) generated 1 warning
[INFO] [stderr]    Compiling proc-macro2 v1.0.106
[INFO] [stderr]    Compiling unicode-ident v1.0.24
[INFO] [stderr]    Compiling quote v1.0.45
[INFO] [stderr]    Compiling libc v0.2.186
[INFO] [stderr]    Compiling utf8parse v0.2.2
[INFO] [stderr]    Compiling anstyle-query v1.1.5
[INFO] [stderr]    Compiling colorchoice v1.0.5
[INFO] [stderr]    Compiling is_terminal_polyfill v1.70.2
[INFO] [stderr]    Compiling anstyle v1.0.14
[INFO] [stderr]    Compiling clap_lex v1.1.0
[INFO] [stderr]    Compiling strsim v0.11.1
[INFO] [stderr]    Compiling heck v0.5.0
[INFO] [stderr]    Compiling getrandom v0.4.2
[INFO] [stderr]    Compiling rustix v1.1.4
[INFO] [stderr]    Compiling signal-hook v0.3.18
[INFO] [stderr]    Compiling bitflags v2.11.1
[INFO] [stderr]    Compiling anstyle-parse v1.0.0
[INFO] [stderr]    Compiling anyhow v1.0.102
[INFO] [stderr]    Compiling linux-raw-sys v0.12.1
[INFO] [stderr]    Compiling thiserror v2.0.18
[INFO] [stderr]    Compiling cfg-if v1.0.4
[INFO] [stderr]    Compiling once_cell v1.21.4
[INFO] [stderr]    Compiling fastrand v2.4.1
[INFO] [stderr]    Compiling shell-words v1.1.1
[INFO] [stderr]    Compiling anstream v1.0.0
[INFO] [stderr]    Compiling clap_builder v4.6.0
[INFO] [stderr]    Compiling syn v2.0.117
[INFO] [stderr]    Compiling errno v0.3.14
[INFO] [stderr]    Compiling signal-hook-registry v1.4.8
[INFO] [stderr]    Compiling tempfile v3.27.0
[INFO] [stderr]    Compiling clap_derive v4.6.1
[INFO] [stderr]    Compiling thiserror-impl v2.0.18
[INFO] [stderr]    Compiling clap v4.6.1
[INFO] [stderr]    Compiling clap_complete v4.6.5
[INFO] [stderr]    Compiling rusty-vipe v0.2.0 (/opt/rustwide/workdir)
[INFO] [stderr] warning: unused dependency `anyhow`
[INFO] [stderr]   --> Cargo.toml:25:15
[INFO] [stderr]    |
[INFO] [stderr] 25 | [dependencies.anyhow]
[INFO] [stderr]    |               ^^^^^^^
[INFO] [stderr]    |
[INFO] [stderr]    = note: `cargo::unused_dependencies` is set to `warn` by default
[INFO] [stderr] help: consider removing the dependency on `anyhow`
[INFO] [stderr] warning: `rusty-vipe` (manifest) generated 1 warning
[INFO] [stderr]     Finished `release` profile [optimized] target(s) in 23.42s
[INFO] running `Command { std: "docker" "inspect" "bddbb703a5633429ab2494f17b1a9d78e38b76004f46b9fd5ee77ae2a05aa2d3", kill_on_drop: false }`
[INFO] running `Command { std: "docker" "exec" "-e" "SOURCE_DIR=/opt/rustwide/workdir" "-e" "CARGO_HOME=/opt/rustwide/cargo-home" "-e" "RUSTUP_HOME=/opt/rustwide/rustup-home" "-e" "CARGO_TARGET_DIR=/opt/rustwide/target" "-e" "CARGO_INCREMENTAL=0" "-e" "RUST_BACKTRACE=full" "-e" "RUSTFLAGS=--cap-lints=warn" "-e" "RUSTDOCFLAGS=--cap-lints=warn" "-w" "/opt/rustwide/workdir" "--user" "0:0" "bddbb703a5633429ab2494f17b1a9d78e38b76004f46b9fd5ee77ae2a05aa2d3" "/opt/rustwide/cargo-home/bin/cargo" "+1.100.0-beta.1" "test" "--frozen" "--no-run" "--message-format=json" "--release", kill_on_drop: false }`
[INFO] [stderr] warning: `package.homepage` is redundant with `package.repository`
[INFO] [stderr]    --> Cargo.toml:97:12
[INFO] [stderr]     |
[INFO] [stderr]  97 | homepage = "https://github.com/jsh562/rusty-vipe"
[INFO] [stderr]     |            ^^^^^^^^^^^^^^^^^^^^^^^^^^^^^^^^^^^^^^
[INFO] [stderr] ...
[INFO] [stderr] 102 | repository = "https://github.com/jsh562/rusty-vipe"
[INFO] [stderr]     |              --------------------------------------
[INFO] [stderr]     |
[INFO] [stderr]     = note: `cargo::redundant_homepage` is set to `warn` by default
[INFO] [stderr] help: consider removing `package.homepage`
[INFO] [stderr] warning: `rusty-vipe` (manifest) generated 1 warning
[INFO] [stderr]    Compiling autocfg v1.5.1
[INFO] [stderr]    Compiling memchr v2.8.0
[INFO] [stderr]    Compiling regex-syntax v0.8.10
[INFO] [stderr]    Compiling once_cell v1.21.4
[INFO] [stderr]    Compiling serde_core v1.0.228
[INFO] [stderr]    Compiling predicates-core v1.0.10
[INFO] [stderr]    Compiling serde v1.0.228
[INFO] [stderr]    Compiling termtree v0.5.1
[INFO] [stderr]    Compiling normalize-line-endings v0.3.0
[INFO] [stderr]    Compiling difflib v0.4.0
[INFO] [stderr]    Compiling assert_cmd v2.2.2
[INFO] [stderr]    Compiling console v0.16.3
[INFO] [stderr]    Compiling wait-timeout v0.2.1
[INFO] [stderr]    Compiling similar v2.7.0
[INFO] [stderr]    Compiling static_assertions v1.1.0
[INFO] [stderr]    Compiling predicates-tree v1.0.13
[INFO] [stderr]    Compiling tempfile v3.27.0
[INFO] [stderr]    Compiling num-traits v0.2.19
[INFO] [stderr]    Compiling rusty-vipe v0.2.0 (/opt/rustwide/workdir)
[INFO] [stderr]    Compiling aho-corasick v1.1.4
[INFO] [stderr]    Compiling float-cmp v0.10.0
[INFO] [stderr]    Compiling regex-automata v0.4.14
[INFO] [stderr]    Compiling insta v1.47.2
[INFO] [stderr]    Compiling regex v1.12.3
[INFO] [stderr]    Compiling bstr v1.12.1
[INFO] [stderr]    Compiling predicates v3.1.4
[INFO] [stderr] warning: unused dependency `anyhow`
[INFO] [stderr]   --> Cargo.toml:25:15
[INFO] [stderr]    |
[INFO] [stderr] 25 | [dependencies.anyhow]
[INFO] [stderr]    |               ^^^^^^^
[INFO] [stderr]    |
[INFO] [stderr]    = note: `cargo::unused_dependencies` is set to `warn` by default
[INFO] [stderr] help: consider removing the dependency on `anyhow`
[INFO] [stderr] warning: `rusty-vipe` (manifest) generated 1 warning
[INFO] [stderr]     Finished `release` profile [optimized] target(s) in 1m 40s
[INFO] running `Command { std: "docker" "inspect" "bddbb703a5633429ab2494f17b1a9d78e38b76004f46b9fd5ee77ae2a05aa2d3", kill_on_drop: false }`
[INFO] running `Command { std: "docker" "exec" "-e" "SOURCE_DIR=/opt/rustwide/workdir" "-e" "CARGO_HOME=/opt/rustwide/cargo-home" "-e" "RUSTUP_HOME=/opt/rustwide/rustup-home" "-e" "CARGO_TARGET_DIR=/opt/rustwide/target" "-e" "CARGO_INCREMENTAL=0" "-e" "RUST_BACKTRACE=full" "-e" "RUSTFLAGS=--cap-lints=warn" "-e" "RUSTDOCFLAGS=--cap-lints=warn" "-w" "/opt/rustwide/workdir" "--user" "0:0" "bddbb703a5633429ab2494f17b1a9d78e38b76004f46b9fd5ee77ae2a05aa2d3" "/opt/rustwide/cargo-home/bin/cargo" "+1.100.0-beta.1" "test" "--frozen" "--release", kill_on_drop: false }`
[INFO] [stderr] warning: `package.homepage` is redundant with `package.repository`
[INFO] [stderr]    --> Cargo.toml:97:12
[INFO] [stderr]     |
[INFO] [stderr]  97 | homepage = "https://github.com/jsh562/rusty-vipe"
[INFO] [stderr]     |            ^^^^^^^^^^^^^^^^^^^^^^^^^^^^^^^^^^^^^^
[INFO] [stderr] ...
[INFO] [stderr] 102 | repository = "https://github.com/jsh562/rusty-vipe"
[INFO] [stderr]     |              --------------------------------------
[INFO] [stderr]     |
[INFO] [stderr]     = note: `cargo::redundant_homepage` is set to `warn` by default
[INFO] [stderr] help: consider removing `package.homepage`
[INFO] [stderr] warning: `rusty-vipe` (manifest) generated 1 warning
[INFO] [stderr] warning: unused dependency `anyhow`
[INFO] [stderr]   --> Cargo.toml:25:15
[INFO] [stderr]    |
[INFO] [stderr] 25 | [dependencies.anyhow]
[INFO] [stderr]    |               ^^^^^^^
[INFO] [stderr]    |
[INFO] [stderr]    = note: `cargo::unused_dependencies` is set to `warn` by default
[INFO] [stderr] help: consider removing the dependency on `anyhow`
[INFO] [stderr] warning: `rusty-vipe` (manifest) generated 1 warning
[INFO] [stderr]     Finished `release` profile [optimized] target(s) in 0.16s
[INFO] [stderr]      Running unittests src/lib.rs (/opt/rustwide/target/release/build/rusty-vipe/6d1c0e54247a32bd/out/rusty_vipe-6d1c0e54247a32bd)
[INFO] [stdout] 
[INFO] [stdout] running 63 tests
[INFO] [stdout] test cli::tests::cli_command_factory_compiles ... ok
[INFO] [stdout] test cli::tests::parse_no_args ... ok
[INFO] [stdout] test editor::tests::parse_simple_command ... ok
[INFO] [stdout] test editor::tests::parse_unbalanced_quote_returns_typed_error ... ok
[INFO] [stdout] test editor::tests::resolve_editor_used_when_visual_unset ... ok
[INFO] [stdout] test editor::tests::resolve_empty_override_falls_through ... ok
[INFO] [stdout] test cli::tests::parse_suffix ... ok
[INFO] [stdout] test editor::tests::resolve_override_wins_in_default_mode ... ok
[INFO] [stdout] test editor::tests::resolve_unix_falls_back_to_vi_when_nothing_else ... ok
[INFO] [stdout] test editor::tests::parse_command_with_arg ... ok
[INFO] [stdout] test mode::tests::default_when_nothing_set ... ok
[INFO] [stdout] test editor::tests::resolve_visual_wins_over_editor ... ok
[INFO] [stdout] test cli::tests::parse_strict_conflicts_with_no_strict ... ok
[INFO] [stdout] test editor::tests::parse_quoted_path_with_spaces ... ok
[INFO] [stdout] test mode::tests::argv0_rusty_vipe_does_not_imply_strict ... ok
[INFO] [stdout] test pipeline::tests::spawn_editor_empty_argv_returns_editor_not_found ... ok
[INFO] [stdout] test cli::tests::parse_editor_override ... ok
[INFO] [stdout] test pipeline::tests::spawn_editor_returns_editor_not_found_on_missing_binary ... ok
[INFO] [stdout] test pipeline::tests::drain_binary_passthrough_unchanged ... ok
[INFO] [stdout] test signal::tests::process_cancel_flag_starts_unset ... ok
[INFO] [stdout] test strict::tests::format_editor_died_joins_argv_with_spaces ... ok
[INFO] [stdout] test strict::tests::format_editor_died_single_arg ... ok
[INFO] [stdout] test strict::tests::format_unknown_long_flag_matches_spec_text ... ok
[INFO] [stdout] test strict::tests::format_unknown_short_flag_matches_spec_text ... ok
[INFO] [stdout] test strict::tests::parse_double_dash_treats_rest_as_extras ... ok
[INFO] [stdout] test signal::tests::install_handlers_does_not_panic ... ok
[INFO] [stdout] test editor::tests::resolve_override_ignored_in_strict_mode ... ok
[INFO] [stdout] test strict::tests::parse_first_unknown_wins_when_short_and_long_both_present ... ok
[INFO] [stdout] test pipeline::tests::test_bypass_tty_recognizes_truthy_values ... ok
[INFO] [stdout] test strict::tests::parse_grouped_short_unknown_reports_first_char ... ok
[INFO] [stdout] test mode::tests::env_var_falsy_does_not_imply_strict ... ok
[INFO] [stdout] test strict::tests::parse_rejects_completions_subcommand ... ok
[INFO] [stdout] test strict::tests::parse_rejects_editor_flag_empty ... ok
[INFO] [stdout] test strict::tests::parse_rejects_help ... ok
[INFO] [stdout] test strict::tests::parse_rejects_invalid_suffix_path_separator ... ok
[INFO] [stdout] test strict::tests::parse_positional_becomes_editor_extra ... ok
[INFO] [stdout] test strict::tests::parse_rejects_invalid_suffix_too_long ... ok
[INFO] [stdout] test strict::tests::parse_rejects_editor_flag ... ok
[INFO] [stdout] test strict::tests::parse_rejects_unknown_long_flag ... ok
[INFO] [stdout] test mode::tests::env_var_truthy_implies_strict ... ok
[INFO] [stdout] test strict::tests::parse_no_flags_yields_defaults ... ok
[INFO] [stdout] test strict::tests::parse_rejects_unknown_short_flag ... ok
[INFO] [stdout] test mode::tests::explicit_strict_flag_wins ... ok
[INFO] [stdout] test strict::tests::parse_suffix_equals_value ... ok
[INFO] [stdout] test strict::tests::parse_rejects_version ... ok
[INFO] [stdout] test mode::tests::argv0_vipe_implies_strict ... ok
[INFO] [stdout] test strict::tests::parse_suffix_separate_value ... ok
[INFO] [stdout] test strict::tests::parse_strict_and_no_strict_are_silently_consumed ... ok
[INFO] [stdout] test mode::tests::ladder_argv0_beats_default ... ok
[INFO] [stderr]      Running unittests src/main.rs (/opt/rustwide/target/release/build/rusty-vipe/3c1b5025a1e56cc1/out/rusty_vipe-3c1b5025a1e56cc1)
[INFO] [stdout] test pipeline::tests::drain_empty_input_produces_zero_byte_tempfile ... ok
[INFO] [stdout] test pipeline::tests::drain_small_input_roundtrips ... ok
[INFO] [stdout] test strict::tests::pre_scan_detects_no_strict ... ok
[INFO] [stdout] test mode::tests::ladder_env_var_beats_argv0 ... ok
[INFO] [stdout] test strict::tests::pre_scan_detects_strict ... ok
[INFO] [stdout] test strict::tests::pre_scan_last_occurrence_wins ... ok
[INFO] [stdout] test mode::tests::ladder_strict_flag_beats_env_var ... ok
[INFO] [stdout] test strict::tests::pre_scan_returns_none_when_neither ... ok
[INFO] [stdout] test strict::tests::pre_scan_stops_at_double_dash ... ok
[INFO] [stdout] test tty::tests::open_controlling_tty_returns_no_tty_or_handles ... ok
[INFO] [stdout] test tty::tests::preserve_stdout_succeeds_in_normal_process ... ok
[INFO] [stdout] test pipeline::tests::drain_empty_suffix_means_no_extension ... ok
[INFO] [stdout] test pipeline::tests::write_back_returns_tempfile_deleted_when_file_missing ... ok
[INFO] [stdout] test pipeline::tests::drain_uses_configured_suffix ... ok
[INFO] [stdout] 
[INFO] [stdout] test result: ok. 63 passed; 0 failed; 0 ignored; 0 measured; 0 filtered out; finished in 0.02s
[INFO] [stdout] 
[INFO] [stdout] 
[INFO] [stdout] running 0 tests
[INFO] [stdout] 
[INFO] [stdout] test result: ok. 0 passed; 0 failed; 0 ignored; 0 measured; 0 filtered out; finished in 0.00s
[INFO] [stdout] 
[INFO] [stdout] 
[INFO] [stderr]      Running tests/cli_errors.rs (/opt/rustwide/target/release/build/rusty-vipe/53ffda0ad5cdcfe6/out/cli_errors-53ffda0ad5cdcfe6)
[INFO] [stdout] running 4 tests
[INFO] [stdout] test invalid_suffix_value_rejected_path_separator_unix ... ok
[INFO] [stdout] test invalid_suffix_value_rejected_excessive_length ... ok
[INFO] [stdout] test invalid_suffix_value_rejected_path_separator_windows ... ok
[INFO] [stdout] test valid_suffix_accepted ... FAILED
[INFO] [stderr] error: test failed, to rerun pass `--test cli_errors`
[INFO] [stdout] 
[INFO] [stdout] failures:
[INFO] [stdout] 
[INFO] [stdout] ---- valid_suffix_accepted stdout ----
[INFO] [stdout] 
[INFO] [stdout] thread 'valid_suffix_accepted' (1990) panicked at tests/cli_errors.rs:73:34:
[INFO] [stdout] Unexpected failure.
[INFO] [stdout] code=127
[INFO] [stdout] stderr=```"rusty-vipe: editor not found: /opt/rustwide/target/release/fake-editor\n"```
[INFO] [stdout] command=`env -u VISUAL EDITOR="/opt/rustwide/target/release/fake-editor '--transform=passthrough'" RUSTY_VIPE_TEST_BYPASS_TTY="1" "/opt/rustwide/target/release/rusty-vipe" "--suffix=.md"`
[INFO] [stdout] stdin=`""`
[INFO] [stdout] code=127
[INFO] [stdout] stdout=""
[INFO] [stdout] stderr="rusty-vipe: editor not found: /opt/rustwide/target/release/fake-editor\n"
[INFO] [stdout] 
[INFO] [stdout] stack backtrace:
[INFO] [stdout]    0:     0x60c7a6fd42f6 - <unknown>
[INFO] [stdout]    1:     0x60c7a6f85a9a - <unknown>
[INFO] [stdout]    2:     0x60c7a6fdb9bc - <unknown>
[INFO] [stdout]    3:     0x60c7a6fb0a92 - <unknown>
[INFO] [stdout]    4:     0x60c7a6fccb31 - <unknown>
[INFO] [stdout]    5:     0x60c7a6fccd12 - <unknown>
[INFO] [stdout]    6:     0x60c7a6fb0b42 - <unknown>
[INFO] [stdout]    7:     0x60c7a6fa9939 - <unknown>
[INFO] [stdout]    8:     0x60c7a6fb175d - <unknown>
[INFO] [stdout]    9:     0x60c7a6f8618c - <unknown>
[INFO] [stdout]   10:     0x60c7a6f784e0 - <unknown>
[INFO] [stdout]   11:     0x60c7a6f8266f - <unknown>
[INFO] [stdout]   12:     0x60c7a6fdd63b - <unknown>
[INFO] [stdout]   13:     0x60c7a6feb4e4 - <unknown>
[INFO] [stdout]   14:     0x60c7a6fe4c14 - <unknown>
[INFO] [stdout]   15:     0x60c7a6fef2a2 - <unknown>
[INFO] [stdout]   16:     0x60c7a6fd3aa4 - <unknown>
[INFO] [stdout]   17:     0x7d48ab7c9dfa - <unknown>
[INFO] [stdout]   18:     0x7d48ab85d3d4 - clone
[INFO] [stdout]   19:                0x0 - <unknown>
[INFO] [stdout] 
[INFO] [stdout] 
[INFO] [stdout] failures:
[INFO] [stdout]     valid_suffix_accepted
[INFO] [stdout] 
[INFO] [stdout] test result: FAILED. 3 passed; 1 failed; 0 ignored; 0 measured; 0 filtered out; finished in 0.01s
[INFO] [stdout] 
[INFO] running `Command { std: "docker" "inspect" "bddbb703a5633429ab2494f17b1a9d78e38b76004f46b9fd5ee77ae2a05aa2d3", kill_on_drop: false }`
[INFO] running `Command { std: "docker" "rm" "-f" "bddbb703a5633429ab2494f17b1a9d78e38b76004f46b9fd5ee77ae2a05aa2d3", kill_on_drop: false }`
[INFO] [stdout] bddbb703a5633429ab2494f17b1a9d78e38b76004f46b9fd5ee77ae2a05aa2d3
