[INFO] fetching crate rusty-ts 0.2.1...
[INFO] testing rusty-ts-0.2.1 against 1.100.0-beta.1+cargoflags=--release for beta-release-1.100-2
[INFO] extracting crate rusty-ts 0.2.1 into /workspace/builds/worker-3-tc2/source
[INFO] removed /workspace/builds/worker-3-tc2/source/rust-toolchain.toml
[INFO] started tweaking crates.io crate rusty-ts 0.2.1
[INFO] removed 0 missing tests
[INFO] finished tweaking crates.io crate rusty-ts 0.2.1
[INFO] tweaked toml for crates.io crate rusty-ts 0.2.1 written to /workspace/builds/worker-3-tc2/source/Cargo.toml
[INFO] validating manifest of crates.io crate rusty-ts 0.2.1 on toolchain 1.100.0-beta.1
[INFO] running `Command { std: CARGO_HOME="/workspace/cargo-home" RUSTUP_HOME="/workspace/rustup-home" "/workspace/cargo-home/bin/cargo" "+1.100.0-beta.1" "metadata" "--manifest-path" "Cargo.toml" "--no-deps", kill_on_drop: false }`
[INFO] crate crates.io crate rusty-ts 0.2.1 already has a lockfile, it will not be regenerated
[INFO] running `Command { std: CARGO_HOME="/workspace/cargo-home" RUSTUP_HOME="/workspace/rustup-home" "/workspace/cargo-home/bin/cargo" "+1.100.0-beta.1" "fetch" "--manifest-path" "Cargo.toml", kill_on_drop: false }`
[INFO] [stderr] warning: `package.homepage` is redundant with `package.repository`
[INFO] [stderr]   --> Cargo.toml:86:12
[INFO] [stderr]    |
[INFO] [stderr] 86 | homepage = "https://github.com/jsh562/rusty-ts"
[INFO] [stderr]    |            ^^^^^^^^^^^^^^^^^^^^^^^^^^^^^^^^^^^^
[INFO] [stderr] ...
[INFO] [stderr] 91 | repository = "https://github.com/jsh562/rusty-ts"
[INFO] [stderr]    |              ------------------------------------
[INFO] [stderr]    |
[INFO] [stderr]    = note: `cargo::redundant_homepage` is set to `warn` by default
[INFO] [stderr] help: consider removing `package.homepage`
[INFO] [stderr] warning: `rusty-ts` (manifest) generated 1 warning
[INFO] [stderr]     Blocking waiting for file lock on package cache
[INFO] running `Command { std: "docker" "create" "-v" "/var/lib/crater-agent-workspace/builds/worker-3-tc2/source:/opt/rustwide/workdir:ro,Z" "-v" "/var/lib/crater-agent-workspace/builds/worker-3-tc2/target:/opt/rustwide/target:rw,Z" "-v" "/var/lib/crater-agent-workspace/cargo-home:/opt/rustwide/cargo-home:ro,Z" "-v" "/var/lib/crater-agent-workspace/rustup-home:/opt/rustwide/rustup-home:ro,Z" "-m" "1610612736" "--network" "none" "ghcr.io/rust-lang/crates-build-env/linux@sha256:77db811e55d90add9212f6832c23229e3de5f1c1f9905e8cb07319ea15df73ac" "sleep" "infinity", kill_on_drop: false }`
[INFO] [stdout] dc3bc7dc6c471333d052ab8068b4f99ddfaec3565b05af4933b137070ae135bf
[INFO] running `Command { std: "docker" "start" "dc3bc7dc6c471333d052ab8068b4f99ddfaec3565b05af4933b137070ae135bf", kill_on_drop: false }`
[INFO] running `Command { std: "docker" "inspect" "dc3bc7dc6c471333d052ab8068b4f99ddfaec3565b05af4933b137070ae135bf", kill_on_drop: false }`
[INFO] running `Command { std: "docker" "exec" "-e" "SOURCE_DIR=/opt/rustwide/workdir" "-e" "CARGO_HOME=/opt/rustwide/cargo-home" "-e" "RUSTUP_HOME=/opt/rustwide/rustup-home" "-e" "CARGO_TARGET_DIR=/opt/rustwide/target" "-w" "/opt/rustwide/workdir" "--user" "0:0" "dc3bc7dc6c471333d052ab8068b4f99ddfaec3565b05af4933b137070ae135bf" "/opt/rustwide/cargo-home/bin/cargo" "+1.100.0-beta.1" "metadata" "--no-deps" "--format-version=1", kill_on_drop: false }`
[INFO] running `Command { std: "docker" "inspect" "dc3bc7dc6c471333d052ab8068b4f99ddfaec3565b05af4933b137070ae135bf", kill_on_drop: false }`
[INFO] running `Command { std: "docker" "exec" "-e" "SOURCE_DIR=/opt/rustwide/workdir" "-e" "CARGO_HOME=/opt/rustwide/cargo-home" "-e" "RUSTUP_HOME=/opt/rustwide/rustup-home" "-e" "CARGO_TARGET_DIR=/opt/rustwide/target" "-e" "CARGO_INCREMENTAL=0" "-e" "RUST_BACKTRACE=full" "-e" "RUSTFLAGS=--cap-lints=warn" "-e" "RUSTDOCFLAGS=--cap-lints=warn" "-w" "/opt/rustwide/workdir" "--user" "0:0" "dc3bc7dc6c471333d052ab8068b4f99ddfaec3565b05af4933b137070ae135bf" "/opt/rustwide/cargo-home/bin/cargo" "+1.100.0-beta.1" "build" "--frozen" "--message-format=json" "--release", kill_on_drop: false }`
[INFO] [stderr] warning: `package.homepage` is redundant with `package.repository`
[INFO] [stderr]   --> Cargo.toml:86:12
[INFO] [stderr]    |
[INFO] [stderr] 86 | homepage = "https://github.com/jsh562/rusty-ts"
[INFO] [stderr]    |            ^^^^^^^^^^^^^^^^^^^^^^^^^^^^^^^^^^^^
[INFO] [stderr] ...
[INFO] [stderr] 91 | repository = "https://github.com/jsh562/rusty-ts"
[INFO] [stderr]    |              ------------------------------------
[INFO] [stderr]    |
[INFO] [stderr]    = note: `cargo::redundant_homepage` is set to `warn` by default
[INFO] [stderr] help: consider removing `package.homepage`
[INFO] [stderr] warning: `rusty-ts` (manifest) generated 1 warning
[INFO] [stderr]    Compiling proc-macro2 v1.0.106
[INFO] [stderr]    Compiling quote v1.0.45
[INFO] [stderr]    Compiling siphasher v1.0.3
[INFO] [stderr]    Compiling memchr v2.8.0
[INFO] [stderr]    Compiling thiserror v2.0.18
[INFO] [stderr]    Compiling anyhow v1.0.102
[INFO] [stderr]    Compiling chrono-tz v0.10.4
[INFO] [stderr]    Compiling regex-syntax v0.8.10
[INFO] [stderr]    Compiling iana-time-zone v0.1.65
[INFO] [stderr]    Compiling clap_builder v4.6.0
[INFO] [stderr]    Compiling chrono v0.4.44
[INFO] [stderr]    Compiling phf_shared v0.12.1
[INFO] [stderr]    Compiling phf v0.12.1
[INFO] [stderr]    Compiling aho-corasick v1.1.4
[INFO] [stderr]    Compiling syn v2.0.117
[INFO] [stderr]    Compiling regex-automata v0.4.14
[INFO] [stderr]    Compiling clap_derive v4.6.1
[INFO] [stderr]    Compiling thiserror-impl v2.0.18
[INFO] [stderr]    Compiling clap v4.6.1
[INFO] [stderr]    Compiling clap_complete v4.6.5
[INFO] [stderr]    Compiling regex v1.12.3
[INFO] [stderr]    Compiling rusty-ts v0.2.1 (/opt/rustwide/workdir)
[INFO] [stderr] warning: unused dependency `anyhow`
[INFO] [stderr]   --> Cargo.toml:17:15
[INFO] [stderr]    |
[INFO] [stderr] 17 | [dependencies.anyhow]
[INFO] [stderr]    |               ^^^^^^^
[INFO] [stderr]    |
[INFO] [stderr]    = note: `cargo::unused_dependencies` is set to `warn` by default
[INFO] [stderr] help: consider removing the dependency on `anyhow`
[INFO] [stderr] warning: `rusty-ts` (manifest) generated 1 warning
[INFO] [stderr]     Finished `release` profile [optimized] target(s) in 38.94s
[INFO] running `Command { std: "docker" "inspect" "dc3bc7dc6c471333d052ab8068b4f99ddfaec3565b05af4933b137070ae135bf", kill_on_drop: false }`
[INFO] running `Command { std: "docker" "exec" "-e" "SOURCE_DIR=/opt/rustwide/workdir" "-e" "CARGO_HOME=/opt/rustwide/cargo-home" "-e" "RUSTUP_HOME=/opt/rustwide/rustup-home" "-e" "CARGO_TARGET_DIR=/opt/rustwide/target" "-e" "CARGO_INCREMENTAL=0" "-e" "RUST_BACKTRACE=full" "-e" "RUSTFLAGS=--cap-lints=warn" "-e" "RUSTDOCFLAGS=--cap-lints=warn" "-w" "/opt/rustwide/workdir" "--user" "0:0" "dc3bc7dc6c471333d052ab8068b4f99ddfaec3565b05af4933b137070ae135bf" "/opt/rustwide/cargo-home/bin/cargo" "+1.100.0-beta.1" "test" "--frozen" "--no-run" "--message-format=json" "--release", kill_on_drop: false }`
[INFO] [stderr] warning: `package.homepage` is redundant with `package.repository`
[INFO] [stderr]   --> Cargo.toml:86:12
[INFO] [stderr]    |
[INFO] [stderr] 86 | homepage = "https://github.com/jsh562/rusty-ts"
[INFO] [stderr]    |            ^^^^^^^^^^^^^^^^^^^^^^^^^^^^^^^^^^^^
[INFO] [stderr] ...
[INFO] [stderr] 91 | repository = "https://github.com/jsh562/rusty-ts"
[INFO] [stderr]    |              ------------------------------------
[INFO] [stderr]    |
[INFO] [stderr]    = note: `cargo::redundant_homepage` is set to `warn` by default
[INFO] [stderr] help: consider removing `package.homepage`
[INFO] [stderr] warning: `rusty-ts` (manifest) generated 1 warning
[INFO] [stderr]    Compiling libc v0.2.186
[INFO] [stderr]    Compiling serde_core v1.0.228
[INFO] [stderr]    Compiling regex-automata v0.4.14
[INFO] [stderr]    Compiling getrandom v0.4.2
[INFO] [stderr]    Compiling bitflags v2.11.1
[INFO] [stderr]    Compiling predicates-core v1.0.10
[INFO] [stderr]    Compiling serde v1.0.228
[INFO] [stderr]    Compiling float-cmp v0.10.0
[INFO] [stderr]    Compiling assert_cmd v2.2.2
[INFO] [stderr]    Compiling fastrand v2.4.1
[INFO] [stderr]    Compiling difflib v0.4.0
[INFO] [stderr]    Compiling once_cell v1.21.4
[INFO] [stderr]    Compiling termtree v0.5.1
[INFO] [stderr]    Compiling normalize-line-endings v0.3.0
[INFO] [stderr]    Compiling similar v2.7.0
[INFO] [stderr]    Compiling static_assertions v1.1.0
[INFO] [stderr]    Compiling predicates-tree v1.0.13
[INFO] [stderr]    Compiling rustix v1.1.4
[INFO] [stderr]    Compiling wait-timeout v0.2.1
[INFO] [stderr]    Compiling console v0.16.3
[INFO] [stderr]    Compiling tempfile v3.27.0
[INFO] [stderr]    Compiling insta v1.47.2
[INFO] [stderr]    Compiling regex v1.12.3
[INFO] [stderr]    Compiling bstr v1.12.1
[INFO] [stderr]    Compiling predicates v3.1.4
[INFO] [stderr]    Compiling rusty-ts v0.2.1 (/opt/rustwide/workdir)
[INFO] [stderr] warning: unused dependency `anyhow`
[INFO] [stderr]   --> Cargo.toml:17:15
[INFO] [stderr]    |
[INFO] [stderr] 17 | [dependencies.anyhow]
[INFO] [stderr]    |               ^^^^^^^
[INFO] [stderr]    |
[INFO] [stderr]    = note: `cargo::unused_dependencies` is set to `warn` by default
[INFO] [stderr] help: consider removing the dependency on `anyhow`
[INFO] [stderr] warning: `rusty-ts` (manifest) generated 1 warning
[INFO] [stderr]     Finished `release` profile [optimized] target(s) in 1m 44s
[INFO] running `Command { std: "docker" "inspect" "dc3bc7dc6c471333d052ab8068b4f99ddfaec3565b05af4933b137070ae135bf", kill_on_drop: false }`
[INFO] running `Command { std: "docker" "exec" "-e" "SOURCE_DIR=/opt/rustwide/workdir" "-e" "CARGO_HOME=/opt/rustwide/cargo-home" "-e" "RUSTUP_HOME=/opt/rustwide/rustup-home" "-e" "CARGO_TARGET_DIR=/opt/rustwide/target" "-e" "CARGO_INCREMENTAL=0" "-e" "RUST_BACKTRACE=full" "-e" "RUSTFLAGS=--cap-lints=warn" "-e" "RUSTDOCFLAGS=--cap-lints=warn" "-w" "/opt/rustwide/workdir" "--user" "0:0" "dc3bc7dc6c471333d052ab8068b4f99ddfaec3565b05af4933b137070ae135bf" "/opt/rustwide/cargo-home/bin/cargo" "+1.100.0-beta.1" "test" "--frozen" "--release", kill_on_drop: false }`
[INFO] [stderr] warning: `package.homepage` is redundant with `package.repository`
[INFO] [stderr]   --> Cargo.toml:86:12
[INFO] [stderr]    |
[INFO] [stderr] 86 | homepage = "https://github.com/jsh562/rusty-ts"
[INFO] [stderr]    |            ^^^^^^^^^^^^^^^^^^^^^^^^^^^^^^^^^^^^
[INFO] [stderr] ...
[INFO] [stderr] 91 | repository = "https://github.com/jsh562/rusty-ts"
[INFO] [stderr]    |              ------------------------------------
[INFO] [stderr]    |
[INFO] [stderr]    = note: `cargo::redundant_homepage` is set to `warn` by default
[INFO] [stderr] help: consider removing `package.homepage`
[INFO] [stderr] warning: `rusty-ts` (manifest) generated 1 warning
[INFO] [stderr] warning: unused dependency `anyhow`
[INFO] [stderr]   --> Cargo.toml:17:15
[INFO] [stderr]    |
[INFO] [stderr] 17 | [dependencies.anyhow]
[INFO] [stderr]    |               ^^^^^^^
[INFO] [stderr]    |
[INFO] [stderr]    = note: `cargo::unused_dependencies` is set to `warn` by default
[INFO] [stderr] help: consider removing the dependency on `anyhow`
[INFO] [stderr] warning: `rusty-ts` (manifest) generated 1 warning
[INFO] [stderr]     Finished `release` profile [optimized] target(s) in 0.17s
[INFO] [stderr]      Running unittests src/lib.rs (/opt/rustwide/target/release/build/rusty-ts/c1ae494e515078a8/out/rusty_ts-c1ae494e515078a8)
[INFO] [stdout] 
[INFO] [stdout] running 57 tests
[INFO] [stdout] test cli::tests::cli_command_factory_builds_without_panic ... ok
[INFO] [stdout] test cli::tests::explicit_choice_none_when_neither_flag ... ok
[INFO] [stdout] test cli::tests::completions_subcommand_parsed ... ok
[INFO] [stdout] test cli::tests::explicit_choice_signals_strict_when_strict_flag_set ... ok
[INFO] [stdout] test mode::tests::argv0_basename_strips_exe ... ok
[INFO] [stdout] test mode::tests::argv0_rusty_ts_stays_default ... ok
[INFO] [stdout] test cli::tests::tz_flag_parsed ... ok
[INFO] [stdout] test mode::tests::env_falsy_or_unset_falls_through ... ok
[INFO] [stdout] test cli::tests::positional_format_captured ... ok
[INFO] [stdout] test mode::tests::env_truthy_enables_strict ... ok
[INFO] [stdout] test cli::tests::utc_and_tz_rejected_by_clap_conflict ... ok
[INFO] [stdout] test cli::tests::utc_flag_parsed ... ok
[INFO] [stdout] test cli::tests::incremental_and_since_start_rejected_by_clap_conflict ... ok
[INFO] [stdout] test completions::tests::bash_completion_script_is_non_empty ... ok
[INFO] [stdout] test mode::tests::explicit_no_strict_wins_over_everything ... ok
[INFO] [stdout] test mode::tests::explicit_strict_wins_over_env_and_argv ... ok
[INFO] [stdout] test pipeline::tests::binary_payload_passes_through ... ok
[INFO] [stdout] test mode::tests::argv0_basename_handles_path_components ... ok
[INFO] [stdout] test cli::tests::explicit_choice_signals_default_when_no_strict_flag_set ... ok
[INFO] [stdout] test mode::tests::precedence_table ... ok
[INFO] [stdout] test pipeline::tests::since_program_start_renders_zero_on_first_line ... ok
[INFO] [stdout] test mode::tests::argv0_ts_enables_strict ... ok
[INFO] [stdout] test compat_matrix::tests::matrix_is_deterministic ... ok
[INFO] [stdout] test completions::tests::all_four_shells_emit_non_empty ... ok
[INFO] [stdout] test pipeline::tests::partial_final_line_is_emitted_without_added_newline ... ok
[INFO] [stdout] test cli::tests::validate_passes_when_only_utc ... ok
[INFO] [stdout] test pipeline::tests::absolute_default_format ... ok
[INFO] [stdout] test compat_matrix::tests::matrix_is_non_empty_and_lists_known_flags ... ok
[INFO] [stdout] test tests::non_utf8_payload_preserved_through_byte_iterator ... ok
[INFO] [stdout] test tests::timestamper_is_send ... ok
[INFO] [stdout] test relative::tests::relative_form_future_uses_in_prefix ... ok
[INFO] [stdout] test tests::timestamper_builder_is_send_sync ... ok
[INFO] [stdout] test mode::tests::argv0_ts_case_insensitive ... ok
[INFO] [stdout] test relative::tests::relative_form_zero_delta_is_now ... ok
[INFO] [stdout] test time::clock::tests::wall_clock_is_monotonic_ish ... ok
[INFO] [stdout] test time::clock::tests::fixed_clock_is_deterministic ... ok
[INFO] [stdout] test relative::tests::default_subset_recognizes_unix_epoch ... ok
[INFO] [stdout] test tests::builder_custom_format_round_trips ... ok
[INFO] [stdout] test tests::prefix_string_lines_utf8_convenience ... ok
[INFO] [stdout] test tests::builder_default_yields_absolute_default_format ... ok
[INFO] [stdout] test tests::prefix_lines_byte_typed_iterator ... ok
[INFO] [stdout] test pipeline::tests::empty_stdin_produces_no_output ... ok
[INFO] [stdout] test time::format::tests::default_format_matches_moreutils_default_string ... ok
[INFO] [stdout] test time::format::tests::default_format_under_utc_is_deterministic ... ok
[INFO] [stdout] test relative::tests::default_subset_recognizes_rfc3339 ... ok
[INFO] [stdout] test relative::tests::default_mode_does_not_match_human_date_time ... ok
[INFO] [stdout] test time::format::tests::fractional_seconds_token_expands ... ok
[INFO] [stdout] test time::format::tests::literal_brackets_are_preserved ... ok
[INFO] [stdout] test time::format::tests::fractional_epoch_token_expands ... ok
[INFO] [stdout] test time::tz::tests::named_rejects_unknown_iana ... ok
[INFO] [stdout] test time::tz::tests::named_resolves_known_iana ... ok
[INFO] [stdout] test time::clock::tests::monotonic_clock_advances ... ok
[INFO] [stdout] test time::tz::tests::utc_renders_hours_as_zero_offset ... ok
[INFO] [stdout] test time::format::tests::both_fractional_tokens_in_one_string ... ok
[INFO] [stdout] test time::format::tests::custom_format_renders_tokens ... ok
[INFO] [stdout] test relative::tests::strict_mode_recognizes_human_date_time ... ok
[INFO] [stdout] test relative::tests::line_without_timestamp_passes_through ... ok
[INFO] [stdout] 
[INFO] [stdout] test result: ok. 57 passed; 0 failed; 0 ignored; 0 measured; 0 filtered out; finished in 0.02s
[INFO] [stdout] 
[INFO] [stderr]      Running unittests src/main.rs (/opt/rustwide/target/release/build/rusty-ts/bd5af8a958e25207/out/rusty_ts-bd5af8a958e25207)
[INFO] [stdout] 
[INFO] [stderr]      Running tests/cli_errors.rs (/opt/rustwide/target/release/build/rusty-ts/220194dd0202c12c/out/cli_errors-220194dd0202c12c)
[INFO] [stdout] running 0 tests
[INFO] [stdout] 
[INFO] [stdout] test result: ok. 0 passed; 0 failed; 0 ignored; 0 measured; 0 filtered out; finished in 0.00s
[INFO] [stdout] 
[INFO] [stdout] 
[INFO] [stdout] running 21 tests
[INFO] [stdout] test strict_flag_rejects_tz ... ok
[INFO] [stdout] test completions_subcommand_emits_bash_script ... ok
[INFO] [stdout] test elapsed_i_with_fixed_clock_shows_zero_delta ... ok
[INFO] [stdout] test fixed_clock_pins_absolute_timestamp ... ok
[INFO] [stdout] test elapsed_since_start_first_line_is_zero ... ok
[INFO] [stdout] test no_strict_flag_overrides_env ... ok
[INFO] [stdout] test ts_alias_binary_auto_enables_strict ... FAILED
[INFO] [stdout] test positional_format_beats_env_var ... ok
[INFO] [stdout] test strict_flag_rejects_utc ... ok
[INFO] [stdout] test strict_env_var_enables_rejection ... ok
[INFO] [stdout] test rusty_ts_format_env_var_default_path ... ok
[INFO] [stdout] test flag_parse_error_returns_nonzero ... ok
[INFO] [stdout] test rusty_ts_format_empty_treated_as_unset ... ok
[INFO] [stdout] test rusty_ts_binary_name_does_not_trigger_strict ... ok
[INFO] [stdout] test rusty_ts_format_ignored_in_strict ... ok
[INFO] [stdout] test utc_flag_renders_in_utc ... ok
[INFO] [stdout] test unknown_iana_name_diagnosed ... ok
[INFO] [stdout] test elapsed_s_with_fixed_clock_shows_zero_from_start ... ok
[INFO] [stdout] test version_flag_exits_clean ... ok
[INFO] [stdout] test utc_and_tz_mutex_rejected ... ok
[INFO] [stdout] test monotonic_flag_combined_with_elapsed_works ... ok
[INFO] [stdout] 
[INFO] [stdout] failures:
[INFO] [stdout] 
[INFO] [stdout] ---- ts_alias_binary_auto_enables_strict stdout ----
[INFO] [stdout] 
[INFO] [stdout] thread 'ts_alias_binary_auto_enables_strict' (1802) panicked at tests/cli_errors.rs:112:44:
[INFO] [stdout] called `Result::unwrap()` on an `Err` value: CargoError { cause: Some(NotFoundError { path: "/opt/rustwide/target/release/ts" }) }
[INFO] [stdout] stack backtrace:
[INFO] [stdout]    0:     0x5d267c179d86 - <unknown>
[INFO] [stdout]    1:     0x5d267c092b8a - <unknown>
[INFO] [stdout]    2:     0x5d267c18144c - <unknown>
[INFO] [stdout]    3:     0x5d267c156522 - <unknown>
[INFO] [stdout]    4:     0x5d267c1725c1 - <unknown>
[INFO] [stdout]    5:     0x5d267c1727a2 - <unknown>
[INFO] [stdout]    6:     0x5d267c1565d2 - <unknown>
[INFO] [stdout]    7:     0x5d267c14f3c9 - <unknown>
[INFO] [stdout]    8:     0x5d267c1571ed - <unknown>
[INFO] [stdout]    9:     0x5d267c0932ac - <unknown>
[INFO] [stdout]   10:     0x5d267c093082 - <unknown>
[INFO] [stdout]   11:     0x5d267c08cff9 - <unknown>
[INFO] [stdout]   12:     0x5d267c1830cb - <unknown>
[INFO] [stdout]   13:     0x5d267c190f74 - <unknown>
[INFO] [stdout]   14:     0x5d267c18a6a4 - <unknown>
[INFO] [stdout]   15:     0x5d267c194d32 - <unknown>
[INFO] [stdout]   16:     0x5d267c179534 - <unknown>
[INFO] [stdout]   17:     0x76571da0adfa - <unknown>
[INFO] [stdout]   18:     0x76571da9e3d4 - clone
[INFO] [stdout]   19:                0x0 - <unknown>
[INFO] [stdout] 
[INFO] [stdout] 
[INFO] [stdout] failures:
[INFO] [stdout]     ts_alias_binary_auto_enables_strict
[INFO] [stdout] 
[INFO] [stdout] test result: FAILED. 20 passed; 1 failed; 0 ignored; 0 measured; 0 filtered out; finished in 0.26s
[INFO] [stdout] 
[INFO] [stderr] error: test failed, to rerun pass `--test cli_errors`
[INFO] running `Command { std: "docker" "inspect" "dc3bc7dc6c471333d052ab8068b4f99ddfaec3565b05af4933b137070ae135bf", kill_on_drop: false }`
[INFO] running `Command { std: "docker" "rm" "-f" "dc3bc7dc6c471333d052ab8068b4f99ddfaec3565b05af4933b137070ae135bf", kill_on_drop: false }`
[INFO] [stdout] dc3bc7dc6c471333d052ab8068b4f99ddfaec3565b05af4933b137070ae135bf
