[INFO] fetching crate rusty-train 0.1.0...
[INFO] testing rusty-train-0.1.0 against 1.99.0-beta.8+cargoflags=--release for beta-release-1.100-2
[INFO] extracting crate rusty-train 0.1.0 into /workspace/builds/worker-6-tc1/source
[INFO] started tweaking crates.io crate rusty-train 0.1.0
[INFO] removed 0 missing examples
[INFO] finished tweaking crates.io crate rusty-train 0.1.0
[INFO] tweaked toml for crates.io crate rusty-train 0.1.0 written to /workspace/builds/worker-6-tc1/source/Cargo.toml
[INFO] validating manifest of crates.io crate rusty-train 0.1.0 on toolchain 1.99.0-beta.8
[INFO] running `Command { std: CARGO_HOME="/workspace/cargo-home" RUSTUP_HOME="/workspace/rustup-home" "/workspace/cargo-home/bin/cargo" "+1.99.0-beta.8" "metadata" "--manifest-path" "Cargo.toml" "--no-deps", kill_on_drop: false }`
[INFO] crate crates.io crate rusty-train 0.1.0 already has a lockfile, it will not be regenerated
[INFO] running `Command { std: CARGO_HOME="/workspace/cargo-home" RUSTUP_HOME="/workspace/rustup-home" "/workspace/cargo-home/bin/cargo" "+1.99.0-beta.8" "fetch" "--manifest-path" "Cargo.toml", kill_on_drop: false }`
[INFO] [stderr]     Updating crates.io index
[INFO] [stderr]  Downloading crates ...
[INFO] [stderr]   Downloaded n18ui v0.1.0
[INFO] [stderr]   Downloaded n18token v0.1.0
[INFO] [stderr]   Downloaded n18hex v0.1.0
[INFO] [stderr]   Downloaded navig18xx v0.1.0
[INFO] [stderr]   Downloaded pangocairo v0.14.0
[INFO] [stderr]   Downloaded version-compare v0.0.11
[INFO] [stderr]   Downloaded glib-macros v0.14.1
[INFO] [stderr]   Downloaded strum v0.21.0
[INFO] [stderr]   Downloaded field-offset v0.3.4
[INFO] [stderr]   Downloaded cairo-rs v0.14.7
[INFO] [stderr]   Downloaded n18brush v0.1.0
[INFO] [stderr]   Downloaded gtk3-macros v0.14.0
[INFO] [stderr]   Downloaded strum_macros v0.21.1
[INFO] [stderr]   Downloaded gdk-pixbuf v0.14.0
[INFO] [stderr]   Downloaded futures-core v0.3.17
[INFO] [stderr]   Downloaded futures-io v0.3.17
[INFO] [stderr]   Downloaded n18catalogue v0.1.0
[INFO] [stderr]   Downloaded pangocairo-sys v0.14.0
[INFO] [stderr]   Downloaded gdk-pixbuf-sys v0.14.0
[INFO] [stderr]   Downloaded n18example v0.1.0
[INFO] [stderr]   Downloaded slab v0.4.4
[INFO] [stderr]   Downloaded cairo-sys-rs v0.14.0
[INFO] [stderr]   Downloaded n18io v0.1.0
[INFO] [stderr]   Downloaded futures-task v0.3.17
[INFO] [stderr]   Downloaded pin-project-lite v0.2.7
[INFO] [stderr]   Downloaded n18map v0.1.0
[INFO] [stderr]   Downloaded futures-executor v0.3.17
[INFO] [stderr]   Downloaded futures-channel v0.3.17
[INFO] [stderr]   Downloaded n18tile v0.1.0
[INFO] [stderr]   Downloaded atk-sys v0.14.0
[INFO] [stderr]   Downloaded semver-parser v0.10.2
[INFO] [stderr]   Downloaded system-deps v3.2.0
[INFO] [stderr]   Downloaded quote v1.0.10
[INFO] [stderr]   Downloaded pango-sys v0.14.0
[INFO] [stderr]   Downloaded gobject-sys v0.14.0
[INFO] [stderr]   Downloaded n18route v0.1.0
[INFO] [stderr]   Downloaded n18game v0.1.0
[INFO] [stderr]   Downloaded cfg-expr v0.8.1
[INFO] [stderr]   Downloaded pango v0.14.3
[INFO] [stderr]   Downloaded glib-sys v0.14.0
[INFO] [stderr]   Downloaded ucd-trie v0.1.3
[INFO] [stderr]   Downloaded atk v0.14.0
[INFO] [stderr]   Downloaded anyhow v1.0.44
[INFO] [stderr]   Downloaded gdk-sys v0.14.0
[INFO] [stderr]   Downloaded gdk v0.14.2
[INFO] [stderr]   Downloaded serde_derive v1.0.130
[INFO] [stderr]   Downloaded gio-sys v0.14.0
[INFO] [stderr]   Downloaded pest v2.1.3
[INFO] [stderr]   Downloaded serde_json v1.0.68
[INFO] [stderr]   Downloaded futures-util v0.3.17
[INFO] [stderr]   Downloaded gtk-sys v0.14.0
[INFO] [stderr]   Downloaded gio v0.14.6
[INFO] [stderr]   Downloaded glib v0.14.5
[INFO] [stderr]   Downloaded syn v1.0.80
[INFO] [stderr]   Downloaded gtk v0.14.1
[INFO] running `Command { std: "docker" "create" "-v" "/var/lib/crater-agent-workspace/builds/worker-6-tc1/source:/opt/rustwide/workdir:ro,Z" "-v" "/var/lib/crater-agent-workspace/builds/worker-6-tc1/target:/opt/rustwide/target:rw,Z" "-v" "/var/lib/crater-agent-workspace/cargo-home:/opt/rustwide/cargo-home:ro,Z" "-v" "/var/lib/crater-agent-workspace/rustup-home:/opt/rustwide/rustup-home:ro,Z" "-m" "1610612736" "--network" "none" "ghcr.io/rust-lang/crates-build-env/linux@sha256:77db811e55d90add9212f6832c23229e3de5f1c1f9905e8cb07319ea15df73ac" "sleep" "infinity", kill_on_drop: false }`
[INFO] [stdout] 7ef2e4c78a676ac9433f45c31bee4e3ead4ab2a7ddd785fefa4baffde043305f
[INFO] running `Command { std: "docker" "start" "7ef2e4c78a676ac9433f45c31bee4e3ead4ab2a7ddd785fefa4baffde043305f", kill_on_drop: false }`
[INFO] running `Command { std: "docker" "inspect" "7ef2e4c78a676ac9433f45c31bee4e3ead4ab2a7ddd785fefa4baffde043305f", kill_on_drop: false }`
[INFO] running `Command { std: "docker" "exec" "-e" "SOURCE_DIR=/opt/rustwide/workdir" "-e" "CARGO_HOME=/opt/rustwide/cargo-home" "-e" "RUSTUP_HOME=/opt/rustwide/rustup-home" "-e" "CARGO_TARGET_DIR=/opt/rustwide/target" "-w" "/opt/rustwide/workdir" "--user" "0:0" "7ef2e4c78a676ac9433f45c31bee4e3ead4ab2a7ddd785fefa4baffde043305f" "/opt/rustwide/cargo-home/bin/cargo" "+1.99.0-beta.8" "metadata" "--no-deps" "--format-version=1", kill_on_drop: false }`
[INFO] running `Command { std: "docker" "inspect" "7ef2e4c78a676ac9433f45c31bee4e3ead4ab2a7ddd785fefa4baffde043305f", kill_on_drop: false }`
[INFO] running `Command { std: "docker" "exec" "-e" "SOURCE_DIR=/opt/rustwide/workdir" "-e" "CARGO_HOME=/opt/rustwide/cargo-home" "-e" "RUSTUP_HOME=/opt/rustwide/rustup-home" "-e" "CARGO_TARGET_DIR=/opt/rustwide/target" "-e" "CARGO_INCREMENTAL=0" "-e" "RUST_BACKTRACE=full" "-e" "RUSTFLAGS=--cap-lints=warn" "-e" "RUSTDOCFLAGS=--cap-lints=warn" "-w" "/opt/rustwide/workdir" "--user" "0:0" "7ef2e4c78a676ac9433f45c31bee4e3ead4ab2a7ddd785fefa4baffde043305f" "/opt/rustwide/cargo-home/bin/cargo" "+1.99.0-beta.8" "build" "--frozen" "--message-format=json" "--release", kill_on_drop: false }`
[INFO] [stderr]    Compiling proc-macro2 v1.0.29
[INFO] [stderr]    Compiling syn v1.0.80
[INFO] [stderr]    Compiling serde v1.0.130
[INFO] [stderr]    Compiling serde_derive v1.0.130
[INFO] [stderr]    Compiling anyhow v1.0.44
[INFO] [stderr]    Compiling smallvec v1.7.0
[INFO] [stderr]    Compiling pkg-config v0.3.20
[INFO] [stderr]    Compiling either v1.6.1
[INFO] [stderr]    Compiling version-compare v0.0.11
[INFO] [stderr]    Compiling strum v0.21.0
[INFO] [stderr]    Compiling libc v0.2.103
[INFO] [stderr]    Compiling futures-core v0.3.17
[INFO] [stderr]    Compiling futures-task v0.3.17
[INFO] [stderr]    Compiling futures-util v0.3.17
[INFO] [stderr]    Compiling futures-channel v0.3.17
[INFO] [stderr]    Compiling pin-project-lite v0.2.7
[INFO] [stderr]    Compiling slab v0.4.4
[INFO] [stderr]    Compiling itertools v0.10.1
[INFO] [stderr]    Compiling once_cell v1.8.0
[INFO] [stderr]    Compiling memoffset v0.6.4
[INFO] [stderr]    Compiling crossbeam-utils v0.8.5
[INFO] [stderr]    Compiling crossbeam-epoch v0.9.5
[INFO] [stderr]    Compiling ucd-trie v0.1.3
[INFO] [stderr]    Compiling gio v0.14.6
[INFO] [stderr]    Compiling futures-io v0.3.17
[INFO] [stderr]    Compiling ryu v1.0.5
[INFO] [stderr]    Compiling serde_json v1.0.68
[INFO] [stderr]    Compiling pest v2.1.3
[INFO] [stderr]    Compiling itoa v0.4.8
[INFO] [stderr]    Compiling regex-syntax v0.6.25
[INFO] [stderr]    Compiling quick-error v1.2.3
[INFO] [stderr]    Compiling humantime v1.3.0
[INFO] [stderr]    Compiling cfg-expr v0.8.1
[INFO] [stderr]    Compiling gtk v0.14.1
[INFO] [stderr]    Compiling crossbeam-channel v0.5.1
[INFO] [stderr]    Compiling quote v1.0.10
[INFO] [stderr]    Compiling semver-parser v0.10.2
[INFO] [stderr]    Compiling num_cpus v1.13.0
[INFO] [stderr]    Compiling time v0.1.44
[INFO] [stderr]    Compiling atty v0.2.14
[INFO] [stderr]    Compiling proc-macro-error-attr v1.0.4
[INFO] [stderr]    Compiling crossbeam-deque v0.8.1
[INFO] [stderr]    Compiling chrono v0.4.19
[INFO] [stderr]    Compiling semver v0.11.0
[INFO] [stderr]    Compiling rustc_version v0.3.3
[INFO] [stderr]    Compiling rayon-core v1.9.1
[INFO] [stderr]    Compiling field-offset v0.3.4
[INFO] [stderr]    Compiling rayon v1.5.1
[INFO] [stderr]    Compiling regex v1.5.4
[INFO] [stderr]    Compiling futures-executor v0.3.17
[INFO] [stderr]    Compiling env_logger v0.7.1
[INFO] [stderr]    Compiling proc-macro-error v1.0.4
[INFO] [stderr]    Compiling thiserror-impl v1.0.29
[INFO] [stderr]    Compiling strum_macros v0.21.1
[INFO] [stderr]    Compiling thiserror v1.0.29
[INFO] [stderr]    Compiling toml v0.5.8
[INFO] [stderr]    Compiling system-deps v3.2.0
[INFO] [stderr]    Compiling proc-macro-crate v1.1.0
[INFO] [stderr]    Compiling glib-macros v0.14.1
[INFO] [stderr]    Compiling gtk3-macros v0.14.0
[INFO] [stderr]    Compiling glib-sys v0.14.0
[INFO] [stderr]    Compiling gobject-sys v0.14.0
[INFO] [stderr]    Compiling cairo-sys-rs v0.14.0
[INFO] [stderr]    Compiling pango-sys v0.14.0
[INFO] [stderr]    Compiling gio-sys v0.14.0
[INFO] [stderr]    Compiling pangocairo-sys v0.14.0
[INFO] [stderr]    Compiling gdk-pixbuf-sys v0.14.0
[INFO] [stderr]    Compiling gdk-sys v0.14.0
[INFO] [stderr]    Compiling atk-sys v0.14.0
[INFO] [stderr]    Compiling gtk-sys v0.14.0
[INFO] [stderr]    Compiling glib v0.14.5
[INFO] [stderr]    Compiling cairo-rs v0.14.7
[INFO] [stderr]    Compiling pango v0.14.3
[INFO] [stderr]    Compiling atk v0.14.0
[INFO] [stderr]    Compiling pangocairo v0.14.0
[INFO] [stderr]    Compiling n18hex v0.1.0
[INFO] [stderr]    Compiling n18tile v0.1.0
[INFO] [stderr]    Compiling n18token v0.1.0
[INFO] [stderr]    Compiling n18catalogue v0.1.0
[INFO] [stderr]    Compiling n18map v0.1.0
[INFO] [stderr]    Compiling n18route v0.1.0
[INFO] [stderr]    Compiling n18game v0.1.0
[INFO] [stderr]    Compiling n18brush v0.1.0
[INFO] [stderr]    Compiling n18io v0.1.0
[INFO] [stderr]    Compiling n18example v0.1.0
[INFO] [stderr]    Compiling gdk-pixbuf v0.14.0
[INFO] [stderr]    Compiling gdk v0.14.2
[INFO] [stderr]    Compiling n18ui v0.1.0
[INFO] [stderr]    Compiling navig18xx v0.1.0
[INFO] [stderr]    Compiling rusty-train v0.1.0 (/opt/rustwide/workdir)
[INFO] [stderr]     Finished `release` profile [optimized] target(s) in 2m 18s
[INFO] running `Command { std: "docker" "inspect" "7ef2e4c78a676ac9433f45c31bee4e3ead4ab2a7ddd785fefa4baffde043305f", kill_on_drop: false }`
[INFO] running `Command { std: "docker" "exec" "-e" "SOURCE_DIR=/opt/rustwide/workdir" "-e" "CARGO_HOME=/opt/rustwide/cargo-home" "-e" "RUSTUP_HOME=/opt/rustwide/rustup-home" "-e" "CARGO_TARGET_DIR=/opt/rustwide/target" "-e" "CARGO_INCREMENTAL=0" "-e" "RUST_BACKTRACE=full" "-e" "RUSTFLAGS=--cap-lints=warn" "-e" "RUSTDOCFLAGS=--cap-lints=warn" "-w" "/opt/rustwide/workdir" "--user" "0:0" "7ef2e4c78a676ac9433f45c31bee4e3ead4ab2a7ddd785fefa4baffde043305f" "/opt/rustwide/cargo-home/bin/cargo" "+1.99.0-beta.8" "test" "--frozen" "--no-run" "--message-format=json" "--release", kill_on_drop: false }`
[INFO] [stderr]    Compiling rusty-train v0.1.0 (/opt/rustwide/workdir)
[INFO] [stdout] warning: use of deprecated constant `std::f64::EPSILON`: replaced by the `EPSILON` associated constant on `f64`
[INFO] [stdout]   --> tests/track.rs:91:54
[INFO] [stdout]    |
[INFO] [stdout] 91 |                     if (*x1 - 1.0).abs() < std::f64::EPSILON {
[INFO] [stdout]    |                                                      ^^^^^^^
[INFO] [stdout]    |
[INFO] [stdout]    = note: `#[warn(deprecated)]` on by default
[INFO] [stdout] 
[INFO] [stdout] 
[INFO] [stderr]     Finished `release` profile [optimized] target(s) in 11.66s
[INFO] running `Command { std: "docker" "inspect" "7ef2e4c78a676ac9433f45c31bee4e3ead4ab2a7ddd785fefa4baffde043305f", kill_on_drop: false }`
[INFO] running `Command { std: "docker" "exec" "-e" "SOURCE_DIR=/opt/rustwide/workdir" "-e" "CARGO_HOME=/opt/rustwide/cargo-home" "-e" "RUSTUP_HOME=/opt/rustwide/rustup-home" "-e" "CARGO_TARGET_DIR=/opt/rustwide/target" "-e" "CARGO_INCREMENTAL=0" "-e" "RUST_BACKTRACE=full" "-e" "RUSTFLAGS=--cap-lints=warn" "-e" "RUSTDOCFLAGS=--cap-lints=warn" "-w" "/opt/rustwide/workdir" "--user" "0:0" "7ef2e4c78a676ac9433f45c31bee4e3ead4ab2a7ddd785fefa4baffde043305f" "/opt/rustwide/cargo-home/bin/cargo" "+1.99.0-beta.8" "test" "--frozen" "--release", kill_on_drop: false }`
[INFO] [stderr] warning: use of deprecated constant `std::f64::EPSILON`: replaced by the `EPSILON` associated constant on `f64`
[INFO] [stderr]   --> tests/track.rs:91:54
[INFO] [stderr]    |
[INFO] [stderr] 91 |                     if (*x1 - 1.0).abs() < std::f64::EPSILON {
[INFO] [stderr]    |                                                      ^^^^^^^
[INFO] [stderr]    |
[INFO] [stderr]    = note: `#[warn(deprecated)]` on by default
[INFO] [stderr] 
[INFO] [stderr] warning: `rusty-train` (test "track") generated 1 warning
[INFO] [stderr]     Finished `release` profile [optimized] target(s) in 0.11s
[INFO] [stderr]      Running unittests src/bin/rusty_train.rs (/opt/rustwide/target/release/deps/rusty_train-12faeb280648b76e)
[INFO] [stdout] 
[INFO] [stdout] running 0 tests
[INFO] [stdout] 
[INFO] [stdout] test result: ok. 0 passed; 0 failed; 0 ignored; 0 measured; 0 filtered out; finished in 0.00s
[INFO] [stdout] 
[INFO] [stderr]      Running tests/1861_ekat.rs (/opt/rustwide/target/release/deps/1861_ekat-cd5c61c33476c111)
[INFO] [stdout] 
[INFO] [stdout] running 1 test
[INFO] [stderr] 2026-10-18T16:13:49 [INFO] 
[INFO] [stderr] 2026-10-18T16:13:49 [INFO] Searching for the best routes ...
[INFO] [stderr] 2026-10-18T16:13:49 [INFO] Searching for paths from 1 locations
[INFO] [stderr] 2026-10-18T16:13:49 [INFO] Found 1 paths that pass through (4, 7)
[INFO] [stderr] 2026-10-18T16:13:49 [INFO] Found 1 paths in total
[INFO] [stderr] 2026-10-18T16:13:49 [INFO] Enumerated 1 routes in 0.00300242
[INFO] [stderr] 2026-10-18T16:13:49 [INFO] Building path/train revenue table
[INFO] [stderr] 2026-10-18T16:13:49 [INFO] Searching for best path combination
[INFO] [stderr] 2026-10-18T16:13:49 [INFO] Number of solutions: 1
[INFO] [stderr] 2026-10-18T16:13:49 [INFO] Found a best pairing? true
[INFO] [stderr] 2026-10-18T16:13:49 [INFO] Calculated (train, path) revenues in 0.000237811
[INFO] [stderr] 2026-10-18T16:13:49 [INFO] Searching for the best routes took 0.00336882
[INFO] [stdout] test main ... FAILED
[INFO] [stdout] 
[INFO] [stdout] failures:
[INFO] [stdout] 
[INFO] [stdout] ---- main stdout ----
[INFO] [stdout] Phase 2: $70
[INFO] [stdout] Writing ./tests/output/1861_ekat_phase_2_2-train.png ...
[INFO] [stdout] 
[INFO] [stdout] thread 'main' (3024) panicked at tests/1861_ekat.rs:216:41:
[INFO] [stdout] Can't create output file: Os { code: 30, kind: ReadOnlyFilesystem, message: "Read-only file system" }
[INFO] [stdout] stack backtrace:
[INFO] [stdout]    0:     0x55bf843f1e81 - <<std[70759c8f55707aa4]::sys::backtrace::BacktraceLock>::print::DisplayBacktrace as core[df12db4294e9bfd3]::fmt::Display>::fmt
[INFO] [stdout]    1:     0x55bf844076fa - core[df12db4294e9bfd3]::fmt::write
[INFO] [stdout]    2:     0x55bf843f66ec - <alloc[2182bb758b4b3781]::vec::Vec<u8> as core[df12db4294e9bfd3]::io::write::Write>::write_fmt
[INFO] [stdout]    3:     0x55bf843cdf86 - std[70759c8f55707aa4]::panicking::default_hook::{closure#0}
[INFO] [stdout]    4:     0x55bf843ea3b9 - std[70759c8f55707aa4]::panicking::default_hook
[INFO] [stdout]    5:     0x55bf842d6b00 - test[9d35eded1c95d3be]::test_main_inner::<test[9d35eded1c95d3be]::test_main_static::{closure#0}>::{closure#0}
[INFO] [stdout]    6:     0x55bf843ea6e2 - std[70759c8f55707aa4]::panicking::panic_with_hook
[INFO] [stdout]    7:     0x55bf843ce032 - std[70759c8f55707aa4]::panicking::panic_handler::{closure#0}
[INFO] [stdout]    8:     0x55bf843c6d89 - std[70759c8f55707aa4]::sys::backtrace::__rust_end_short_backtrace::<std[70759c8f55707aa4]::panicking::panic_handler::{closure#0}, !>
[INFO] [stdout]    9:     0x55bf843cec2d - __rustc[8fa7c3cbc660c2b3]::rust_begin_unwind
[INFO] [stdout]   10:     0x55bf84407e5c - core[df12db4294e9bfd3]::panicking::panic_fmt
[INFO] [stdout]   11:     0x55bf84407c32 - core[df12db4294e9bfd3]::result::unwrap_failed
[INFO] [stdout]   12:     0x55bf84248d82 - 1861_ekat[79994a92a0641342]::find_routes_for_phase
[INFO] [stdout]   13:     0x55bf842495d1 - <1861_ekat[79994a92a0641342]::main::{closure#0} as core[df12db4294e9bfd3]::ops::function::FnOnce<()>>::call_once
[INFO] [stdout]   14:     0x55bf842c9deb - test[9d35eded1c95d3be]::__rust_begin_short_backtrace::<core[df12db4294e9bfd3]::result::Result<(), alloc[2182bb758b4b3781]::string::String>, fn() -> core[df12db4294e9bfd3]::result::Result<(), alloc[2182bb758b4b3781]::string::String>>
[INFO] [stdout]   15:     0x55bf842d7455 - test[9d35eded1c95d3be]::run_test::{closure#0}
[INFO] [stdout]   16:     0x55bf842d0d14 - std[70759c8f55707aa4]::sys::backtrace::__rust_begin_short_backtrace::<test[9d35eded1c95d3be]::run_test::{closure#1}, ()>
[INFO] [stdout]   17:     0x55bf842da5b2 - <std[70759c8f55707aa4]::thread::lifecycle::spawn_unchecked<test[9d35eded1c95d3be]::run_test::{closure#1}, ()>::{closure#1} as core[df12db4294e9bfd3]::ops::function::FnOnce<()>>::call_once::{shim:vtable#0}
[INFO] [stdout]   18:     0x55bf843f1749 - <std[70759c8f55707aa4]::sys::thread::unix::Thread>::new::thread_start
[INFO] [stdout]   19:     0x70e253366dfa - <unknown>
[INFO] [stdout]   20:     0x70e2533fa3d4 - clone
[INFO] [stdout]   21:                0x0 - <unknown>
[INFO] [stdout] 
[INFO] [stdout] 
[INFO] [stdout] failures:
[INFO] [stdout]     main
[INFO] [stdout] 
[INFO] [stdout] test result: FAILED. 0 passed; 1 failed; 0 ignored; 0 measured; 0 filtered out; finished in 0.39s
[INFO] [stdout] 
[INFO] [stderr] error: test failed, to rerun pass `--test 1861_ekat`
[INFO] running `Command { std: "docker" "inspect" "7ef2e4c78a676ac9433f45c31bee4e3ead4ab2a7ddd785fefa4baffde043305f", kill_on_drop: false }`
[INFO] running `Command { std: "docker" "rm" "-f" "7ef2e4c78a676ac9433f45c31bee4e3ead4ab2a7ddd785fefa4baffde043305f", kill_on_drop: false }`
[INFO] [stdout] 7ef2e4c78a676ac9433f45c31bee4e3ead4ab2a7ddd785fefa4baffde043305f
