[INFO] fetching crate rusty-tracks 0.0.12...
[INFO] testing rusty-tracks-0.0.12 against 1.100.0-beta.1+cargoflags=--release for beta-release-1.100-2
[INFO] extracting crate rusty-tracks 0.0.12 into /workspace/builds/worker-5-tc2/source
[INFO] started tweaking crates.io crate rusty-tracks 0.0.12
[INFO] finished tweaking crates.io crate rusty-tracks 0.0.12
[INFO] tweaked toml for crates.io crate rusty-tracks 0.0.12 written to /workspace/builds/worker-5-tc2/source/Cargo.toml
[INFO] validating manifest of crates.io crate rusty-tracks 0.0.12 on toolchain 1.100.0-beta.1
[INFO] running `Command { std: CARGO_HOME="/workspace/cargo-home" RUSTUP_HOME="/workspace/rustup-home" "/workspace/cargo-home/bin/cargo" "+1.100.0-beta.1" "metadata" "--manifest-path" "Cargo.toml" "--no-deps", kill_on_drop: false }`
[INFO] crate crates.io crate rusty-tracks 0.0.12 already has a lockfile, it will not be regenerated
[INFO] running `Command { std: CARGO_HOME="/workspace/cargo-home" RUSTUP_HOME="/workspace/rustup-home" "/workspace/cargo-home/bin/cargo" "+1.100.0-beta.1" "fetch" "--manifest-path" "Cargo.toml", kill_on_drop: false }`
[INFO] [stderr] warning: `package.homepage` is redundant with `package.repository`
[INFO] [stderr]   --> Cargo.toml:24:12
[INFO] [stderr]    |
[INFO] [stderr] 24 | homepage = "https://github.com/data-tracks/RustyTracks"
[INFO] [stderr]    |            ^^^^^^^^^^^^^^^^^^^^^^^^^^^^^^^^^^^^^^^^^^^^
[INFO] [stderr] ...
[INFO] [stderr] 29 | repository = "https://github.com/data-tracks/RustyTracks"
[INFO] [stderr]    |              --------------------------------------------
[INFO] [stderr]    |
[INFO] [stderr]    = note: `cargo::redundant_homepage` is set to `warn` by default
[INFO] [stderr] help: consider removing `package.homepage`
[INFO] [stderr] warning: `rusty-tracks` (manifest) generated 1 warning
[INFO] running `Command { std: "docker" "create" "-v" "/var/lib/crater-agent-workspace/builds/worker-5-tc2/source:/opt/rustwide/workdir:ro,Z" "-v" "/var/lib/crater-agent-workspace/builds/worker-5-tc2/target:/opt/rustwide/target:rw,Z" "-v" "/var/lib/crater-agent-workspace/cargo-home:/opt/rustwide/cargo-home:ro,Z" "-v" "/var/lib/crater-agent-workspace/rustup-home:/opt/rustwide/rustup-home:ro,Z" "-m" "1610612736" "--network" "none" "ghcr.io/rust-lang/crates-build-env/linux@sha256:77db811e55d90add9212f6832c23229e3de5f1c1f9905e8cb07319ea15df73ac" "sleep" "infinity", kill_on_drop: false }`
[INFO] [stdout] 73c2aa71429a9a5f756e0894c04b813a880ade70ffb4540d35b1846b9ab437c2
[INFO] running `Command { std: "docker" "start" "73c2aa71429a9a5f756e0894c04b813a880ade70ffb4540d35b1846b9ab437c2", kill_on_drop: false }`
[INFO] running `Command { std: "docker" "inspect" "73c2aa71429a9a5f756e0894c04b813a880ade70ffb4540d35b1846b9ab437c2", kill_on_drop: false }`
[INFO] running `Command { std: "docker" "exec" "-e" "SOURCE_DIR=/opt/rustwide/workdir" "-e" "CARGO_HOME=/opt/rustwide/cargo-home" "-e" "RUSTUP_HOME=/opt/rustwide/rustup-home" "-e" "CARGO_TARGET_DIR=/opt/rustwide/target" "-w" "/opt/rustwide/workdir" "--user" "0:0" "73c2aa71429a9a5f756e0894c04b813a880ade70ffb4540d35b1846b9ab437c2" "/opt/rustwide/cargo-home/bin/cargo" "+1.100.0-beta.1" "metadata" "--no-deps" "--format-version=1", kill_on_drop: false }`
[INFO] running `Command { std: "docker" "inspect" "73c2aa71429a9a5f756e0894c04b813a880ade70ffb4540d35b1846b9ab437c2", kill_on_drop: false }`
[INFO] running `Command { std: "docker" "exec" "-e" "SOURCE_DIR=/opt/rustwide/workdir" "-e" "CARGO_HOME=/opt/rustwide/cargo-home" "-e" "RUSTUP_HOME=/opt/rustwide/rustup-home" "-e" "CARGO_TARGET_DIR=/opt/rustwide/target" "-e" "CARGO_INCREMENTAL=0" "-e" "RUST_BACKTRACE=full" "-e" "RUSTFLAGS=--cap-lints=warn" "-e" "RUSTDOCFLAGS=--cap-lints=warn" "-w" "/opt/rustwide/workdir" "--user" "0:0" "73c2aa71429a9a5f756e0894c04b813a880ade70ffb4540d35b1846b9ab437c2" "/opt/rustwide/cargo-home/bin/cargo" "+1.100.0-beta.1" "build" "--frozen" "--message-format=json" "--release", kill_on_drop: false }`
[INFO] [stderr] warning: `package.homepage` is redundant with `package.repository`
[INFO] [stderr]   --> Cargo.toml:24:12
[INFO] [stderr]    |
[INFO] [stderr] 24 | homepage = "https://github.com/data-tracks/RustyTracks"
[INFO] [stderr]    |            ^^^^^^^^^^^^^^^^^^^^^^^^^^^^^^^^^^^^^^^^^^^^
[INFO] [stderr] ...
[INFO] [stderr] 29 | repository = "https://github.com/data-tracks/RustyTracks"
[INFO] [stderr]    |              --------------------------------------------
[INFO] [stderr]    |
[INFO] [stderr]    = note: `cargo::redundant_homepage` is set to `warn` by default
[INFO] [stderr] help: consider removing `package.homepage`
[INFO] [stderr] warning: `rusty-tracks` (manifest) generated 1 warning
[INFO] [stderr]    Compiling semver v1.0.26
[INFO] [stderr]    Compiling syn v2.0.104
[INFO] [stderr]    Compiling rustc_version v0.4.1
[INFO] [stderr]    Compiling flatbuffers v25.2.10
[INFO] [stderr]    Compiling track-rails v0.0.7
[INFO] [stderr]    Compiling tracing-attributes v0.1.30
[INFO] [stderr]    Compiling tracing v0.1.41
[INFO] [stderr]    Compiling rusty-tracks v0.0.12 (/opt/rustwide/workdir)
[INFO] [stdout] warning: unused import: `TcpListener`
[INFO] [stdout]  --> src/connection/client.rs:1:28
[INFO] [stdout]   |
[INFO] [stdout] 1 | use std::net::{SocketAddr, TcpListener, TcpStream};
[INFO] [stdout]   |                            ^^^^^^^^^^^
[INFO] [stdout]   |
[INFO] [stdout]   = note: `#[warn(unused_imports)]` (part of `#[warn(unused)]`) on by default
[INFO] [stdout] 
[INFO] [stdout] 
[INFO] [stdout] warning: fields `host` and `port` are never read
[INFO] [stdout]   --> src/connection/connection.rs:17:5
[INFO] [stdout]    |
[INFO] [stdout] 15 | pub struct Connection {
[INFO] [stdout]    |            ---------- fields in this struct
[INFO] [stdout] 16 |     id: Option<usize>,
[INFO] [stdout] 17 |     host: String,
[INFO] [stdout]    |     ^^^^
[INFO] [stdout] 18 |     port: u16,
[INFO] [stdout]    |     ^^^^
[INFO] [stdout]    |
[INFO] [stdout]    = note: `#[warn(dead_code)]` (part of `#[warn(unused)]`) on by default
[INFO] [stdout] 
[INFO] [stdout] 
[INFO] [stdout] warning: field `id` is never read
[INFO] [stdout]  --> src/messages/register.rs:7:5
[INFO] [stdout]   |
[INFO] [stdout] 5 | pub struct RegisterResponse {
[INFO] [stdout]   |            ---------------- field in this struct
[INFO] [stdout] 6 |     pub(crate) permissions: Vec<Permission>,
[INFO] [stdout] 7 |     id: usize
[INFO] [stdout]   |     ^^
[INFO] [stdout]   |
[INFO] [stdout]   = note: `RegisterResponse` has a derived impl for the trait `Debug`, but this is intentionally ignored during dead code analysis
[INFO] [stdout] 
[INFO] [stdout] 
[INFO] [stdout] warning: field `already_running` is never read
[INFO] [stdout]   --> src/messages/plan.rs:87:5
[INFO] [stdout]    |
[INFO] [stdout] 86 | pub struct StartPlan {
[INFO] [stdout]    |            --------- field in this struct
[INFO] [stdout] 87 |     already_running: bool,
[INFO] [stdout]    |     ^^^^^^^^^^^^^^^
[INFO] [stdout] 
[INFO] [stdout] 
[INFO] [stdout] warning: field `already_stopped` is never read
[INFO] [stdout]    --> src/messages/plan.rs:105:5
[INFO] [stdout]     |
[INFO] [stdout] 104 | pub struct StopPlan {
[INFO] [stdout]     |            -------- field in this struct
[INFO] [stdout] 105 |     already_stopped: bool
[INFO] [stdout]     |     ^^^^^^^^^^^^^^^
[INFO] [stdout] 
[INFO] [stdout] 
[INFO] [stdout] warning: field `values` is never read
[INFO] [stdout]  --> src/messages/train.rs:7:5
[INFO] [stdout]   |
[INFO] [stdout] 6 | pub struct Train {
[INFO] [stdout]   |            ----- field in this struct
[INFO] [stdout] 7 |     values: Vec<Value>
[INFO] [stdout]   |     ^^^^^^
[INFO] [stdout]   |
[INFO] [stdout]   = note: `Train` has a derived impl for the trait `Debug`, but this is intentionally ignored during dead code analysis
[INFO] [stdout] 
[INFO] [stdout] 
[INFO] [stderr]     Finished `release` profile [optimized] target(s) in 9.31s
[INFO] running `Command { std: "docker" "inspect" "73c2aa71429a9a5f756e0894c04b813a880ade70ffb4540d35b1846b9ab437c2", kill_on_drop: false }`
[INFO] running `Command { std: "docker" "exec" "-e" "SOURCE_DIR=/opt/rustwide/workdir" "-e" "CARGO_HOME=/opt/rustwide/cargo-home" "-e" "RUSTUP_HOME=/opt/rustwide/rustup-home" "-e" "CARGO_TARGET_DIR=/opt/rustwide/target" "-e" "CARGO_INCREMENTAL=0" "-e" "RUST_BACKTRACE=full" "-e" "RUSTFLAGS=--cap-lints=warn" "-e" "RUSTDOCFLAGS=--cap-lints=warn" "-w" "/opt/rustwide/workdir" "--user" "0:0" "73c2aa71429a9a5f756e0894c04b813a880ade70ffb4540d35b1846b9ab437c2" "/opt/rustwide/cargo-home/bin/cargo" "+1.100.0-beta.1" "test" "--frozen" "--no-run" "--message-format=json" "--release", kill_on_drop: false }`
[INFO] [stderr] warning: `package.homepage` is redundant with `package.repository`
[INFO] [stderr]   --> Cargo.toml:24:12
[INFO] [stderr]    |
[INFO] [stderr] 24 | homepage = "https://github.com/data-tracks/RustyTracks"
[INFO] [stderr]    |            ^^^^^^^^^^^^^^^^^^^^^^^^^^^^^^^^^^^^^^^^^^^^
[INFO] [stderr] ...
[INFO] [stderr] 29 | repository = "https://github.com/data-tracks/RustyTracks"
[INFO] [stderr]    |              --------------------------------------------
[INFO] [stderr]    |
[INFO] [stderr]    = note: `cargo::redundant_homepage` is set to `warn` by default
[INFO] [stderr] help: consider removing `package.homepage`
[INFO] [stderr] warning: `rusty-tracks` (manifest) generated 1 warning
[INFO] [stderr]    Compiling rusty-tracks v0.0.12 (/opt/rustwide/workdir)
[INFO] [stdout] warning: unused import: `TcpListener`
[INFO] [stdout]  --> src/connection/client.rs:1:28
[INFO] [stdout]   |
[INFO] [stdout] 1 | use std::net::{SocketAddr, TcpListener, TcpStream};
[INFO] [stdout]   |                            ^^^^^^^^^^^
[INFO] [stdout]   |
[INFO] [stdout]   = note: `#[warn(unused_imports)]` (part of `#[warn(unused)]`) on by default
[INFO] [stdout] 
[INFO] [stdout] 
[INFO] [stdout] warning: fields `host` and `port` are never read
[INFO] [stdout]   --> src/connection/connection.rs:17:5
[INFO] [stdout]    |
[INFO] [stdout] 15 | pub struct Connection {
[INFO] [stdout]    |            ---------- fields in this struct
[INFO] [stdout] 16 |     id: Option<usize>,
[INFO] [stdout] 17 |     host: String,
[INFO] [stdout]    |     ^^^^
[INFO] [stdout] 18 |     port: u16,
[INFO] [stdout]    |     ^^^^
[INFO] [stdout]    |
[INFO] [stdout]    = note: `#[warn(dead_code)]` (part of `#[warn(unused)]`) on by default
[INFO] [stdout] 
[INFO] [stdout] 
[INFO] [stdout] warning: field `id` is never read
[INFO] [stdout]  --> src/messages/register.rs:7:5
[INFO] [stdout]   |
[INFO] [stdout] 5 | pub struct RegisterResponse {
[INFO] [stdout]   |            ---------------- field in this struct
[INFO] [stdout] 6 |     pub(crate) permissions: Vec<Permission>,
[INFO] [stdout] 7 |     id: usize
[INFO] [stdout]   |     ^^
[INFO] [stdout]   |
[INFO] [stdout]   = note: `RegisterResponse` has a derived impl for the trait `Debug`, but this is intentionally ignored during dead code analysis
[INFO] [stdout] 
[INFO] [stdout] 
[INFO] [stdout] warning: field `already_running` is never read
[INFO] [stdout]   --> src/messages/plan.rs:87:5
[INFO] [stdout]    |
[INFO] [stdout] 86 | pub struct StartPlan {
[INFO] [stdout]    |            --------- field in this struct
[INFO] [stdout] 87 |     already_running: bool,
[INFO] [stdout]    |     ^^^^^^^^^^^^^^^
[INFO] [stdout] 
[INFO] [stdout] 
[INFO] [stdout] warning: field `already_stopped` is never read
[INFO] [stdout]    --> src/messages/plan.rs:105:5
[INFO] [stdout]     |
[INFO] [stdout] 104 | pub struct StopPlan {
[INFO] [stdout]     |            -------- field in this struct
[INFO] [stdout] 105 |     already_stopped: bool
[INFO] [stdout]     |     ^^^^^^^^^^^^^^^
[INFO] [stdout] 
[INFO] [stdout] 
[INFO] [stdout] warning: field `values` is never read
[INFO] [stdout]  --> src/messages/train.rs:7:5
[INFO] [stdout]   |
[INFO] [stdout] 6 | pub struct Train {
[INFO] [stdout]   |            ----- field in this struct
[INFO] [stdout] 7 |     values: Vec<Value>
[INFO] [stdout]   |     ^^^^^^
[INFO] [stdout]   |
[INFO] [stdout]   = note: `Train` has a derived impl for the trait `Debug`, but this is intentionally ignored during dead code analysis
[INFO] [stdout] 
[INFO] [stdout] 
[INFO] [stdout] warning: unused import: `TcpListener`
[INFO] [stdout]  --> src/connection/client.rs:1:28
[INFO] [stdout]   |
[INFO] [stdout] 1 | use std::net::{SocketAddr, TcpListener, TcpStream};
[INFO] [stdout]   |                            ^^^^^^^^^^^
[INFO] [stdout]   |
[INFO] [stdout]   = note: `#[warn(unused_imports)]` (part of `#[warn(unused)]`) on by default
[INFO] [stdout] 
[INFO] [stdout] 
[INFO] [stdout] warning: unused variable: `connection`
[INFO] [stdout]   --> src/test.rs:49:17
[INFO] [stdout]    |
[INFO] [stdout] 49 |             let connection = client.connect().unwrap();
[INFO] [stdout]    |                 ^^^^^^^^^^ help: if this is intentional, prefix it with an underscore: `_connection`
[INFO] [stdout]    |
[INFO] [stdout]    = note: `#[warn(unused_variables)]` (part of `#[warn(unused)]`) on by default
[INFO] [stdout] 
[INFO] [stdout] 
[INFO] [stdout] warning: unused variable: `id`
[INFO] [stdout]   --> src/test.rs:59:13
[INFO] [stdout]    |
[INFO] [stdout] 59 |         let id = admin.create_plan("Test Plan", "0--1--2").unwrap();
[INFO] [stdout]    |             ^^ help: if this is intentional, prefix it with an underscore: `_id`
[INFO] [stdout] 
[INFO] [stdout] 
[INFO] [stdout] warning: fields `host` and `port` are never read
[INFO] [stdout]   --> src/connection/connection.rs:17:5
[INFO] [stdout]    |
[INFO] [stdout] 15 | pub struct Connection {
[INFO] [stdout]    |            ---------- fields in this struct
[INFO] [stdout] 16 |     id: Option<usize>,
[INFO] [stdout] 17 |     host: String,
[INFO] [stdout]    |     ^^^^
[INFO] [stdout] 18 |     port: u16,
[INFO] [stdout]    |     ^^^^
[INFO] [stdout]    |
[INFO] [stdout]    = note: `#[warn(dead_code)]` (part of `#[warn(unused)]`) on by default
[INFO] [stdout] 
[INFO] [stdout] 
[INFO] [stdout] warning: field `id` is never read
[INFO] [stdout]  --> src/messages/register.rs:7:5
[INFO] [stdout]   |
[INFO] [stdout] 5 | pub struct RegisterResponse {
[INFO] [stdout]   |            ---------------- field in this struct
[INFO] [stdout] 6 |     pub(crate) permissions: Vec<Permission>,
[INFO] [stdout] 7 |     id: usize
[INFO] [stdout]   |     ^^
[INFO] [stdout]   |
[INFO] [stdout]   = note: `RegisterResponse` has a derived impl for the trait `Debug`, but this is intentionally ignored during dead code analysis
[INFO] [stdout] 
[INFO] [stdout] 
[INFO] [stdout] warning: field `already_running` is never read
[INFO] [stdout]   --> src/messages/plan.rs:87:5
[INFO] [stdout]    |
[INFO] [stdout] 86 | pub struct StartPlan {
[INFO] [stdout]    |            --------- field in this struct
[INFO] [stdout] 87 |     already_running: bool,
[INFO] [stdout]    |     ^^^^^^^^^^^^^^^
[INFO] [stdout] 
[INFO] [stdout] 
[INFO] [stdout] warning: field `already_stopped` is never read
[INFO] [stdout]    --> src/messages/plan.rs:105:5
[INFO] [stdout]     |
[INFO] [stdout] 104 | pub struct StopPlan {
[INFO] [stdout]     |            -------- field in this struct
[INFO] [stdout] 105 |     already_stopped: bool
[INFO] [stdout]     |     ^^^^^^^^^^^^^^^
[INFO] [stdout] 
[INFO] [stdout] 
[INFO] [stdout] warning: field `values` is never read
[INFO] [stdout]  --> src/messages/train.rs:7:5
[INFO] [stdout]   |
[INFO] [stdout] 6 | pub struct Train {
[INFO] [stdout]   |            ----- field in this struct
[INFO] [stdout] 7 |     values: Vec<Value>
[INFO] [stdout]   |     ^^^^^^
[INFO] [stdout]   |
[INFO] [stdout]   = note: `Train` has a derived impl for the trait `Debug`, but this is intentionally ignored during dead code analysis
[INFO] [stdout] 
[INFO] [stdout] 
[INFO] [stderr]     Finished `release` profile [optimized] target(s) in 2.76s
[INFO] running `Command { std: "docker" "inspect" "73c2aa71429a9a5f756e0894c04b813a880ade70ffb4540d35b1846b9ab437c2", kill_on_drop: false }`
[INFO] running `Command { std: "docker" "exec" "-e" "SOURCE_DIR=/opt/rustwide/workdir" "-e" "CARGO_HOME=/opt/rustwide/cargo-home" "-e" "RUSTUP_HOME=/opt/rustwide/rustup-home" "-e" "CARGO_TARGET_DIR=/opt/rustwide/target" "-e" "CARGO_INCREMENTAL=0" "-e" "RUST_BACKTRACE=full" "-e" "RUSTFLAGS=--cap-lints=warn" "-e" "RUSTDOCFLAGS=--cap-lints=warn" "-w" "/opt/rustwide/workdir" "--user" "0:0" "73c2aa71429a9a5f756e0894c04b813a880ade70ffb4540d35b1846b9ab437c2" "/opt/rustwide/cargo-home/bin/cargo" "+1.100.0-beta.1" "test" "--frozen" "--release", kill_on_drop: false }`
[INFO] [stderr] warning: `package.homepage` is redundant with `package.repository`
[INFO] [stderr]   --> Cargo.toml:24:12
[INFO] [stderr]    |
[INFO] [stderr] 24 | homepage = "https://github.com/data-tracks/RustyTracks"
[INFO] [stderr]    |            ^^^^^^^^^^^^^^^^^^^^^^^^^^^^^^^^^^^^^^^^^^^^
[INFO] [stderr] ...
[INFO] [stderr] 29 | repository = "https://github.com/data-tracks/RustyTracks"
[INFO] [stderr]    |              --------------------------------------------
[INFO] [stderr]    |
[INFO] [stderr]    = note: `cargo::redundant_homepage` is set to `warn` by default
[INFO] [stderr] help: consider removing `package.homepage`
[INFO] [stderr] warning: `rusty-tracks` (manifest) generated 1 warning
[INFO] [stderr] warning: unused import: `TcpListener`
[INFO] [stderr]  --> src/connection/client.rs:1:28
[INFO] [stderr]   |
[INFO] [stderr] 1 | use std::net::{SocketAddr, TcpListener, TcpStream};
[INFO] [stderr]   |                            ^^^^^^^^^^^
[INFO] [stderr]   |
[INFO] [stderr]   = note: `#[warn(unused_imports)]` (part of `#[warn(unused)]`) on by default
[INFO] [stderr] 
[INFO] [stderr] warning: fields `host` and `port` are never read
[INFO] [stderr]   --> src/connection/connection.rs:17:5
[INFO] [stderr]    |
[INFO] [stderr] 15 | pub struct Connection {
[INFO] [stderr]    |            ---------- fields in this struct
[INFO] [stderr] 16 |     id: Option<usize>,
[INFO] [stderr] 17 |     host: String,
[INFO] [stderr]    |     ^^^^
[INFO] [stderr] 18 |     port: u16,
[INFO] [stderr]    |     ^^^^
[INFO] [stderr]    |
[INFO] [stderr]    = note: `#[warn(dead_code)]` (part of `#[warn(unused)]`) on by default
[INFO] [stderr] 
[INFO] [stderr] warning: field `id` is never read
[INFO] [stderr]  --> src/messages/register.rs:7:5
[INFO] [stderr]   |
[INFO] [stderr] 5 | pub struct RegisterResponse {
[INFO] [stderr]   |            ---------------- field in this struct
[INFO] [stderr] 6 |     pub(crate) permissions: Vec<Permission>,
[INFO] [stderr] 7 |     id: usize
[INFO] [stderr]   |     ^^
[INFO] [stderr]   |
[INFO] [stderr]   = note: `RegisterResponse` has a derived impl for the trait `Debug`, but this is intentionally ignored during dead code analysis
[INFO] [stderr] 
[INFO] [stderr] warning: field `already_running` is never read
[INFO] [stderr]   --> src/messages/plan.rs:87:5
[INFO] [stderr]    |
[INFO] [stderr] 86 | pub struct StartPlan {
[INFO] [stderr]    |            --------- field in this struct
[INFO] [stderr] 87 |     already_running: bool,
[INFO] [stderr]    |     ^^^^^^^^^^^^^^^
[INFO] [stderr] 
[INFO] [stderr] warning: field `already_stopped` is never read
[INFO] [stderr]    --> src/messages/plan.rs:105:5
[INFO] [stderr]     |
[INFO] [stderr] 104 | pub struct StopPlan {
[INFO] [stderr]     |            -------- field in this struct
[INFO] [stderr] 105 |     already_stopped: bool
[INFO] [stderr]     |     ^^^^^^^^^^^^^^^
[INFO] [stderr] 
[INFO] [stderr] warning: field `values` is never read
[INFO] [stderr]  --> src/messages/train.rs:7:5
[INFO] [stderr]   |
[INFO] [stderr] 6 | pub struct Train {
[INFO] [stderr]   |            ----- field in this struct
[INFO] [stderr] 7 |     values: Vec<Value>
[INFO] [stderr]   |     ^^^^^^
[INFO] [stderr]   |
[INFO] [stderr]   = note: `Train` has a derived impl for the trait `Debug`, but this is intentionally ignored during dead code analysis
[INFO] [stderr] 
[INFO] [stderr] warning: unused variable: `connection`
[INFO] [stderr]   --> src/test.rs:49:17
[INFO] [stderr]    |
[INFO] [stderr] 49 |             let connection = client.connect().unwrap();
[INFO] [stderr]    |                 ^^^^^^^^^^ help: if this is intentional, prefix it with an underscore: `_connection`
[INFO] [stderr]    |
[INFO] [stderr]    = note: `#[warn(unused_variables)]` (part of `#[warn(unused)]`) on by default
[INFO] [stderr] 
[INFO] [stderr] warning: unused variable: `id`
[INFO] [stderr]   --> src/test.rs:59:13
[INFO] [stderr]    |
[INFO] [stderr] 59 |         let id = admin.create_plan("Test Plan", "0--1--2").unwrap();
[INFO] [stderr]    |             ^^ help: if this is intentional, prefix it with an underscore: `_id`
[INFO] [stderr] 
[INFO] [stderr] warning: `rusty-tracks` (lib) generated 6 warnings (run `cargo fix --lib -p rusty-tracks` to apply 1 suggestion)
[INFO] [stderr] warning: `rusty-tracks` (lib test) generated 8 warnings (6 duplicates) (run `cargo fix --lib -p rusty-tracks --tests` to apply 2 suggestions)
[INFO] [stderr]     Finished `release` profile [optimized] target(s) in 0.05s
[INFO] [stderr]      Running unittests src/lib.rs (/opt/rustwide/target/release/build/rusty-tracks/4273af24303b1c89/out/rusty_tracks-4273af24303b1c89)
[INFO] [stdout] 
[INFO] [stdout] running 10 tests
[INFO] [stdout] test test::tests::test_wordcount ... FAILED
[INFO] [stdout] test test::tests::test_plan_start_stop ... FAILED
[INFO] [stdout] test test::tests::test_send_values ... FAILED
[INFO] [stdout] test test::tests::test_admin ... FAILED
[INFO] [stdout] test test::tests::test_connect ... FAILED
[INFO] [stdout] test test::tests::test_disconnect ... FAILED
[INFO] [stdout] test test::tests::test_create_plan ... FAILED
[INFO] [stdout] test test::tests::test_receive_values ... FAILED
[INFO] [stdout] test test::tests::test_get_plans ... FAILED
[INFO] [stderr] error: test failed, to rerun pass `--lib`
[INFO] [stdout] test test::tests::test_delete_plan ... FAILED
[INFO] [stdout] 
[INFO] [stdout] failures:
[INFO] [stdout] 
[INFO] [stdout] ---- test::tests::test_wordcount stdout ----
[INFO] [stdout] 
[INFO] [stdout] thread 'test::tests::test_wordcount' (331) panicked at src/connection/client.rs:24:73:
[INFO] [stdout] called `Result::unwrap()` on an `Err` value: Os { code: 111, kind: ConnectionRefused, message: "Connection refused" }
[INFO] [stdout] stack backtrace:
[INFO] [stdout]    0:     0x57ebc1449611 - <<std[617be2ca0a6fd877]::sys::backtrace::BacktraceLock>::print::DisplayBacktrace as core[a373ad73a504971]::fmt::Display>::fmt
[INFO] [stdout]    1:     0x57ebc145ee6a - core[a373ad73a504971]::fmt::write
[INFO] [stdout]    2:     0x57ebc144db4c - <alloc[2e1b2a31b91974c5]::vec::Vec<u8> as core[a373ad73a504971]::io::write::Write>::write_fmt
[INFO] [stdout]    3:     0x57ebc14250f6 - std[617be2ca0a6fd877]::panicking::default_hook::{closure#0}
[INFO] [stdout]    4:     0x57ebc14415f9 - std[617be2ca0a6fd877]::panicking::default_hook
[INFO] [stdout]    5:     0x57ebc13db880 - test[aada8e7e76ba119b]::test_main_inner::{closure#0}
[INFO] [stdout]    6:     0x57ebc14417b2 - std[617be2ca0a6fd877]::panicking::panic_with_hook
[INFO] [stdout]    7:     0x57ebc14251a2 - std[617be2ca0a6fd877]::panicking::panic_handler::{closure#0}
[INFO] [stdout]    8:     0x57ebc141ddd9 - std[617be2ca0a6fd877]::sys::backtrace::__rust_end_short_backtrace::<std[617be2ca0a6fd877]::panicking::panic_handler::{closure#0}, !>
[INFO] [stdout]    9:     0x57ebc1425f9d - __rustc[ea4f61d10b84890b]::rust_begin_unwind
[INFO] [stdout]   10:     0x57ebc145f5cc - core[a373ad73a504971]::panicking::panic_fmt
[INFO] [stdout]   11:     0x57ebc145f3a2 - core[a373ad73a504971]::result::unwrap_failed
[INFO] [stdout]   12:     0x57ebc13c660c - <rusty_tracks[1558c6b8f1ec2903]::connection::client::Client>::connect
[INFO] [stdout]   13:     0x57ebc13c97a6 - <rusty_tracks[1558c6b8f1ec2903]::test::tests::test_wordcount::{closure#0} as core[a373ad73a504971]::ops::function::FnOnce<()>>::call_once
[INFO] [stdout]   14:     0x57ebc13ceccb - test[aada8e7e76ba119b]::__rust_begin_short_backtrace::<core[a373ad73a504971]::result::Result<(), alloc[2e1b2a31b91974c5]::string::String>, fn() -> core[a373ad73a504971]::result::Result<(), alloc[2e1b2a31b91974c5]::string::String>>
[INFO] [stdout]   15:     0x57ebc13dbea5 - test[aada8e7e76ba119b]::run_test::{closure#0}
[INFO] [stdout]   16:     0x57ebc13d5794 - std[617be2ca0a6fd877]::sys::backtrace::__rust_begin_short_backtrace::<test[aada8e7e76ba119b]::run_test::{closure#1}, ()>
[INFO] [stdout]   17:     0x57ebc13def32 - <std[617be2ca0a6fd877]::thread::lifecycle::spawn_unchecked<test[aada8e7e76ba119b]::run_test::{closure#1}, ()>::{closure#1} as core[a373ad73a504971]::ops::function::FnOnce<()>>::call_once::{shim:vtable#0}
[INFO] [stdout]   18:     0x57ebc144891f - <std[617be2ca0a6fd877]::sys::thread::unix::Thread>::new::thread_start
[INFO] [stdout]   19:     0x79fb0b8f7dfa - <unknown>
[INFO] [stdout]   20:     0x79fb0b98b3d4 - clone
[INFO] [stdout]   21:                0x0 - <unknown>
[INFO] [stdout] 
[INFO] [stdout] ---- test::tests::test_plan_start_stop stdout ----
[INFO] [stdout] 
[INFO] [stdout] thread 'test::tests::test_plan_start_stop' (328) panicked at src/connection/client.rs:24:73:
[INFO] [stdout] called `Result::unwrap()` on an `Err` value: Os { code: 111, kind: ConnectionRefused, message: "Connection refused" }
[INFO] [stdout] stack backtrace:
[INFO] [stdout]    0:     0x57ebc1449611 - <<std[617be2ca0a6fd877]::sys::backtrace::BacktraceLock>::print::DisplayBacktrace as core[a373ad73a504971]::fmt::Display>::fmt
[INFO] [stdout]    1:     0x57ebc145ee6a - core[a373ad73a504971]::fmt::write
[INFO] [stdout]    2:     0x57ebc144db4c - <alloc[2e1b2a31b91974c5]::vec::Vec<u8> as core[a373ad73a504971]::io::write::Write>::write_fmt
[INFO] [stdout]    3:     0x57ebc14250f6 - std[617be2ca0a6fd877]::panicking::default_hook::{closure#0}
[INFO] [stdout]    4:     0x57ebc14415f9 - std[617be2ca0a6fd877]::panicking::default_hook
[INFO] [stdout]    5:     0x57ebc13db880 - test[aada8e7e76ba119b]::test_main_inner::{closure#0}
[INFO] [stdout]    6:     0x57ebc14417b2 - std[617be2ca0a6fd877]::panicking::panic_with_hook
[INFO] [stdout]    7:     0x57ebc14251a2 - std[617be2ca0a6fd877]::panicking::panic_handler::{closure#0}
[INFO] [stdout]    8:     0x57ebc141ddd9 - std[617be2ca0a6fd877]::sys::backtrace::__rust_end_short_backtrace::<std[617be2ca0a6fd877]::panicking::panic_handler::{closure#0}, !>
[INFO] [stdout]    9:     0x57ebc1425f9d - __rustc[ea4f61d10b84890b]::rust_begin_unwind
[INFO] [stdout]   10:     0x57ebc145f5cc - core[a373ad73a504971]::panicking::panic_fmt
[INFO] [stdout]   11:     0x57ebc145f3a2 - core[a373ad73a504971]::result::unwrap_failed
[INFO] [stdout]   12:     0x57ebc13c660c - <rusty_tracks[1558c6b8f1ec2903]::connection::client::Client>::connect
[INFO] [stdout]   13:     0x57ebc13cbc91 - <rusty_tracks[1558c6b8f1ec2903]::test::tests::test_plan_start_stop::{closure#0} as core[a373ad73a504971]::ops::function::FnOnce<()>>::call_once
[INFO] [stdout]   14:     0x57ebc13ceccb - test[aada8e7e76ba119b]::__rust_begin_short_backtrace::<core[a373ad73a504971]::result::Result<(), alloc[2e1b2a31b91974c5]::string::String>, fn() -> core[a373ad73a504971]::result::Result<(), alloc[2e1b2a31b91974c5]::string::String>>
[INFO] [stdout]   15:     0x57ebc13dbea5 - test[aada8e7e76ba119b]::run_test::{closure#0}
[INFO] [stdout]   16:     0x57ebc13d5794 - std[617be2ca0a6fd877]::sys::backtrace::__rust_begin_short_backtrace::<test[aada8e7e76ba119b]::run_test::{closure#1}, ()>
[INFO] [stdout]   17:     0x57ebc13def32 - <std[617be2ca0a6fd877]::thread::lifecycle::spawn_unchecked<test[aada8e7e76ba119b]::run_test::{closure#1}, ()>::{closure#1} as core[a373ad73a504971]::ops::function::FnOnce<()>>::call_once::{shim:vtable#0}
[INFO] [stdout]   18:     0x57ebc144891f - <std[617be2ca0a6fd877]::sys::thread::unix::Thread>::new::thread_start
[INFO] [stdout]   19:     0x79fb0b8f7dfa - <unknown>
[INFO] [stdout]   20:     0x79fb0b98b3d4 - clone
[INFO] [stdout]   21:                0x0 - <unknown>
[INFO] [stdout] 
[INFO] [stdout] ---- test::tests::test_send_values stdout ----
[INFO] [stdout] 
[INFO] [stdout] thread 'test::tests::test_send_values' (330) panicked at src/connection/client.rs:24:73:
[INFO] [stdout] called `Result::unwrap()` on an `Err` value: Os { code: 111, kind: ConnectionRefused, message: "Connection refused" }
[INFO] [stdout] stack backtrace:
[INFO] [stdout]    0:     0x57ebc1449611 - <<std[617be2ca0a6fd877]::sys::backtrace::BacktraceLock>::print::DisplayBacktrace as core[a373ad73a504971]::fmt::Display>::fmt
[INFO] [stdout]    1:     0x57ebc145ee6a - core[a373ad73a504971]::fmt::write
[INFO] [stdout]    2:     0x57ebc144db4c - <alloc[2e1b2a31b91974c5]::vec::Vec<u8> as core[a373ad73a504971]::io::write::Write>::write_fmt
[INFO] [stdout]    3:     0x57ebc14250f6 - std[617be2ca0a6fd877]::panicking::default_hook::{closure#0}
[INFO] [stdout]    4:     0x57ebc14415f9 - std[617be2ca0a6fd877]::panicking::default_hook
[INFO] [stdout]    5:     0x57ebc13db880 - test[aada8e7e76ba119b]::test_main_inner::{closure#0}
[INFO] [stdout]    6:     0x57ebc14417b2 - std[617be2ca0a6fd877]::panicking::panic_with_hook
[INFO] [stdout]    7:     0x57ebc14251a2 - std[617be2ca0a6fd877]::panicking::panic_handler::{closure#0}
[INFO] [stdout]    8:     0x57ebc141ddd9 - std[617be2ca0a6fd877]::sys::backtrace::__rust_end_short_backtrace::<std[617be2ca0a6fd877]::panicking::panic_handler::{closure#0}, !>
[INFO] [stdout]    9:     0x57ebc1425f9d - __rustc[ea4f61d10b84890b]::rust_begin_unwind
[INFO] [stdout]   10:     0x57ebc145f5cc - core[a373ad73a504971]::panicking::panic_fmt
[INFO] [stdout]   11:     0x57ebc145f3a2 - core[a373ad73a504971]::result::unwrap_failed
[INFO] [stdout]   12:     0x57ebc13c660c - <rusty_tracks[1558c6b8f1ec2903]::connection::client::Client>::connect
[INFO] [stdout]   13:     0x57ebc13cb43c - <rusty_tracks[1558c6b8f1ec2903]::test::tests::test_send_values::{closure#0} as core[a373ad73a504971]::ops::function::FnOnce<()>>::call_once
[INFO] [stdout]   14:     0x57ebc13ceccb - test[aada8e7e76ba119b]::__rust_begin_short_backtrace::<core[a373ad73a504971]::result::Result<(), alloc[2e1b2a31b91974c5]::string::String>, fn() -> core[a373ad73a504971]::result::Result<(), alloc[2e1b2a31b91974c5]::string::String>>
[INFO] [stdout]   15:     0x57ebc13dbea5 - test[aada8e7e76ba119b]::run_test::{closure#0}
[INFO] [stdout]   16:     0x57ebc13d5794 - std[617be2ca0a6fd877]::sys::backtrace::__rust_begin_short_backtrace::<test[aada8e7e76ba119b]::run_test::{closure#1}, ()>
[INFO] [stdout]   17:     0x57ebc13def32 - <std[617be2ca0a6fd877]::thread::lifecycle::spawn_unchecked<test[aada8e7e76ba119b]::run_test::{closure#1}, ()>::{closure#1} as core[a373ad73a504971]::ops::function::FnOnce<()>>::call_once::{shim:vtable#0}
[INFO] [stdout]   18:     0x57ebc144891f - <std[617be2ca0a6fd877]::sys::thread::unix::Thread>::new::thread_start
[INFO] [stdout]   19:     0x79fb0b8f7dfa - <unknown>
[INFO] [stdout]   20:     0x79fb0b98b3d4 - clone
[INFO] [stdout]   21:                0x0 - <unknown>
[INFO] [stdout] 
[INFO] [stdout] ---- test::tests::test_admin stdout ----
[INFO] [stdout] 
[INFO] [stdout] thread 'test::tests::test_admin' (322) panicked at src/connection/client.rs:24:73:
[INFO] [stdout] called `Result::unwrap()` on an `Err` value: Os { code: 111, kind: ConnectionRefused, message: "Connection refused" }
[INFO] [stdout] stack backtrace:
[INFO] [stdout]    0:     0x57ebc1449611 - <<std[617be2ca0a6fd877]::sys::backtrace::BacktraceLock>::print::DisplayBacktrace as core[a373ad73a504971]::fmt::Display>::fmt
[INFO] [stdout]    1:     0x57ebc145ee6a - core[a373ad73a504971]::fmt::write
[INFO] [stdout]    2:     0x57ebc144db4c - <alloc[2e1b2a31b91974c5]::vec::Vec<u8> as core[a373ad73a504971]::io::write::Write>::write_fmt
[INFO] [stdout]    3:     0x57ebc14250f6 - std[617be2ca0a6fd877]::panicking::default_hook::{closure#0}
[INFO] [stdout]    4:     0x57ebc14415f9 - std[617be2ca0a6fd877]::panicking::default_hook
[INFO] [stdout]    5:     0x57ebc13db880 - test[aada8e7e76ba119b]::test_main_inner::{closure#0}
[INFO] [stdout]    6:     0x57ebc14417b2 - std[617be2ca0a6fd877]::panicking::panic_with_hook
[INFO] [stdout]    7:     0x57ebc14251a2 - std[617be2ca0a6fd877]::panicking::panic_handler::{closure#0}
[INFO] [stdout]    8:     0x57ebc141ddd9 - std[617be2ca0a6fd877]::sys::backtrace::__rust_end_short_backtrace::<std[617be2ca0a6fd877]::panicking::panic_handler::{closure#0}, !>
[INFO] [stdout]    9:     0x57ebc1425f9d - __rustc[ea4f61d10b84890b]::rust_begin_unwind
[INFO] [stdout]   10:     0x57ebc145f5cc - core[a373ad73a504971]::panicking::panic_fmt
[INFO] [stdout]   11:     0x57ebc145f3a2 - core[a373ad73a504971]::result::unwrap_failed
[INFO] [stdout]   12:     0x57ebc13c660c - <rusty_tracks[1558c6b8f1ec2903]::connection::client::Client>::connect
[INFO] [stdout]   13:     0x57ebc13c8da0 - <rusty_tracks[1558c6b8f1ec2903]::test::tests::test_admin::{closure#0} as core[a373ad73a504971]::ops::function::FnOnce<()>>::call_once
[INFO] [stdout]   14:     0x57ebc13ceccb - test[aada8e7e76ba119b]::__rust_begin_short_backtrace::<core[a373ad73a504971]::result::Result<(), alloc[2e1b2a31b91974c5]::string::String>, fn() -> core[a373ad73a504971]::result::Result<(), alloc[2e1b2a31b91974c5]::string::String>>
[INFO] [stdout]   15:     0x57ebc13dbea5 - test[aada8e7e76ba119b]::run_test::{closure#0}
[INFO] [stdout]   16:     0x57ebc13d5794 - std[617be2ca0a6fd877]::sys::backtrace::__rust_begin_short_backtrace::<test[aada8e7e76ba119b]::run_test::{closure#1}, ()>
[INFO] [stdout]   17:     0x57ebc13def32 - <std[617be2ca0a6fd877]::thread::lifecycle::spawn_unchecked<test[aada8e7e76ba119b]::run_test::{closure#1}, ()>::{closure#1} as core[a373ad73a504971]::ops::function::FnOnce<()>>::call_once::{shim:vtable#0}
[INFO] [stdout]   18:     0x57ebc144891f - <std[617be2ca0a6fd877]::sys::thread::unix::Thread>::new::thread_start
[INFO] [stdout]   19:     0x79fb0b8f7dfa - <unknown>
[INFO] [stdout]   20:     0x79fb0b98b3d4 - clone
[INFO] [stdout]   21:                0x0 - <unknown>
[INFO] [stdout] 
[INFO] [stdout] ---- test::tests::test_connect stdout ----
[INFO] [stdout] 
[INFO] [stdout] thread 'test::tests::test_connect' (323) panicked at src/connection/client.rs:24:73:
[INFO] [stdout] called `Result::unwrap()` on an `Err` value: Os { code: 111, kind: ConnectionRefused, message: "Connection refused" }
[INFO] [stdout] stack backtrace:
[INFO] [stdout]    0:     0x57ebc1449611 - <<std[617be2ca0a6fd877]::sys::backtrace::BacktraceLock>::print::DisplayBacktrace as core[a373ad73a504971]::fmt::Display>::fmt
[INFO] [stdout]    1:     0x57ebc145ee6a - core[a373ad73a504971]::fmt::write
[INFO] [stdout]    2:     0x57ebc144db4c - <alloc[2e1b2a31b91974c5]::vec::Vec<u8> as core[a373ad73a504971]::io::write::Write>::write_fmt
[INFO] [stdout]    3:     0x57ebc14250f6 - std[617be2ca0a6fd877]::panicking::default_hook::{closure#0}
[INFO] [stdout]    4:     0x57ebc14415f9 - std[617be2ca0a6fd877]::panicking::default_hook
[INFO] [stdout]    5:     0x57ebc13db880 - test[aada8e7e76ba119b]::test_main_inner::{closure#0}
[INFO] [stdout]    6:     0x57ebc14417b2 - std[617be2ca0a6fd877]::panicking::panic_with_hook
[INFO] [stdout]    7:     0x57ebc14251a2 - std[617be2ca0a6fd877]::panicking::panic_handler::{closure#0}
[INFO] [stdout]    8:     0x57ebc141ddd9 - std[617be2ca0a6fd877]::sys::backtrace::__rust_end_short_backtrace::<std[617be2ca0a6fd877]::panicking::panic_handler::{closure#0}, !>
[INFO] [stdout]    9:     0x57ebc1425f9d - __rustc[ea4f61d10b84890b]::rust_begin_unwind
[INFO] [stdout]   10:     0x57ebc145f5cc - core[a373ad73a504971]::panicking::panic_fmt
[INFO] [stdout]   11:     0x57ebc145f3a2 - core[a373ad73a504971]::result::unwrap_failed
[INFO] [stdout]   12:     0x57ebc13c660c - <rusty_tracks[1558c6b8f1ec2903]::connection::client::Client>::connect
[INFO] [stdout]   13:     0x57ebc13c913d - <rusty_tracks[1558c6b8f1ec2903]::test::tests::test_connect::{closure#0} as core[a373ad73a504971]::ops::function::FnOnce<()>>::call_once
[INFO] [stdout]   14:     0x57ebc13ceccb - test[aada8e7e76ba119b]::__rust_begin_short_backtrace::<core[a373ad73a504971]::result::Result<(), alloc[2e1b2a31b91974c5]::string::String>, fn() -> core[a373ad73a504971]::result::Result<(), alloc[2e1b2a31b91974c5]::string::String>>
[INFO] [stdout]   15:     0x57ebc13dbea5 - test[aada8e7e76ba119b]::run_test::{closure#0}
[INFO] [stdout]   16:     0x57ebc13d5794 - std[617be2ca0a6fd877]::sys::backtrace::__rust_begin_short_backtrace::<test[aada8e7e76ba119b]::run_test::{closure#1}, ()>
[INFO] [stdout]   17:     0x57ebc13def32 - <std[617be2ca0a6fd877]::thread::lifecycle::spawn_unchecked<test[aada8e7e76ba119b]::run_test::{closure#1}, ()>::{closure#1} as core[a373ad73a504971]::ops::function::FnOnce<()>>::call_once::{shim:vtable#0}
[INFO] [stdout]   18:     0x57ebc144891f - <std[617be2ca0a6fd877]::sys::thread::unix::Thread>::new::thread_start
[INFO] [stdout]   19:     0x79fb0b8f7dfa - <unknown>
[INFO] [stdout]   20:     0x79fb0b98b3d4 - clone
[INFO] [stdout]   21:                0x0 - <unknown>
[INFO] [stdout] 
[INFO] [stdout] ---- test::tests::test_disconnect stdout ----
[INFO] [stdout] 
[INFO] [stdout] thread 'test::tests::test_disconnect' (326) panicked at src/connection/client.rs:24:73:
[INFO] [stdout] called `Result::unwrap()` on an `Err` value: Os { code: 111, kind: ConnectionRefused, message: "Connection refused" }
[INFO] [stdout] stack backtrace:
[INFO] [stdout]    0:     0x57ebc1449611 - <<std[617be2ca0a6fd877]::sys::backtrace::BacktraceLock>::print::DisplayBacktrace as core[a373ad73a504971]::fmt::Display>::fmt
[INFO] [stdout]    1:     0x57ebc145ee6a - core[a373ad73a504971]::fmt::write
[INFO] [stdout]    2:     0x57ebc144db4c - <alloc[2e1b2a31b91974c5]::vec::Vec<u8> as core[a373ad73a504971]::io::write::Write>::write_fmt
[INFO] [stdout]    3:     0x57ebc14250f6 - std[617be2ca0a6fd877]::panicking::default_hook::{closure#0}
[INFO] [stdout]    4:     0x57ebc14415f9 - std[617be2ca0a6fd877]::panicking::default_hook
[INFO] [stdout]    5:     0x57ebc13db880 - test[aada8e7e76ba119b]::test_main_inner::{closure#0}
[INFO] [stdout]    6:     0x57ebc14417b2 - std[617be2ca0a6fd877]::panicking::panic_with_hook
[INFO] [stdout]    7:     0x57ebc14251a2 - std[617be2ca0a6fd877]::panicking::panic_handler::{closure#0}
[INFO] [stdout]    8:     0x57ebc141ddd9 - std[617be2ca0a6fd877]::sys::backtrace::__rust_end_short_backtrace::<std[617be2ca0a6fd877]::panicking::panic_handler::{closure#0}, !>
[INFO] [stdout]    9:     0x57ebc1425f9d - __rustc[ea4f61d10b84890b]::rust_begin_unwind
[INFO] [stdout]   10:     0x57ebc145f5cc - core[a373ad73a504971]::panicking::panic_fmt
[INFO] [stdout]   11:     0x57ebc145f3a2 - core[a373ad73a504971]::result::unwrap_failed
[INFO] [stdout]   12:     0x57ebc13c660c - <rusty_tracks[1558c6b8f1ec2903]::connection::client::Client>::connect
[INFO] [stdout]   13:     0x57ebc13ca0be - <rusty_tracks[1558c6b8f1ec2903]::test::tests::test_disconnect::{closure#0} as core[a373ad73a504971]::ops::function::FnOnce<()>>::call_once
[INFO] [stdout]   14:     0x57ebc13ceccb - test[aada8e7e76ba119b]::__rust_begin_short_backtrace::<core[a373ad73a504971]::result::Result<(), alloc[2e1b2a31b91974c5]::string::String>, fn() -> core[a373ad73a504971]::result::Result<(), alloc[2e1b2a31b91974c5]::string::String>>
[INFO] [stdout]   15:     0x57ebc13dbea5 - test[aada8e7e76ba119b]::run_test::{closure#0}
[INFO] [stdout]   16:     0x57ebc13d5794 - std[617be2ca0a6fd877]::sys::backtrace::__rust_begin_short_backtrace::<test[aada8e7e76ba119b]::run_test::{closure#1}, ()>
[INFO] [stdout]   17:     0x57ebc13def32 - <std[617be2ca0a6fd877]::thread::lifecycle::spawn_unchecked<test[aada8e7e76ba119b]::run_test::{closure#1}, ()>::{closure#1} as core[a373ad73a504971]::ops::function::FnOnce<()>>::call_once::{shim:vtable#0}
[INFO] [stdout]   18:     0x57ebc144891f - <std[617be2ca0a6fd877]::sys::thread::unix::Thread>::new::thread_start
[INFO] [stdout]   19:     0x79fb0b8f7dfa - <unknown>
[INFO] [stdout]   20:     0x79fb0b98b3d4 - clone
[INFO] [stdout]   21:                0x0 - <unknown>
[INFO] [stdout] 
[INFO] [stdout] ---- test::tests::test_create_plan stdout ----
[INFO] [stdout] 
[INFO] [stdout] thread 'test::tests::test_create_plan' (324) panicked at src/connection/client.rs:24:73:
[INFO] [stdout] called `Result::unwrap()` on an `Err` value: Os { code: 111, kind: ConnectionRefused, message: "Connection refused" }
[INFO] [stdout] stack backtrace:
[INFO] [stdout]    0:     0x57ebc1449611 - <<std[617be2ca0a6fd877]::sys::backtrace::BacktraceLock>::print::DisplayBacktrace as core[a373ad73a504971]::fmt::Display>::fmt
[INFO] [stdout]    1:     0x57ebc145ee6a - core[a373ad73a504971]::fmt::write
[INFO] [stdout]    2:     0x57ebc144db4c - <alloc[2e1b2a31b91974c5]::vec::Vec<u8> as core[a373ad73a504971]::io::write::Write>::write_fmt
[INFO] [stdout]    3:     0x57ebc14250f6 - std[617be2ca0a6fd877]::panicking::default_hook::{closure#0}
[INFO] [stdout]    4:     0x57ebc14415f9 - std[617be2ca0a6fd877]::panicking::default_hook
[INFO] [stdout]    5:     0x57ebc13db880 - test[aada8e7e76ba119b]::test_main_inner::{closure#0}
[INFO] [stdout]    6:     0x57ebc14417b2 - std[617be2ca0a6fd877]::panicking::panic_with_hook
[INFO] [stdout]    7:     0x57ebc14251a2 - std[617be2ca0a6fd877]::panicking::panic_handler::{closure#0}
[INFO] [stdout]    8:     0x57ebc141ddd9 - std[617be2ca0a6fd877]::sys::backtrace::__rust_end_short_backtrace::<std[617be2ca0a6fd877]::panicking::panic_handler::{closure#0}, !>
[INFO] [stdout]    9:     0x57ebc1425f9d - __rustc[ea4f61d10b84890b]::rust_begin_unwind
[INFO] [stdout]   10:     0x57ebc145f5cc - core[a373ad73a504971]::panicking::panic_fmt
[INFO] [stdout]   11:     0x57ebc145f3a2 - core[a373ad73a504971]::result::unwrap_failed
[INFO] [stdout]   12:     0x57ebc13c660c - <rusty_tracks[1558c6b8f1ec2903]::connection::client::Client>::connect
[INFO] [stdout]   13:     0x57ebc13cac1c - <rusty_tracks[1558c6b8f1ec2903]::test::tests::test_create_plan::{closure#0} as core[a373ad73a504971]::ops::function::FnOnce<()>>::call_once
[INFO] [stdout]   14:     0x57ebc13ceccb - test[aada8e7e76ba119b]::__rust_begin_short_backtrace::<core[a373ad73a504971]::result::Result<(), alloc[2e1b2a31b91974c5]::string::String>, fn() -> core[a373ad73a504971]::result::Result<(), alloc[2e1b2a31b91974c5]::string::String>>
[INFO] [stdout]   15:     0x57ebc13dbea5 - test[aada8e7e76ba119b]::run_test::{closure#0}
[INFO] [stdout]   16:     0x57ebc13d5794 - std[617be2ca0a6fd877]::sys::backtrace::__rust_begin_short_backtrace::<test[aada8e7e76ba119b]::run_test::{closure#1}, ()>
[INFO] [stdout]   17:     0x57ebc13def32 - <std[617be2ca0a6fd877]::thread::lifecycle::spawn_unchecked<test[aada8e7e76ba119b]::run_test::{closure#1}, ()>::{closure#1} as core[a373ad73a504971]::ops::function::FnOnce<()>>::call_once::{shim:vtable#0}
[INFO] [stdout]   18:     0x57ebc144891f - <std[617be2ca0a6fd877]::sys::thread::unix::Thread>::new::thread_start
[INFO] [stdout]   19:     0x79fb0b8f7dfa - <unknown>
[INFO] [stdout]   20:     0x79fb0b98b3d4 - clone
[INFO] [stdout]   21:                0x0 - <unknown>
[INFO] [stdout] 
[INFO] [stdout] ---- test::tests::test_receive_values stdout ----
[INFO] [stdout] 
[INFO] [stdout] thread 'test::tests::test_receive_values' (329) panicked at src/connection/client.rs:24:73:
[INFO] [stdout] called `Result::unwrap()` on an `Err` value: Os { code: 111, kind: ConnectionRefused, message: "Connection refused" }
[INFO] [stdout] stack backtrace:
[INFO] [stdout]    0:     0x57ebc1449611 - <<std[617be2ca0a6fd877]::sys::backtrace::BacktraceLock>::print::DisplayBacktrace as core[a373ad73a504971]::fmt::Display>::fmt
[INFO] [stdout]    1:     0x57ebc145ee6a - core[a373ad73a504971]::fmt::write
[INFO] [stdout]    2:     0x57ebc144db4c - <alloc[2e1b2a31b91974c5]::vec::Vec<u8> as core[a373ad73a504971]::io::write::Write>::write_fmt
[INFO] [stdout]    3:     0x57ebc14250f6 - std[617be2ca0a6fd877]::panicking::default_hook::{closure#0}
[INFO] [stdout]    4:     0x57ebc14415f9 - std[617be2ca0a6fd877]::panicking::default_hook
[INFO] [stdout]    5:     0x57ebc13db880 - test[aada8e7e76ba119b]::test_main_inner::{closure#0}
[INFO] [stdout]    6:     0x57ebc14417b2 - std[617be2ca0a6fd877]::panicking::panic_with_hook
[INFO] [stdout]    7:     0x57ebc14251a2 - std[617be2ca0a6fd877]::panicking::panic_handler::{closure#0}
[INFO] [stdout]    8:     0x57ebc141ddd9 - std[617be2ca0a6fd877]::sys::backtrace::__rust_end_short_backtrace::<std[617be2ca0a6fd877]::panicking::panic_handler::{closure#0}, !>
[INFO] [stdout]    9:     0x57ebc1425f9d - __rustc[ea4f61d10b84890b]::rust_begin_unwind
[INFO] [stdout]   10:     0x57ebc145f5cc - core[a373ad73a504971]::panicking::panic_fmt
[INFO] [stdout]   11:     0x57ebc145f3a2 - core[a373ad73a504971]::result::unwrap_failed
[INFO] [stdout]   12:     0x57ebc13c660c - <rusty_tracks[1558c6b8f1ec2903]::connection::client::Client>::connect
[INFO] [stdout]   13:     0x57ebc13cb6a0 - <rusty_tracks[1558c6b8f1ec2903]::test::tests::test_receive_values::{closure#0} as core[a373ad73a504971]::ops::function::FnOnce<()>>::call_once
[INFO] [stdout]   14:     0x57ebc13ceccb - test[aada8e7e76ba119b]::__rust_begin_short_backtrace::<core[a373ad73a504971]::result::Result<(), alloc[2e1b2a31b91974c5]::string::String>, fn() -> core[a373ad73a504971]::result::Result<(), alloc[2e1b2a31b91974c5]::string::String>>
[INFO] [stdout]   15:     0x57ebc13dbea5 - test[aada8e7e76ba119b]::run_test::{closure#0}
[INFO] [stdout]   16:     0x57ebc13d5794 - std[617be2ca0a6fd877]::sys::backtrace::__rust_begin_short_backtrace::<test[aada8e7e76ba119b]::run_test::{closure#1}, ()>
[INFO] [stdout]   17:     0x57ebc13def32 - <std[617be2ca0a6fd877]::thread::lifecycle::spawn_unchecked<test[aada8e7e76ba119b]::run_test::{closure#1}, ()>::{closure#1} as core[a373ad73a504971]::ops::function::FnOnce<()>>::call_once::{shim:vtable#0}
[INFO] [stdout]   18:     0x57ebc144891f - <std[617be2ca0a6fd877]::sys::thread::unix::Thread>::new::thread_start
[INFO] [stdout]   19:     0x79fb0b8f7dfa - <unknown>
[INFO] [stdout]   20:     0x79fb0b98b3d4 - clone
[INFO] [stdout]   21:                0x0 - <unknown>
[INFO] [stdout] 
[INFO] [stdout] ---- test::tests::test_get_plans stdout ----
[INFO] [stdout] 
[INFO] [stdout] thread 'test::tests::test_get_plans' (327) panicked at src/connection/client.rs:24:73:
[INFO] [stdout] called `Result::unwrap()` on an `Err` value: Os { code: 111, kind: ConnectionRefused, message: "Connection refused" }
[INFO] [stdout] stack backtrace:
[INFO] [stdout]    0:     0x57ebc1449611 - <<std[617be2ca0a6fd877]::sys::backtrace::BacktraceLock>::print::DisplayBacktrace as core[a373ad73a504971]::fmt::Display>::fmt
[INFO] [stdout]    1:     0x57ebc145ee6a - core[a373ad73a504971]::fmt::write
[INFO] [stdout]    2:     0x57ebc144db4c - <alloc[2e1b2a31b91974c5]::vec::Vec<u8> as core[a373ad73a504971]::io::write::Write>::write_fmt
[INFO] [stdout]    3:     0x57ebc14250f6 - std[617be2ca0a6fd877]::panicking::default_hook::{closure#0}
[INFO] [stdout]    4:     0x57ebc14415f9 - std[617be2ca0a6fd877]::panicking::default_hook
[INFO] [stdout]    5:     0x57ebc13db880 - test[aada8e7e76ba119b]::test_main_inner::{closure#0}
[INFO] [stdout]    6:     0x57ebc14417b2 - std[617be2ca0a6fd877]::panicking::panic_with_hook
[INFO] [stdout]    7:     0x57ebc14251a2 - std[617be2ca0a6fd877]::panicking::panic_handler::{closure#0}
[INFO] [stdout]    8:     0x57ebc141ddd9 - std[617be2ca0a6fd877]::sys::backtrace::__rust_end_short_backtrace::<std[617be2ca0a6fd877]::panicking::panic_handler::{closure#0}, !>
[INFO] [stdout]    9:     0x57ebc1425f9d - __rustc[ea4f61d10b84890b]::rust_begin_unwind
[INFO] [stdout]   10:     0x57ebc145f5cc - core[a373ad73a504971]::panicking::panic_fmt
[INFO] [stdout]   11:     0x57ebc145f3a2 - core[a373ad73a504971]::result::unwrap_failed
[INFO] [stdout]   12:     0x57ebc13c660c - <rusty_tracks[1558c6b8f1ec2903]::connection::client::Client>::connect
[INFO] [stdout]   13:     0x57ebc13c9312 - <rusty_tracks[1558c6b8f1ec2903]::test::tests::test_get_plans::{closure#0} as core[a373ad73a504971]::ops::function::FnOnce<()>>::call_once
[INFO] [stdout]   14:     0x57ebc13ceccb - test[aada8e7e76ba119b]::__rust_begin_short_backtrace::<core[a373ad73a504971]::result::Result<(), alloc[2e1b2a31b91974c5]::string::String>, fn() -> core[a373ad73a504971]::result::Result<(), alloc[2e1b2a31b91974c5]::string::String>>
[INFO] [stdout]   15:     0x57ebc13dbea5 - test[aada8e7e76ba119b]::run_test::{closure#0}
[INFO] [stdout]   16:     0x57ebc13d5794 - std[617be2ca0a6fd877]::sys::backtrace::__rust_begin_short_backtrace::<test[aada8e7e76ba119b]::run_test::{closure#1}, ()>
[INFO] [stdout]   17:     0x57ebc13def32 - <std[617be2ca0a6fd877]::thread::lifecycle::spawn_unchecked<test[aada8e7e76ba119b]::run_test::{closure#1}, ()>::{closure#1} as core[a373ad73a504971]::ops::function::FnOnce<()>>::call_once::{shim:vtable#0}
[INFO] [stdout]   18:     0x57ebc144891f - <std[617be2ca0a6fd877]::sys::thread::unix::Thread>::new::thread_start
[INFO] [stdout]   19:     0x79fb0b8f7dfa - <unknown>
[INFO] [stdout]   20:     0x79fb0b98b3d4 - clone
[INFO] [stdout]   21:                0x0 - <unknown>
[INFO] [stdout] 
[INFO] [stdout] ---- test::tests::test_delete_plan stdout ----
[INFO] [stdout] 
[INFO] [stdout] thread 'test::tests::test_delete_plan' (325) panicked at src/connection/client.rs:24:73:
[INFO] [stdout] called `Result::unwrap()` on an `Err` value: Os { code: 111, kind: ConnectionRefused, message: "Connection refused" }
[INFO] [stdout] stack backtrace:
[INFO] [stdout]    0:     0x57ebc1449611 - <<std[617be2ca0a6fd877]::sys::backtrace::BacktraceLock>::print::DisplayBacktrace as core[a373ad73a504971]::fmt::Display>::fmt
[INFO] [stdout]    1:     0x57ebc145ee6a - core[a373ad73a504971]::fmt::write
[INFO] [stdout]    2:     0x57ebc144db4c - <alloc[2e1b2a31b91974c5]::vec::Vec<u8> as core[a373ad73a504971]::io::write::Write>::write_fmt
[INFO] [stdout]    3:     0x57ebc14250f6 - std[617be2ca0a6fd877]::panicking::default_hook::{closure#0}
[INFO] [stdout]    4:     0x57ebc14415f9 - std[617be2ca0a6fd877]::panicking::default_hook
[INFO] [stdout]    5:     0x57ebc13db880 - test[aada8e7e76ba119b]::test_main_inner::{closure#0}
[INFO] [stdout]    6:     0x57ebc14417b2 - std[617be2ca0a6fd877]::panicking::panic_with_hook
[INFO] [stdout]    7:     0x57ebc14251a2 - std[617be2ca0a6fd877]::panicking::panic_handler::{closure#0}
[INFO] [stdout]    8:     0x57ebc141ddd9 - std[617be2ca0a6fd877]::sys::backtrace::__rust_end_short_backtrace::<std[617be2ca0a6fd877]::panicking::panic_handler::{closure#0}, !>
[INFO] [stdout]    9:     0x57ebc1425f9d - __rustc[ea4f61d10b84890b]::rust_begin_unwind
[INFO] [stdout]   10:     0x57ebc145f5cc - core[a373ad73a504971]::panicking::panic_fmt
[INFO] [stdout]   11:     0x57ebc145f3a2 - core[a373ad73a504971]::result::unwrap_failed
[INFO] [stdout]   12:     0x57ebc13c660c - <rusty_tracks[1558c6b8f1ec2903]::connection::client::Client>::connect
[INFO] [stdout]   13:     0x57ebc13caf32 - <rusty_tracks[1558c6b8f1ec2903]::test::tests::test_delete_plan::{closure#0} as core[a373ad73a504971]::ops::function::FnOnce<()>>::call_once
[INFO] [stdout]   14:     0x57ebc13ceccb - test[aada8e7e76ba119b]::__rust_begin_short_backtrace::<core[a373ad73a504971]::result::Result<(), alloc[2e1b2a31b91974c5]::string::String>, fn() -> core[a373ad73a504971]::result::Result<(), alloc[2e1b2a31b91974c5]::string::String>>
[INFO] [stdout]   15:     0x57ebc13dbea5 - test[aada8e7e76ba119b]::run_test::{closure#0}
[INFO] [stdout]   16:     0x57ebc13d5794 - std[617be2ca0a6fd877]::sys::backtrace::__rust_begin_short_backtrace::<test[aada8e7e76ba119b]::run_test::{closure#1}, ()>
[INFO] [stdout]   17:     0x57ebc13def32 - <std[617be2ca0a6fd877]::thread::lifecycle::spawn_unchecked<test[aada8e7e76ba119b]::run_test::{closure#1}, ()>::{closure#1} as core[a373ad73a504971]::ops::function::FnOnce<()>>::call_once::{shim:vtable#0}
[INFO] [stdout]   18:     0x57ebc144891f - <std[617be2ca0a6fd877]::sys::thread::unix::Thread>::new::thread_start
[INFO] [stdout]   19:     0x79fb0b8f7dfa - <unknown>
[INFO] [stdout]   20:     0x79fb0b98b3d4 - clone
[INFO] [stdout]   21:                0x0 - <unknown>
[INFO] [stdout] 
[INFO] [stdout] 
[INFO] [stdout] failures:
[INFO] [stdout]     test::tests::test_admin
[INFO] [stdout]     test::tests::test_connect
[INFO] [stdout]     test::tests::test_create_plan
[INFO] [stdout]     test::tests::test_delete_plan
[INFO] [stdout]     test::tests::test_disconnect
[INFO] [stdout]     test::tests::test_get_plans
[INFO] [stdout]     test::tests::test_plan_start_stop
[INFO] [stdout]     test::tests::test_receive_values
[INFO] [stdout]     test::tests::test_send_values
[INFO] [stdout]     test::tests::test_wordcount
[INFO] [stdout] 
[INFO] [stdout] test result: FAILED. 0 passed; 10 failed; 0 ignored; 0 measured; 0 filtered out; finished in 0.01s
[INFO] [stdout] 
[INFO] running `Command { std: "docker" "inspect" "73c2aa71429a9a5f756e0894c04b813a880ade70ffb4540d35b1846b9ab437c2", kill_on_drop: false }`
[INFO] running `Command { std: "docker" "rm" "-f" "73c2aa71429a9a5f756e0894c04b813a880ade70ffb4540d35b1846b9ab437c2", kill_on_drop: false }`
[INFO] [stdout] 73c2aa71429a9a5f756e0894c04b813a880ade70ffb4540d35b1846b9ab437c2
