[INFO] fetching crate rusty-todo-md 1.11.0...
[INFO] testing rusty-todo-md-1.11.0 against 1.99.0-beta.8+cargoflags=--release for beta-release-1.100-2
[INFO] extracting crate rusty-todo-md 1.11.0 into /workspace/builds/worker-7-tc1/source
[INFO] removed /workspace/builds/worker-7-tc1/source/.cargo/config.toml
[INFO] started tweaking crates.io crate rusty-todo-md 1.11.0
[INFO] removed 0 missing tests
[INFO] finished tweaking crates.io crate rusty-todo-md 1.11.0
[INFO] tweaked toml for crates.io crate rusty-todo-md 1.11.0 written to /workspace/builds/worker-7-tc1/source/Cargo.toml
[INFO] validating manifest of crates.io crate rusty-todo-md 1.11.0 on toolchain 1.99.0-beta.8
[INFO] running `Command { std: CARGO_HOME="/workspace/cargo-home" RUSTUP_HOME="/workspace/rustup-home" "/workspace/cargo-home/bin/cargo" "+1.99.0-beta.8" "metadata" "--manifest-path" "Cargo.toml" "--no-deps", kill_on_drop: false }`
[INFO] crate crates.io crate rusty-todo-md 1.11.0 already has a lockfile, it will not be regenerated
[INFO] running `Command { std: CARGO_HOME="/workspace/cargo-home" RUSTUP_HOME="/workspace/rustup-home" "/workspace/cargo-home/bin/cargo" "+1.99.0-beta.8" "fetch" "--manifest-path" "Cargo.toml", kill_on_drop: false }`
[INFO] [stderr]  Downloading crates ...
[INFO] [stderr]   Downloaded pest_derive v2.9.3
[INFO] [stderr]   Downloaded pest_generator v2.9.3
[INFO] [stderr]   Downloaded pest v2.9.3
[INFO] [stderr]   Downloaded pest_meta v2.9.3
[INFO] [stderr]   Downloaded git2 v0.20.4
[INFO] [stderr]   Downloaded libz-sys v1.1.30
[INFO] [stderr]   Downloaded libgit2-sys v0.18.8+1.9.7
[INFO] running `Command { std: "docker" "create" "-v" "/var/lib/crater-agent-workspace/builds/worker-7-tc1/source:/opt/rustwide/workdir:ro,Z" "-v" "/var/lib/crater-agent-workspace/builds/worker-7-tc1/target:/opt/rustwide/target:rw,Z" "-v" "/var/lib/crater-agent-workspace/cargo-home:/opt/rustwide/cargo-home:ro,Z" "-v" "/var/lib/crater-agent-workspace/rustup-home:/opt/rustwide/rustup-home:ro,Z" "-m" "1610612736" "--network" "none" "ghcr.io/rust-lang/crates-build-env/linux@sha256:77db811e55d90add9212f6832c23229e3de5f1c1f9905e8cb07319ea15df73ac" "sleep" "infinity", kill_on_drop: false }`
[INFO] [stdout] 02f74101b9619b911fb2ff7e5c9912aa71418de204babc7f0248e8644d9a1d57
[INFO] running `Command { std: "docker" "start" "02f74101b9619b911fb2ff7e5c9912aa71418de204babc7f0248e8644d9a1d57", kill_on_drop: false }`
[INFO] running `Command { std: "docker" "inspect" "02f74101b9619b911fb2ff7e5c9912aa71418de204babc7f0248e8644d9a1d57", kill_on_drop: false }`
[INFO] running `Command { std: "docker" "exec" "-e" "SOURCE_DIR=/opt/rustwide/workdir" "-e" "CARGO_HOME=/opt/rustwide/cargo-home" "-e" "RUSTUP_HOME=/opt/rustwide/rustup-home" "-e" "CARGO_TARGET_DIR=/opt/rustwide/target" "-w" "/opt/rustwide/workdir" "--user" "0:0" "02f74101b9619b911fb2ff7e5c9912aa71418de204babc7f0248e8644d9a1d57" "/opt/rustwide/cargo-home/bin/cargo" "+1.99.0-beta.8" "metadata" "--no-deps" "--format-version=1", kill_on_drop: false }`
[INFO] running `Command { std: "docker" "inspect" "02f74101b9619b911fb2ff7e5c9912aa71418de204babc7f0248e8644d9a1d57", kill_on_drop: false }`
[INFO] running `Command { std: "docker" "exec" "-e" "SOURCE_DIR=/opt/rustwide/workdir" "-e" "CARGO_HOME=/opt/rustwide/cargo-home" "-e" "RUSTUP_HOME=/opt/rustwide/rustup-home" "-e" "CARGO_TARGET_DIR=/opt/rustwide/target" "-e" "CARGO_INCREMENTAL=0" "-e" "RUST_BACKTRACE=full" "-e" "RUSTFLAGS=--cap-lints=warn" "-e" "RUSTDOCFLAGS=--cap-lints=warn" "-w" "/opt/rustwide/workdir" "--user" "0:0" "02f74101b9619b911fb2ff7e5c9912aa71418de204babc7f0248e8644d9a1d57" "/opt/rustwide/cargo-home/bin/cargo" "+1.99.0-beta.8" "build" "--frozen" "--message-format=json" "--release", kill_on_drop: false }`
[INFO] [stderr]    Compiling libc v0.2.190
[INFO] [stderr]    Compiling aho-corasick v1.1.5
[INFO] [stderr]    Compiling memchr v2.8.3
[INFO] [stderr]    Compiling serde v1.0.229
[INFO] [stderr]    Compiling openssl v0.10.81
[INFO] [stderr]    Compiling bitflags v2.13.2
[INFO] [stderr]    Compiling clap_lex v1.1.1
[INFO] [stderr]    Compiling syn v3.0.9
[INFO] [stderr]    Compiling jiff-core v0.1.1
[INFO] [stderr]    Compiling bstr v1.13.1
[INFO] [stderr]    Compiling serde_json v1.0.154
[INFO] [stderr]    Compiling clap_builder v4.6.7
[INFO] [stderr]    Compiling jiff v0.2.38
[INFO] [stderr]    Compiling jobserver v0.1.35
[INFO] [stderr]    Compiling cc v1.8.0
[INFO] [stderr]    Compiling regex-automata v0.4.18
[INFO] [stderr]    Compiling openssl-src v300.6.1+3.6.3
[INFO] [stderr]    Compiling psm v0.1.24
[INFO] [stderr]    Compiling stacker v0.1.25
[INFO] [stderr]    Compiling openssl-sys v0.9.117
[INFO] [stderr]    Compiling libz-sys v1.1.30
[INFO] [stderr]    Compiling libgit2-sys v0.18.8+1.9.7
[INFO] [stderr]    Compiling pest v2.9.3
[INFO] [stderr]    Compiling regex v1.13.1
[INFO] [stderr]    Compiling globset v0.4.20
[INFO] [stderr]    Compiling synstructure v0.14.0
[INFO] [stderr]    Compiling env_filter v2.0.0
[INFO] [stderr]    Compiling zerofrom-derive v0.1.8
[INFO] [stderr]    Compiling yoke-derive v0.8.4
[INFO] [stderr]    Compiling zerovec-derive v0.11.6
[INFO] [stderr]    Compiling displaydoc v0.2.7
[INFO] [stderr]    Compiling pest_meta v2.9.3
[INFO] [stderr]    Compiling clap_derive v4.6.7
[INFO] [stderr]    Compiling zerofrom v0.1.8
[INFO] [stderr]    Compiling env_logger v0.11.11
[INFO] [stderr]    Compiling yoke v0.8.3
[INFO] [stderr]    Compiling zerotrie v0.2.5
[INFO] [stderr]    Compiling zerovec v0.11.8
[INFO] [stderr]    Compiling tinystr v0.8.4
[INFO] [stderr]    Compiling potential_utf v0.1.6
[INFO] [stderr]    Compiling icu_locale_core v2.3.0
[INFO] [stderr]    Compiling icu_collections v2.3.0
[INFO] [stderr]    Compiling pest_generator v2.9.3
[INFO] [stderr]    Compiling clap v4.6.7
[INFO] [stderr]    Compiling pest_derive v2.9.3
[INFO] [stderr]    Compiling icu_provider v2.3.1
[INFO] [stderr]    Compiling icu_properties v2.3.0
[INFO] [stderr]    Compiling icu_normalizer v2.3.0
[INFO] [stderr]    Compiling idna_adapter v1.2.2
[INFO] [stderr]    Compiling idna v1.1.0
[INFO] [stderr]    Compiling url v2.5.8
[INFO] [stderr]    Compiling git2 v0.20.4
[INFO] [stderr]    Compiling rusty-todo-md v1.11.0 (/opt/rustwide/workdir)
[INFO] [stderr]     Finished `release` profile [optimized] target(s) in 4m 13s
[INFO] running `Command { std: "docker" "inspect" "02f74101b9619b911fb2ff7e5c9912aa71418de204babc7f0248e8644d9a1d57", kill_on_drop: false }`
[INFO] running `Command { std: "docker" "exec" "-e" "SOURCE_DIR=/opt/rustwide/workdir" "-e" "CARGO_HOME=/opt/rustwide/cargo-home" "-e" "RUSTUP_HOME=/opt/rustwide/rustup-home" "-e" "CARGO_TARGET_DIR=/opt/rustwide/target" "-e" "CARGO_INCREMENTAL=0" "-e" "RUST_BACKTRACE=full" "-e" "RUSTFLAGS=--cap-lints=warn" "-e" "RUSTDOCFLAGS=--cap-lints=warn" "-w" "/opt/rustwide/workdir" "--user" "0:0" "02f74101b9619b911fb2ff7e5c9912aa71418de204babc7f0248e8644d9a1d57" "/opt/rustwide/cargo-home/bin/cargo" "+1.99.0-beta.8" "test" "--frozen" "--no-run" "--message-format=json" "--release", kill_on_drop: false }`
[INFO] [stderr]    Compiling regex-automata v0.4.18
[INFO] [stderr]    Compiling predicates-core v1.0.10
[INFO] [stderr]    Compiling getrandom v0.4.3
[INFO] [stderr]    Compiling float-cmp v0.10.0
[INFO] [stderr]    Compiling assert_cmd v2.2.2
[INFO] [stderr]    Compiling openssl v0.10.81
[INFO] [stderr]    Compiling wait-timeout v0.2.1
[INFO] [stderr]    Compiling console v0.16.6
[INFO] [stderr]    Compiling similar v2.7.0
[INFO] [stderr]    Compiling git2 v0.20.4
[INFO] [stderr]    Compiling tempfile v3.27.0
[INFO] [stderr]    Compiling predicates-tree v1.0.13
[INFO] [stderr]    Compiling insta v1.49.0
[INFO] [stderr]    Compiling regex v1.13.1
[INFO] [stderr]    Compiling bstr v1.13.1
[INFO] [stderr]    Compiling env_filter v2.0.0
[INFO] [stderr]    Compiling predicates v3.1.4
[INFO] [stderr]    Compiling env_logger v0.11.11
[INFO] [stderr]    Compiling globset v0.4.20
[INFO] [stderr]    Compiling rusty-todo-md v1.11.0 (/opt/rustwide/workdir)
[INFO] [stderr]     Finished `release` profile [optimized] target(s) in 56.13s
[INFO] running `Command { std: "docker" "inspect" "02f74101b9619b911fb2ff7e5c9912aa71418de204babc7f0248e8644d9a1d57", kill_on_drop: false }`
[INFO] running `Command { std: "docker" "exec" "-e" "SOURCE_DIR=/opt/rustwide/workdir" "-e" "CARGO_HOME=/opt/rustwide/cargo-home" "-e" "RUSTUP_HOME=/opt/rustwide/rustup-home" "-e" "CARGO_TARGET_DIR=/opt/rustwide/target" "-e" "CARGO_INCREMENTAL=0" "-e" "RUST_BACKTRACE=full" "-e" "RUSTFLAGS=--cap-lints=warn" "-e" "RUSTDOCFLAGS=--cap-lints=warn" "-w" "/opt/rustwide/workdir" "--user" "0:0" "02f74101b9619b911fb2ff7e5c9912aa71418de204babc7f0248e8644d9a1d57" "/opt/rustwide/cargo-home/bin/cargo" "+1.99.0-beta.8" "test" "--frozen" "--release", kill_on_drop: false }`
[INFO] [stderr]     Finished `release` profile [optimized] target(s) in 0.17s
[INFO] [stderr]      Running unittests src/lib.rs (/opt/rustwide/target/release/deps/rusty_todo_md-af2c74fda1304dd4)
[INFO] [stdout] 
[INFO] [stdout] running 92 tests
[INFO] [stdout] test todo_extractor_internal::aggregator::aggregator_tests::test_content_may_contain_marker_basic ... ok
[INFO] [stdout] test exclusion::tests::test_normalize_pattern ... ok
[INFO] [stdout] test todo_extractor_internal::aggregator::aggregator_tests::test_display_no_todos ... ok
[INFO] [stdout] test todo_extractor_internal::aggregator::aggregator_tests::test_display_todo_output ... ok
[INFO] [stdout] test todo_extractor_internal::aggregator::aggregator_tests::test_dockerfile_no_extension ... ok
[INFO] [stdout] test todo_extractor_internal::aggregator::aggregator_tests::test_empty_input_no_todos ... ok
[INFO] [stdout] test todo_extractor_internal::aggregator::aggregator_tests::test_extract_marked_items_from_file_nonexistent_file ... ok
[INFO] [stdout] test todo_extractor_internal::aggregator::aggregator_tests::test_extract_marked_items_from_file_unsupported_extension ... ok
[INFO] [stdout] test todo_extractor_internal::aggregator::aggregator_tests::test_false_positive_detection ... ok
[INFO] [stdout] test todo_extractor_internal::aggregator::aggregator_tests::test_basic_framework ... ok
[INFO] [stdout] test exclusion::tests::test_should_exclude_files ... ok
[INFO] [stdout] test todo_extractor_internal::aggregator::aggregator_tests::test_ignore_todo_not_at_beginning ... ok
[INFO] [stdout] test exclusion::tests::test_last_match_wins ... ok
[INFO] [stdout] test exclusion::tests::test_should_exclude_exclude_dir_flag ... ok
[INFO] [stdout] test exclusion::tests::test_build_exclusion_matcher_exclude ... ok
[INFO] [stdout] test exclusion::tests::test_build_exclusion_matcher_multiple ... ok
[INFO] [stdout] test exclusion::tests::test_build_exclusion_matcher_exclude_dir_with_slash ... ok
[INFO] [stdout] test exclusion::tests::test_build_exclusion_matcher_exclude_dir ... ok
[INFO] [stdout] test todo_extractor_internal::aggregator::aggregator_tests::test_merge_multiline_todo ... ok
[INFO] [stdout] test todo_extractor_internal::aggregator::aggregator_tests::test_invalid_extension ... ok
[INFO] [stdout] test exclusion::tests::test_build_exclusion_matcher_invalid_pattern ... ok
[INFO] [stdout] test exclusion::tests::test_filter_excluded_files ... ok
[INFO] [stdout] test todo_extractor_internal::aggregator::aggregator_tests::test_merge_multiline_todo_with_todo_in_str ... ok
[INFO] [stdout] test todo_extractor_internal::aggregator::aggregator_tests::test_fixme_without_colon ... ok
[INFO] [stdout] test todo_extractor_internal::aggregator::aggregator_tests::test_fixme_with_colon ... ok
[INFO] [stdout] test todo_extractor_internal::aggregator::aggregator_tests::test_marker_prefilter_lets_marker_bearing_file_through ... ok
[INFO] [stdout] test todo_extractor_internal::aggregator::aggregator_tests::test_valid_jsx_extension ... ok
[INFO] [stdout] test todo_extractor_internal::aggregator::aggregator_tests::test_extract_marked_items_from_file_permission_denied ... FAILED
[INFO] [stdout] test exclusion::tests::test_should_exclude_directories ... ok
[INFO] [stdout] test todo_extractor_internal::aggregator::aggregator_tests::test_todo_with_line_number ... ok
[INFO] [stdout] test todo_extractor_internal::aggregator::aggregator_tests::test_stop_merge_on_unindented_line ... ok
[INFO] [stdout] test todo_extractor_internal::aggregator::aggregator_tests::test_valid_yaml_extension ... ok
[INFO] [stdout] test todo_extractor_internal::languages::common_syntax::tests::test_strip_markers_different_markers ... ok
[INFO] [stdout] test todo_extractor_internal::languages::common_syntax::tests::test_strip_markers ... ok
[INFO] [stdout] test todo_extractor_internal::aggregator::aggregator_tests::test_valid_sh_extension ... ok
[INFO] [stdout] test todo_extractor_internal::aggregator::aggregator_tests::test_valid_js_extension ... ok
[INFO] [stdout] test todo_extractor_internal::languages::dockerfile::dockerfile_tests::test_dockerfile_multiline_run_with_todo ... ok
[INFO] [stdout] test todo_extractor_internal::languages::dockerfile::dockerfile_tests::test_dockerfile_mixed_comment_styles ... ok
[INFO] [stdout] test todo_extractor_internal::aggregator::aggregator_tests::test_valid_rust_extension ... ok
[INFO] [stdout] test todo_extractor_internal::aggregator::aggregator_tests::test_mixed_marker_configurations ... ok
[INFO] [stdout] test todo_extractor_internal::aggregator::aggregator_tests::test_valid_go_extension ... ok
[INFO] [stdout] test todo_extractor_internal::aggregator::aggregator_tests::test_valid_sql_extension ... ok
[INFO] [stdout] test todo_extractor_internal::aggregator::aggregator_tests::test_multiple_consecutive_todos ... ok
[INFO] [stdout] test todo_extractor_internal::aggregator::aggregator_tests::test_valid_toml_extension ... ok
[INFO] [stdout] test todo_extractor_internal::languages::dockerfile::dockerfile_tests::test_dockerfile_single_comment ... ok
[INFO] [stdout] test todo_extractor_internal::languages::go::go_tests::test_extract_go_comments ... ok
[INFO] [stdout] test todo_extractor_internal::aggregator::aggregator_tests::test_mixed_markers ... ok
[INFO] [stdout] test todo_extractor_internal::aggregator::aggregator_tests::test_mixed_markers_complex ... ok
[INFO] [stdout] test todo_extractor_internal::languages::dockerfile::dockerfile_tests::test_dockerfile_multiple_todos_and_markers ... ok
[INFO] [stdout] test todo_extractor_internal::aggregator::aggregator_tests::test_valid_markdown_extension ... ok
[INFO] [stdout] test todo_extractor_internal::languages::common_syntax::tests::test_strip_markers_with_indent ... ok
[INFO] [stdout] test todo_extractor_internal::languages::go::go_tests::test_go_mixed_comments ... ok
[INFO] [stdout] test todo_extractor_internal::languages::go::go_tests::test_go_nested_block_comments ... ok
[INFO] [stdout] test todo_extractor_internal::languages::go::go_tests::test_go_block_comment ... ok
[INFO] [stdout] test todo_extractor_internal::languages::go::go_tests::test_ignore_non_comment_go ... ok
[INFO] [stdout] test todo_extractor_internal::languages::js::js_tests::test_ignore_non_comment_js ... ok
[INFO] [stdout] test todo_extractor_internal::languages::go::go_tests::test_go_package_comments ... ok
[INFO] [stdout] test todo_extractor_internal::languages::go::go_tests::test_go_single_line_comment ... ok
[INFO] [stdout] test todo_extractor_internal::languages::js::js_tests::test_js_jsx_syntax ... ok
[INFO] [stdout] test todo_extractor_internal::languages::go::go_tests::test_go_ignore_string_literals ... ok
[INFO] [stdout] test todo_extractor_internal::languages::js::js_tests::test_js_block_comment ... ok
[INFO] [stdout] test todo_extractor_internal::languages::go::go_tests::test_go_multiline_todo ... ok
[INFO] [stdout] test todo_extractor_internal::languages::rust::rust_tests::test_extract_rust_comments ... ok
[INFO] [stdout] test todo_extractor_internal::languages::js::js_tests::test_js_ignore_string_literals ... ok
[INFO] [stdout] test todo_extractor_internal::languages::js::js_tests::test_js_multiline_todo ... ok
[INFO] [stdout] test todo_extractor_internal::languages::js::js_tests::test_js_mixed_comments ... ok
[INFO] [stdout] test todo_extractor_internal::languages::js::js_tests::test_js_single_line_comment ... ok
[INFO] [stdout] test todo_extractor_internal::languages::js::js_tests::test_extract_js_comments ... ok
[INFO] [stdout] test todo_extractor_internal::languages::markdown::markdown_tests::test_markdown_html_comment ... ok
[INFO] [stdout] test todo_extractor_internal::languages::rust::rust_tests::test_ignore_non_comment_rust ... ok
[INFO] [stdout] test todo_extractor_internal::languages::python::python_tests::test_extract_python_todo ... ok
[INFO] [stdout] test todo_extractor_internal::languages::rust::rust_tests::test_rust_single_line ... ok
[INFO] [stdout] test todo_extractor_internal::languages::python::python_tests::test_ignore_non_todo_python ... ok
[INFO] [stdout] test todo_extractor_internal::languages::python::python_tests::test_python_single_line ... ok
[INFO] [stdout] test todo_extractor_internal::languages::sql::sql_tests::test_sql_line_comment ... ok
[INFO] [stdout] test todo_extractor_internal::languages::python::python_tests::test_python_docstring ... ok
[INFO] [stdout] test todo_extractor_internal::aggregator::aggregator_tests::test_marker_prefilter_skips_large_marker_free_file ... ok
[INFO] [stdout] test todo_extractor_internal::languages::toml::toml_tests::test_toml_single_comment ... ok
[INFO] [stdout] test todo_extractor_internal::languages::rust::rust_tests::test_large_rust_file_scenario ... ok
[INFO] [stdout] test todo_extractor_internal::languages::rust::rust_tests::test_rust_block_doc ... ok
[INFO] [stdout] test todo_extractor_internal::languages::shell::shell_tests::test_sh_single_comment ... ok
[INFO] [stdout] test todo_extractor_internal::languages::python::python_tests::test_python_docstring_multiple_todos ... ok
[INFO] [stdout] test todo_extractor_internal::languages::yaml::yaml_tests::test_yaml_direct_parser ... ok
[INFO] [stdout] test todo_extractor_internal::languages::yaml::yaml_tests::test_yaml_single_comment ... ok
[INFO] [stdout] test todo_extractor_internal::languages::yaml::yaml_tests::test_yaml_ignore_triple_quoted_strings ... ok
[INFO] [stdout] test todo_extractor_internal::languages::yaml::yaml_tests::test_yaml_multiple_comments ... ok
[INFO] [stdout] test todo_md::tests::test_write_todo_file_empty_writes_empty_file ... ok
[INFO] [stdout] test todo_md::tests::test_listed_files_tolerates_merge_leftovers ... ok
[INFO] [stdout] test todo_md::tests::test_listed_files_reads_paths_from_every_entry_line ... ok
[INFO] [stdout] test todo_md::tests::test_write_todo_file_sectioned ... ok
[INFO] [stdout] test todo_extractor_internal::languages::yaml::yaml_tests::test_yaml_quoted_strings ... ok
[INFO] [stderr] error: test failed, to rerun pass `--lib`
[INFO] [stdout] test todo_extractor_internal::aggregator::aggregator_tests::test_large_marker_bearing_file_parses_in_linear_time ... ok
[INFO] [stdout] 
[INFO] [stdout] failures:
[INFO] [stdout] 
[INFO] [stdout] ---- todo_extractor_internal::aggregator::aggregator_tests::test_extract_marked_items_from_file_permission_denied stdout ----
[INFO] [stdout] 2026-10-18T16:16:26Z INFO  [rusty_todo_md::todo_extractor_internal::aggregator - src/todo_extractor_internal/aggregator.rs:234] file "/tmp/.tmpKynbnV.rs" have a valid parser
[INFO] [stdout] 2026-10-18T16:16:26Z DEBUG [rusty_todo_md::todo_extractor_internal::aggregator - src/todo_extractor_internal/aggregator.rs:254] extract_marked_items_with_parser for file "/tmp/.tmpKynbnV.rs"
[INFO] [stdout] 2026-10-18T16:16:26Z DEBUG [rusty_todo_md::todo_extractor_internal::aggregator - src/todo_extractor_internal/aggregator.rs:59] Parsing successful! Found 1 top-level pairs.
[INFO] [stdout] 2026-10-18T16:16:26Z DEBUG [rusty_todo_md::todo_extractor_internal::aggregator - src/todo_extractor_internal/aggregator.rs:74] Extracted comment: CommentLine { line_number: 1, text: "// TODO: test" }
[INFO] [stdout] 2026-10-18T16:16:26Z DEBUG [rusty_todo_md::todo_extractor_internal::aggregator - src/todo_extractor_internal/aggregator.rs:258] extract_marked_items_with_parser: found 1 comment lines from parser: [CommentLine { line_number: 1, text: "// TODO: test" }]
[INFO] [stdout] 2026-10-18T16:16:26Z DEBUG [rusty_todo_md::todo_extractor_internal::aggregator - src/todo_extractor_internal/aggregator.rs:266] extract_marked_items_with_parser: found 1 marked items total
[INFO] [stdout] 
[INFO] [stdout] thread 'todo_extractor_internal::aggregator::aggregator_tests::test_extract_marked_items_from_file_permission_denied' (13368) panicked at src/todo_extractor_internal/aggregator.rs:957:13:
[INFO] [stdout] assertion failed: result.is_err()
[INFO] [stdout] stack backtrace:
[INFO] [stdout]    0:     0x624140a0a5a1 - <<std[70759c8f55707aa4]::sys::backtrace::BacktraceLock>::print::DisplayBacktrace as core[df12db4294e9bfd3]::fmt::Display>::fmt
[INFO] [stdout]    1:     0x624140a2255a - core[df12db4294e9bfd3]::fmt::write
[INFO] [stdout]    2:     0x624140a103ec - <alloc[2182bb758b4b3781]::vec::Vec<u8> as core[df12db4294e9bfd3]::io::write::Write>::write_fmt
[INFO] [stdout]    3:     0x6241409e48e6 - std[70759c8f55707aa4]::panicking::default_hook::{closure#0}
[INFO] [stdout]    4:     0x624140a01db9 - std[70759c8f55707aa4]::panicking::default_hook
[INFO] [stdout]    5:     0x6241408bc5e0 - test[9d35eded1c95d3be]::test_main_inner::<test[9d35eded1c95d3be]::test_main_static::{closure#0}>::{closure#0}
[INFO] [stdout]    6:     0x624140a01f72 - std[70759c8f55707aa4]::panicking::panic_with_hook
[INFO] [stdout]    7:     0x6241409e49c4 - std[70759c8f55707aa4]::panicking::panic_handler::{closure#0}
[INFO] [stdout]    8:     0x6241409dd469 - std[70759c8f55707aa4]::sys::backtrace::__rust_end_short_backtrace::<std[70759c8f55707aa4]::panicking::panic_handler::{closure#0}, !>
[INFO] [stdout]    9:     0x6241409e564d - __rustc[8fa7c3cbc660c2b3]::rust_begin_unwind
[INFO] [stdout]   10:     0x624140a22d3c - core[df12db4294e9bfd3]::panicking::panic_fmt
[INFO] [stdout]   11:     0x624140a22d02 - core[df12db4294e9bfd3]::panicking::panic
[INFO] [stdout]   12:     0x62414087d2dc - rusty_todo_md[912405d01cee1d85]::todo_extractor_internal::aggregator::aggregator_tests::test_extract_marked_items_from_file_permission_denied
[INFO] [stdout]   13:     0x624140897699 - <rusty_todo_md[912405d01cee1d85]::todo_extractor_internal::aggregator::aggregator_tests::test_extract_marked_items_from_file_permission_denied::{closure#0} as core[df12db4294e9bfd3]::ops::function::FnOnce<()>>::call_once
[INFO] [stdout]   14:     0x6241408af8cb - test[9d35eded1c95d3be]::__rust_begin_short_backtrace::<core[df12db4294e9bfd3]::result::Result<(), alloc[2182bb758b4b3781]::string::String>, fn() -> core[df12db4294e9bfd3]::result::Result<(), alloc[2182bb758b4b3781]::string::String>>
[INFO] [stdout]   15:     0x6241408bcf35 - test[9d35eded1c95d3be]::run_test::{closure#0}
[INFO] [stdout]   16:     0x6241408b67f4 - std[70759c8f55707aa4]::sys::backtrace::__rust_begin_short_backtrace::<test[9d35eded1c95d3be]::run_test::{closure#1}, ()>
[INFO] [stdout]   17:     0x6241408c0092 - <std[70759c8f55707aa4]::thread::lifecycle::spawn_unchecked<test[9d35eded1c95d3be]::run_test::{closure#1}, ()>::{closure#1} as core[df12db4294e9bfd3]::ops::function::FnOnce<()>>::call_once::{shim:vtable#0}
[INFO] [stdout]   18:     0x624140a09919 - <std[70759c8f55707aa4]::sys::thread::unix::Thread>::new::thread_start
[INFO] [stdout]   19:     0x7482b0a4bdfa - <unknown>
[INFO] [stdout]   20:     0x7482b0adf3d4 - clone
[INFO] [stdout]   21:                0x0 - <unknown>
[INFO] [stdout] 
[INFO] [stdout] 
[INFO] [stdout] failures:
[INFO] [stdout]     todo_extractor_internal::aggregator::aggregator_tests::test_extract_marked_items_from_file_permission_denied
[INFO] [stdout] 
[INFO] [stdout] test result: FAILED. 91 passed; 1 failed; 0 ignored; 0 measured; 0 filtered out; finished in 0.43s
[INFO] [stdout] 
[INFO] running `Command { std: "docker" "inspect" "02f74101b9619b911fb2ff7e5c9912aa71418de204babc7f0248e8644d9a1d57", kill_on_drop: false }`
[INFO] running `Command { std: "docker" "rm" "-f" "02f74101b9619b911fb2ff7e5c9912aa71418de204babc7f0248e8644d9a1d57", kill_on_drop: false }`
[INFO] [stdout] 02f74101b9619b911fb2ff7e5c9912aa71418de204babc7f0248e8644d9a1d57
