[INFO] fetching crate rusty-tesseract 1.1.10...
[INFO] testing rusty-tesseract-1.1.10 against 1.100.0-beta.1+cargoflags=--release for beta-release-1.100-2
[INFO] extracting crate rusty-tesseract 1.1.10 into /workspace/builds/worker-2-tc2/source
[INFO] started tweaking crates.io crate rusty-tesseract 1.1.10
[INFO] finished tweaking crates.io crate rusty-tesseract 1.1.10
[INFO] tweaked toml for crates.io crate rusty-tesseract 1.1.10 written to /workspace/builds/worker-2-tc2/source/Cargo.toml
[INFO] validating manifest of crates.io crate rusty-tesseract 1.1.10 on toolchain 1.100.0-beta.1
[INFO] running `Command { std: CARGO_HOME="/workspace/cargo-home" RUSTUP_HOME="/workspace/rustup-home" "/workspace/cargo-home/bin/cargo" "+1.100.0-beta.1" "metadata" "--manifest-path" "Cargo.toml" "--no-deps", kill_on_drop: false }`
[INFO] crate crates.io crate rusty-tesseract 1.1.10 already has a lockfile, it will not be regenerated
[INFO] running `Command { std: CARGO_HOME="/workspace/cargo-home" RUSTUP_HOME="/workspace/rustup-home" "/workspace/cargo-home/bin/cargo" "+1.100.0-beta.1" "fetch" "--manifest-path" "Cargo.toml", kill_on_drop: false }`
[INFO] running `Command { std: "docker" "create" "-v" "/var/lib/crater-agent-workspace/builds/worker-2-tc2/source:/opt/rustwide/workdir:ro,Z" "-v" "/var/lib/crater-agent-workspace/builds/worker-2-tc2/target:/opt/rustwide/target:rw,Z" "-v" "/var/lib/crater-agent-workspace/cargo-home:/opt/rustwide/cargo-home:ro,Z" "-v" "/var/lib/crater-agent-workspace/rustup-home:/opt/rustwide/rustup-home:ro,Z" "-m" "1610612736" "--network" "none" "ghcr.io/rust-lang/crates-build-env/linux@sha256:77db811e55d90add9212f6832c23229e3de5f1c1f9905e8cb07319ea15df73ac" "sleep" "infinity", kill_on_drop: false }`
[INFO] [stdout] 836a55d231871c37f5b7cd0d91fd2e034827bedb0900780a6374d5aa7b8cf5ae
[INFO] running `Command { std: "docker" "start" "836a55d231871c37f5b7cd0d91fd2e034827bedb0900780a6374d5aa7b8cf5ae", kill_on_drop: false }`
[INFO] running `Command { std: "docker" "inspect" "836a55d231871c37f5b7cd0d91fd2e034827bedb0900780a6374d5aa7b8cf5ae", kill_on_drop: false }`
[INFO] running `Command { std: "docker" "exec" "-e" "SOURCE_DIR=/opt/rustwide/workdir" "-e" "CARGO_HOME=/opt/rustwide/cargo-home" "-e" "RUSTUP_HOME=/opt/rustwide/rustup-home" "-e" "CARGO_TARGET_DIR=/opt/rustwide/target" "-w" "/opt/rustwide/workdir" "--user" "0:0" "836a55d231871c37f5b7cd0d91fd2e034827bedb0900780a6374d5aa7b8cf5ae" "/opt/rustwide/cargo-home/bin/cargo" "+1.100.0-beta.1" "metadata" "--no-deps" "--format-version=1", kill_on_drop: false }`
[INFO] running `Command { std: "docker" "inspect" "836a55d231871c37f5b7cd0d91fd2e034827bedb0900780a6374d5aa7b8cf5ae", kill_on_drop: false }`
[INFO] running `Command { std: "docker" "exec" "-e" "SOURCE_DIR=/opt/rustwide/workdir" "-e" "CARGO_HOME=/opt/rustwide/cargo-home" "-e" "RUSTUP_HOME=/opt/rustwide/rustup-home" "-e" "CARGO_TARGET_DIR=/opt/rustwide/target" "-e" "CARGO_INCREMENTAL=0" "-e" "RUST_BACKTRACE=full" "-e" "RUSTFLAGS=--cap-lints=warn" "-e" "RUSTDOCFLAGS=--cap-lints=warn" "-w" "/opt/rustwide/workdir" "--user" "0:0" "836a55d231871c37f5b7cd0d91fd2e034827bedb0900780a6374d5aa7b8cf5ae" "/opt/rustwide/cargo-home/bin/cargo" "+1.100.0-beta.1" "build" "--frozen" "--message-format=json" "--release", kill_on_drop: false }`
[INFO] [stderr]    Compiling autocfg v1.1.0
[INFO] [stderr]    Compiling proc-macro2 v1.0.79
[INFO] [stderr]    Compiling unicode-ident v1.0.12
[INFO] [stderr]    Compiling cfg-if v1.0.0
[INFO] [stderr]    Compiling crossbeam-utils v0.8.19
[INFO] [stderr]    Compiling rayon-core v1.12.1
[INFO] [stderr]    Compiling simd-adler32 v0.3.7
[INFO] [stderr]    Compiling crc32fast v1.4.0
[INFO] [stderr]    Compiling adler v1.0.2
[INFO] [stderr]    Compiling thiserror v1.0.58
[INFO] [stderr]    Compiling either v1.10.0
[INFO] [stderr]    Compiling anyhow v1.0.81
[INFO] [stderr]    Compiling libc v0.2.153
[INFO] [stderr]    Compiling memchr v2.7.1
[INFO] [stderr]    Compiling minimal-lexical v0.2.1
[INFO] [stderr]    Compiling built v0.7.1
[INFO] [stderr]    Compiling arrayvec v0.7.4
[INFO] [stderr]    Compiling paste v1.0.14
[INFO] [stderr]    Compiling aligned-vec v0.5.0
[INFO] [stderr]    Compiling miniz_oxide v0.7.2
[INFO] [stderr]    Compiling num-traits v0.2.18
[INFO] [stderr]    Compiling num-bigint v0.4.4
[INFO] [stderr]    Compiling lock_api v0.4.11
[INFO] [stderr]    Compiling num-rational v0.4.1
[INFO] [stderr]    Compiling bytemuck v1.15.0
[INFO] [stderr]    Compiling log v0.4.21
[INFO] [stderr]    Compiling itertools v0.12.1
[INFO] [stderr]    Compiling rav1e v0.7.1
[INFO] [stderr]    Compiling noop_proc_macro v0.3.0
[INFO] [stderr]    Compiling new_debug_unreachable v1.0.6
[INFO] [stderr]    Compiling weezl v0.1.8
[INFO] [stderr]    Compiling bitstream-io v2.2.0
[INFO] [stderr]    Compiling imgref v1.10.1
[INFO] [stderr]    Compiling quote v1.0.35
[INFO] [stderr]    Compiling once_cell v1.19.0
[INFO] [stderr]    Compiling rustix v0.38.32
[INFO] [stderr]    Compiling rgb v0.8.37
[INFO] [stderr]    Compiling spin v0.9.8
[INFO] [stderr]    Compiling loop9 v0.1.5
[INFO] [stderr]    Compiling avif-serialize v0.8.1
[INFO] [stderr]    Compiling flate2 v1.0.28
[INFO] [stderr]    Compiling substring v1.4.5
[INFO] [stderr]    Compiling syn v2.0.55
[INFO] [stderr]    Compiling crossbeam-epoch v0.9.18
[INFO] [stderr]    Compiling nom v7.1.3
[INFO] [stderr]    Compiling simd_helpers v0.1.0
[INFO] [stderr]    Compiling flume v0.11.0
[INFO] [stderr]    Compiling zune-inflate v0.2.54
[INFO] [stderr]    Compiling fdeflate v0.3.4
[INFO] [stderr]    Compiling half v2.4.0
[INFO] [stderr]    Compiling quick-error v2.0.1
[INFO] [stderr]    Compiling byteorder v1.5.0
[INFO] [stderr]    Compiling lebe v0.5.2
[INFO] [stderr]    Compiling crossbeam-deque v0.8.5
[INFO] [stderr]    Compiling bitflags v2.5.0
[INFO] [stderr]    Compiling zune-core v0.4.12
[INFO] [stderr]    Compiling smallvec v1.13.2
[INFO] [stderr]    Compiling bitflags v1.3.2
[INFO] [stderr]    Compiling num-integer v0.1.46
[INFO] [stderr]    Compiling v_frame v0.3.8
[INFO] [stderr]    Compiling jpeg-decoder v0.3.1
[INFO] [stderr]    Compiling bit_field v0.10.2
[INFO] [stderr]    Compiling color_quant v1.1.0
[INFO] [stderr]    Compiling linux-raw-sys v0.4.13
[INFO] [stderr]    Compiling png v0.17.13
[INFO] [stderr]    Compiling zune-jpeg v0.4.11
[INFO] [stderr]    Compiling qoi v0.4.1
[INFO] [stderr]    Compiling fastrand v2.0.2
[INFO] [stderr]    Compiling gif v0.13.1
[INFO] [stderr]    Compiling subprocess v0.2.9
[INFO] [stderr]    Compiling rayon v1.10.0
[INFO] [stderr]    Compiling exr v1.72.0
[INFO] [stderr]    Compiling tiff v0.9.1
[INFO] [stderr]    Compiling thiserror-impl v1.0.58
[INFO] [stderr]    Compiling profiling-procmacros v1.0.15
[INFO] [stderr]    Compiling num-derive v0.4.2
[INFO] [stderr]    Compiling arg_enum_proc_macro v0.3.4
[INFO] [stderr]    Compiling profiling v1.0.15
[INFO] [stderr]    Compiling av1-grain v0.2.3
[INFO] [stderr]    Compiling tempfile v3.10.1
[INFO] [stderr]    Compiling image-webp v0.1.1
[INFO] [stderr]    Compiling maybe-rayon v0.1.1
[INFO] [stderr]    Compiling ravif v0.11.5
[INFO] [stderr]    Compiling image v0.25.0
[INFO] [stderr]    Compiling rusty-tesseract v1.1.10 (/opt/rustwide/workdir)
[INFO] [stderr] warning: unused dependency `subprocess`
[INFO] [stderr]  --> Cargo.toml:4:15
[INFO] [stderr]   |
[INFO] [stderr] 4 | [dependencies.subprocess]
[INFO] [stderr]   |               ^^^^^^^^^^^
[INFO] [stderr]   |
[INFO] [stderr]   = note: `cargo::unused_dependencies` is set to `warn` by default
[INFO] [stderr] help: consider removing the dependency on `subprocess`
[INFO] [stderr] warning: unused dependency `substring`
[INFO] [stderr]  --> Cargo.toml:7:15
[INFO] [stderr]   |
[INFO] [stderr] 7 | [dependencies.substring]
[INFO] [stderr]   |               ^^^^^^^^^^
[INFO] [stderr]   |
[INFO] [stderr] help: consider removing the dependency on `substring`
[INFO] [stderr] warning: `rusty-tesseract` (manifest) generated 2 warnings
[INFO] [stderr]     Finished `release` profile [optimized] target(s) in 1m 51s
[INFO] running `Command { std: "docker" "inspect" "836a55d231871c37f5b7cd0d91fd2e034827bedb0900780a6374d5aa7b8cf5ae", kill_on_drop: false }`
[INFO] running `Command { std: "docker" "exec" "-e" "SOURCE_DIR=/opt/rustwide/workdir" "-e" "CARGO_HOME=/opt/rustwide/cargo-home" "-e" "RUSTUP_HOME=/opt/rustwide/rustup-home" "-e" "CARGO_TARGET_DIR=/opt/rustwide/target" "-e" "CARGO_INCREMENTAL=0" "-e" "RUST_BACKTRACE=full" "-e" "RUSTFLAGS=--cap-lints=warn" "-e" "RUSTDOCFLAGS=--cap-lints=warn" "-w" "/opt/rustwide/workdir" "--user" "0:0" "836a55d231871c37f5b7cd0d91fd2e034827bedb0900780a6374d5aa7b8cf5ae" "/opt/rustwide/cargo-home/bin/cargo" "+1.100.0-beta.1" "test" "--frozen" "--no-run" "--message-format=json" "--release", kill_on_drop: false }`
[INFO] [stderr]    Compiling rusty-tesseract v1.1.10 (/opt/rustwide/workdir)
[INFO] [stderr] warning: unused dependency `subprocess`
[INFO] [stderr]  --> Cargo.toml:4:15
[INFO] [stderr]   |
[INFO] [stderr] 4 | [dependencies.subprocess]
[INFO] [stderr]   |               ^^^^^^^^^^^
[INFO] [stderr]   |
[INFO] [stderr]   = note: `cargo::unused_dependencies` is set to `warn` by default
[INFO] [stderr] help: consider removing the dependency on `subprocess`
[INFO] [stderr] warning: unused dependency `substring`
[INFO] [stderr]  --> Cargo.toml:7:15
[INFO] [stderr]   |
[INFO] [stderr] 7 | [dependencies.substring]
[INFO] [stderr]   |               ^^^^^^^^^^
[INFO] [stderr]   |
[INFO] [stderr] help: consider removing the dependency on `substring`
[INFO] [stderr] warning: `rusty-tesseract` (manifest) generated 2 warnings
[INFO] [stderr]     Finished `release` profile [optimized] target(s) in 7.18s
[INFO] running `Command { std: "docker" "inspect" "836a55d231871c37f5b7cd0d91fd2e034827bedb0900780a6374d5aa7b8cf5ae", kill_on_drop: false }`
[INFO] running `Command { std: "docker" "exec" "-e" "SOURCE_DIR=/opt/rustwide/workdir" "-e" "CARGO_HOME=/opt/rustwide/cargo-home" "-e" "RUSTUP_HOME=/opt/rustwide/rustup-home" "-e" "CARGO_TARGET_DIR=/opt/rustwide/target" "-e" "CARGO_INCREMENTAL=0" "-e" "RUST_BACKTRACE=full" "-e" "RUSTFLAGS=--cap-lints=warn" "-e" "RUSTDOCFLAGS=--cap-lints=warn" "-w" "/opt/rustwide/workdir" "--user" "0:0" "836a55d231871c37f5b7cd0d91fd2e034827bedb0900780a6374d5aa7b8cf5ae" "/opt/rustwide/cargo-home/bin/cargo" "+1.100.0-beta.1" "test" "--frozen" "--release", kill_on_drop: false }`
[INFO] [stderr] warning: unused dependency `subprocess`
[INFO] [stderr]  --> Cargo.toml:4:15
[INFO] [stderr]   |
[INFO] [stderr] 4 | [dependencies.subprocess]
[INFO] [stderr]   |               ^^^^^^^^^^^
[INFO] [stderr]   |
[INFO] [stderr]   = note: `cargo::unused_dependencies` is set to `warn` by default
[INFO] [stderr] help: consider removing the dependency on `subprocess`
[INFO] [stderr] warning: unused dependency `substring`
[INFO] [stderr]  --> Cargo.toml:7:15
[INFO] [stderr]   |
[INFO] [stderr] 7 | [dependencies.substring]
[INFO] [stderr]   |               ^^^^^^^^^^
[INFO] [stderr]   |
[INFO] [stderr] help: consider removing the dependency on `substring`
[INFO] [stderr] warning: `rusty-tesseract` (manifest) generated 2 warnings
[INFO] [stderr]     Finished `release` profile [optimized] target(s) in 0.11s
[INFO] [stderr]      Running unittests src/lib.rs (/opt/rustwide/target/release/build/rusty-tesseract/696b29f5a71f6acf/out/rusty_tesseract-696b29f5a71f6acf)
[INFO] [stdout] 
[INFO] [stdout] running 12 tests
[INFO] [stdout] test tesseract::output_config_parameters::tests::test_string_to_config_parameter_output ... ok
[INFO] [stdout] test tesseract::output_data::tests::test_string_to_data_parse_error ... ok
[INFO] [stdout] test tesseract::output_data::tests::test_string_to_data ... ok
[INFO] [stdout] test tesseract::output_boxes::tests::test_string_to_boxes ... ok
[INFO] [stdout] test tesseract::input::tests::test_from_path ... ok
[INFO] [stdout] test tesseract::output_boxes::tests::test_image_to_boxes ... FAILED
[INFO] [stdout] test tesseract::output_config_parameters::tests::test_string_to_config_parameter_output_parse_error ... ok
[INFO] [stdout] test tesseract::command::tests::test_get_tesseract_langs ... FAILED
[INFO] [stdout] test tesseract::output_data::tests::test_image_to_data ... FAILED
[INFO] [stdout] test tesseract::input::tests::test_from_dynamic_image ... ok
[INFO] [stdout] test tesseract::output_boxes::tests::test_string_to_boxes_parse_error ... ok
[INFO] [stderr] error: test failed, to rerun pass `--lib`
[INFO] [stdout] test tesseract::output_config_parameters::tests::test_get_tesseract_config_parameters ... FAILED
[INFO] [stdout] 
[INFO] [stdout] failures:
[INFO] [stdout] 
[INFO] [stdout] ---- tesseract::output_boxes::tests::test_image_to_boxes stdout ----
[INFO] [stdout] 
[INFO] [stdout] thread 'tesseract::output_boxes::tests::test_image_to_boxes' (2003) panicked at src/tesseract/output_boxes.rs:94:65:
[INFO] [stdout] called `Result::unwrap()` on an `Err` value: TesseractNotFoundError
[INFO] [stdout] stack backtrace:
[INFO] [stdout]    0:     0x616cd36ad381 - <<std[617be2ca0a6fd877]::sys::backtrace::BacktraceLock>::print::DisplayBacktrace as core[a373ad73a504971]::fmt::Display>::fmt
[INFO] [stdout]    1:     0x616cd36c490a - core[a373ad73a504971]::fmt::write
[INFO] [stdout]    2:     0x616cd36b19fc - <alloc[2e1b2a31b91974c5]::vec::Vec<u8> as core[a373ad73a504971]::io::write::Write>::write_fmt
[INFO] [stdout]    3:     0x616cd3688a86 - std[617be2ca0a6fd877]::panicking::default_hook::{closure#0}
[INFO] [stdout]    4:     0x616cd36a5629 - std[617be2ca0a6fd877]::panicking::default_hook
[INFO] [stdout]    5:     0x616cd32f7e10 - test[aada8e7e76ba119b]::test_main_inner::{closure#0}
[INFO] [stdout]    6:     0x616cd36a5952 - std[617be2ca0a6fd877]::panicking::panic_with_hook
[INFO] [stdout]    7:     0x616cd3688b32 - std[617be2ca0a6fd877]::panicking::panic_handler::{closure#0}
[INFO] [stdout]    8:     0x616cd3681769 - std[617be2ca0a6fd877]::sys::backtrace::__rust_end_short_backtrace::<std[617be2ca0a6fd877]::panicking::panic_handler::{closure#0}, !>
[INFO] [stdout]    9:     0x616cd368973d - __rustc[ea4f61d10b84890b]::rust_begin_unwind
[INFO] [stdout]   10:     0x616cd36c503c - core[a373ad73a504971]::panicking::panic_fmt
[INFO] [stdout]   11:     0x616cd36c4e12 - core[a373ad73a504971]::result::unwrap_failed
[INFO] [stdout]   12:     0x616cd3269fb7 - <rusty_tesseract[46aec93cd144f865]::tesseract::output_boxes::tests::test_image_to_boxes::{closure#0} as core[a373ad73a504971]::ops::function::FnOnce<()>>::call_once
[INFO] [stdout]   13:     0x616cd32eb25b - test[aada8e7e76ba119b]::__rust_begin_short_backtrace::<core[a373ad73a504971]::result::Result<(), alloc[2e1b2a31b91974c5]::string::String>, fn() -> core[a373ad73a504971]::result::Result<(), alloc[2e1b2a31b91974c5]::string::String>>
[INFO] [stdout]   14:     0x616cd32f8435 - test[aada8e7e76ba119b]::run_test::{closure#0}
[INFO] [stdout]   15:     0x616cd32f1d24 - std[617be2ca0a6fd877]::sys::backtrace::__rust_begin_short_backtrace::<test[aada8e7e76ba119b]::run_test::{closure#1}, ()>
[INFO] [stdout]   16:     0x616cd32fb4c2 - <std[617be2ca0a6fd877]::thread::lifecycle::spawn_unchecked<test[aada8e7e76ba119b]::run_test::{closure#1}, ()>::{closure#1} as core[a373ad73a504971]::ops::function::FnOnce<()>>::call_once::{shim:vtable#0}
[INFO] [stdout]   17:     0x616cd36acb9f - <std[617be2ca0a6fd877]::sys::thread::unix::Thread>::new::thread_start
[INFO] [stdout]   18:     0x7b9abcd51dfa - <unknown>
[INFO] [stdout]   19:     0x7b9abcde53d4 - clone
[INFO] [stdout]   20:                0x0 - <unknown>
[INFO] [stdout] 
[INFO] [stdout] ---- tesseract::command::tests::test_get_tesseract_langs stdout ----
[INFO] [stdout] 
[INFO] [stdout] thread 'tesseract::command::tests::test_get_tesseract_langs' (2000) panicked at src/tesseract/command.rs:121:43:
[INFO] [stdout] called `Result::unwrap()` on an `Err` value: TesseractNotFoundError
[INFO] [stdout] stack backtrace:
[INFO] [stdout]    0:     0x616cd36ad381 - <<std[617be2ca0a6fd877]::sys::backtrace::BacktraceLock>::print::DisplayBacktrace as core[a373ad73a504971]::fmt::Display>::fmt
[INFO] [stdout]    1:     0x616cd36c490a - core[a373ad73a504971]::fmt::write
[INFO] [stdout]    2:     0x616cd36b19fc - <alloc[2e1b2a31b91974c5]::vec::Vec<u8> as core[a373ad73a504971]::io::write::Write>::write_fmt
[INFO] [stdout]    3:     0x616cd3688a86 - std[617be2ca0a6fd877]::panicking::default_hook::{closure#0}
[INFO] [stdout]    4:     0x616cd36a5629 - std[617be2ca0a6fd877]::panicking::default_hook
[INFO] [stdout]    5:     0x616cd32f7e10 - test[aada8e7e76ba119b]::test_main_inner::{closure#0}
[INFO] [stdout]    6:     0x616cd36a5952 - std[617be2ca0a6fd877]::panicking::panic_with_hook
[INFO] [stdout]    7:     0x616cd3688b32 - std[617be2ca0a6fd877]::panicking::panic_handler::{closure#0}
[INFO] [stdout]    8:     0x616cd3681769 - std[617be2ca0a6fd877]::sys::backtrace::__rust_end_short_backtrace::<std[617be2ca0a6fd877]::panicking::panic_handler::{closure#0}, !>
[INFO] [stdout]    9:     0x616cd368973d - __rustc[ea4f61d10b84890b]::rust_begin_unwind
[INFO] [stdout]   10:     0x616cd36c503c - core[a373ad73a504971]::panicking::panic_fmt
[INFO] [stdout]   11:     0x616cd36c4e12 - core[a373ad73a504971]::result::unwrap_failed
[INFO] [stdout]   12:     0x616cd326bb68 - <rusty_tesseract[46aec93cd144f865]::tesseract::command::tests::test_get_tesseract_langs::{closure#0} as core[a373ad73a504971]::ops::function::FnOnce<()>>::call_once
[INFO] [stdout]   13:     0x616cd32eb25b - test[aada8e7e76ba119b]::__rust_begin_short_backtrace::<core[a373ad73a504971]::result::Result<(), alloc[2e1b2a31b91974c5]::string::String>, fn() -> core[a373ad73a504971]::result::Result<(), alloc[2e1b2a31b91974c5]::string::String>>
[INFO] [stdout]   14:     0x616cd32f8435 - test[aada8e7e76ba119b]::run_test::{closure#0}
[INFO] [stdout]   15:     0x616cd32f1d24 - std[617be2ca0a6fd877]::sys::backtrace::__rust_begin_short_backtrace::<test[aada8e7e76ba119b]::run_test::{closure#1}, ()>
[INFO] [stdout]   16:     0x616cd32fb4c2 - <std[617be2ca0a6fd877]::thread::lifecycle::spawn_unchecked<test[aada8e7e76ba119b]::run_test::{closure#1}, ()>::{closure#1} as core[a373ad73a504971]::ops::function::FnOnce<()>>::call_once::{shim:vtable#0}
[INFO] [stdout]   17:     0x616cd36acb9f - <std[617be2ca0a6fd877]::sys::thread::unix::Thread>::new::thread_start
[INFO] [stdout]   18:     0x7b9abcd51dfa - <unknown>
[INFO] [stdout]   19:     0x7b9abcde53d4 - clone
[INFO] [stdout]   20:                0x0 - <unknown>
[INFO] [stdout] 
[INFO] [stdout] ---- tesseract::output_data::tests::test_image_to_data stdout ----
[INFO] [stdout] 
[INFO] [stdout] thread 'tesseract::output_data::tests::test_image_to_data' (2010) panicked at src/tesseract/output_data.rs:126:75:
[INFO] [stdout] called `Result::unwrap()` on an `Err` value: TesseractNotFoundError
[INFO] [stdout] stack backtrace:
[INFO] [stdout]    0:     0x616cd36ad381 - <<std[617be2ca0a6fd877]::sys::backtrace::BacktraceLock>::print::DisplayBacktrace as core[a373ad73a504971]::fmt::Display>::fmt
[INFO] [stdout]    1:     0x616cd36c490a - core[a373ad73a504971]::fmt::write
[INFO] [stdout]    2:     0x616cd36b19fc - <alloc[2e1b2a31b91974c5]::vec::Vec<u8> as core[a373ad73a504971]::io::write::Write>::write_fmt
[INFO] [stdout]    3:     0x616cd3688a86 - std[617be2ca0a6fd877]::panicking::default_hook::{closure#0}
[INFO] [stdout]    4:     0x616cd36a5629 - std[617be2ca0a6fd877]::panicking::default_hook
[INFO] [stdout]    5:     0x616cd32f7e10 - test[aada8e7e76ba119b]::test_main_inner::{closure#0}
[INFO] [stdout]    6:     0x616cd36a5952 - std[617be2ca0a6fd877]::panicking::panic_with_hook
[INFO] [stdout]    7:     0x616cd3688b32 - std[617be2ca0a6fd877]::panicking::panic_handler::{closure#0}
[INFO] [stdout]    8:     0x616cd3681769 - std[617be2ca0a6fd877]::sys::backtrace::__rust_end_short_backtrace::<std[617be2ca0a6fd877]::panicking::panic_handler::{closure#0}, !>
[INFO] [stdout]    9:     0x616cd368973d - __rustc[ea4f61d10b84890b]::rust_begin_unwind
[INFO] [stdout]   10:     0x616cd36c503c - core[a373ad73a504971]::panicking::panic_fmt
[INFO] [stdout]   11:     0x616cd36c4e12 - core[a373ad73a504971]::result::unwrap_failed
[INFO] [stdout]   12:     0x616cd3269588 - <rusty_tesseract[46aec93cd144f865]::tesseract::output_data::tests::test_image_to_data::{closure#0} as core[a373ad73a504971]::ops::function::FnOnce<()>>::call_once
[INFO] [stdout]   13:     0x616cd32eb25b - test[aada8e7e76ba119b]::__rust_begin_short_backtrace::<core[a373ad73a504971]::result::Result<(), alloc[2e1b2a31b91974c5]::string::String>, fn() -> core[a373ad73a504971]::result::Result<(), alloc[2e1b2a31b91974c5]::string::String>>
[INFO] [stdout]   14:     0x616cd32f8435 - test[aada8e7e76ba119b]::run_test::{closure#0}
[INFO] [stdout]   15:     0x616cd32f1d24 - std[617be2ca0a6fd877]::sys::backtrace::__rust_begin_short_backtrace::<test[aada8e7e76ba119b]::run_test::{closure#1}, ()>
[INFO] [stdout]   16:     0x616cd32fb4c2 - <std[617be2ca0a6fd877]::thread::lifecycle::spawn_unchecked<test[aada8e7e76ba119b]::run_test::{closure#1}, ()>::{closure#1} as core[a373ad73a504971]::ops::function::FnOnce<()>>::call_once::{shim:vtable#0}
[INFO] [stdout]   17:     0x616cd36acb9f - <std[617be2ca0a6fd877]::sys::thread::unix::Thread>::new::thread_start
[INFO] [stdout]   18:     0x7b9abcd51dfa - <unknown>
[INFO] [stdout]   19:     0x7b9abcde53d4 - clone
[INFO] [stdout]   20:                0x0 - <unknown>
[INFO] [stdout] 
[INFO] [stdout] ---- tesseract::output_config_parameters::tests::test_get_tesseract_config_parameters stdout ----
[INFO] [stdout] 
[INFO] [stdout] thread 'tesseract::output_config_parameters::tests::test_get_tesseract_config_parameters' (2006) panicked at src/tesseract/output_config_parameters.rs:94:56:
[INFO] [stdout] called `Result::unwrap()` on an `Err` value: TesseractNotFoundError
[INFO] [stdout] stack backtrace:
[INFO] [stdout]    0:     0x616cd36ad381 - <<std[617be2ca0a6fd877]::sys::backtrace::BacktraceLock>::print::DisplayBacktrace as core[a373ad73a504971]::fmt::Display>::fmt
[INFO] [stdout]    1:     0x616cd36c490a - core[a373ad73a504971]::fmt::write
[INFO] [stdout]    2:     0x616cd36b19fc - <alloc[2e1b2a31b91974c5]::vec::Vec<u8> as core[a373ad73a504971]::io::write::Write>::write_fmt
[INFO] [stdout]    3:     0x616cd3688a86 - std[617be2ca0a6fd877]::panicking::default_hook::{closure#0}
[INFO] [stdout]    4:     0x616cd36a5629 - std[617be2ca0a6fd877]::panicking::default_hook
[INFO] [stdout]    5:     0x616cd32f7e10 - test[aada8e7e76ba119b]::test_main_inner::{closure#0}
[INFO] [stdout]    6:     0x616cd36a5952 - std[617be2ca0a6fd877]::panicking::panic_with_hook
[INFO] [stdout]    7:     0x616cd3688b32 - std[617be2ca0a6fd877]::panicking::panic_handler::{closure#0}
[INFO] [stdout]    8:     0x616cd3681769 - std[617be2ca0a6fd877]::sys::backtrace::__rust_end_short_backtrace::<std[617be2ca0a6fd877]::panicking::panic_handler::{closure#0}, !>
[INFO] [stdout]    9:     0x616cd368973d - __rustc[ea4f61d10b84890b]::rust_begin_unwind
[INFO] [stdout]   10:     0x616cd36c503c - core[a373ad73a504971]::panicking::panic_fmt
[INFO] [stdout]   11:     0x616cd36c4e12 - core[a373ad73a504971]::result::unwrap_failed
[INFO] [stdout]   12:     0x616cd326a796 - <rusty_tesseract[46aec93cd144f865]::tesseract::output_config_parameters::tests::test_get_tesseract_config_parameters::{closure#0} as core[a373ad73a504971]::ops::function::FnOnce<()>>::call_once
[INFO] [stdout]   13:     0x616cd32eb25b - test[aada8e7e76ba119b]::__rust_begin_short_backtrace::<core[a373ad73a504971]::result::Result<(), alloc[2e1b2a31b91974c5]::string::String>, fn() -> core[a373ad73a504971]::result::Result<(), alloc[2e1b2a31b91974c5]::string::String>>
[INFO] [stdout]   14:     0x616cd32f8435 - test[aada8e7e76ba119b]::run_test::{closure#0}
[INFO] [stdout]   15:     0x616cd32f1d24 - std[617be2ca0a6fd877]::sys::backtrace::__rust_begin_short_backtrace::<test[aada8e7e76ba119b]::run_test::{closure#1}, ()>
[INFO] [stdout]   16:     0x616cd32fb4c2 - <std[617be2ca0a6fd877]::thread::lifecycle::spawn_unchecked<test[aada8e7e76ba119b]::run_test::{closure#1}, ()>::{closure#1} as core[a373ad73a504971]::ops::function::FnOnce<()>>::call_once::{shim:vtable#0}
[INFO] [stdout]   17:     0x616cd36acb9f - <std[617be2ca0a6fd877]::sys::thread::unix::Thread>::new::thread_start
[INFO] [stdout]   18:     0x7b9abcd51dfa - <unknown>
[INFO] [stdout]   19:     0x7b9abcde53d4 - clone
[INFO] [stdout]   20:                0x0 - <unknown>
[INFO] [stdout] 
[INFO] [stdout] 
[INFO] [stdout] failures:
[INFO] [stdout]     tesseract::command::tests::test_get_tesseract_langs
[INFO] [stdout]     tesseract::output_boxes::tests::test_image_to_boxes
[INFO] [stdout]     tesseract::output_config_parameters::tests::test_get_tesseract_config_parameters
[INFO] [stdout]     tesseract::output_data::tests::test_image_to_data
[INFO] [stdout] 
[INFO] [stdout] test result: FAILED. 8 passed; 4 failed; 0 ignored; 0 measured; 0 filtered out; finished in 0.10s
[INFO] [stdout] 
[INFO] running `Command { std: "docker" "inspect" "836a55d231871c37f5b7cd0d91fd2e034827bedb0900780a6374d5aa7b8cf5ae", kill_on_drop: false }`
[INFO] running `Command { std: "docker" "rm" "-f" "836a55d231871c37f5b7cd0d91fd2e034827bedb0900780a6374d5aa7b8cf5ae", kill_on_drop: false }`
[INFO] [stdout] 836a55d231871c37f5b7cd0d91fd2e034827bedb0900780a6374d5aa7b8cf5ae
