[INFO] fetching crate rusty-taint-refactor 0.1.1...
[INFO] testing rusty-taint-refactor-0.1.1 against 1.99.0-beta.8+cargoflags=--release for beta-release-1.100-2
[INFO] extracting crate rusty-taint-refactor 0.1.1 into /workspace/builds/worker-6-tc1/source
[INFO] started tweaking crates.io crate rusty-taint-refactor 0.1.1
[INFO] finished tweaking crates.io crate rusty-taint-refactor 0.1.1
[INFO] tweaked toml for crates.io crate rusty-taint-refactor 0.1.1 written to /workspace/builds/worker-6-tc1/source/Cargo.toml
[INFO] validating manifest of crates.io crate rusty-taint-refactor 0.1.1 on toolchain 1.99.0-beta.8
[INFO] running `Command { std: CARGO_HOME="/workspace/cargo-home" RUSTUP_HOME="/workspace/rustup-home" "/workspace/cargo-home/bin/cargo" "+1.99.0-beta.8" "metadata" "--manifest-path" "Cargo.toml" "--no-deps", kill_on_drop: false }`
[INFO] crate crates.io crate rusty-taint-refactor 0.1.1 already has a lockfile, it will not be regenerated
[INFO] running `Command { std: CARGO_HOME="/workspace/cargo-home" RUSTUP_HOME="/workspace/rustup-home" "/workspace/cargo-home/bin/cargo" "+1.99.0-beta.8" "fetch" "--manifest-path" "Cargo.toml", kill_on_drop: false }`
[INFO] [stderr]     Updating crates.io index
[INFO] [stderr]  Downloading crates ...
[INFO] [stderr]   Downloaded rusty-capability-core v0.2.0
[INFO] [stderr]   Downloaded rusty-capability-attr v0.2.0
[INFO] [stderr]   Downloaded rusty-source-edit v0.1.1
[INFO] [stderr]   Downloaded rusty-path-match v0.1.1
[INFO] [stderr]   Downloaded rusty-taint-check v0.2.0
[INFO] running `Command { std: "docker" "create" "-v" "/var/lib/crater-agent-workspace/builds/worker-6-tc1/source:/opt/rustwide/workdir:ro,Z" "-v" "/var/lib/crater-agent-workspace/builds/worker-6-tc1/target:/opt/rustwide/target:rw,Z" "-v" "/var/lib/crater-agent-workspace/cargo-home:/opt/rustwide/cargo-home:ro,Z" "-v" "/var/lib/crater-agent-workspace/rustup-home:/opt/rustwide/rustup-home:ro,Z" "-m" "1610612736" "--network" "none" "ghcr.io/rust-lang/crates-build-env/linux@sha256:77db811e55d90add9212f6832c23229e3de5f1c1f9905e8cb07319ea15df73ac" "sleep" "infinity", kill_on_drop: false }`
[INFO] [stdout] c21f2d371902d50fce56c3f487f63062f2bbf452698cc3e0ed6f4640f425621a
[INFO] running `Command { std: "docker" "start" "c21f2d371902d50fce56c3f487f63062f2bbf452698cc3e0ed6f4640f425621a", kill_on_drop: false }`
[INFO] running `Command { std: "docker" "inspect" "c21f2d371902d50fce56c3f487f63062f2bbf452698cc3e0ed6f4640f425621a", kill_on_drop: false }`
[INFO] running `Command { std: "docker" "exec" "-e" "SOURCE_DIR=/opt/rustwide/workdir" "-e" "CARGO_HOME=/opt/rustwide/cargo-home" "-e" "RUSTUP_HOME=/opt/rustwide/rustup-home" "-e" "CARGO_TARGET_DIR=/opt/rustwide/target" "-w" "/opt/rustwide/workdir" "--user" "0:0" "c21f2d371902d50fce56c3f487f63062f2bbf452698cc3e0ed6f4640f425621a" "/opt/rustwide/cargo-home/bin/cargo" "+1.99.0-beta.8" "metadata" "--no-deps" "--format-version=1", kill_on_drop: false }`
[INFO] running `Command { std: "docker" "inspect" "c21f2d371902d50fce56c3f487f63062f2bbf452698cc3e0ed6f4640f425621a", kill_on_drop: false }`
[INFO] running `Command { std: "docker" "exec" "-e" "SOURCE_DIR=/opt/rustwide/workdir" "-e" "CARGO_HOME=/opt/rustwide/cargo-home" "-e" "RUSTUP_HOME=/opt/rustwide/rustup-home" "-e" "CARGO_TARGET_DIR=/opt/rustwide/target" "-e" "CARGO_INCREMENTAL=0" "-e" "RUST_BACKTRACE=full" "-e" "RUSTFLAGS=--cap-lints=warn" "-e" "RUSTDOCFLAGS=--cap-lints=warn" "-w" "/opt/rustwide/workdir" "--user" "0:0" "c21f2d371902d50fce56c3f487f63062f2bbf452698cc3e0ed6f4640f425621a" "/opt/rustwide/cargo-home/bin/cargo" "+1.99.0-beta.8" "build" "--frozen" "--message-format=json" "--release", kill_on_drop: false }`
[INFO] [stderr]    Compiling proc-macro2 v1.0.107
[INFO] [stderr]    Compiling serde_core v1.0.229
[INFO] [stderr]    Compiling toml_datetime v0.6.11
[INFO] [stderr]    Compiling syn v2.0.119
[INFO] [stderr]    Compiling toml_edit v0.22.27
[INFO] [stderr]    Compiling quote v1.0.47
[INFO] [stderr]    Compiling serde_spanned v1.1.1
[INFO] [stderr]    Compiling toml_datetime v1.1.1+spec-1.1.0
[INFO] [stderr]    Compiling rusty-path-match v0.1.1
[INFO] [stderr]    Compiling toml v1.1.4+spec-1.1.0
[INFO] [stderr]    Compiling rusty-capability-core v0.2.0
[INFO] [stderr]    Compiling rusty-capability-attr v0.2.0
[INFO] [stderr]    Compiling prettyplease v0.2.37
[INFO] [stderr]    Compiling rusty-taint-check v0.2.0
[INFO] [stderr]    Compiling rusty-source-edit v0.1.1
[INFO] [stderr]    Compiling rusty-taint-refactor v0.1.1 (/opt/rustwide/workdir)
[INFO] [stderr]     Finished `release` profile [optimized] target(s) in 1m 03s
[INFO] running `Command { std: "docker" "inspect" "c21f2d371902d50fce56c3f487f63062f2bbf452698cc3e0ed6f4640f425621a", kill_on_drop: false }`
[INFO] running `Command { std: "docker" "exec" "-e" "SOURCE_DIR=/opt/rustwide/workdir" "-e" "CARGO_HOME=/opt/rustwide/cargo-home" "-e" "RUSTUP_HOME=/opt/rustwide/rustup-home" "-e" "CARGO_TARGET_DIR=/opt/rustwide/target" "-e" "CARGO_INCREMENTAL=0" "-e" "RUST_BACKTRACE=full" "-e" "RUSTFLAGS=--cap-lints=warn" "-e" "RUSTDOCFLAGS=--cap-lints=warn" "-w" "/opt/rustwide/workdir" "--user" "0:0" "c21f2d371902d50fce56c3f487f63062f2bbf452698cc3e0ed6f4640f425621a" "/opt/rustwide/cargo-home/bin/cargo" "+1.99.0-beta.8" "test" "--frozen" "--no-run" "--message-format=json" "--release", kill_on_drop: false }`
[INFO] [stderr]    Compiling rusty-taint-refactor v0.1.1 (/opt/rustwide/workdir)
[INFO] [stderr]     Finished `release` profile [optimized] target(s) in 4.09s
[INFO] running `Command { std: "docker" "inspect" "c21f2d371902d50fce56c3f487f63062f2bbf452698cc3e0ed6f4640f425621a", kill_on_drop: false }`
[INFO] running `Command { std: "docker" "exec" "-e" "SOURCE_DIR=/opt/rustwide/workdir" "-e" "CARGO_HOME=/opt/rustwide/cargo-home" "-e" "RUSTUP_HOME=/opt/rustwide/rustup-home" "-e" "CARGO_TARGET_DIR=/opt/rustwide/target" "-e" "CARGO_INCREMENTAL=0" "-e" "RUST_BACKTRACE=full" "-e" "RUSTFLAGS=--cap-lints=warn" "-e" "RUSTDOCFLAGS=--cap-lints=warn" "-w" "/opt/rustwide/workdir" "--user" "0:0" "c21f2d371902d50fce56c3f487f63062f2bbf452698cc3e0ed6f4640f425621a" "/opt/rustwide/cargo-home/bin/cargo" "+1.99.0-beta.8" "test" "--frozen" "--release", kill_on_drop: false }`
[INFO] [stderr]     Finished `release` profile [optimized] target(s) in 0.05s
[INFO] [stderr]      Running unittests src/lib.rs (/opt/rustwide/target/release/deps/taint_refactor-0d8473316fb51dc6)
[INFO] [stdout] 
[INFO] [stdout] running 14 tests
[INFO] [stdout] test cli::tests::dry_run_never_writes_the_file ... ok
[INFO] [stdout] test cli::tests::run_with_crate_flag_but_no_path_is_a_usage_error ... ok
[INFO] [stdout] test cli::tests::report_prints_both_a_patch_and_a_skipped_violation ... ok
[INFO] [stdout] test patch::tests::a_clean_crate_produces_no_patches ... ok
[INFO] [stdout] test cli::tests::run_writes_the_patch_by_default ... ok
[INFO] [stdout] test patch::tests::missing_entry_file_is_an_error ... ok
[INFO] [stdout] test patch::tests::reuses_one_sanitizer_across_multiple_violations_of_the_same_label ... ok
[INFO] [stdout] test patch::tests::generates_a_sanitizer_and_rewrites_the_call_site ... ok
[INFO] [stdout] test patch::tests::skips_a_violation_nested_inside_an_inline_mod ... ok
[INFO] [stdout] test cli::tests::missing_entry_file_is_an_error ... ok
[INFO] [stdout] test cli::tests::write_failure_is_a_usage_error ... FAILED
[INFO] [stdout] test cli::tests::unrecognized_flags_are_ignored ... ok
[INFO] [stdout] test cli::tests::run_with_no_crate_flag_is_a_usage_error ... ok
[INFO] [stdout] test cli::tests::a_clean_crate_leaves_files_untouched_and_exits_zero ... ok
[INFO] [stdout] 
[INFO] [stdout] failures:
[INFO] [stdout] 
[INFO] [stdout] ---- cli::tests::write_failure_is_a_usage_error stdout ----
[INFO] [stdout] 
[INFO] [stdout] thread 'cli::tests::write_failure_is_a_usage_error' (643) panicked at src/cli.rs:288:9:
[INFO] [stdout] assertion `left == right` failed
[INFO] [stdout]   left: 0
[INFO] [stdout]  right: 2
[INFO] [stdout] stack backtrace:
[INFO] [stdout]    0:     0x6319421dedf1 - <<std[70759c8f55707aa4]::sys::backtrace::BacktraceLock>::print::DisplayBacktrace as core[df12db4294e9bfd3]::fmt::Display>::fmt
[INFO] [stdout]    1:     0x6319421f389a - core[df12db4294e9bfd3]::fmt::write
[INFO] [stdout]    2:     0x6319421e355c - <alloc[2182bb758b4b3781]::vec::Vec<u8> as core[df12db4294e9bfd3]::io::write::Write>::write_fmt
[INFO] [stdout]    3:     0x6319421b94d6 - std[70759c8f55707aa4]::panicking::default_hook::{closure#0}
[INFO] [stdout]    4:     0x6319421d6629 - std[70759c8f55707aa4]::panicking::default_hook
[INFO] [stdout]    5:     0x631941f865a0 - test[9d35eded1c95d3be]::test_main_inner::<test[9d35eded1c95d3be]::test_main_static::{closure#0}>::{closure#0}
[INFO] [stdout]    6:     0x6319421d6952 - std[70759c8f55707aa4]::panicking::panic_with_hook
[INFO] [stdout]    7:     0x6319421b9582 - std[70759c8f55707aa4]::panicking::panic_handler::{closure#0}
[INFO] [stdout]    8:     0x6319421b2059 - std[70759c8f55707aa4]::sys::backtrace::__rust_end_short_backtrace::<std[70759c8f55707aa4]::panicking::panic_handler::{closure#0}, !>
[INFO] [stdout]    9:     0x6319421ba23d - __rustc[8fa7c3cbc660c2b3]::rust_begin_unwind
[INFO] [stdout]   10:     0x6319421f3ffc - core[df12db4294e9bfd3]::panicking::panic_fmt
[INFO] [stdout]   11:     0x6319421f3f13 - core[df12db4294e9bfd3]::panicking::assert_failed_inner
[INFO] [stdout]   12:     0x6319421b1835 - core[df12db4294e9bfd3]::panicking::assert_failed::<i32, i32>
[INFO] [stdout]   13:     0x631941f6d1c3 - taint_refactor[167d32efe3631dff]::cli::tests::write_failure_is_a_usage_error
[INFO] [stdout]   14:     0x631941f78879 - <taint_refactor[167d32efe3631dff]::cli::tests::write_failure_is_a_usage_error::{closure#0} as core[df12db4294e9bfd3]::ops::function::FnOnce<()>>::call_once
[INFO] [stdout]   15:     0x631941f7988b - test[9d35eded1c95d3be]::__rust_begin_short_backtrace::<core[df12db4294e9bfd3]::result::Result<(), alloc[2182bb758b4b3781]::string::String>, fn() -> core[df12db4294e9bfd3]::result::Result<(), alloc[2182bb758b4b3781]::string::String>>
[INFO] [stdout]   16:     0x631941f86ef5 - test[9d35eded1c95d3be]::run_test::{closure#0}
[INFO] [stdout]   17:     0x631941f807b4 - std[70759c8f55707aa4]::sys::backtrace::__rust_begin_short_backtrace::<test[9d35eded1c95d3be]::run_test::{closure#1}, ()>
[INFO] [stdout]   18:     0x631941f8a052 - <std[70759c8f55707aa4]::thread::lifecycle::spawn_unchecked<test[9d35eded1c95d3be]::run_test::{closure#1}, ()>::{closure#1} as core[df12db4294e9bfd3]::ops::function::FnOnce<()>>::call_once::{shim:vtable#0}
[INFO] [stdout]   19:     0x6319421de159 - <std[70759c8f55707aa4]::sys::thread::unix::Thread>::new::thread_start
[INFO] [stdout]   20:     0x728a2a80adfa - <unknown>
[INFO] [stdout]   21:     0x728a2a89e3d4 - clone
[INFO] [stdout]   22:                0x0 - <unknown>
[INFO] [stdout] 
[INFO] [stdout] 
[INFO] [stdout] failures:
[INFO] [stdout]     cli::tests::write_failure_is_a_usage_error
[INFO] [stdout] 
[INFO] [stdout] test result: FAILED. 13 passed; 1 failed; 0 ignored; 0 measured; 0 filtered out; finished in 0.02s
[INFO] [stdout] 
[INFO] [stderr] error: test failed, to rerun pass `--lib`
[INFO] running `Command { std: "docker" "inspect" "c21f2d371902d50fce56c3f487f63062f2bbf452698cc3e0ed6f4640f425621a", kill_on_drop: false }`
[INFO] running `Command { std: "docker" "rm" "-f" "c21f2d371902d50fce56c3f487f63062f2bbf452698cc3e0ed6f4640f425621a", kill_on_drop: false }`
[INFO] [stdout] c21f2d371902d50fce56c3f487f63062f2bbf452698cc3e0ed6f4640f425621a
