[INFO] fetching crate rusty-taint-generate 0.1.1...
[INFO] testing rusty-taint-generate-0.1.1 against 1.100.0-beta.1+cargoflags=--release for beta-release-1.100-2
[INFO] extracting crate rusty-taint-generate 0.1.1 into /workspace/builds/worker-0-tc2/source
[INFO] started tweaking crates.io crate rusty-taint-generate 0.1.1
[INFO] finished tweaking crates.io crate rusty-taint-generate 0.1.1
[INFO] tweaked toml for crates.io crate rusty-taint-generate 0.1.1 written to /workspace/builds/worker-0-tc2/source/Cargo.toml
[INFO] validating manifest of crates.io crate rusty-taint-generate 0.1.1 on toolchain 1.100.0-beta.1
[INFO] running `Command { std: CARGO_HOME="/workspace/cargo-home" RUSTUP_HOME="/workspace/rustup-home" "/workspace/cargo-home/bin/cargo" "+1.100.0-beta.1" "metadata" "--manifest-path" "Cargo.toml" "--no-deps", kill_on_drop: false }`
[INFO] crate crates.io crate rusty-taint-generate 0.1.1 already has a lockfile, it will not be regenerated
[INFO] running `Command { std: CARGO_HOME="/workspace/cargo-home" RUSTUP_HOME="/workspace/rustup-home" "/workspace/cargo-home/bin/cargo" "+1.100.0-beta.1" "fetch" "--manifest-path" "Cargo.toml", kill_on_drop: false }`
[INFO] running `Command { std: "docker" "create" "-v" "/var/lib/crater-agent-workspace/builds/worker-0-tc2/source:/opt/rustwide/workdir:ro,Z" "-v" "/var/lib/crater-agent-workspace/builds/worker-0-tc2/target:/opt/rustwide/target:rw,Z" "-v" "/var/lib/crater-agent-workspace/cargo-home:/opt/rustwide/cargo-home:ro,Z" "-v" "/var/lib/crater-agent-workspace/rustup-home:/opt/rustwide/rustup-home:ro,Z" "-m" "1610612736" "--network" "none" "ghcr.io/rust-lang/crates-build-env/linux@sha256:77db811e55d90add9212f6832c23229e3de5f1c1f9905e8cb07319ea15df73ac" "sleep" "infinity", kill_on_drop: false }`
[INFO] [stdout] c20803343cba6e549a48bee11556a593d43b90ce1f361c73b2c17428d4e4c237
[INFO] running `Command { std: "docker" "start" "c20803343cba6e549a48bee11556a593d43b90ce1f361c73b2c17428d4e4c237", kill_on_drop: false }`
[INFO] running `Command { std: "docker" "inspect" "c20803343cba6e549a48bee11556a593d43b90ce1f361c73b2c17428d4e4c237", kill_on_drop: false }`
[INFO] running `Command { std: "docker" "exec" "-e" "SOURCE_DIR=/opt/rustwide/workdir" "-e" "CARGO_HOME=/opt/rustwide/cargo-home" "-e" "RUSTUP_HOME=/opt/rustwide/rustup-home" "-e" "CARGO_TARGET_DIR=/opt/rustwide/target" "-w" "/opt/rustwide/workdir" "--user" "0:0" "c20803343cba6e549a48bee11556a593d43b90ce1f361c73b2c17428d4e4c237" "/opt/rustwide/cargo-home/bin/cargo" "+1.100.0-beta.1" "metadata" "--no-deps" "--format-version=1", kill_on_drop: false }`
[INFO] running `Command { std: "docker" "inspect" "c20803343cba6e549a48bee11556a593d43b90ce1f361c73b2c17428d4e4c237", kill_on_drop: false }`
[INFO] running `Command { std: "docker" "exec" "-e" "SOURCE_DIR=/opt/rustwide/workdir" "-e" "CARGO_HOME=/opt/rustwide/cargo-home" "-e" "RUSTUP_HOME=/opt/rustwide/rustup-home" "-e" "CARGO_TARGET_DIR=/opt/rustwide/target" "-e" "CARGO_INCREMENTAL=0" "-e" "RUST_BACKTRACE=full" "-e" "RUSTFLAGS=--cap-lints=warn" "-e" "RUSTDOCFLAGS=--cap-lints=warn" "-w" "/opt/rustwide/workdir" "--user" "0:0" "c20803343cba6e549a48bee11556a593d43b90ce1f361c73b2c17428d4e4c237" "/opt/rustwide/cargo-home/bin/cargo" "+1.100.0-beta.1" "build" "--frozen" "--message-format=json" "--release", kill_on_drop: false }`
[INFO] [stderr]    Compiling proc-macro2 v1.0.107
[INFO] [stderr]    Compiling quote v1.0.47
[INFO] [stderr]    Compiling serde_core v1.0.229
[INFO] [stderr]    Compiling toml_write v0.1.2
[INFO] [stderr]    Compiling winnow v0.7.15
[INFO] [stderr]    Compiling toml_datetime v0.6.11
[INFO] [stderr]    Compiling toml_writer v1.1.2+spec-1.1.0
[INFO] [stderr]    Compiling prettyplease v0.2.37
[INFO] [stderr]    Compiling rusty-path-match v0.1.1
[INFO] [stderr]    Compiling rusty-capability-core v0.2.0
[INFO] [stderr]    Compiling rusty-capability-attr v0.2.0
[INFO] [stderr]    Compiling syn v2.0.119
[INFO] [stderr]    Compiling toml_datetime v1.1.1+spec-1.1.0
[INFO] [stderr]    Compiling serde_spanned v1.1.1
[INFO] [stderr]    Compiling toml_edit v0.22.27
[INFO] [stderr]    Compiling toml v1.1.4+spec-1.1.0
[INFO] [stderr]    Compiling rusty-source-edit v0.1.1
[INFO] [stderr]    Compiling rusty-taint-check v0.2.0
[INFO] [stderr]    Compiling rusty-taint-generate v0.1.1 (/opt/rustwide/workdir)
[INFO] [stderr]     Finished `release` profile [optimized] target(s) in 41.52s
[INFO] running `Command { std: "docker" "inspect" "c20803343cba6e549a48bee11556a593d43b90ce1f361c73b2c17428d4e4c237", kill_on_drop: false }`
[INFO] running `Command { std: "docker" "exec" "-e" "SOURCE_DIR=/opt/rustwide/workdir" "-e" "CARGO_HOME=/opt/rustwide/cargo-home" "-e" "RUSTUP_HOME=/opt/rustwide/rustup-home" "-e" "CARGO_TARGET_DIR=/opt/rustwide/target" "-e" "CARGO_INCREMENTAL=0" "-e" "RUST_BACKTRACE=full" "-e" "RUSTFLAGS=--cap-lints=warn" "-e" "RUSTDOCFLAGS=--cap-lints=warn" "-w" "/opt/rustwide/workdir" "--user" "0:0" "c20803343cba6e549a48bee11556a593d43b90ce1f361c73b2c17428d4e4c237" "/opt/rustwide/cargo-home/bin/cargo" "+1.100.0-beta.1" "test" "--frozen" "--no-run" "--message-format=json" "--release", kill_on_drop: false }`
[INFO] [stderr]    Compiling rusty-taint-generate v0.1.1 (/opt/rustwide/workdir)
[INFO] [stderr]     Finished `release` profile [optimized] target(s) in 10.09s
[INFO] running `Command { std: "docker" "inspect" "c20803343cba6e549a48bee11556a593d43b90ce1f361c73b2c17428d4e4c237", kill_on_drop: false }`
[INFO] running `Command { std: "docker" "exec" "-e" "SOURCE_DIR=/opt/rustwide/workdir" "-e" "CARGO_HOME=/opt/rustwide/cargo-home" "-e" "RUSTUP_HOME=/opt/rustwide/rustup-home" "-e" "CARGO_TARGET_DIR=/opt/rustwide/target" "-e" "CARGO_INCREMENTAL=0" "-e" "RUST_BACKTRACE=full" "-e" "RUSTFLAGS=--cap-lints=warn" "-e" "RUSTDOCFLAGS=--cap-lints=warn" "-w" "/opt/rustwide/workdir" "--user" "0:0" "c20803343cba6e549a48bee11556a593d43b90ce1f361c73b2c17428d4e4c237" "/opt/rustwide/cargo-home/bin/cargo" "+1.100.0-beta.1" "test" "--frozen" "--release", kill_on_drop: false }`
[INFO] [stderr]     Finished `release` profile [optimized] target(s) in 0.05s
[INFO] [stderr]      Running unittests src/lib.rs (/opt/rustwide/target/release/build/rusty-taint-generate/789e6e89cb44fa44/out/taint_generate-789e6e89cb44fa44)
[INFO] [stdout] 
[INFO] [stdout] running 63 tests
[INFO] [stdout] test capability_gen::tests::skips_a_function_that_already_has_a_qualified_capability_attribute ... ok
[INFO] [stdout] test capability_gen::tests::skips_a_function_that_already_has_a_capability_attribute ... ok
[INFO] [stdout] test cli::tests::capability_generation_is_skipped_without_a_cargo_toml ... ok
[INFO] [stdout] test cli::tests::a_file_needing_no_changes_is_left_untouched ... ok
[INFO] [stdout] test capability_gen::tests::preserves_the_original_span_boundaries_of_other_items ... ok
[INFO] [stdout] test cli::tests::infer_mod_name_uses_the_parent_directory_for_lib_main_and_mod_rs ... ok
[INFO] [stdout] test capability_gen::tests::skips_a_fn_when_the_extern_name_is_not_a_valid_identifier ... ok
[INFO] [stdout] test cli::tests::missing_file_is_a_usage_error ... ok
[INFO] [stdout] test cli::tests::report_notes_the_manual_taint_check_step_for_a_top_level_layout_file ... ok
[INFO] [stdout] test capability_gen::tests::ignores_a_fn_nested_inside_a_mod ... ok
[INFO] [stdout] test capability_gen::tests::detects_heap_allocation ... ok
[INFO] [stdout] test cli::tests::infer_mod_name_uses_its_own_stem_for_any_other_file ... ok
[INFO] [stdout] test cli::tests::run_with_no_args_returns_usage_exit_code ... ok
[INFO] [stdout] test capability_gen::tests::generates_nothing_without_an_extern_name ... ok
[INFO] [stdout] test heuristics::tests::matches_password_keyword_case_insensitively ... ok
[INFO] [stdout] test capability_gen::tests::generates_a_matching_attribute_for_an_unannotated_fn ... ok
[INFO] [stdout] test heuristics::tests::recognizes_sanitizer_keywords ... ok
[INFO] [stdout] test heuristics::tests::a_plain_name_matches_nothing ... ok
[INFO] [stdout] test heuristics::tests::matches_token_inside_a_longer_name ... ok
[INFO] [stdout] test heuristics::tests::recognizes_sink_keywords ... ok
[INFO] [stdout] test heuristics::tests::sink_and_sanitizer_keyword_lists_do_not_overlap ... ok
[INFO] [stdout] test manifest::tests::finds_a_path_dependency_with_no_rename ... ok
[INFO] [stdout] test manifest::tests::returns_none_when_the_dependency_is_absent ... ok
[INFO] [stdout] test taint_gen::tests::find_labels_returns_empty_for_an_already_annotated_file ... ok
[INFO] [stdout] test cli::tests::dry_run_never_writes_the_file ... ok
[INFO] [stdout] test manifest::tests::finds_a_renamed_dependency_by_its_key ... ok
[INFO] [stdout] test taint_gen::tests::generate_skips_a_non_ident_param_pattern_in_an_inline_mod_and_still_finds_the_rest ... ok
[INFO] [stdout] test manifest::tests::returns_none_when_no_manifest_is_found ... ok
[INFO] [stdout] test taint_gen::tests::generates_a_sanitizer_attribute_by_name ... ok
[INFO] [stdout] test taint_gen::tests::a_self_receiver_does_not_confuse_the_already_annotated_check ... ok
[INFO] [stdout] test taint_gen::tests::find_labels_skips_a_non_ident_param_pattern_and_still_finds_the_rest ... ok
[INFO] [stdout] test taint_gen::tests::plan_for_fn_reports_a_sensitive_param_and_a_sink ... ok
[INFO] [stdout] test taint_gen::tests::never_touches_a_mod_that_already_has_any_taint_attribute ... ok
[INFO] [stdout] test taint_gen::tests::scan_file_scope_also_finds_a_sanitizer_by_name ... ok
[INFO] [stdout] test taint_gen::tests::plan_for_fn_skips_a_non_ident_param_pattern_and_still_finds_the_rest ... ok
[INFO] [stdout] test taint_gen::tests::scan_file_scope_finds_labels_in_a_file_with_no_inline_mod ... ok
[INFO] [stdout] test taint_gen::tests::scan_file_scope_returns_none_with_no_sensitive_params ... ok
[INFO] [stdout] test taint_gen::tests::scan_file_scope_skips_a_file_already_carrying_any_taint_attribute ... ok
[INFO] [stdout] test manifest::tests::finds_a_plain_string_dependency_by_default_extern_name ... ok
[INFO] [stdout] test cli::tests::report_prints_capability_and_inline_mod_taint_suggestions ... ok
[INFO] [stdout] test taint_gen::tests::generates_sensitive_sink_and_taint_check_for_an_eligible_mod ... ok
[INFO] [stdout] test taint_gen::tests::scan_file_scope_skips_a_non_ident_param_pattern_and_still_finds_the_rest ... ok
[INFO] [stdout] test taint_gen::tests::skips_a_mod_with_no_sensitive_looking_parameters ... ok
[INFO] [stdout] test top_level::tests::a_sink_function_uses_the_batch_wide_label_when_its_own_file_has_none ... ok
[INFO] [stdout] test taint_gen::tests::skips_an_external_mod_declaration ... ok
[INFO] [stdout] test top_level::tests::a_files_own_label_takes_priority_over_the_batch_wide_one ... ok
[INFO] [stdout] test top_level::tests::does_not_report_skipped_when_there_is_nothing_to_generate ... ok
[INFO] [stdout] test cli::tests::run_writes_generated_attributes_by_default ... ok
[INFO] [stdout] test taint_gen::tests::pat_ident_name_returns_none_for_a_wildcard_pattern ... ok
[INFO] [stdout] test manifest::tests::returns_none_when_there_is_no_dependencies_table_at_all ... ok
[INFO] [stdout] test manifest::tests::find_manifest_accepts_a_directory_path_directly ... ok
[INFO] [stdout] test top_level::tests::generates_a_taint_sanitizer_attribute ... ok
[INFO] [stdout] test manifest::tests::searches_ancestor_directories_not_just_the_immediate_parent ... ok
[INFO] [stdout] test top_level::tests::param_attrs_mut_skips_a_non_ident_param_pattern ... ok
[INFO] [stdout] test top_level::tests::reports_capability_generation_skipped_without_an_extern_name ... ok
[INFO] [stdout] test cli::tests::run_generates_taint_attributes_for_a_top_level_mod_foo_layout_file ... ok
[INFO] [stderr] error: test failed, to rerun pass `--lib`
[INFO] [stdout] test top_level::tests::produces_no_edits_for_an_already_curated_file ... ok
[INFO] [stdout] test top_level::tests::a_sink_function_with_no_batch_label_gets_only_its_capability_attribute ... ok
[INFO] [stdout] test cli::tests::a_sink_in_a_separate_file_is_tagged_using_the_other_files_label ... ok
[INFO] [stdout] test taint_gen::tests::plan_for_fn_prefers_sanitizer_over_sink_on_a_name_collision ... ok
[INFO] [stdout] test taint_gen::tests::plan_for_fn_returns_none_for_a_plain_function ... ok
[INFO] [stdout] test top_level::tests::combines_capability_and_taint_attributes_on_the_same_function ... ok
[INFO] [stdout] test cli::tests::write_failure_after_a_real_edit_is_a_usage_error ... FAILED
[INFO] [stdout] 
[INFO] [stdout] failures:
[INFO] [stdout] 
[INFO] [stdout] ---- cli::tests::write_failure_after_a_real_edit_is_a_usage_error stdout ----
[INFO] [stdout] 
[INFO] [stdout] thread 'cli::tests::write_failure_after_a_real_edit_is_a_usage_error' (667) panicked at src/cli.rs:404:9:
[INFO] [stdout] assertion `left == right` failed
[INFO] [stdout]   left: 0
[INFO] [stdout]  right: 2
[INFO] [stdout] stack backtrace:
[INFO] [stdout]    0:     0x59a2cf95b061 - <<std[617be2ca0a6fd877]::sys::backtrace::BacktraceLock>::print::DisplayBacktrace as core[a373ad73a504971]::fmt::Display>::fmt
[INFO] [stdout]    1:     0x59a2cf970f2a - core[a373ad73a504971]::fmt::write
[INFO] [stdout]    2:     0x59a2cf95f52c - <alloc[2e1b2a31b91974c5]::vec::Vec<u8> as core[a373ad73a504971]::io::write::Write>::write_fmt
[INFO] [stdout]    3:     0x59a2cf9356b6 - std[617be2ca0a6fd877]::panicking::default_hook::{closure#0}
[INFO] [stdout]    4:     0x59a2cf9527d9 - std[617be2ca0a6fd877]::panicking::default_hook
[INFO] [stdout]    5:     0x59a2cf747640 - test[aada8e7e76ba119b]::test_main_inner::{closure#0}
[INFO] [stdout]    6:     0x59a2cf952b02 - std[617be2ca0a6fd877]::panicking::panic_with_hook
[INFO] [stdout]    7:     0x59a2cf935762 - std[617be2ca0a6fd877]::panicking::panic_handler::{closure#0}
[INFO] [stdout]    8:     0x59a2cf92e1c9 - std[617be2ca0a6fd877]::sys::backtrace::__rust_end_short_backtrace::<std[617be2ca0a6fd877]::panicking::panic_handler::{closure#0}, !>
[INFO] [stdout]    9:     0x59a2cf93642d - __rustc[ea4f61d10b84890b]::rust_begin_unwind
[INFO] [stdout]   10:     0x59a2cf9716cc - core[a373ad73a504971]::panicking::panic_fmt
[INFO] [stdout]   11:     0x59a2cf9715e3 - core[a373ad73a504971]::panicking::assert_failed_inner
[INFO] [stdout]   12:     0x59a2cf92d9a5 - core[a373ad73a504971]::panicking::assert_failed::<i32, i32>
[INFO] [stdout]   13:     0x59a2cf6f50e3 - <taint_generate[1844bb2f25f931e3]::cli::tests::write_failure_after_a_real_edit_is_a_usage_error::{closure#0} as core[a373ad73a504971]::ops::function::FnOnce<()>>::call_once
[INFO] [stdout]   14:     0x59a2cf73aa8b - test[aada8e7e76ba119b]::__rust_begin_short_backtrace::<core[a373ad73a504971]::result::Result<(), alloc[2e1b2a31b91974c5]::string::String>, fn() -> core[a373ad73a504971]::result::Result<(), alloc[2e1b2a31b91974c5]::string::String>>
[INFO] [stdout]   15:     0x59a2cf747c65 - test[aada8e7e76ba119b]::run_test::{closure#0}
[INFO] [stdout]   16:     0x59a2cf741554 - std[617be2ca0a6fd877]::sys::backtrace::__rust_begin_short_backtrace::<test[aada8e7e76ba119b]::run_test::{closure#1}, ()>
[INFO] [stdout]   17:     0x59a2cf74acf2 - <std[617be2ca0a6fd877]::thread::lifecycle::spawn_unchecked<test[aada8e7e76ba119b]::run_test::{closure#1}, ()>::{closure#1} as core[a373ad73a504971]::ops::function::FnOnce<()>>::call_once::{shim:vtable#0}
[INFO] [stdout]   18:     0x59a2cf95a36f - <std[617be2ca0a6fd877]::sys::thread::unix::Thread>::new::thread_start
[INFO] [stdout]   19:     0x7f75f853adfa - <unknown>
[INFO] [stdout]   20:     0x7f75f85ce3d4 - clone
[INFO] [stdout]   21:                0x0 - <unknown>
[INFO] [stdout] 
[INFO] [stdout] 
[INFO] [stdout] failures:
[INFO] [stdout]     cli::tests::write_failure_after_a_real_edit_is_a_usage_error
[INFO] [stdout] 
[INFO] [stdout] test result: FAILED. 62 passed; 1 failed; 0 ignored; 0 measured; 0 filtered out; finished in 0.01s
[INFO] [stdout] 
[INFO] running `Command { std: "docker" "inspect" "c20803343cba6e549a48bee11556a593d43b90ce1f361c73b2c17428d4e4c237", kill_on_drop: false }`
[INFO] running `Command { std: "docker" "rm" "-f" "c20803343cba6e549a48bee11556a593d43b90ce1f361c73b2c17428d4e4c237", kill_on_drop: false }`
[INFO] [stdout] c20803343cba6e549a48bee11556a593d43b90ce1f361c73b2c17428d4e4c237
