[INFO] fetching crate rusty-search 0.1.0...
[INFO] testing rusty-search-0.1.0 against 1.99.0-beta.8+cargoflags=--release for beta-release-1.100-2
[INFO] extracting crate rusty-search 0.1.0 into /workspace/builds/worker-1-tc1/source
[INFO] started tweaking crates.io crate rusty-search 0.1.0
[INFO] finished tweaking crates.io crate rusty-search 0.1.0
[INFO] tweaked toml for crates.io crate rusty-search 0.1.0 written to /workspace/builds/worker-1-tc1/source/Cargo.toml
[INFO] validating manifest of crates.io crate rusty-search 0.1.0 on toolchain 1.99.0-beta.8
[INFO] running `Command { std: CARGO_HOME="/workspace/cargo-home" RUSTUP_HOME="/workspace/rustup-home" "/workspace/cargo-home/bin/cargo" "+1.99.0-beta.8" "metadata" "--manifest-path" "Cargo.toml" "--no-deps", kill_on_drop: false }`
[INFO] crate crates.io crate rusty-search 0.1.0 already has a lockfile, it will not be regenerated
[INFO] running `Command { std: CARGO_HOME="/workspace/cargo-home" RUSTUP_HOME="/workspace/rustup-home" "/workspace/cargo-home/bin/cargo" "+1.99.0-beta.8" "fetch" "--manifest-path" "Cargo.toml", kill_on_drop: false }`
[INFO] [stderr]  Downloading crates ...
[INFO] [stderr]   Downloaded tokio-macros v1.8.2
[INFO] [stderr]   Downloaded openssl-macros v0.1.0
[INFO] [stderr]   Downloaded is-terminal v0.4.5
[INFO] [stderr]   Downloaded futures-sink v0.3.27
[INFO] [stderr]   Downloaded anstyle v0.3.5
[INFO] [stderr]   Downloaded futures-channel v0.3.27
[INFO] [stderr]   Downloaded os_str_bytes v6.5.0
[INFO] [stderr]   Downloaded bitflags v2.0.2
[INFO] [stderr]   Downloaded assert_cmd v2.0.10
[INFO] [stderr]   Downloaded predicates v3.0.1
[INFO] [stderr]   Downloaded native-tls v0.2.11
[INFO] [stderr]   Downloaded security-framework-sys v2.8.0
[INFO] [stderr]   Downloaded core-foundation-sys v0.8.3
[INFO] [stderr]   Downloaded core-foundation v0.9.3
[INFO] [stderr]   Downloaded pkg-config v0.3.26
[INFO] [stderr]   Downloaded io-lifetimes v1.0.9
[INFO] [stderr]   Downloaded serde_derive v1.0.158
[INFO] [stderr]   Downloaded openssl-sys v0.9.82
[INFO] [stderr]   Downloaded serde v1.0.158
[INFO] [stderr]   Downloaded syn v2.0.4
[INFO] [stderr]   Downloaded security-framework v2.8.2
[INFO] [stderr]   Downloaded tokio-util v0.7.7
[INFO] [stderr]   Downloaded h2 v0.3.16
[INFO] [stderr]   Downloaded hyper v0.14.25
[INFO] [stderr]   Downloaded openssl v0.10.47
[INFO] [stderr]   Downloaded clap v4.1.11
[INFO] [stderr]   Downloaded rustix v0.36.11
[INFO] [stderr]   Downloaded bstr v1.4.0
[INFO] [stderr]   Downloaded tokio v1.26.0
[INFO] running `Command { std: "docker" "create" "-v" "/var/lib/crater-agent-workspace/builds/worker-1-tc1/source:/opt/rustwide/workdir:ro,Z" "-v" "/var/lib/crater-agent-workspace/builds/worker-1-tc1/target:/opt/rustwide/target:rw,Z" "-v" "/var/lib/crater-agent-workspace/cargo-home:/opt/rustwide/cargo-home:ro,Z" "-v" "/var/lib/crater-agent-workspace/rustup-home:/opt/rustwide/rustup-home:ro,Z" "-m" "1610612736" "--network" "none" "ghcr.io/rust-lang/crates-build-env/linux@sha256:77db811e55d90add9212f6832c23229e3de5f1c1f9905e8cb07319ea15df73ac" "sleep" "infinity", kill_on_drop: false }`
[INFO] [stdout] 0f86d8e441173928965992f4941752d8b44d85f37a8ae18c0133c89d9681df7c
[INFO] running `Command { std: "docker" "start" "0f86d8e441173928965992f4941752d8b44d85f37a8ae18c0133c89d9681df7c", kill_on_drop: false }`
[INFO] running `Command { std: "docker" "inspect" "0f86d8e441173928965992f4941752d8b44d85f37a8ae18c0133c89d9681df7c", kill_on_drop: false }`
[INFO] running `Command { std: "docker" "exec" "-e" "SOURCE_DIR=/opt/rustwide/workdir" "-e" "CARGO_HOME=/opt/rustwide/cargo-home" "-e" "RUSTUP_HOME=/opt/rustwide/rustup-home" "-e" "CARGO_TARGET_DIR=/opt/rustwide/target" "-w" "/opt/rustwide/workdir" "--user" "0:0" "0f86d8e441173928965992f4941752d8b44d85f37a8ae18c0133c89d9681df7c" "/opt/rustwide/cargo-home/bin/cargo" "+1.99.0-beta.8" "metadata" "--no-deps" "--format-version=1", kill_on_drop: false }`
[INFO] running `Command { std: "docker" "inspect" "0f86d8e441173928965992f4941752d8b44d85f37a8ae18c0133c89d9681df7c", kill_on_drop: false }`
[INFO] running `Command { std: "docker" "exec" "-e" "SOURCE_DIR=/opt/rustwide/workdir" "-e" "CARGO_HOME=/opt/rustwide/cargo-home" "-e" "RUSTUP_HOME=/opt/rustwide/rustup-home" "-e" "CARGO_TARGET_DIR=/opt/rustwide/target" "-e" "CARGO_INCREMENTAL=0" "-e" "RUST_BACKTRACE=full" "-e" "RUSTFLAGS=--cap-lints=warn" "-e" "RUSTDOCFLAGS=--cap-lints=warn" "-w" "/opt/rustwide/workdir" "--user" "0:0" "0f86d8e441173928965992f4941752d8b44d85f37a8ae18c0133c89d9681df7c" "/opt/rustwide/cargo-home/bin/cargo" "+1.99.0-beta.8" "build" "--frozen" "--message-format=json" "--release", kill_on_drop: false }`
[INFO] [stderr]    Compiling proc-macro2 v1.0.52
[INFO] [stderr]    Compiling unicode-ident v1.0.8
[INFO] [stderr]    Compiling libc v0.2.140
[INFO] [stderr]    Compiling quote v1.0.26
[INFO] [stderr]    Compiling syn v1.0.109
[INFO] [stderr]    Compiling log v0.4.17
[INFO] [stderr]    Compiling once_cell v1.17.1
[INFO] [stderr]    Compiling lock_api v0.4.9
[INFO] [stderr]    Compiling pkg-config v0.3.26
[INFO] [stderr]    Compiling parking_lot_core v0.9.7
[INFO] [stderr]    Compiling futures-core v0.3.27
[INFO] [stderr]    Compiling tokio v1.26.0
[INFO] [stderr]    Compiling futures-task v0.3.27
[INFO] [stderr]    Compiling itoa v1.0.6
[INFO] [stderr]    Compiling indexmap v1.9.2
[INFO] [stderr]    Compiling futures-util v0.3.27
[INFO] [stderr]    Compiling io-lifetimes v1.0.9
[INFO] [stderr]    Compiling openssl v0.10.47
[INFO] [stderr]    Compiling http v0.2.9
[INFO] [stderr]    Compiling hashbrown v0.12.3
[INFO] [stderr]    Compiling httparse v1.8.0
[INFO] [stderr]    Compiling tracing-core v0.1.30
[INFO] [stderr]    Compiling serde_derive v1.0.158
[INFO] [stderr]    Compiling futures-sink v0.3.27
[INFO] [stderr]    Compiling native-tls v0.2.11
[INFO] [stderr]    Compiling rustix v0.36.11
[INFO] [stderr]    Compiling futures-channel v0.3.27
[INFO] [stderr]    Compiling serde v1.0.158
[INFO] [stderr]    Compiling try-lock v0.2.4
[INFO] [stderr]    Compiling openssl-probe v0.1.5
[INFO] [stderr]    Compiling linux-raw-sys v0.1.4
[INFO] [stderr]    Compiling anyhow v1.0.70
[INFO] [stderr]    Compiling tower-service v0.3.2
[INFO] [stderr]    Compiling want v0.3.0
[INFO] [stderr]    Compiling serde_json v1.0.94
[INFO] [stderr]    Compiling heck v0.4.1
[INFO] [stderr]    Compiling os_str_bytes v6.5.0
[INFO] [stderr]    Compiling percent-encoding v2.2.0
[INFO] [stderr]    Compiling idna v0.3.0
[INFO] [stderr]    Compiling ryu v1.0.13
[INFO] [stderr]    Compiling openssl-sys v0.9.82
[INFO] [stderr]    Compiling form_urlencoded v1.1.0
[INFO] [stderr]    Compiling bitflags v2.0.2
[INFO] [stderr]    Compiling dotenv v0.15.0
[INFO] [stderr]    Compiling clap_lex v0.3.3
[INFO] [stderr]    Compiling tracing v0.1.37
[INFO] [stderr]    Compiling url v2.3.1
[INFO] [stderr]    Compiling proc-macro-error-attr v1.0.4
[INFO] [stderr]    Compiling syn v2.0.4
[INFO] [stderr]    Compiling http-body v0.4.5
[INFO] [stderr]    Compiling socket2 v0.4.9
[INFO] [stderr]    Compiling mio v0.8.6
[INFO] [stderr]    Compiling num_cpus v1.15.0
[INFO] [stderr]    Compiling signal-hook-registry v1.4.1
[INFO] [stderr]    Compiling parking_lot v0.12.1
[INFO] [stderr]    Compiling is-terminal v0.4.5
[INFO] [stderr]    Compiling proc-macro-error v1.0.4
[INFO] [stderr]    Compiling tokio-macros v1.8.2
[INFO] [stderr]    Compiling openssl-macros v0.1.0
[INFO] [stderr]    Compiling clap_derive v4.1.9
[INFO] [stderr]    Compiling clap v4.1.11
[INFO] [stderr]    Compiling tokio-util v0.7.7
[INFO] [stderr]    Compiling tokio-native-tls v0.3.1
[INFO] [stderr]    Compiling h2 v0.3.16
[INFO] [stderr]    Compiling hyper v0.14.25
[INFO] [stderr]    Compiling hyper-tls v0.5.0
[INFO] [stderr]    Compiling rusty-search v0.1.0 (/opt/rustwide/workdir)
[INFO] [stderr]     Finished `release` profile [optimized] target(s) in 57.79s
[INFO] [stderr] warning: the following packages contain code that will be rejected by a future version of Rust: openssl v0.10.47
[INFO] [stderr] note: to see what the problems were, use the option `--future-incompat-report`, or run `cargo report future-incompatibilities --id 4`
[INFO] running `Command { std: "docker" "inspect" "0f86d8e441173928965992f4941752d8b44d85f37a8ae18c0133c89d9681df7c", kill_on_drop: false }`
[INFO] running `Command { std: "docker" "exec" "-e" "SOURCE_DIR=/opt/rustwide/workdir" "-e" "CARGO_HOME=/opt/rustwide/cargo-home" "-e" "RUSTUP_HOME=/opt/rustwide/rustup-home" "-e" "CARGO_TARGET_DIR=/opt/rustwide/target" "-e" "CARGO_INCREMENTAL=0" "-e" "RUST_BACKTRACE=full" "-e" "RUSTFLAGS=--cap-lints=warn" "-e" "RUSTDOCFLAGS=--cap-lints=warn" "-w" "/opt/rustwide/workdir" "--user" "0:0" "0f86d8e441173928965992f4941752d8b44d85f37a8ae18c0133c89d9681df7c" "/opt/rustwide/cargo-home/bin/cargo" "+1.99.0-beta.8" "test" "--frozen" "--no-run" "--message-format=json" "--release", kill_on_drop: false }`
[INFO] [stderr]    Compiling aho-corasick v0.7.20
[INFO] [stderr]    Compiling predicates-core v1.0.6
[INFO] [stderr]    Compiling either v1.8.1
[INFO] [stderr]    Compiling regex-syntax v0.6.28
[INFO] [stderr]    Compiling doc-comment v0.3.3
[INFO] [stderr]    Compiling float-cmp v0.9.0
[INFO] [stderr]    Compiling difflib v0.4.0
[INFO] [stderr]    Compiling regex-automata v0.1.10
[INFO] [stderr]    Compiling termtree v0.4.1
[INFO] [stderr]    Compiling normalize-line-endings v0.3.0
[INFO] [stderr]    Compiling anstyle v0.3.5
[INFO] [stderr]    Compiling wait-timeout v0.2.0
[INFO] [stderr]    Compiling predicates-tree v1.0.9
[INFO] [stderr]    Compiling itertools v0.10.5
[INFO] [stderr]    Compiling bstr v1.4.0
[INFO] [stderr]    Compiling regex v1.7.1
[INFO] [stderr]    Compiling predicates v3.0.1
[INFO] [stderr]    Compiling assert_cmd v2.0.10
[INFO] [stderr]    Compiling rusty-search v0.1.0 (/opt/rustwide/workdir)
[INFO] [stderr]     Finished `release` profile [optimized] target(s) in 16.98s
[INFO] [stderr] warning: the following packages contain code that will be rejected by a future version of Rust: openssl v0.10.47
[INFO] [stderr] note: to see what the problems were, use the option `--future-incompat-report`, or run `cargo report future-incompatibilities --id 4`
[INFO] running `Command { std: "docker" "inspect" "0f86d8e441173928965992f4941752d8b44d85f37a8ae18c0133c89d9681df7c", kill_on_drop: false }`
[INFO] running `Command { std: "docker" "exec" "-e" "SOURCE_DIR=/opt/rustwide/workdir" "-e" "CARGO_HOME=/opt/rustwide/cargo-home" "-e" "RUSTUP_HOME=/opt/rustwide/rustup-home" "-e" "CARGO_TARGET_DIR=/opt/rustwide/target" "-e" "CARGO_INCREMENTAL=0" "-e" "RUST_BACKTRACE=full" "-e" "RUSTFLAGS=--cap-lints=warn" "-e" "RUSTDOCFLAGS=--cap-lints=warn" "-w" "/opt/rustwide/workdir" "--user" "0:0" "0f86d8e441173928965992f4941752d8b44d85f37a8ae18c0133c89d9681df7c" "/opt/rustwide/cargo-home/bin/cargo" "+1.99.0-beta.8" "test" "--frozen" "--release", kill_on_drop: false }`
[INFO] [stderr]     Finished `release` profile [optimized] target(s) in 0.14s
[INFO] [stderr] warning: the following packages contain code that will be rejected by a future version of Rust: openssl v0.10.47
[INFO] [stderr] note: to see what the problems were, use the option `--future-incompat-report`, or run `cargo report future-incompatibilities --id 4`
[INFO] [stderr]      Running unittests src/main.rs (/opt/rustwide/target/release/deps/rusty_search-f58578d8313d1590)
[INFO] [stdout] 
[INFO] [stderr]      Running tests/cli.rs (/opt/rustwide/target/release/deps/cli-46b4c51b14e1f79d)
[INFO] [stdout] running 0 tests
[INFO] [stdout] 
[INFO] [stdout] test result: ok. 0 passed; 0 failed; 0 ignored; 0 measured; 0 filtered out; finished in 0.00s
[INFO] [stdout] 
[INFO] [stdout] 
[INFO] [stdout] running 4 tests
[INFO] [stdout] test run_search_no_result_found ... FAILED
[INFO] [stdout] test run_search_default ... FAILED
[INFO] [stdout] test run_search_empty_search_query ... FAILED
[INFO] [stdout] test run_search_num_count_5 ... FAILED
[INFO] [stdout] 
[INFO] [stdout] failures:
[INFO] [stdout] 
[INFO] [stdout] ---- run_search_no_result_found stdout ----
[INFO] [stdout] 
[INFO] [stdout] thread 'run_search_no_result_found' (2189) panicked at /rustc/dfb0accb7f508ae8be965d8629557221c889dd98/library/core/src/ops/function.rs:250:5:
[INFO] [stdout] Unexpected failure.
[INFO] [stdout] code-101
[INFO] [stdout] stderr=``````
[INFO] [stdout] 
[INFO] [stdout] thread \'main\' (2260) panicked at src/main.rs:58:49:
[INFO] [stdout] GOOGLE_SEARCH_API_KEY must be set: NotPresent
[INFO] [stdout] stack backtrace:
[INFO] [stdout]    0:     0x62f1d568dc31 - <<std[70759c8f55707aa4]::sys::backtrace::BacktraceLock>::print::DisplayBacktrace as core[df12db4294e9bfd3]::fmt::Display>::fmt
[INFO] [stdout]    1:     0x62f1d56a3d1a - core[df12db4294e9bfd3]::fmt::write
[INFO] [stdout]    2:     0x62f1d5692f8c - <std[70759c8f55707aa4]::sys::stdio::unix::Stderr as core[df12db4294e9bfd3]::io::write::Write>::write_fmt
[INFO] [stdout]    3:     0x62f1d5673756 - std[70759c8f55707aa4]::panicking::default_hook::{closure#0}
[INFO] [stdout]    4:     0x62f1d56886c1 - std[70759c8f55707aa4]::panicking::default_hook
[INFO] [stdout]    5:     0x62f1d56889eb - std[70759c8f55707aa4]::panicking::panic_with_hook
[INFO] [stdout]    6:     0x62f1d5673802 - std[70759c8f55707aa4]::panicking::panic_handler::{closure#0}
[INFO] [stdout]    7:     0x62f1d566c459 - std[70759c8f55707aa4]::sys::backtrace::__rust_end_short_backtrace::<std[70759c8f55707aa4]::panicking::panic_handler::{closure#0}, !>
[INFO] [stdout]    8:     0x62f1d56742ad - __rustc[8fa7c3cbc660c2b3]::rust_begin_unwind
[INFO] [stdout]    9:     0x62f1d56a447c - core[df12db4294e9bfd3]::panicking::panic_fmt
[INFO] [stdout]   10:     0x62f1d56a4252 - core[df12db4294e9bfd3]::result::unwrap_failed
[INFO] [stdout]   11:     0x62f1d5516a50 - rusty_search[bacb198800d07d66]::main::{closure#0}
[INFO] [stdout]   12:     0x62f1d5512070 - <tokio[ff0a30befc4cf442]::runtime::park::CachedParkThread>::block_on::<rusty_search[bacb198800d07d66]::main::{closure#0}>
[INFO] [stdout]   13:     0x62f1d551ec89 - rusty_search[bacb198800d07d66]::main
[INFO] [stdout]   14:     0x62f1d5534923 - std[70759c8f55707aa4]::sys::backtrace::__rust_begin_short_backtrace::<fn() -> core[df12db4294e9bfd3]::result::Result<(), alloc[2182bb758b4b3781]::boxed::Box<dyn core[df12db4294e9bfd3]::error::Error>>, core[df12db4294e9bfd3]::result::Result<(), alloc[2182bb758b4b3781]::boxed::Box<dyn core[df12db4294e9bfd3]::error::Error>>>
[INFO] [stdout]   15:     0x62f1d5515e09 - std[70759c8f55707aa4]::rt::lang_start::<core[df12db4294e9bfd3]::result::Result<(), alloc[2182bb758b4b3781]::boxed::Box<dyn core[df12db4294e9bfd3]::error::Error>>>::{closure#0}
[INFO] [stdout]   16:     0x62f1d5687b89 - std[70759c8f55707aa4]::rt::lang_start_internal
[INFO] [stdout]   17:     0x62f1d5523415 - main
[INFO] [stdout]   18:     0x79a717dfc601 - <unknown>
[INFO] [stdout]   19:     0x79a717dfc718 - __libc_start_main
[INFO] [stdout]   20:     0x62f1d54c6d55 - _start
[INFO] [stdout]   21:                0x0 - <unknown>
[INFO] [stdout] ```
[INFO] [stdout] ```
[INFO] [stderr] error: test failed, to rerun pass `--test cli`
[INFO] [stdout] command=`"/opt/rustwide/target/release/rusty-search" "65a00b9e-bd14-45a1-b1c1-5ed7b1042707sdsdsadasdsadsadasdasdasdadadasdadas"`
[INFO] [stdout] code=101
[INFO] [stdout] stdout=```
[INFO] [stdout] Rusty Search
[INFO] [stdout] 
[INFO] [stdout] ```
[INFO] [stdout] 
[INFO] [stdout] stderr=```
[INFO] [stdout] 
[INFO] [stdout] thread \'main\' (2260) panicked at src/main.rs:58:49:
[INFO] [stdout] GOOGLE_SEARCH_API_KEY must be set: NotPresent
[INFO] [stdout] stack backtrace:
[INFO] [stdout]    0:     0x62f1d568dc31 - <<std[70759c8f55707aa4]::sys::backtrace::BacktraceLock>::print::DisplayBacktrace as core[df12db4294e9bfd3]::fmt::Display>::fmt
[INFO] [stdout]    1:     0x62f1d56a3d1a - core[df12db4294e9bfd3]::fmt::write
[INFO] [stdout]    2:     0x62f1d5692f8c - <std[70759c8f55707aa4]::sys::stdio::unix::Stderr as core[df12db4294e9bfd3]::io::write::Write>::write_fmt
[INFO] [stdout]    3:     0x62f1d5673756 - std[70759c8f55707aa4]::panicking::default_hook::{closure#0}
[INFO] [stdout]    4:     0x62f1d56886c1 - std[70759c8f55707aa4]::panicking::default_hook
[INFO] [stdout]    5:     0x62f1d56889eb - std[70759c8f55707aa4]::panicking::panic_with_hook
[INFO] [stdout]    6:     0x62f1d5673802 - std[70759c8f55707aa4]::panicking::panic_handler::{closure#0}
[INFO] [stdout]    7:     0x62f1d566c459 - std[70759c8f55707aa4]::sys::backtrace::__rust_end_short_backtrace::<std[70759c8f55707aa4]::panicking::panic_handler::{closure#0}, !>
[INFO] [stdout]    8:     0x62f1d56742ad - __rustc[8fa7c3cbc660c2b3]::rust_begin_unwind
[INFO] [stdout]    9:     0x62f1d56a447c - core[df12db4294e9bfd3]::panicking::panic_fmt
[INFO] [stdout]   10:     0x62f1d56a4252 - core[df12db4294e9bfd3]::result::unwrap_failed
[INFO] [stdout]   11:     0x62f1d5516a50 - rusty_search[bacb198800d07d66]::main::{closure#0}
[INFO] [stdout]   12:     0x62f1d5512070 - <tokio[ff0a30befc4cf442]::runtime::park::CachedParkThread>::block_on::<rusty_search[bacb198800d07d66]::main::{closure#0}>
[INFO] [stdout]   13:     0x62f1d551ec89 - rusty_search[bacb198800d07d66]::main
[INFO] [stdout]   14:     0x62f1d5534923 - std[70759c8f55707aa4]::sys::backtrace::__rust_begin_short_backtrace::<fn() -> core[df12db4294e9bfd3]::result::Result<(), alloc[2182bb758b4b3781]::boxed::Box<dyn core[df12db4294e9bfd3]::error::Error>>, core[df12db4294e9bfd3]::result::Result<(), alloc[2182bb758b4b3781]::boxed::Box<dyn core[df12db4294e9bfd3]::error::Error>>>
[INFO] [stdout]   15:     0x62f1d5515e09 - std[70759c8f55707aa4]::rt::lang_start::<core[df12db4294e9bfd3]::result::Result<(), alloc[2182bb758b4b3781]::boxed::Box<dyn core[df12db4294e9bfd3]::error::Error>>>::{closure#0}
[INFO] [stdout]   16:     0x62f1d5687b89 - std[70759c8f55707aa4]::rt::lang_start_internal
[INFO] [stdout]   17:     0x62f1d5523415 - main
[INFO] [stdout]   18:     0x79a717dfc601 - <unknown>
[INFO] [stdout]   19:     0x79a717dfc718 - __libc_start_main
[INFO] [stdout]   20:     0x62f1d54c6d55 - _start
[INFO] [stdout]   21:                0x0 - <unknown>
[INFO] [stdout] ```
[INFO] [stdout] 
[INFO] [stdout] 
[INFO] [stdout] stack backtrace:
[INFO] [stdout]    0:     0x5f9ba042f821 - <<std[70759c8f55707aa4]::sys::backtrace::BacktraceLock>::print::DisplayBacktrace as core[df12db4294e9bfd3]::fmt::Display>::fmt
[INFO] [stdout]    1:     0x5f9ba044586a - core[df12db4294e9bfd3]::fmt::write
[INFO] [stdout]    2:     0x5f9ba0434f6c - <alloc[2182bb758b4b3781]::vec::Vec<u8> as core[df12db4294e9bfd3]::io::write::Write>::write_fmt
[INFO] [stdout]    3:     0x5f9ba040b806 - std[70759c8f55707aa4]::panicking::default_hook::{closure#0}
[INFO] [stdout]    4:     0x5f9ba0427e89 - std[70759c8f55707aa4]::panicking::default_hook
[INFO] [stdout]    5:     0x5f9ba03bb8a0 - test[9d35eded1c95d3be]::test_main_inner::<test[9d35eded1c95d3be]::test_main_static::{closure#0}>::{closure#0}
[INFO] [stdout]    6:     0x5f9ba0428042 - std[70759c8f55707aa4]::panicking::panic_with_hook
[INFO] [stdout]    7:     0x5f9ba040b8b2 - std[70759c8f55707aa4]::panicking::panic_handler::{closure#0}
[INFO] [stdout]    8:     0x5f9ba0404639 - std[70759c8f55707aa4]::sys::backtrace::__rust_end_short_backtrace::<std[70759c8f55707aa4]::panicking::panic_handler::{closure#0}, !>
[INFO] [stdout]    9:     0x5f9ba040c4ad - __rustc[8fa7c3cbc660c2b3]::rust_begin_unwind
[INFO] [stdout]   10:     0x5f9ba0445f9c - core[df12db4294e9bfd3]::panicking::panic_fmt
[INFO] [stdout]   11:     0x5f9ba03f18d3 - <assert_cmd[55170d91f03fb44f]::assert::AssertError>::panic::<assert_cmd[55170d91f03fb44f]::assert::Assert>
[INFO] [stdout]   12:     0x5f9ba03f2156 - <assert_cmd[55170d91f03fb44f]::assert::Assert>::success
[INFO] [stdout]   13:     0x5f9ba03ac954 - <cli[4b1771f845d1e57e]::run_search_no_result_found::{closure#0} as core[df12db4294e9bfd3]::ops::function::FnOnce<()>>::call_once
[INFO] [stdout]   14:     0x5f9ba03aeb8b - test[9d35eded1c95d3be]::__rust_begin_short_backtrace::<core[df12db4294e9bfd3]::result::Result<(), alloc[2182bb758b4b3781]::string::String>, fn() -> core[df12db4294e9bfd3]::result::Result<(), alloc[2182bb758b4b3781]::string::String>>
[INFO] [stdout]   15:     0x5f9ba03bc1f5 - test[9d35eded1c95d3be]::run_test::{closure#0}
[INFO] [stdout]   16:     0x5f9ba03b5ab4 - std[70759c8f55707aa4]::sys::backtrace::__rust_begin_short_backtrace::<test[9d35eded1c95d3be]::run_test::{closure#1}, ()>
[INFO] [stdout]   17:     0x5f9ba03bf352 - <std[70759c8f55707aa4]::thread::lifecycle::spawn_unchecked<test[9d35eded1c95d3be]::run_test::{closure#1}, ()>::{closure#1} as core[df12db4294e9bfd3]::ops::function::FnOnce<()>>::call_once::{shim:vtable#0}
[INFO] [stdout]   18:     0x5f9ba042f079 - <std[70759c8f55707aa4]::sys::thread::unix::Thread>::new::thread_start
[INFO] [stdout]   19:     0x71bae193ddfa - <unknown>
[INFO] [stdout]   20:     0x71bae19d13d4 - clone
[INFO] [stdout]   21:                0x0 - <unknown>
[INFO] [stdout] 
[INFO] [stdout] ---- run_search_default stdout ----
[INFO] [stdout] 
[INFO] [stdout] thread 'run_search_default' (2187) panicked at /rustc/dfb0accb7f508ae8be965d8629557221c889dd98/library/core/src/ops/function.rs:250:5:
[INFO] [stdout] Unexpected failure.
[INFO] [stdout] code-101
[INFO] [stdout] stderr=``````
[INFO] [stdout] 
[INFO] [stdout] thread \'main\' (2261) panicked at src/main.rs:58:49:
[INFO] [stdout] GOOGLE_SEARCH_API_KEY must be set: NotPresent
[INFO] [stdout] stack backtrace:
[INFO] [stdout]    0:     0x63c013f1dc31 - <<std[70759c8f55707aa4]::sys::backtrace::BacktraceLock>::print::DisplayBacktrace as core[df12db4294e9bfd3]::fmt::Display>::fmt
[INFO] [stdout]    1:     0x63c013f33d1a - core[df12db4294e9bfd3]::fmt::write
[INFO] [stdout]    2:     0x63c013f22f8c - <std[70759c8f55707aa4]::sys::stdio::unix::Stderr as core[df12db4294e9bfd3]::io::write::Write>::write_fmt
[INFO] [stdout]    3:     0x63c013f03756 - std[70759c8f55707aa4]::panicking::default_hook::{closure#0}
[INFO] [stdout]    4:     0x63c013f186c1 - std[70759c8f55707aa4]::panicking::default_hook
[INFO] [stdout]    5:     0x63c013f189eb - std[70759c8f55707aa4]::panicking::panic_with_hook
[INFO] [stdout]    6:     0x63c013f03802 - std[70759c8f55707aa4]::panicking::panic_handler::{closure#0}
[INFO] [stdout]    7:     0x63c013efc459 - std[70759c8f55707aa4]::sys::backtrace::__rust_end_short_backtrace::<std[70759c8f55707aa4]::panicking::panic_handler::{closure#0}, !>
[INFO] [stdout]    8:     0x63c013f042ad - __rustc[8fa7c3cbc660c2b3]::rust_begin_unwind
[INFO] [stdout]    9:     0x63c013f3447c - core[df12db4294e9bfd3]::panicking::panic_fmt
[INFO] [stdout]   10:     0x63c013f34252 - core[df12db4294e9bfd3]::result::unwrap_failed
[INFO] [stdout]   11:     0x63c013da6a50 - rusty_search[bacb198800d07d66]::main::{closure#0}
[INFO] [stdout]   12:     0x63c013da2070 - <tokio[ff0a30befc4cf442]::runtime::park::CachedParkThread>::block_on::<rusty_search[bacb198800d07d66]::main::{closure#0}>
[INFO] [stdout]   13:     0x63c013daec89 - rusty_search[bacb198800d07d66]::main
[INFO] [stdout]   14:     0x63c013dc4923 - std[70759c8f55707aa4]::sys::backtrace::__rust_begin_short_backtrace::<fn() -> core[df12db4294e9bfd3]::result::Result<(), alloc[2182bb758b4b3781]::boxed::Box<dyn core[df12db4294e9bfd3]::error::Error>>, core[df12db4294e9bfd3]::result::Result<(), alloc[2182bb758b4b3781]::boxed::Box<dyn core[df12db4294e9bfd3]::error::Error>>>
[INFO] [stdout]   15:     0x63c013da5e09 - std[70759c8f55707aa4]::rt::lang_start::<core[df12db4294e9bfd3]::result::Result<(), alloc[2182bb758b4b3781]::boxed::Box<dyn core[df12db4294e9bfd3]::error::Error>>>::{closure#0}
[INFO] [stdout]   16:     0x63c013f17b89 - std[70759c8f55707aa4]::rt::lang_start_internal
[INFO] [stdout]   17:     0x63c013db3415 - main
[INFO] [stdout]   18:     0x757a1645c601 - <unknown>
[INFO] [stdout]   19:     0x757a1645c718 - __libc_start_main
[INFO] [stdout]   20:     0x63c013d56d55 - _start
[INFO] [stdout]   21:                0x0 - <unknown>
[INFO] [stdout] ```
[INFO] [stdout] ```
[INFO] [stdout] command=`"/opt/rustwide/target/release/rusty-search" "foo"`
[INFO] [stdout] code=101
[INFO] [stdout] stdout=```
[INFO] [stdout] Rusty Search
[INFO] [stdout] 
[INFO] [stdout] ```
[INFO] [stdout] 
[INFO] [stdout] stderr=```
[INFO] [stdout] 
[INFO] [stdout] thread \'main\' (2261) panicked at src/main.rs:58:49:
[INFO] [stdout] GOOGLE_SEARCH_API_KEY must be set: NotPresent
[INFO] [stdout] stack backtrace:
[INFO] [stdout]    0:     0x63c013f1dc31 - <<std[70759c8f55707aa4]::sys::backtrace::BacktraceLock>::print::DisplayBacktrace as core[df12db4294e9bfd3]::fmt::Display>::fmt
[INFO] [stdout]    1:     0x63c013f33d1a - core[df12db4294e9bfd3]::fmt::write
[INFO] [stdout]    2:     0x63c013f22f8c - <std[70759c8f55707aa4]::sys::stdio::unix::Stderr as core[df12db4294e9bfd3]::io::write::Write>::write_fmt
[INFO] [stdout]    3:     0x63c013f03756 - std[70759c8f55707aa4]::panicking::default_hook::{closure#0}
[INFO] [stdout]    4:     0x63c013f186c1 - std[70759c8f55707aa4]::panicking::default_hook
[INFO] [stdout]    5:     0x63c013f189eb - std[70759c8f55707aa4]::panicking::panic_with_hook
[INFO] [stdout]    6:     0x63c013f03802 - std[70759c8f55707aa4]::panicking::panic_handler::{closure#0}
[INFO] [stdout]    7:     0x63c013efc459 - std[70759c8f55707aa4]::sys::backtrace::__rust_end_short_backtrace::<std[70759c8f55707aa4]::panicking::panic_handler::{closure#0}, !>
[INFO] [stdout]    8:     0x63c013f042ad - __rustc[8fa7c3cbc660c2b3]::rust_begin_unwind
[INFO] [stdout]    9:     0x63c013f3447c - core[df12db4294e9bfd3]::panicking::panic_fmt
[INFO] [stdout]   10:     0x63c013f34252 - core[df12db4294e9bfd3]::result::unwrap_failed
[INFO] [stdout]   11:     0x63c013da6a50 - rusty_search[bacb198800d07d66]::main::{closure#0}
[INFO] [stdout]   12:     0x63c013da2070 - <tokio[ff0a30befc4cf442]::runtime::park::CachedParkThread>::block_on::<rusty_search[bacb198800d07d66]::main::{closure#0}>
[INFO] [stdout]   13:     0x63c013daec89 - rusty_search[bacb198800d07d66]::main
[INFO] [stdout]   14:     0x63c013dc4923 - std[70759c8f55707aa4]::sys::backtrace::__rust_begin_short_backtrace::<fn() -> core[df12db4294e9bfd3]::result::Result<(), alloc[2182bb758b4b3781]::boxed::Box<dyn core[df12db4294e9bfd3]::error::Error>>, core[df12db4294e9bfd3]::result::Result<(), alloc[2182bb758b4b3781]::boxed::Box<dyn core[df12db4294e9bfd3]::error::Error>>>
[INFO] [stdout]   15:     0x63c013da5e09 - std[70759c8f55707aa4]::rt::lang_start::<core[df12db4294e9bfd3]::result::Result<(), alloc[2182bb758b4b3781]::boxed::Box<dyn core[df12db4294e9bfd3]::error::Error>>>::{closure#0}
[INFO] [stdout]   16:     0x63c013f17b89 - std[70759c8f55707aa4]::rt::lang_start_internal
[INFO] [stdout]   17:     0x63c013db3415 - main
[INFO] [stdout]   18:     0x757a1645c601 - <unknown>
[INFO] [stdout]   19:     0x757a1645c718 - __libc_start_main
[INFO] [stdout]   20:     0x63c013d56d55 - _start
[INFO] [stdout]   21:                0x0 - <unknown>
[INFO] [stdout] ```
[INFO] [stdout] 
[INFO] [stdout] 
[INFO] [stdout] stack backtrace:
[INFO] [stdout]    0:     0x5f9ba042f821 - <<std[70759c8f55707aa4]::sys::backtrace::BacktraceLock>::print::DisplayBacktrace as core[df12db4294e9bfd3]::fmt::Display>::fmt
[INFO] [stdout]    1:     0x5f9ba044586a - core[df12db4294e9bfd3]::fmt::write
[INFO] [stdout]    2:     0x5f9ba0434f6c - <alloc[2182bb758b4b3781]::vec::Vec<u8> as core[df12db4294e9bfd3]::io::write::Write>::write_fmt
[INFO] [stdout]    3:     0x5f9ba040b806 - std[70759c8f55707aa4]::panicking::default_hook::{closure#0}
[INFO] [stdout]    4:     0x5f9ba0427e89 - std[70759c8f55707aa4]::panicking::default_hook
[INFO] [stdout]    5:     0x5f9ba03bb8a0 - test[9d35eded1c95d3be]::test_main_inner::<test[9d35eded1c95d3be]::test_main_static::{closure#0}>::{closure#0}
[INFO] [stdout]    6:     0x5f9ba0428042 - std[70759c8f55707aa4]::panicking::panic_with_hook
[INFO] [stdout]    7:     0x5f9ba040b8b2 - std[70759c8f55707aa4]::panicking::panic_handler::{closure#0}
[INFO] [stdout]    8:     0x5f9ba0404639 - std[70759c8f55707aa4]::sys::backtrace::__rust_end_short_backtrace::<std[70759c8f55707aa4]::panicking::panic_handler::{closure#0}, !>
[INFO] [stdout]    9:     0x5f9ba040c4ad - __rustc[8fa7c3cbc660c2b3]::rust_begin_unwind
[INFO] [stdout]   10:     0x5f9ba0445f9c - core[df12db4294e9bfd3]::panicking::panic_fmt
[INFO] [stdout]   11:     0x5f9ba03f18d3 - <assert_cmd[55170d91f03fb44f]::assert::AssertError>::panic::<assert_cmd[55170d91f03fb44f]::assert::Assert>
[INFO] [stdout]   12:     0x5f9ba03f2156 - <assert_cmd[55170d91f03fb44f]::assert::Assert>::success
[INFO] [stdout]   13:     0x5f9ba03abe60 - <cli[4b1771f845d1e57e]::run_search_default::{closure#0} as core[df12db4294e9bfd3]::ops::function::FnOnce<()>>::call_once
[INFO] [stdout]   14:     0x5f9ba03aeb8b - test[9d35eded1c95d3be]::__rust_begin_short_backtrace::<core[df12db4294e9bfd3]::result::Result<(), alloc[2182bb758b4b3781]::string::String>, fn() -> core[df12db4294e9bfd3]::result::Result<(), alloc[2182bb758b4b3781]::string::String>>
[INFO] [stdout]   15:     0x5f9ba03bc1f5 - test[9d35eded1c95d3be]::run_test::{closure#0}
[INFO] [stdout]   16:     0x5f9ba03b5ab4 - std[70759c8f55707aa4]::sys::backtrace::__rust_begin_short_backtrace::<test[9d35eded1c95d3be]::run_test::{closure#1}, ()>
[INFO] [stdout]   17:     0x5f9ba03bf352 - <std[70759c8f55707aa4]::thread::lifecycle::spawn_unchecked<test[9d35eded1c95d3be]::run_test::{closure#1}, ()>::{closure#1} as core[df12db4294e9bfd3]::ops::function::FnOnce<()>>::call_once::{shim:vtable#0}
[INFO] [stdout]   18:     0x5f9ba042f079 - <std[70759c8f55707aa4]::sys::thread::unix::Thread>::new::thread_start
[INFO] [stdout]   19:     0x71bae193ddfa - <unknown>
[INFO] [stdout]   20:     0x71bae19d13d4 - clone
[INFO] [stdout]   21:                0x0 - <unknown>
[INFO] [stdout] 
[INFO] [stdout] ---- run_search_empty_search_query stdout ----
[INFO] [stdout] 
[INFO] [stdout] thread 'run_search_empty_search_query' (2188) panicked at /rustc/dfb0accb7f508ae8be965d8629557221c889dd98/library/core/src/ops/function.rs:250:5:
[INFO] [stdout] Unexpected stderr, failed var.contains(Error: Failed to get response, status code: 400 Bad Request)
[INFO] [stdout] ├── var: 
[INFO] [stdout] │   thread 'main' (2295) panicked at src/main.rs:58:49:
[INFO] [stdout] │   GOOGLE_SEARCH_API_KEY must be set: NotPresent
[INFO] [stdout] │   stack backtrace:
[INFO] [stdout] │      0:     0x59366bcbfc31 - <<std[70759c8f55707aa4]::sys::backtrace::BacktraceLock>::print::DisplayBacktrace as core[df12db4294e9bfd3]::fmt::Display>::fmt
[INFO] [stdout] │      1:     0x59366bcd5d1a - core[df12db4294e9bfd3]::fmt::write
[INFO] [stdout] │      2:     0x59366bcc4f8c - <std[70759c8f55707aa4]::sys::stdio::unix::Stderr as core[df12db4294e9bfd3]::io::write::Write>::write_fmt
[INFO] [stdout] │      3:     0x59366bca5756 - std[70759c8f55707aa4]::panicking::default_hook::{closure#0}
[INFO] [stdout] │      4:     0x59366bcba6c1 - std[70759c8f55707aa4]::panicking::default_hook
[INFO] [stdout] │      5:     0x59366bcba9eb - std[70759c8f55707aa4]::panicking::panic_with_hook
[INFO] [stdout] │      6:     0x59366bca5802 - std[70759c8f55707aa4]::panicking::panic_handler::{closure#0}
[INFO] [stdout] │      7:     0x59366bc9e459 - std[70759c8f55707aa4]::sys::backtrace::__rust_end_short_backtrace::<std[70759c8f55707aa4]::panicking::panic_handler::{closure#0}, !>
[INFO] [stdout] │      8:     0x59366bca62ad - __rustc[8fa7c3cbc660c2b3]::rust_begin_unwind
[INFO] [stdout] │      9:     0x59366bcd647c - core[df12db4294e9bfd3]::panicking::panic_fmt
[INFO] [stdout] │     10:     0x59366bcd6252 - core[df12db4294e9bfd3]::result::unwrap_failed
[INFO] [stdout] │     11:     0x59366bb48a50 - rusty_search[bacb198800d07d66]::main::{closure#0}
[INFO] [stdout] │     12:     0x59366bb44070 - <tokio[ff0a30befc4cf442]::runtime::park::CachedParkThread>::block_on::<rusty_search[bacb198800d07d66]::main::{closure#0}>
[INFO] [stdout] │     13:     0x59366bb50c89 - rusty_search[bacb198800d07d66]::main
[INFO] [stdout] │     14:     0x59366bb66923 - std[70759c8f55707aa4]::sys::backtrace::__rust_begin_short_backtrace::<fn() -> core[df12db4294e9bfd3]::result::Result<(), alloc[2182bb758b4b3781]::boxed::Box<dyn core[df12db4294e9bfd3]::error::Error>>, core[df12db4294e9bfd3]::result::Result<(), alloc[2182bb758b4b3781]::boxed::Box<dyn core[df12db4294e9bfd3]::error::Error>>>
[INFO] [stdout] │     15:     0x59366bb47e09 - std[70759c8f55707aa4]::rt::lang_start::<core[df12db4294e9bfd3]::result::Result<(), alloc[2182bb758b4b3781]::boxed::Box<dyn core[df12db4294e9bfd3]::error::Error>>>::{closure#0}
[INFO] [stdout] │     16:     0x59366bcb9b89 - std[70759c8f55707aa4]::rt::lang_start_internal
[INFO] [stdout] │     17:     0x59366bb55415 - main
[INFO] [stdout] │     18:     0x7b6b2de32601 - <unknown>
[INFO] [stdout] │     19:     0x7b6b2de32718 - __libc_start_main
[INFO] [stdout] │     20:     0x59366baf8d55 - _start
[INFO] [stdout] │     21:                0x0 - <unknown>
[INFO] [stdout] └── var as str: 
[INFO] [stdout]     thread 'main' (2295) panicked at src/main.rs:58:49:
[INFO] [stdout]     GOOGLE_SEARCH_API_KEY must be set: NotPresent
[INFO] [stdout]     stack backtrace:
[INFO] [stdout]        0:     0x59366bcbfc31 - <<std[70759c8f55707aa4]::sys::backtrace::BacktraceLock>::print::DisplayBacktrace as core[df12db4294e9bfd3]::fmt::Display>::fmt
[INFO] [stdout]        1:     0x59366bcd5d1a - core[df12db4294e9bfd3]::fmt::write
[INFO] [stdout]        2:     0x59366bcc4f8c - <std[70759c8f55707aa4]::sys::stdio::unix::Stderr as core[df12db4294e9bfd3]::io::write::Write>::write_fmt
[INFO] [stdout]        3:     0x59366bca5756 - std[70759c8f55707aa4]::panicking::default_hook::{closure#0}
[INFO] [stdout]        4:     0x59366bcba6c1 - std[70759c8f55707aa4]::panicking::default_hook
[INFO] [stdout]        5:     0x59366bcba9eb - std[70759c8f55707aa4]::panicking::panic_with_hook
[INFO] [stdout]        6:     0x59366bca5802 - std[70759c8f55707aa4]::panicking::panic_handler::{closure#0}
[INFO] [stdout]        7:     0x59366bc9e459 - std[70759c8f55707aa4]::sys::backtrace::__rust_end_short_backtrace::<std[70759c8f55707aa4]::panicking::panic_handler::{closure#0}, !>
[INFO] [stdout]        8:     0x59366bca62ad - __rustc[8fa7c3cbc660c2b3]::rust_begin_unwind
[INFO] [stdout]        9:     0x59366bcd647c - core[df12db4294e9bfd3]::panicking::panic_fmt
[INFO] [stdout]       10:     0x59366bcd6252 - core[df12db4294e9bfd3]::result::unwrap_failed
[INFO] [stdout]       11:     0x59366bb48a50 - rusty_search[bacb198800d07d66]::main::{closure#0}
[INFO] [stdout]       12:     0x59366bb44070 - <tokio[ff0a30befc4cf442]::runtime::park::CachedParkThread>::block_on::<rusty_search[bacb198800d07d66]::main::{closure#0}>
[INFO] [stdout]       13:     0x59366bb50c89 - rusty_search[bacb198800d07d66]::main
[INFO] [stdout]       14:     0x59366bb66923 - std[70759c8f55707aa4]::sys::backtrace::__rust_begin_short_backtrace::<fn() -> core[df12db4294e9bfd3]::result::Result<(), alloc[2182bb758b4b3781]::boxed::Box<dyn core[df12db4294e9bfd3]::error::Error>>, core[df12db4294e9bfd3]::result::Result<(), alloc[2182bb758b4b3781]::boxed::Box<dyn core[df12db4294e9bfd3]::error::Error>>>
[INFO] [stdout]       15:     0x59366bb47e09 - std[70759c8f55707aa4]::rt::lang_start::<core[df12db4294e9bfd3]::result::Result<(), alloc[2182bb758b4b3781]::boxed::Box<dyn core[df12db4294e9bfd3]::error::Error>>>::{closure#0}
[INFO] [stdout]       16:     0x59366bcb9b89 - std[70759c8f55707aa4]::rt::lang_start_internal
[INFO] [stdout]       17:     0x59366bb55415 - main
[INFO] [stdout]       18:     0x7b6b2de32601 - <unknown>
[INFO] [stdout]       19:     0x7b6b2de32718 - __libc_start_main
[INFO] [stdout]       20:     0x59366baf8d55 - _start
[INFO] [stdout]       21:                0x0 - <unknown>
[INFO] [stdout] 
[INFO] [stdout] command=`"/opt/rustwide/target/release/rusty-search" ""`
[INFO] [stdout] code=101
[INFO] [stdout] stdout=```
[INFO] [stdout] Rusty Search
[INFO] [stdout] 
[INFO] [stdout] ```
[INFO] [stdout] 
[INFO] [stdout] stderr=```
[INFO] [stdout] 
[INFO] [stdout] thread \'main\' (2295) panicked at src/main.rs:58:49:
[INFO] [stdout] GOOGLE_SEARCH_API_KEY must be set: NotPresent
[INFO] [stdout] stack backtrace:
[INFO] [stdout]    0:     0x59366bcbfc31 - <<std[70759c8f55707aa4]::sys::backtrace::BacktraceLock>::print::DisplayBacktrace as core[df12db4294e9bfd3]::fmt::Display>::fmt
[INFO] [stdout]    1:     0x59366bcd5d1a - core[df12db4294e9bfd3]::fmt::write
[INFO] [stdout]    2:     0x59366bcc4f8c - <std[70759c8f55707aa4]::sys::stdio::unix::Stderr as core[df12db4294e9bfd3]::io::write::Write>::write_fmt
[INFO] [stdout]    3:     0x59366bca5756 - std[70759c8f55707aa4]::panicking::default_hook::{closure#0}
[INFO] [stdout]    4:     0x59366bcba6c1 - std[70759c8f55707aa4]::panicking::default_hook
[INFO] [stdout]    5:     0x59366bcba9eb - std[70759c8f55707aa4]::panicking::panic_with_hook
[INFO] [stdout]    6:     0x59366bca5802 - std[70759c8f55707aa4]::panicking::panic_handler::{closure#0}
[INFO] [stdout]    7:     0x59366bc9e459 - std[70759c8f55707aa4]::sys::backtrace::__rust_end_short_backtrace::<std[70759c8f55707aa4]::panicking::panic_handler::{closure#0}, !>
[INFO] [stdout]    8:     0x59366bca62ad - __rustc[8fa7c3cbc660c2b3]::rust_begin_unwind
[INFO] [stdout]    9:     0x59366bcd647c - core[df12db4294e9bfd3]::panicking::panic_fmt
[INFO] [stdout]   10:     0x59366bcd6252 - core[df12db4294e9bfd3]::result::unwrap_failed
[INFO] [stdout]   11:     0x59366bb48a50 - rusty_search[bacb198800d07d66]::main::{closure#0}
[INFO] [stdout]   12:     0x59366bb44070 - <tokio[ff0a30befc4cf442]::runtime::park::CachedParkThread>::block_on::<rusty_search[bacb198800d07d66]::main::{closure#0}>
[INFO] [stdout]   13:     0x59366bb50c89 - rusty_search[bacb198800d07d66]::main
[INFO] [stdout]   14:     0x59366bb66923 - std[70759c8f55707aa4]::sys::backtrace::__rust_begin_short_backtrace::<fn() -> core[df12db4294e9bfd3]::result::Result<(), alloc[2182bb758b4b3781]::boxed::Box<dyn core[df12db4294e9bfd3]::error::Error>>, core[df12db4294e9bfd3]::result::Result<(), alloc[2182bb758b4b3781]::boxed::Box<dyn core[df12db4294e9bfd3]::error::Error>>>
[INFO] [stdout]   15:     0x59366bb47e09 - std[70759c8f55707aa4]::rt::lang_start::<core[df12db4294e9bfd3]::result::Result<(), alloc[2182bb758b4b3781]::boxed::Box<dyn core[df12db4294e9bfd3]::error::Error>>>::{closure#0}
[INFO] [stdout]   16:     0x59366bcb9b89 - std[70759c8f55707aa4]::rt::lang_start_internal
[INFO] [stdout]   17:     0x59366bb55415 - main
[INFO] [stdout]   18:     0x7b6b2de32601 - <unknown>
[INFO] [stdout]   19:     0x7b6b2de32718 - __libc_start_main
[INFO] [stdout]   20:     0x59366baf8d55 - _start
[INFO] [stdout]   21:                0x0 - <unknown>
[INFO] [stdout] ```
[INFO] [stdout] 
[INFO] [stdout] 
[INFO] [stdout] stack backtrace:
[INFO] [stdout]    0:     0x5f9ba042f821 - <<std[70759c8f55707aa4]::sys::backtrace::BacktraceLock>::print::DisplayBacktrace as core[df12db4294e9bfd3]::fmt::Display>::fmt
[INFO] [stdout]    1:     0x5f9ba044586a - core[df12db4294e9bfd3]::fmt::write
[INFO] [stdout]    2:     0x5f9ba0434f6c - <alloc[2182bb758b4b3781]::vec::Vec<u8> as core[df12db4294e9bfd3]::io::write::Write>::write_fmt
[INFO] [stdout]    3:     0x5f9ba040b806 - std[70759c8f55707aa4]::panicking::default_hook::{closure#0}
[INFO] [stdout]    4:     0x5f9ba0427e89 - std[70759c8f55707aa4]::panicking::default_hook
[INFO] [stdout]    5:     0x5f9ba03bb8a0 - test[9d35eded1c95d3be]::test_main_inner::<test[9d35eded1c95d3be]::test_main_static::{closure#0}>::{closure#0}
[INFO] [stdout]    6:     0x5f9ba0428042 - std[70759c8f55707aa4]::panicking::panic_with_hook
[INFO] [stdout]    7:     0x5f9ba040b8b2 - std[70759c8f55707aa4]::panicking::panic_handler::{closure#0}
[INFO] [stdout]    8:     0x5f9ba0404639 - std[70759c8f55707aa4]::sys::backtrace::__rust_end_short_backtrace::<std[70759c8f55707aa4]::panicking::panic_handler::{closure#0}, !>
[INFO] [stdout]    9:     0x5f9ba040c4ad - __rustc[8fa7c3cbc660c2b3]::rust_begin_unwind
[INFO] [stdout]   10:     0x5f9ba0445f9c - core[df12db4294e9bfd3]::panicking::panic_fmt
[INFO] [stdout]   11:     0x5f9ba03ad5a4 - <assert_cmd[55170d91f03fb44f]::assert::AssertError>::panic::<assert_cmd[55170d91f03fb44f]::assert::Assert>
[INFO] [stdout]   12:     0x5f9ba03ad31f - <cli[4b1771f845d1e57e]::run_search_empty_search_query::{closure#0} as core[df12db4294e9bfd3]::ops::function::FnOnce<()>>::call_once
[INFO] [stdout]   13:     0x5f9ba03aeb8b - test[9d35eded1c95d3be]::__rust_begin_short_backtrace::<core[df12db4294e9bfd3]::result::Result<(), alloc[2182bb758b4b3781]::string::String>, fn() -> core[df12db4294e9bfd3]::result::Result<(), alloc[2182bb758b4b3781]::string::String>>
[INFO] [stdout]   14:     0x5f9ba03bc1f5 - test[9d35eded1c95d3be]::run_test::{closure#0}
[INFO] [stdout]   15:     0x5f9ba03b5ab4 - std[70759c8f55707aa4]::sys::backtrace::__rust_begin_short_backtrace::<test[9d35eded1c95d3be]::run_test::{closure#1}, ()>
[INFO] [stdout]   16:     0x5f9ba03bf352 - <std[70759c8f55707aa4]::thread::lifecycle::spawn_unchecked<test[9d35eded1c95d3be]::run_test::{closure#1}, ()>::{closure#1} as core[df12db4294e9bfd3]::ops::function::FnOnce<()>>::call_once::{shim:vtable#0}
[INFO] [stdout]   17:     0x5f9ba042f079 - <std[70759c8f55707aa4]::sys::thread::unix::Thread>::new::thread_start
[INFO] [stdout]   18:     0x71bae193ddfa - <unknown>
[INFO] [stdout]   19:     0x71bae19d13d4 - clone
[INFO] [stdout]   20:                0x0 - <unknown>
[INFO] [stdout] 
[INFO] [stdout] ---- run_search_num_count_5 stdout ----
[INFO] [stdout] 
[INFO] [stdout] thread 'run_search_num_count_5' (2190) panicked at /rustc/dfb0accb7f508ae8be965d8629557221c889dd98/library/core/src/ops/function.rs:250:5:
[INFO] [stdout] Unexpected failure.
[INFO] [stdout] code-101
[INFO] [stdout] stderr=``````
[INFO] [stdout] 
[INFO] [stdout] thread \'main\' (2259) panicked at src/main.rs:58:49:
[INFO] [stdout] GOOGLE_SEARCH_API_KEY must be set: NotPresent
[INFO] [stdout] stack backtrace:
[INFO] [stdout]    0:     0x64b61a3a9c31 - <<std[70759c8f55707aa4]::sys::backtrace::BacktraceLock>::print::DisplayBacktrace as core[df12db4294e9bfd3]::fmt::Display>::fmt
[INFO] [stdout]    1:     0x64b61a3bfd1a - core[df12db4294e9bfd3]::fmt::write
[INFO] [stdout]    2:     0x64b61a3aef8c - <std[70759c8f55707aa4]::sys::stdio::unix::Stderr as core[df12db4294e9bfd3]::io::write::Write>::write_fmt
[INFO] [stdout]    3:     0x64b61a38f756 - std[70759c8f55707aa4]::panicking::default_hook::{closure#0}
[INFO] [stdout]    4:     0x64b61a3a46c1 - std[70759c8f55707aa4]::panicking::default_hook
[INFO] [stdout]    5:     0x64b61a3a49eb - std[70759c8f55707aa4]::panicking::panic_with_hook
[INFO] [stdout]    6:     0x64b61a38f802 - std[70759c8f55707aa4]::panicking::panic_handler::{closure#0}
[INFO] [stdout]    7:     0x64b61a388459 - std[70759c8f55707aa4]::sys::backtrace::__rust_end_short_backtrace::<std[70759c8f55707aa4]::panicking::panic_handler::{closure#0}, !>
[INFO] [stdout]    8:     0x64b61a3902ad - __rustc[8fa7c3cbc660c2b3]::rust_begin_unwind
[INFO] [stdout]    9:     0x64b61a3c047c - core[df12db4294e9bfd3]::panicking::panic_fmt
[INFO] [stdout]   10:     0x64b61a3c0252 - core[df12db4294e9bfd3]::result::unwrap_failed
[INFO] [stdout]   11:     0x64b61a232a50 - rusty_search[bacb198800d07d66]::main::{closure#0}
[INFO] [stdout]   12:     0x64b61a22e070 - <tokio[ff0a30befc4cf442]::runtime::park::CachedParkThread>::block_on::<rusty_search[bacb198800d07d66]::main::{closure#0}>
[INFO] [stdout]   13:     0x64b61a23ac89 - rusty_search[bacb198800d07d66]::main
[INFO] [stdout]   14:     0x64b61a250923 - std[70759c8f55707aa4]::sys::backtrace::__rust_begin_short_backtrace::<fn() -> core[df12db4294e9bfd3]::result::Result<(), alloc[2182bb758b4b3781]::boxed::Box<dyn core[df12db4294e9bfd3]::error::Error>>, core[df12db4294e9bfd3]::result::Result<(), alloc[2182bb758b4b3781]::boxed::Box<dyn core[df12db4294e9bfd3]::error::Error>>>
[INFO] [stdout]   15:     0x64b61a231e09 - std[70759c8f55707aa4]::rt::lang_start::<core[df12db4294e9bfd3]::result::Result<(), alloc[2182bb758b4b3781]::boxed::Box<dyn core[df12db4294e9bfd3]::error::Error>>>::{closure#0}
[INFO] [stdout]   16:     0x64b61a3a3b89 - std[70759c8f55707aa4]::rt::lang_start_internal
[INFO] [stdout]   17:     0x64b61a23f415 - main
[INFO] [stdout]   18:     0x7f1da41bc601 - <unknown>
[INFO] [stdout]   19:     0x7f1da41bc718 - __libc_start_main
[INFO] [stdout]   20:     0x64b61a1e2d55 - _start
[INFO] [stdout]   21:                0x0 - <unknown>
[INFO] [stdout] ```
[INFO] [stdout] ```
[INFO] [stdout] command=`"/opt/rustwide/target/release/rusty-search" "foo" "-n" "5"`
[INFO] [stdout] code=101
[INFO] [stdout] stdout=```
[INFO] [stdout] Rusty Search
[INFO] [stdout] 
[INFO] [stdout] ```
[INFO] [stdout] 
[INFO] [stdout] stderr=```
[INFO] [stdout] 
[INFO] [stdout] thread \'main\' (2259) panicked at src/main.rs:58:49:
[INFO] [stdout] GOOGLE_SEARCH_API_KEY must be set: NotPresent
[INFO] [stdout] stack backtrace:
[INFO] [stdout]    0:     0x64b61a3a9c31 - <<std[70759c8f55707aa4]::sys::backtrace::BacktraceLock>::print::DisplayBacktrace as core[df12db4294e9bfd3]::fmt::Display>::fmt
[INFO] [stdout]    1:     0x64b61a3bfd1a - core[df12db4294e9bfd3]::fmt::write
[INFO] [stdout]    2:     0x64b61a3aef8c - <std[70759c8f55707aa4]::sys::stdio::unix::Stderr as core[df12db4294e9bfd3]::io::write::Write>::write_fmt
[INFO] [stdout]    3:     0x64b61a38f756 - std[70759c8f55707aa4]::panicking::default_hook::{closure#0}
[INFO] [stdout]    4:     0x64b61a3a46c1 - std[70759c8f55707aa4]::panicking::default_hook
[INFO] [stdout]    5:     0x64b61a3a49eb - std[70759c8f55707aa4]::panicking::panic_with_hook
[INFO] [stdout]    6:     0x64b61a38f802 - std[70759c8f55707aa4]::panicking::panic_handler::{closure#0}
[INFO] [stdout]    7:     0x64b61a388459 - std[70759c8f55707aa4]::sys::backtrace::__rust_end_short_backtrace::<std[70759c8f55707aa4]::panicking::panic_handler::{closure#0}, !>
[INFO] [stdout]    8:     0x64b61a3902ad - __rustc[8fa7c3cbc660c2b3]::rust_begin_unwind
[INFO] [stdout]    9:     0x64b61a3c047c - core[df12db4294e9bfd3]::panicking::panic_fmt
[INFO] [stdout]   10:     0x64b61a3c0252 - core[df12db4294e9bfd3]::result::unwrap_failed
[INFO] [stdout]   11:     0x64b61a232a50 - rusty_search[bacb198800d07d66]::main::{closure#0}
[INFO] [stdout]   12:     0x64b61a22e070 - <tokio[ff0a30befc4cf442]::runtime::park::CachedParkThread>::block_on::<rusty_search[bacb198800d07d66]::main::{closure#0}>
[INFO] [stdout]   13:     0x64b61a23ac89 - rusty_search[bacb198800d07d66]::main
[INFO] [stdout]   14:     0x64b61a250923 - std[70759c8f55707aa4]::sys::backtrace::__rust_begin_short_backtrace::<fn() -> core[df12db4294e9bfd3]::result::Result<(), alloc[2182bb758b4b3781]::boxed::Box<dyn core[df12db4294e9bfd3]::error::Error>>, core[df12db4294e9bfd3]::result::Result<(), alloc[2182bb758b4b3781]::boxed::Box<dyn core[df12db4294e9bfd3]::error::Error>>>
[INFO] [stdout]   15:     0x64b61a231e09 - std[70759c8f55707aa4]::rt::lang_start::<core[df12db4294e9bfd3]::result::Result<(), alloc[2182bb758b4b3781]::boxed::Box<dyn core[df12db4294e9bfd3]::error::Error>>>::{closure#0}
[INFO] [stdout]   16:     0x64b61a3a3b89 - std[70759c8f55707aa4]::rt::lang_start_internal
[INFO] [stdout]   17:     0x64b61a23f415 - main
[INFO] [stdout]   18:     0x7f1da41bc601 - <unknown>
[INFO] [stdout]   19:     0x7f1da41bc718 - __libc_start_main
[INFO] [stdout]   20:     0x64b61a1e2d55 - _start
[INFO] [stdout]   21:                0x0 - <unknown>
[INFO] [stdout] ```
[INFO] [stdout] 
[INFO] [stdout] 
[INFO] [stdout] stack backtrace:
[INFO] [stdout]    0:     0x5f9ba042f821 - <<std[70759c8f55707aa4]::sys::backtrace::BacktraceLock>::print::DisplayBacktrace as core[df12db4294e9bfd3]::fmt::Display>::fmt
[INFO] [stdout]    1:     0x5f9ba044586a - core[df12db4294e9bfd3]::fmt::write
[INFO] [stdout]    2:     0x5f9ba0434f6c - <alloc[2182bb758b4b3781]::vec::Vec<u8> as core[df12db4294e9bfd3]::io::write::Write>::write_fmt
[INFO] [stdout]    3:     0x5f9ba040b806 - std[70759c8f55707aa4]::panicking::default_hook::{closure#0}
[INFO] [stdout]    4:     0x5f9ba0427e89 - std[70759c8f55707aa4]::panicking::default_hook
[INFO] [stdout]    5:     0x5f9ba03bb8a0 - test[9d35eded1c95d3be]::test_main_inner::<test[9d35eded1c95d3be]::test_main_static::{closure#0}>::{closure#0}
[INFO] [stdout]    6:     0x5f9ba0428042 - std[70759c8f55707aa4]::panicking::panic_with_hook
[INFO] [stdout]    7:     0x5f9ba040b8b2 - std[70759c8f55707aa4]::panicking::panic_handler::{closure#0}
[INFO] [stdout]    8:     0x5f9ba0404639 - std[70759c8f55707aa4]::sys::backtrace::__rust_end_short_backtrace::<std[70759c8f55707aa4]::panicking::panic_handler::{closure#0}, !>
[INFO] [stdout]    9:     0x5f9ba040c4ad - __rustc[8fa7c3cbc660c2b3]::rust_begin_unwind
[INFO] [stdout]   10:     0x5f9ba0445f9c - core[df12db4294e9bfd3]::panicking::panic_fmt
[INFO] [stdout]   11:     0x5f9ba03f18d3 - <assert_cmd[55170d91f03fb44f]::assert::AssertError>::panic::<assert_cmd[55170d91f03fb44f]::assert::Assert>
[INFO] [stdout]   12:     0x5f9ba03f2156 - <assert_cmd[55170d91f03fb44f]::assert::Assert>::success
[INFO] [stdout]   13:     0x5f9ba03ac318 - <cli[4b1771f845d1e57e]::run_search_num_count_5::{closure#0} as core[df12db4294e9bfd3]::ops::function::FnOnce<()>>::call_once
[INFO] [stdout]   14:     0x5f9ba03aeb8b - test[9d35eded1c95d3be]::__rust_begin_short_backtrace::<core[df12db4294e9bfd3]::result::Result<(), alloc[2182bb758b4b3781]::string::String>, fn() -> core[df12db4294e9bfd3]::result::Result<(), alloc[2182bb758b4b3781]::string::String>>
[INFO] [stdout]   15:     0x5f9ba03bc1f5 - test[9d35eded1c95d3be]::run_test::{closure#0}
[INFO] [stdout]   16:     0x5f9ba03b5ab4 - std[70759c8f55707aa4]::sys::backtrace::__rust_begin_short_backtrace::<test[9d35eded1c95d3be]::run_test::{closure#1}, ()>
[INFO] [stdout]   17:     0x5f9ba03bf352 - <std[70759c8f55707aa4]::thread::lifecycle::spawn_unchecked<test[9d35eded1c95d3be]::run_test::{closure#1}, ()>::{closure#1} as core[df12db4294e9bfd3]::ops::function::FnOnce<()>>::call_once::{shim:vtable#0}
[INFO] [stdout]   18:     0x5f9ba042f079 - <std[70759c8f55707aa4]::sys::thread::unix::Thread>::new::thread_start
[INFO] [stdout]   19:     0x71bae193ddfa - <unknown>
[INFO] [stdout]   20:     0x71bae19d13d4 - clone
[INFO] [stdout]   21:                0x0 - <unknown>
[INFO] [stdout] 
[INFO] [stdout] 
[INFO] [stdout] failures:
[INFO] [stdout]     run_search_default
[INFO] [stdout]     run_search_empty_search_query
[INFO] [stdout]     run_search_no_result_found
[INFO] [stdout]     run_search_num_count_5
[INFO] [stdout] 
[INFO] [stdout] test result: FAILED. 0 passed; 4 failed; 0 ignored; 0 measured; 0 filtered out; finished in 0.20s
[INFO] [stdout] 
[INFO] running `Command { std: "docker" "inspect" "0f86d8e441173928965992f4941752d8b44d85f37a8ae18c0133c89d9681df7c", kill_on_drop: false }`
[INFO] running `Command { std: "docker" "rm" "-f" "0f86d8e441173928965992f4941752d8b44d85f37a8ae18c0133c89d9681df7c", kill_on_drop: false }`
[INFO] [stdout] 0f86d8e441173928965992f4941752d8b44d85f37a8ae18c0133c89d9681df7c
