[INFO] fetching crate rusty-rapidgzip 0.2.1...
[INFO] testing rusty-rapidgzip-0.2.1 against 1.99.0-beta.8+cargoflags=--release for beta-release-1.100-2
[INFO] extracting crate rusty-rapidgzip 0.2.1 into /workspace/builds/worker-2-tc1/source
[INFO] started tweaking crates.io crate rusty-rapidgzip 0.2.1
[INFO] removed 0 missing tests
[INFO] finished tweaking crates.io crate rusty-rapidgzip 0.2.1
[INFO] tweaked toml for crates.io crate rusty-rapidgzip 0.2.1 written to /workspace/builds/worker-2-tc1/source/Cargo.toml
[INFO] validating manifest of crates.io crate rusty-rapidgzip 0.2.1 on toolchain 1.99.0-beta.8
[INFO] running `Command { std: CARGO_HOME="/workspace/cargo-home" RUSTUP_HOME="/workspace/rustup-home" "/workspace/cargo-home/bin/cargo" "+1.99.0-beta.8" "metadata" "--manifest-path" "Cargo.toml" "--no-deps", kill_on_drop: false }`
[INFO] crate crates.io crate rusty-rapidgzip 0.2.1 already has a lockfile, it will not be regenerated
[INFO] running `Command { std: CARGO_HOME="/workspace/cargo-home" RUSTUP_HOME="/workspace/rustup-home" "/workspace/cargo-home/bin/cargo" "+1.99.0-beta.8" "fetch" "--manifest-path" "Cargo.toml", kill_on_drop: false }`
[INFO] [stderr]     Updating crates.io index
[INFO] [stderr]  Downloading crates ...
[INFO] [stderr]   Downloaded libz-rs-sys v0.6.5
[INFO] [stderr]   Downloaded zlib-rs v0.6.5
[INFO] [stderr]   Downloaded libdeflate-sys v1.25.2
[INFO] running `Command { std: "docker" "create" "-v" "/var/lib/crater-agent-workspace/builds/worker-2-tc1/source:/opt/rustwide/workdir:ro,Z" "-v" "/var/lib/crater-agent-workspace/builds/worker-2-tc1/target:/opt/rustwide/target:rw,Z" "-v" "/var/lib/crater-agent-workspace/cargo-home:/opt/rustwide/cargo-home:ro,Z" "-v" "/var/lib/crater-agent-workspace/rustup-home:/opt/rustwide/rustup-home:ro,Z" "-m" "1610612736" "--network" "none" "ghcr.io/rust-lang/crates-build-env/linux@sha256:77db811e55d90add9212f6832c23229e3de5f1c1f9905e8cb07319ea15df73ac" "sleep" "infinity", kill_on_drop: false }`
[INFO] [stdout] 0fd981057215217a296ff9cf5a3a30c96dc47f50a40df56b78b274d79cab0961
[INFO] running `Command { std: "docker" "start" "0fd981057215217a296ff9cf5a3a30c96dc47f50a40df56b78b274d79cab0961", kill_on_drop: false }`
[INFO] running `Command { std: "docker" "inspect" "0fd981057215217a296ff9cf5a3a30c96dc47f50a40df56b78b274d79cab0961", kill_on_drop: false }`
[INFO] running `Command { std: "docker" "exec" "-e" "SOURCE_DIR=/opt/rustwide/workdir" "-e" "CARGO_HOME=/opt/rustwide/cargo-home" "-e" "RUSTUP_HOME=/opt/rustwide/rustup-home" "-e" "CARGO_TARGET_DIR=/opt/rustwide/target" "-w" "/opt/rustwide/workdir" "--user" "0:0" "0fd981057215217a296ff9cf5a3a30c96dc47f50a40df56b78b274d79cab0961" "/opt/rustwide/cargo-home/bin/cargo" "+1.99.0-beta.8" "metadata" "--no-deps" "--format-version=1", kill_on_drop: false }`
[INFO] running `Command { std: "docker" "inspect" "0fd981057215217a296ff9cf5a3a30c96dc47f50a40df56b78b274d79cab0961", kill_on_drop: false }`
[INFO] running `Command { std: "docker" "exec" "-e" "SOURCE_DIR=/opt/rustwide/workdir" "-e" "CARGO_HOME=/opt/rustwide/cargo-home" "-e" "RUSTUP_HOME=/opt/rustwide/rustup-home" "-e" "CARGO_TARGET_DIR=/opt/rustwide/target" "-e" "CARGO_INCREMENTAL=0" "-e" "RUST_BACKTRACE=full" "-e" "RUSTFLAGS=--cap-lints=warn" "-e" "RUSTDOCFLAGS=--cap-lints=warn" "-w" "/opt/rustwide/workdir" "--user" "0:0" "0fd981057215217a296ff9cf5a3a30c96dc47f50a40df56b78b274d79cab0961" "/opt/rustwide/cargo-home/bin/cargo" "+1.99.0-beta.8" "build" "--frozen" "--message-format=json" "--release", kill_on_drop: false }`
[INFO] [stderr]    Compiling crossbeam-utils v0.8.21
[INFO] [stderr]    Compiling cc v1.2.65
[INFO] [stderr]    Compiling memmap2 v0.9.11
[INFO] [stderr]    Compiling crossbeam-channel v0.5.15
[INFO] [stderr]    Compiling libdeflate-sys v1.25.2
[INFO] [stderr]    Compiling rusty-rapidgzip v0.2.1 (/opt/rustwide/workdir)
[INFO] [stderr]     Finished `release` profile [optimized] target(s) in 22.96s
[INFO] running `Command { std: "docker" "inspect" "0fd981057215217a296ff9cf5a3a30c96dc47f50a40df56b78b274d79cab0961", kill_on_drop: false }`
[INFO] running `Command { std: "docker" "exec" "-e" "SOURCE_DIR=/opt/rustwide/workdir" "-e" "CARGO_HOME=/opt/rustwide/cargo-home" "-e" "RUSTUP_HOME=/opt/rustwide/rustup-home" "-e" "CARGO_TARGET_DIR=/opt/rustwide/target" "-e" "CARGO_INCREMENTAL=0" "-e" "RUST_BACKTRACE=full" "-e" "RUSTFLAGS=--cap-lints=warn" "-e" "RUSTDOCFLAGS=--cap-lints=warn" "-w" "/opt/rustwide/workdir" "--user" "0:0" "0fd981057215217a296ff9cf5a3a30c96dc47f50a40df56b78b274d79cab0961" "/opt/rustwide/cargo-home/bin/cargo" "+1.99.0-beta.8" "test" "--frozen" "--no-run" "--message-format=json" "--release", kill_on_drop: false }`
[INFO] [stderr]    Compiling typenum v1.20.1
[INFO] [stderr]    Compiling serde_derive v1.0.228
[INFO] [stderr]    Compiling serde_json v1.0.150
[INFO] [stderr]    Compiling num-traits v0.2.19
[INFO] [stderr]    Compiling either v1.16.0
[INFO] [stderr]    Compiling half v2.7.1
[INFO] [stderr]    Compiling clap_builder v4.6.0
[INFO] [stderr]    Compiling regex-automata v0.4.14
[INFO] [stderr]    Compiling const-oid v0.10.2
[INFO] [stderr]    Compiling itertools v0.10.5
[INFO] [stderr]    Compiling ciborium-ll v0.2.2
[INFO] [stderr]    Compiling anyhow v1.0.103
[INFO] [stderr]    Compiling is-terminal v0.4.17
[INFO] [stderr]    Compiling cpufeatures v0.3.0
[INFO] [stderr]    Compiling hybrid-array v0.4.13
[INFO] [stderr]    Compiling rusty-rapidgzip v0.2.1 (/opt/rustwide/workdir)
[INFO] [stderr]    Compiling crypto-common v0.2.2
[INFO] [stderr]    Compiling block-buffer v0.12.1
[INFO] [stderr]    Compiling criterion-plot v0.5.0
[INFO] [stderr]    Compiling regex v1.12.4
[INFO] [stderr]    Compiling digest v0.11.3
[INFO] [stderr]    Compiling serde v1.0.228
[INFO] [stderr]    Compiling clap v4.6.1
[INFO] [stderr]    Compiling sha2 v0.11.0
[INFO] [stderr]    Compiling ciborium v0.2.2
[INFO] [stderr]    Compiling tinytemplate v1.2.1
[INFO] [stderr]    Compiling criterion v0.5.1
[INFO] [stderr]     Finished `release` profile [optimized] target(s) in 1m 34s
[INFO] running `Command { std: "docker" "inspect" "0fd981057215217a296ff9cf5a3a30c96dc47f50a40df56b78b274d79cab0961", kill_on_drop: false }`
[INFO] running `Command { std: "docker" "exec" "-e" "SOURCE_DIR=/opt/rustwide/workdir" "-e" "CARGO_HOME=/opt/rustwide/cargo-home" "-e" "RUSTUP_HOME=/opt/rustwide/rustup-home" "-e" "CARGO_TARGET_DIR=/opt/rustwide/target" "-e" "CARGO_INCREMENTAL=0" "-e" "RUST_BACKTRACE=full" "-e" "RUSTFLAGS=--cap-lints=warn" "-e" "RUSTDOCFLAGS=--cap-lints=warn" "-w" "/opt/rustwide/workdir" "--user" "0:0" "0fd981057215217a296ff9cf5a3a30c96dc47f50a40df56b78b274d79cab0961" "/opt/rustwide/cargo-home/bin/cargo" "+1.99.0-beta.8" "test" "--frozen" "--release", kill_on_drop: false }`
[INFO] [stderr]     Finished `release` profile [optimized] target(s) in 0.14s
[INFO] [stderr]      Running unittests src/lib.rs (/opt/rustwide/target/release/deps/rusty_rapidgzip-49997f8cf6e08241)
[INFO] [stdout] 
[INFO] [stdout] running 76 tests
[INFO] [stdout] test deflate::bitreader::tests::empty ... ok
[INFO] [stdout] test deflate::bitreader::tests::byte_align_already_aligned ... ok
[INFO] [stdout] test deflate::bitreader::tests::peek_then_consume ... ok
[INFO] [stdout] test deflate::bitreader::tests::eof_in_middle_of_read ... ok
[INFO] [stdout] test deflate::bitreader::tests::lsb_order_single_byte ... ok
[INFO] [stdout] test deflate::bitreader::tests::multibyte_le ... ok
[INFO] [stdout] test deflate::bitreader::tests::split_reads ... ok
[INFO] [stdout] test deflate::bitreader::tests::tell_bit_tracks_progress ... ok
[INFO] [stdout] test deflate::bitreader::tests::fast_refill_path ... ok
[INFO] [stdout] test deflate::bitreader::tests::read_zero ... ok
[INFO] [stdout] test deflate::bitreader::tests::byte_align ... ok
[INFO] [stdout] test deflate::bitreader::tests::slow_refill_path ... ok
[INFO] [stdout] test deflate::bitreader::tests::read_32_bits ... ok
[INFO] [stdout] test deflate::block_finder::tests::lut_basic_properties ... ok
[INFO] [stdout] test deflate::block_finder::tests::returns_none_in_random_garbage ... ok
[INFO] [stdout] test deflate::fast_inflate::tests::inflate_fast_ascii_1k ... ok
[INFO] [stdout] test deflate::fast_inflate::tests::inflate_fast_fixed_huffman ... ok
[INFO] [stdout] test deflate::fast_inflate::tests::inflate_fast_empty ... ok
[INFO] [stdout] test deflate::fast_inflate::tests::inflate_fast_rle ... ok
[INFO] [stdout] test deflate::fast_inflate::tests::inflate_fast_stored ... ok
[INFO] [stdout] test deflate::fast_inflate::tests::inflate_fast_repeating ... ok
[INFO] [stdout] test deflate::fast_inflate::tests::inflate_fast_tiny ... ok
[INFO] [stdout] test deflate::fast_inflate::tests::inflate_fast_level9_dynamic ... ok
[INFO] [stdout] test deflate::fast_inflate::tests::decode_member_whole_no_markers ... ok
[INFO] [stdout] test deflate::huffman::tests::accepts_incomplete ... ok
[INFO] [stdout] test deflate::huffman::tests::bit_reverse_basic ... ok
[INFO] [stdout] test deflate::huffman::tests::decode_tiny_tree ... ok
[INFO] [stdout] test deflate::huffman::tests::fixed_literal_tree_smoke ... ok
[INFO] [stdout] test deflate::huffman::tests::litlen_encoding_eob ... ok
[INFO] [stdout] test deflate::huffman::tests::litlen_encoding_literal_byte ... ok
[INFO] [stdout] test deflate::huffman::tests::long_code_path ... ok
[INFO] [stdout] test deflate::huffman::tests::rejects_oversubscribed ... ok
[INFO] [stdout] test deflate::huffman::tests::rejects_too_long ... ok
[INFO] [stdout] test deflate::inflate::tests::ascii_1k ... ok
[INFO] [stdout] test deflate::inflate::tests::empty_payload ... ok
[INFO] [stdout] test deflate::inflate::tests::fixed_huffman_path ... ok
[INFO] [stdout] test deflate::fast_inflate::tests::preload_matches_u8 ... ok
[INFO] [stdout] test deflate::inflate::tests::level_9_dynamic ... ok
[INFO] [stdout] test deflate::inflate::tests::repeating_payload ... ok
[INFO] [stdout] test deflate::inflate::tests::stored_block_path ... ok
[INFO] [stdout] test deflate::inflate::tests::tiny_payload ... ok
[INFO] [stdout] test deflate::safe_inflate::tests::empty_payload ... ok
[INFO] [stdout] test deflate::inflate::tests::run_length_payload ... ok
[INFO] [stdout] test deflate::safe_inflate::tests::fixed_huffman_path ... ok
[INFO] [stdout] test deflate::safe_inflate::tests::repeating_payload ... ok
[INFO] [stdout] test deflate::safe_inflate::tests::run_length_payload ... ok
[INFO] [stdout] test deflate::safe_inflate::tests::stored_block_path ... ok
[INFO] [stdout] test deflate::safe_inflate::tests::tiny_payload ... ok
[INFO] [stdout] test deflate::safe_inflate::tests::level_9_dynamic ... ok
[INFO] [stdout] test gzip::tests::corpus_roundtrip ... ok
[INFO] [stdout] test deflate::safe_inflate::tests::truncated_input_errors ... ok
[INFO] [stdout] test deflate::block_finder::tests::finds_first_non_final_dynamic_block ... ok
[INFO] [stdout] test deflate::block_finder::tests::finds_internal_block_boundaries ... ok
[INFO] [stdout] test deflate::fast_inflate::tests::u16_matches_sidetable_midstream ... ok
[INFO] [stdout] test pipeline::tests::inflight_cap_blocks_releases_shuts_down ... ok
[INFO] [stdout] test deflate::fast_inflate::tests::midstream_speculative_roundtrip ... ok
[INFO] [stdout] test pipeline::tests::mixed_block_types ... ok
[INFO] [stdout] test deflate::fast_inflate::tests::multichunk_speculative_roundtrip ... ok
[INFO] [stdout] test deflate::fast_inflate::tests::decode_until_stops_at_boundary ... ok
[INFO] [stdout] test pipeline::tests::multistream_three_members ... ok
[INFO] [stdout] test pipeline::tests::named_pipe_decodes_correctly ... ok
[INFO] [stdout] test pipeline::tests::fast_inflate_kernel_multistream ... ok
[INFO] [stdout] test pipeline::tests::multistream_large_then_small ... ok
[INFO] [stdout] test pipeline::tests::tiny_file ... ok
[INFO] [stdout] test pipeline::tests::zero_byte_file_returns_error ... ok
[INFO] [stdout] test tests::bgzf_bgzf_decodes_both_members ... ok
[INFO] [stdout] test tests::bgzf_gz_decodes_both_members ... ok
[INFO] [stdout] test tests::gz_bgzf_decodes_both_members ... ok
[INFO] [stdout] test tests::gz_gz_decodes_both_members ... ok
[INFO] [stdout] test pipeline::tests::fast_inflate_kernel_correctness ... ok
[INFO] [stdout] test pipeline::tests::parallel_large_payload ... ok
[INFO] [stdout] test pipeline::tests::parallel_matches_serial_large ... ok
[INFO] [stdout] test pipeline::tests::all_gzip_levels ... ok
[INFO] [stdout] test pipeline::tests::matrix_sizes_chunks_threads ... ok
[INFO] [stdout] test pipeline::tests::multistream_member_crosses_chunk_boundary ... ok
[INFO] [stdout] test pipeline::tests::multistream_level9 ... ok
[INFO] [stdout] 
[INFO] [stdout] test result: ok. 76 passed; 0 failed; 0 ignored; 0 measured; 0 filtered out; finished in 8.07s
[INFO] [stdout] 
[INFO] [stderr]      Running tests/concat.rs (/opt/rustwide/target/release/deps/concat-3e7b0cb784d6680d)
[INFO] [stdout] 
[INFO] [stdout] running 5 tests
[INFO] [stdout] test corpus_concat_fixture_if_present ... ok
[INFO] [stdout] test concat_empty_members_interspersed ... ok
[INFO] [stdout] test concat_hello_world_all_paths ... ok
[INFO] [stdout] test concat_mixed_levels_and_sizes ... ok
[INFO] [stdout] test concat_many_small_members ... ok
[INFO] [stdout] 
[INFO] [stdout] test result: ok. 5 passed; 0 failed; 0 ignored; 0 measured; 0 filtered out; finished in 1.37s
[INFO] [stdout] 
[INFO] [stdout] 
[INFO] [stderr]      Running tests/golden_hash.rs (/opt/rustwide/target/release/deps/golden_hash-66df8d3aa0ece12f)
[INFO] [stdout] running 3 tests
[INFO] [stdout] test both_engines_agree_on_required_fixtures ... FAILED
[INFO] [stdout] test golden_hash_all_corpus ... ok
[INFO] [stdout] test corpus_config_self_check ... ok
[INFO] [stdout] 
[INFO] [stdout] failures:
[INFO] [stdout] 
[INFO] [stdout] ---- both_engines_agree_on_required_fixtures stdout ----
[INFO] [stdout] 
[INFO] [stdout] thread 'both_engines_agree_on_required_fixtures' (3099) panicked at tests/golden_hash.rs:279:39:
[INFO] [stdout] reference_sums.json is committed and required
[INFO] [stdout] stack backtrace:
[INFO] [stdout]    0:     0x5815ac4e4011 - <<std[70759c8f55707aa4]::sys::backtrace::BacktraceLock>::print::DisplayBacktrace as core[df12db4294e9bfd3]::fmt::Display>::fmt
[INFO] [stdout]    1:     0x5815ac4f91ea - core[df12db4294e9bfd3]::fmt::write
[INFO] [stdout]    2:     0x5815ac4e8a1c - <alloc[2182bb758b4b3781]::vec::Vec<u8> as core[df12db4294e9bfd3]::io::write::Write>::write_fmt
[INFO] [stdout]    3:     0x5815ac4bee66 - std[70759c8f55707aa4]::panicking::default_hook::{closure#0}
[INFO] [stdout]    4:     0x5815ac4dba49 - std[70759c8f55707aa4]::panicking::default_hook
[INFO] [stdout]    5:     0x5815ac4738b0 - test[9d35eded1c95d3be]::test_main_inner::<test[9d35eded1c95d3be]::test_main_static::{closure#0}>::{closure#0}
[INFO] [stdout]    6:     0x5815ac4dbd72 - std[70759c8f55707aa4]::panicking::panic_with_hook
[INFO] [stdout]    7:     0x5815ac4bef12 - std[70759c8f55707aa4]::panicking::panic_handler::{closure#0}
[INFO] [stdout]    8:     0x5815ac4b7579 - std[70759c8f55707aa4]::sys::backtrace::__rust_end_short_backtrace::<std[70759c8f55707aa4]::panicking::panic_handler::{closure#0}, !>
[INFO] [stdout]    9:     0x5815ac4bfc1d - __rustc[8fa7c3cbc660c2b3]::rust_begin_unwind
[INFO] [stdout]   10:     0x5815ac4f991c - core[df12db4294e9bfd3]::panicking::panic_fmt
[INFO] [stdout]   11:     0x5815ac4f9674 - core[df12db4294e9bfd3]::option::expect_failed
[INFO] [stdout]   12:     0x5815ac3fb413 - <golden_hash[92d3aa5ab1b822e5]::both_engines_agree_on_required_fixtures::{closure#0} as core[df12db4294e9bfd3]::ops::function::FnOnce<()>>::call_once
[INFO] [stdout]   13:     0x5815ac466b9b - test[9d35eded1c95d3be]::__rust_begin_short_backtrace::<core[df12db4294e9bfd3]::result::Result<(), alloc[2182bb758b4b3781]::string::String>, fn() -> core[df12db4294e9bfd3]::result::Result<(), alloc[2182bb758b4b3781]::string::String>>
[INFO] [stdout]   14:     0x5815ac474205 - test[9d35eded1c95d3be]::run_test::{closure#0}
[INFO] [stdout]   15:     0x5815ac46dac4 - std[70759c8f55707aa4]::sys::backtrace::__rust_begin_short_backtrace::<test[9d35eded1c95d3be]::run_test::{closure#1}, ()>
[INFO] [stdout]   16:     0x5815ac477362 - <std[70759c8f55707aa4]::thread::lifecycle::spawn_unchecked<test[9d35eded1c95d3be]::run_test::{closure#1}, ()>::{closure#1} as core[df12db4294e9bfd3]::ops::function::FnOnce<()>>::call_once::{shim:vtable#0}
[INFO] [stdout]   17:     0x5815ac4e3219 - <std[70759c8f55707aa4]::sys::thread::unix::Thread>::new::thread_start
[INFO] [stdout]   18:     0x7a721c306dfa - <unknown>
[INFO] [stdout]   19:     0x7a721c39a3d4 - clone
[INFO] [stdout]   20:                0x0 - <unknown>
[INFO] [stdout] 
[INFO] [stdout] 
[INFO] [stdout] failures:
[INFO] [stdout]     both_engines_agree_on_required_fixtures
[INFO] [stdout] 
[INFO] [stdout] test result: FAILED. 2 passed; 1 failed; 0 ignored; 0 measured; 0 filtered out; finished in 0.00s
[INFO] [stdout] 
[INFO] [stderr] error: test failed, to rerun pass `--test golden_hash`
[INFO] running `Command { std: "docker" "inspect" "0fd981057215217a296ff9cf5a3a30c96dc47f50a40df56b78b274d79cab0961", kill_on_drop: false }`
[INFO] running `Command { std: "docker" "rm" "-f" "0fd981057215217a296ff9cf5a3a30c96dc47f50a40df56b78b274d79cab0961", kill_on_drop: false }`
[INFO] [stdout] 0fd981057215217a296ff9cf5a3a30c96dc47f50a40df56b78b274d79cab0961
