[INFO] fetching crate rusty-junctions-client-api-proc-macro 0.1.0...
[INFO] testing rusty-junctions-client-api-proc-macro-0.1.0 against 1.100.0-beta.1+cargoflags=--release for beta-release-1.100-2
[INFO] extracting crate rusty-junctions-client-api-proc-macro 0.1.0 into /workspace/builds/worker-0-tc2/source
[INFO] started tweaking crates.io crate rusty-junctions-client-api-proc-macro 0.1.0
[INFO] finished tweaking crates.io crate rusty-junctions-client-api-proc-macro 0.1.0
[INFO] tweaked toml for crates.io crate rusty-junctions-client-api-proc-macro 0.1.0 written to /workspace/builds/worker-0-tc2/source/Cargo.toml
[INFO] validating manifest of crates.io crate rusty-junctions-client-api-proc-macro 0.1.0 on toolchain 1.100.0-beta.1
[INFO] running `Command { std: CARGO_HOME="/workspace/cargo-home" RUSTUP_HOME="/workspace/rustup-home" "/workspace/cargo-home/bin/cargo" "+1.100.0-beta.1" "metadata" "--manifest-path" "Cargo.toml" "--no-deps", kill_on_drop: false }`
[INFO] running `Command { std: CARGO_HOME="/workspace/cargo-home" RUSTUP_HOME="/workspace/rustup-home" "/workspace/cargo-home/bin/cargo" "+1.100.0-beta.1" "generate-lockfile" "--manifest-path" "Cargo.toml", kill_on_drop: false }`
[INFO] [stderr]     Updating crates.io index
[INFO] [stderr]     Blocking waiting for file lock on package cache
[INFO] [stderr]      Locking 9 packages to highest compatible versions
[INFO] [stderr]       Adding syn v1.0.109 (available: v3.0.9)
[INFO] [stderr]       Adding uuid v0.8.2 (available: v1.28.0)
[INFO] running `Command { std: CARGO_HOME="/workspace/cargo-home" RUSTUP_HOME="/workspace/rustup-home" "/workspace/cargo-home/bin/cargo" "+1.100.0-beta.1" "fetch" "--manifest-path" "Cargo.toml", kill_on_drop: false }`
[INFO] [stderr]     Blocking waiting for file lock on package cache
[INFO] running `Command { std: "docker" "create" "-v" "/var/lib/crater-agent-workspace/builds/worker-0-tc2/source:/opt/rustwide/workdir:ro,Z" "-v" "/var/lib/crater-agent-workspace/builds/worker-0-tc2/target:/opt/rustwide/target:rw,Z" "-v" "/var/lib/crater-agent-workspace/cargo-home:/opt/rustwide/cargo-home:ro,Z" "-v" "/var/lib/crater-agent-workspace/rustup-home:/opt/rustwide/rustup-home:ro,Z" "-m" "1610612736" "--network" "none" "ghcr.io/rust-lang/crates-build-env/linux@sha256:77db811e55d90add9212f6832c23229e3de5f1c1f9905e8cb07319ea15df73ac" "sleep" "infinity", kill_on_drop: false }`
[INFO] [stdout] 67a58e824eccd0b053b1d8ef28870c8967c0d7d9f5b3c3d074a7c501f03e0f8f
[INFO] running `Command { std: "docker" "start" "67a58e824eccd0b053b1d8ef28870c8967c0d7d9f5b3c3d074a7c501f03e0f8f", kill_on_drop: false }`
[INFO] running `Command { std: "docker" "inspect" "67a58e824eccd0b053b1d8ef28870c8967c0d7d9f5b3c3d074a7c501f03e0f8f", kill_on_drop: false }`
[INFO] running `Command { std: "docker" "exec" "-e" "SOURCE_DIR=/opt/rustwide/workdir" "-e" "CARGO_HOME=/opt/rustwide/cargo-home" "-e" "RUSTUP_HOME=/opt/rustwide/rustup-home" "-e" "CARGO_TARGET_DIR=/opt/rustwide/target" "-w" "/opt/rustwide/workdir" "--user" "0:0" "67a58e824eccd0b053b1d8ef28870c8967c0d7d9f5b3c3d074a7c501f03e0f8f" "/opt/rustwide/cargo-home/bin/cargo" "+1.100.0-beta.1" "metadata" "--no-deps" "--format-version=1", kill_on_drop: false }`
[INFO] running `Command { std: "docker" "inspect" "67a58e824eccd0b053b1d8ef28870c8967c0d7d9f5b3c3d074a7c501f03e0f8f", kill_on_drop: false }`
[INFO] running `Command { std: "docker" "exec" "-e" "SOURCE_DIR=/opt/rustwide/workdir" "-e" "CARGO_HOME=/opt/rustwide/cargo-home" "-e" "RUSTUP_HOME=/opt/rustwide/rustup-home" "-e" "CARGO_TARGET_DIR=/opt/rustwide/target" "-e" "CARGO_INCREMENTAL=0" "-e" "RUST_BACKTRACE=full" "-e" "RUSTFLAGS=--cap-lints=warn" "-e" "RUSTDOCFLAGS=--cap-lints=warn" "-w" "/opt/rustwide/workdir" "--user" "0:0" "67a58e824eccd0b053b1d8ef28870c8967c0d7d9f5b3c3d074a7c501f03e0f8f" "/opt/rustwide/cargo-home/bin/cargo" "+1.100.0-beta.1" "build" "--frozen" "--message-format=json" "--release", kill_on_drop: false }`
[INFO] [stderr]    Compiling libc v0.2.191
[INFO] [stderr]    Compiling syn v1.0.109
[INFO] [stderr]    Compiling getrandom v0.2.17
[INFO] [stderr]    Compiling uuid v0.8.2
[INFO] [stderr]    Compiling rusty-junctions-client-api-proc-macro v0.1.0 (/opt/rustwide/workdir)
[INFO] [stderr]     Finished `release` profile [optimized] target(s) in 6.61s
[INFO] running `Command { std: "docker" "inspect" "67a58e824eccd0b053b1d8ef28870c8967c0d7d9f5b3c3d074a7c501f03e0f8f", kill_on_drop: false }`
[INFO] running `Command { std: "docker" "exec" "-e" "SOURCE_DIR=/opt/rustwide/workdir" "-e" "CARGO_HOME=/opt/rustwide/cargo-home" "-e" "RUSTUP_HOME=/opt/rustwide/rustup-home" "-e" "CARGO_TARGET_DIR=/opt/rustwide/target" "-e" "CARGO_INCREMENTAL=0" "-e" "RUST_BACKTRACE=full" "-e" "RUSTFLAGS=--cap-lints=warn" "-e" "RUSTDOCFLAGS=--cap-lints=warn" "-w" "/opt/rustwide/workdir" "--user" "0:0" "67a58e824eccd0b053b1d8ef28870c8967c0d7d9f5b3c3d074a7c501f03e0f8f" "/opt/rustwide/cargo-home/bin/cargo" "+1.100.0-beta.1" "test" "--frozen" "--no-run" "--message-format=json" "--release", kill_on_drop: false }`
[INFO] [stderr]    Compiling rusty-junctions-client-api-proc-macro v0.1.0 (/opt/rustwide/workdir)
[INFO] [stderr]     Finished `release` profile [optimized] target(s) in 0.80s
[INFO] running `Command { std: "docker" "inspect" "67a58e824eccd0b053b1d8ef28870c8967c0d7d9f5b3c3d074a7c501f03e0f8f", kill_on_drop: false }`
[INFO] running `Command { std: "docker" "exec" "-e" "SOURCE_DIR=/opt/rustwide/workdir" "-e" "CARGO_HOME=/opt/rustwide/cargo-home" "-e" "RUSTUP_HOME=/opt/rustwide/rustup-home" "-e" "CARGO_TARGET_DIR=/opt/rustwide/target" "-e" "CARGO_INCREMENTAL=0" "-e" "RUST_BACKTRACE=full" "-e" "RUSTFLAGS=--cap-lints=warn" "-e" "RUSTDOCFLAGS=--cap-lints=warn" "-w" "/opt/rustwide/workdir" "--user" "0:0" "67a58e824eccd0b053b1d8ef28870c8967c0d7d9f5b3c3d074a7c501f03e0f8f" "/opt/rustwide/cargo-home/bin/cargo" "+1.100.0-beta.1" "test" "--frozen" "--release", kill_on_drop: false }`
[INFO] [stderr]     Finished `release` profile [optimized] target(s) in 0.04s
[INFO] [stderr]      Running unittests src/lib.rs (/opt/rustwide/target/release/build/rusty-junctions-client-api-proc-macro/e5311f64ea394e95/out/rusty_junctions_client_api_proc_macro-e5311f64ea394e95)
[INFO] [stderr]    Doc-tests rusty_junctions_client_api_proc_macro
[INFO] [stdout] 
[INFO] [stdout] running 0 tests
[INFO] [stdout] 
[INFO] [stdout] test result: ok. 0 passed; 0 failed; 0 ignored; 0 measured; 0 filtered out; finished in 0.00s
[INFO] [stdout] 
[INFO] [stdout] 
[INFO] [stdout] running 2 tests
[INFO] [stdout] test src/lib.rs - junction (line 43) ... FAILED
[INFO] [stdout] test src/lib.rs - junction (line 57) ... FAILED
[INFO] [stdout] 
[INFO] [stdout] failures:
[INFO] [stdout] 
[INFO] [stdout] ---- src/lib.rs - junction (line 43) stdout ----
[INFO] [stdout] error[E0433]: cannot find module or crate `rusty_junctions` in this scope
[INFO] [stdout]   --> src/lib.rs:44:16
[INFO] [stdout]    |
[INFO] [stdout] 44 | let junction = rusty_junctions::Junction::new();
[INFO] [stdout]    |                ^^^^^^^^^^^^^^^ use of unresolved module or unlinked crate `rusty_junctions`
[INFO] [stdout]    |
[INFO] [stdout]    = help: if you wanted to use a crate named `rusty_junctions`, use `cargo add rusty_junctions` to add it to your `Cargo.toml`
[INFO] [stdout] 
[INFO] [stdout] error: aborting due to 1 previous error
[INFO] [stdout] 
[INFO] [stdout] For more information about this error, try `rustc --explain E0433`.
[INFO] [stdout] Couldn't compile the test.
[INFO] [stdout] ---- src/lib.rs - junction (line 57) stdout ----
[INFO] [stdout] error: cannot find macro `junction` in this scope
[INFO] [stdout]   --> src/lib.rs:58:1
[INFO] [stdout]    |
[INFO] [stdout] 58 | junction! {
[INFO] [stdout]    | ^^^^^^^^
[INFO] [stdout] 
[INFO] [stdout] error[E0425]: cannot find value `value` in this scope
[INFO] [stdout]   --> src/lib.rs:65:1
[INFO] [stdout]    |
[INFO] [stdout] 65 | value.send(2).unwrap();
[INFO] [stdout]    | ^^^^^ not found in this scope
[INFO] [stdout] 
[INFO] [stdout] error[E0425]: cannot find value `name` in this scope
[INFO] [stdout]   --> src/lib.rs:66:1
[INFO] [stdout]    |
[INFO] [stdout] 66 | name.send(String::from("Hello, World!")).unwrap();
[INFO] [stdout]    | ^^^^ not found in this scope
[INFO] [stdout] 
[INFO] [stdout] error: aborting due to 3 previous errors
[INFO] [stdout] 
[INFO] [stdout] For more information about this error, try `rustc --explain E0425`.
[INFO] [stdout] Couldn't compile the test.
[INFO] [stdout] 
[INFO] [stdout] failures:
[INFO] [stdout]     src/lib.rs - junction (line 43)
[INFO] [stdout]     src/lib.rs - junction (line 57)
[INFO] [stdout] 
[INFO] [stdout] test result: FAILED. 0 passed; 2 failed; 0 ignored; 0 measured; 0 filtered out; finished in 0.09s
[INFO] [stdout] 
[INFO] [stderr] error: doctest failed, to rerun pass `--doc`
[INFO] running `Command { std: "docker" "inspect" "67a58e824eccd0b053b1d8ef28870c8967c0d7d9f5b3c3d074a7c501f03e0f8f", kill_on_drop: false }`
[INFO] running `Command { std: "docker" "rm" "-f" "67a58e824eccd0b053b1d8ef28870c8967c0d7d9f5b3c3d074a7c501f03e0f8f", kill_on_drop: false }`
[INFO] [stdout] 67a58e824eccd0b053b1d8ef28870c8967c0d7d9f5b3c3d074a7c501f03e0f8f
