[INFO] fetching crate rusty-dex 0.2.0...
[INFO] testing rusty-dex-0.2.0 against 1.100.0-beta.1+cargoflags=--release for beta-release-1.100-2
[INFO] extracting crate rusty-dex 0.2.0 into /workspace/builds/worker-5-tc2/source
[INFO] started tweaking crates.io crate rusty-dex 0.2.0
[INFO] removed 0 missing tests
[INFO] finished tweaking crates.io crate rusty-dex 0.2.0
[INFO] tweaked toml for crates.io crate rusty-dex 0.2.0 written to /workspace/builds/worker-5-tc2/source/Cargo.toml
[INFO] validating manifest of crates.io crate rusty-dex 0.2.0 on toolchain 1.100.0-beta.1
[INFO] running `Command { std: CARGO_HOME="/workspace/cargo-home" RUSTUP_HOME="/workspace/rustup-home" "/workspace/cargo-home/bin/cargo" "+1.100.0-beta.1" "metadata" "--manifest-path" "Cargo.toml" "--no-deps", kill_on_drop: false }`
[INFO] crate crates.io crate rusty-dex 0.2.0 already has a lockfile, it will not be regenerated
[INFO] running `Command { std: CARGO_HOME="/workspace/cargo-home" RUSTUP_HOME="/workspace/rustup-home" "/workspace/cargo-home/bin/cargo" "+1.100.0-beta.1" "fetch" "--manifest-path" "Cargo.toml", kill_on_drop: false }`
[INFO] [stderr] warning: `package.homepage` is redundant with `package.repository`
[INFO] [stderr]   --> Cargo.toml:32:12
[INFO] [stderr]    |
[INFO] [stderr] 32 | homepage = "https://github.com/rusty-rs/rusty-dex"
[INFO] [stderr]    |            ^^^^^^^^^^^^^^^^^^^^^^^^^^^^^^^^^^^^^^^
[INFO] [stderr] ...
[INFO] [stderr] 36 | repository = "https://github.com/rusty-rs/rusty-dex"
[INFO] [stderr]    |              ---------------------------------------
[INFO] [stderr]    |
[INFO] [stderr]    = note: `cargo::redundant_homepage` is set to `warn` by default
[INFO] [stderr] help: consider removing `package.homepage`
[INFO] [stderr] warning: `rusty-dex` (manifest) generated 1 warning
[INFO] running `Command { std: "docker" "create" "-v" "/var/lib/crater-agent-workspace/builds/worker-5-tc2/source:/opt/rustwide/workdir:ro,Z" "-v" "/var/lib/crater-agent-workspace/builds/worker-5-tc2/target:/opt/rustwide/target:rw,Z" "-v" "/var/lib/crater-agent-workspace/cargo-home:/opt/rustwide/cargo-home:ro,Z" "-v" "/var/lib/crater-agent-workspace/rustup-home:/opt/rustwide/rustup-home:ro,Z" "-m" "1610612736" "--network" "none" "ghcr.io/rust-lang/crates-build-env/linux@sha256:77db811e55d90add9212f6832c23229e3de5f1c1f9905e8cb07319ea15df73ac" "sleep" "infinity", kill_on_drop: false }`
[INFO] [stdout] c258771548bfab2521d2232ad4acf90d3ee298bd759398cd0ecd7ea9772aba2e
[INFO] running `Command { std: "docker" "start" "c258771548bfab2521d2232ad4acf90d3ee298bd759398cd0ecd7ea9772aba2e", kill_on_drop: false }`
[INFO] running `Command { std: "docker" "inspect" "c258771548bfab2521d2232ad4acf90d3ee298bd759398cd0ecd7ea9772aba2e", kill_on_drop: false }`
[INFO] running `Command { std: "docker" "exec" "-e" "SOURCE_DIR=/opt/rustwide/workdir" "-e" "CARGO_HOME=/opt/rustwide/cargo-home" "-e" "RUSTUP_HOME=/opt/rustwide/rustup-home" "-e" "CARGO_TARGET_DIR=/opt/rustwide/target" "-w" "/opt/rustwide/workdir" "--user" "0:0" "c258771548bfab2521d2232ad4acf90d3ee298bd759398cd0ecd7ea9772aba2e" "/opt/rustwide/cargo-home/bin/cargo" "+1.100.0-beta.1" "metadata" "--no-deps" "--format-version=1", kill_on_drop: false }`
[INFO] running `Command { std: "docker" "inspect" "c258771548bfab2521d2232ad4acf90d3ee298bd759398cd0ecd7ea9772aba2e", kill_on_drop: false }`
[INFO] running `Command { std: "docker" "exec" "-e" "SOURCE_DIR=/opt/rustwide/workdir" "-e" "CARGO_HOME=/opt/rustwide/cargo-home" "-e" "RUSTUP_HOME=/opt/rustwide/rustup-home" "-e" "CARGO_TARGET_DIR=/opt/rustwide/target" "-e" "CARGO_INCREMENTAL=0" "-e" "RUST_BACKTRACE=full" "-e" "RUSTFLAGS=--cap-lints=warn" "-e" "RUSTDOCFLAGS=--cap-lints=warn" "-w" "/opt/rustwide/workdir" "--user" "0:0" "c258771548bfab2521d2232ad4acf90d3ee298bd759398cd0ecd7ea9772aba2e" "/opt/rustwide/cargo-home/bin/cargo" "+1.100.0-beta.1" "build" "--frozen" "--message-format=json" "--release", kill_on_drop: false }`
[INFO] [stderr] warning: `package.homepage` is redundant with `package.repository`
[INFO] [stderr]   --> Cargo.toml:32:12
[INFO] [stderr]    |
[INFO] [stderr] 32 | homepage = "https://github.com/rusty-rs/rusty-dex"
[INFO] [stderr]    |            ^^^^^^^^^^^^^^^^^^^^^^^^^^^^^^^^^^^^^^^
[INFO] [stderr] ...
[INFO] [stderr] 36 | repository = "https://github.com/rusty-rs/rusty-dex"
[INFO] [stderr]    |              ---------------------------------------
[INFO] [stderr]    |
[INFO] [stderr]    = note: `cargo::redundant_homepage` is set to `warn` by default
[INFO] [stderr] help: consider removing `package.homepage`
[INFO] [stderr] warning: `rusty-dex` (manifest) generated 1 warning
[INFO] [stderr]    Compiling libc v0.2.172
[INFO] [stderr]    Compiling typenum v1.18.0
[INFO] [stderr]    Compiling generic-array v0.14.7
[INFO] [stderr]    Compiling shlex v1.3.0
[INFO] [stderr]    Compiling pkg-config v0.3.32
[INFO] [stderr]    Compiling cfg-if v1.0.0
[INFO] [stderr]    Compiling subtle v2.6.1
[INFO] [stderr]    Compiling proc-macro2 v1.0.95
[INFO] [stderr]    Compiling cpufeatures v0.2.17
[INFO] [stderr]    Compiling unicode-ident v1.0.18
[INFO] [stderr]    Compiling zstd-safe v5.0.2+zstd.1.5.2
[INFO] [stderr]    Compiling base64ct v1.7.3
[INFO] [stderr]    Compiling powerfmt v0.2.0
[INFO] [stderr]    Compiling adler2 v2.0.0
[INFO] [stderr]    Compiling rand_core v0.6.4
[INFO] [stderr]    Compiling memchr v2.7.4
[INFO] [stderr]    Compiling crc32fast v1.4.2
[INFO] [stderr]    Compiling thiserror v2.0.12
[INFO] [stderr]    Compiling miniz_oxide v0.8.8
[INFO] [stderr]    Compiling num-conv v0.1.0
[INFO] [stderr]    Compiling time-core v0.1.4
[INFO] [stderr]    Compiling regex-syntax v0.8.5
[INFO] [stderr]    Compiling byteorder v1.5.0
[INFO] [stderr]    Compiling constant_time_eq v0.1.5
[INFO] [stderr]    Compiling log v0.4.27
[INFO] [stderr]    Compiling lazy_static v1.5.0
[INFO] [stderr]    Compiling deranged v0.4.0
[INFO] [stderr]    Compiling password-hash v0.4.2
[INFO] [stderr]    Compiling aho-corasick v1.1.3
[INFO] [stderr]    Compiling flate2 v1.1.1
[INFO] [stderr]    Compiling quote v1.0.40
[INFO] [stderr]    Compiling syn v2.0.100
[INFO] [stderr]    Compiling jobserver v0.1.33
[INFO] [stderr]    Compiling cc v1.2.19
[INFO] [stderr]    Compiling time v0.3.41
[INFO] [stderr]    Compiling crypto-common v0.1.6
[INFO] [stderr]    Compiling block-buffer v0.10.4
[INFO] [stderr]    Compiling inout v0.1.4
[INFO] [stderr]    Compiling digest v0.10.7
[INFO] [stderr]    Compiling cipher v0.4.4
[INFO] [stderr]    Compiling sha2 v0.10.8
[INFO] [stderr]    Compiling hmac v0.12.1
[INFO] [stderr]    Compiling aes v0.8.4
[INFO] [stderr]    Compiling sha1 v0.10.6
[INFO] [stderr]    Compiling pbkdf2 v0.11.0
[INFO] [stderr]    Compiling zstd-sys v2.0.15+zstd.1.5.7
[INFO] [stderr]    Compiling bzip2-sys v0.1.13+1.0.8
[INFO] [stderr]    Compiling bzip2 v0.4.4
[INFO] [stderr]    Compiling thiserror-impl v2.0.12
[INFO] [stderr]    Compiling regex-automata v0.4.9
[INFO] [stderr]    Compiling regex v1.11.1
[INFO] [stderr]    Compiling zstd v0.11.2+zstd.1.5.2
[INFO] [stderr]    Compiling zip v0.6.6
[INFO] [stderr]    Compiling rusty-dex v0.2.0 (/opt/rustwide/workdir)
[INFO] [stderr]     Finished `release` profile [optimized] target(s) in 1m 16s
[INFO] running `Command { std: "docker" "inspect" "c258771548bfab2521d2232ad4acf90d3ee298bd759398cd0ecd7ea9772aba2e", kill_on_drop: false }`
[INFO] running `Command { std: "docker" "exec" "-e" "SOURCE_DIR=/opt/rustwide/workdir" "-e" "CARGO_HOME=/opt/rustwide/cargo-home" "-e" "RUSTUP_HOME=/opt/rustwide/rustup-home" "-e" "CARGO_TARGET_DIR=/opt/rustwide/target" "-e" "CARGO_INCREMENTAL=0" "-e" "RUST_BACKTRACE=full" "-e" "RUSTFLAGS=--cap-lints=warn" "-e" "RUSTDOCFLAGS=--cap-lints=warn" "-w" "/opt/rustwide/workdir" "--user" "0:0" "c258771548bfab2521d2232ad4acf90d3ee298bd759398cd0ecd7ea9772aba2e" "/opt/rustwide/cargo-home/bin/cargo" "+1.100.0-beta.1" "test" "--frozen" "--no-run" "--message-format=json" "--release", kill_on_drop: false }`
[INFO] [stderr] warning: `package.homepage` is redundant with `package.repository`
[INFO] [stderr]   --> Cargo.toml:32:12
[INFO] [stderr]    |
[INFO] [stderr] 32 | homepage = "https://github.com/rusty-rs/rusty-dex"
[INFO] [stderr]    |            ^^^^^^^^^^^^^^^^^^^^^^^^^^^^^^^^^^^^^^^
[INFO] [stderr] ...
[INFO] [stderr] 36 | repository = "https://github.com/rusty-rs/rusty-dex"
[INFO] [stderr]    |              ---------------------------------------
[INFO] [stderr]    |
[INFO] [stderr]    = note: `cargo::redundant_homepage` is set to `warn` by default
[INFO] [stderr] help: consider removing `package.homepage`
[INFO] [stderr] warning: `rusty-dex` (manifest) generated 1 warning
[INFO] [stderr]    Compiling rusty-dex v0.2.0 (/opt/rustwide/workdir)
[INFO] [stderr]     Finished `release` profile [optimized] target(s) in 1.77s
[INFO] running `Command { std: "docker" "inspect" "c258771548bfab2521d2232ad4acf90d3ee298bd759398cd0ecd7ea9772aba2e", kill_on_drop: false }`
[INFO] running `Command { std: "docker" "exec" "-e" "SOURCE_DIR=/opt/rustwide/workdir" "-e" "CARGO_HOME=/opt/rustwide/cargo-home" "-e" "RUSTUP_HOME=/opt/rustwide/rustup-home" "-e" "CARGO_TARGET_DIR=/opt/rustwide/target" "-e" "CARGO_INCREMENTAL=0" "-e" "RUST_BACKTRACE=full" "-e" "RUSTFLAGS=--cap-lints=warn" "-e" "RUSTDOCFLAGS=--cap-lints=warn" "-w" "/opt/rustwide/workdir" "--user" "0:0" "c258771548bfab2521d2232ad4acf90d3ee298bd759398cd0ecd7ea9772aba2e" "/opt/rustwide/cargo-home/bin/cargo" "+1.100.0-beta.1" "test" "--frozen" "--release", kill_on_drop: false }`
[INFO] [stderr] warning: `package.homepage` is redundant with `package.repository`
[INFO] [stderr]   --> Cargo.toml:32:12
[INFO] [stderr]    |
[INFO] [stderr] 32 | homepage = "https://github.com/rusty-rs/rusty-dex"
[INFO] [stderr]    |            ^^^^^^^^^^^^^^^^^^^^^^^^^^^^^^^^^^^^^^^
[INFO] [stderr] ...
[INFO] [stderr] 36 | repository = "https://github.com/rusty-rs/rusty-dex"
[INFO] [stderr]    |              ---------------------------------------
[INFO] [stderr]    |
[INFO] [stderr]    = note: `cargo::redundant_homepage` is set to `warn` by default
[INFO] [stderr] help: consider removing `package.homepage`
[INFO] [stderr] warning: `rusty-dex` (manifest) generated 1 warning
[INFO] [stderr]     Finished `release` profile [optimized] target(s) in 0.07s
[INFO] [stderr]      Running unittests src/lib.rs (/opt/rustwide/target/release/build/rusty-dex/58b555bbf259f126/out/rusty_dex-58b555bbf259f126)
[INFO] [stdout] 
[INFO] [stdout] running 22 tests
[INFO] [stdout] test dex::reader::tests::test_check_endianness ... ok
[INFO] [stdout] test dex::access_flags::tests::test_access_flag_type_display ... ok
[INFO] [stdout] test dex::reader::tests::test_read_u32 ... ok
[INFO] [stdout] test adler32::tests::test_verify_invalid_from_bytes ... ok
[INFO] [stdout] test dex::access_flags::tests::test_access_flag_field_parse ... ok
[INFO] [stdout] test dex::strings::tests::test_build_with_non_empty_strings ... ok
[INFO] [stdout] test dex::types::tests::test_build_dex_types_empty ... ok
[INFO] [stdout] test dex::reader::tests::test_read_uleb128 ... ok
[INFO] [stdout] test dex::reader::tests::test_check_endianness_invalid ... ok
[INFO] [stdout] test dex::reader::tests::test_read_uleb128p1 ... ok
[INFO] [stdout] test dex::reader::tests::test_read_sleb128 ... ok
[INFO] [stdout] test dex::reader::tests::test_read_u8 ... ok
[INFO] [stdout] test dex::reader::tests::test_build ... ok
[INFO] [stdout] test dex::access_flags::tests::test_access_flag_class_parse ... ok
[INFO] [stdout] test adler32::tests::test_verify_valid_from_bytes ... ok
[INFO] [stdout] test dex::types::tests::test_build_dex_types ... ok
[INFO] [stdout] test dex::reader::tests::test_read_u16 ... ok
[INFO] [stdout] test dex::access_flags::tests::test_access_flag_method_parse ... ok
[INFO] [stdout] test dex::reader::tests::test_check_endianness_invalid_long ... ok
[INFO] [stdout] test dex::strings::tests::test_build_with_invalid_string ... ok
[INFO] [stdout] test dex::strings::tests::test_build_with_empty_strings ... ok
[INFO] [stderr]      Running tests/multidex.rs (/opt/rustwide/target/release/build/rusty-dex/10c4239d47ad0f48/out/multidex-10c4239d47ad0f48)
[INFO] [stdout] test dex::types::tests::test_build_dex_types_duplicates ... ok
[INFO] [stdout] 
[INFO] [stdout] test result: ok. 22 passed; 0 failed; 0 ignored; 0 measured; 0 filtered out; finished in 0.01s
[INFO] [stdout] 
[INFO] [stdout] 
[INFO] [stdout] running 1 test
[INFO] [stderr]    Doc-tests rusty_dex
[INFO] [stdout] test test_multidex ... ok
[INFO] [stdout] 
[INFO] [stdout] test result: ok. 1 passed; 0 failed; 0 ignored; 0 measured; 0 filtered out; finished in 0.57s
[INFO] [stdout] 
[INFO] [stdout] 
[INFO] [stdout] running 2 tests
[INFO] [stdout] test src/dex/access_flags.rs - dex::access_flags (line 11) ... FAILED
[INFO] [stdout] test src/adler32.rs - adler32 (line 9) ... FAILED
[INFO] [stdout] 
[INFO] [stdout] failures:
[INFO] [stdout] 
[INFO] [stdout] ---- src/dex/access_flags.rs - dex::access_flags (line 11) stdout ----
[INFO] [stdout] error[E0433]: cannot find module or crate `dex_parser` in this scope
[INFO] [stdout]   --> src/dex/access_flags.rs:12:5
[INFO] [stdout]    |
[INFO] [stdout] 12 | use dex_parser::dex::access_flags::{ AccessFlag, AccessFlagType };
[INFO] [stdout]    |     ^^^^^^^^^^ use of unresolved module or unlinked crate `dex_parser`
[INFO] [stdout]    |
[INFO] [stdout]    = help: if you wanted to use a crate named `dex_parser`, use `cargo add dex_parser` to add it to your `Cargo.toml`
[INFO] [stdout] 
[INFO] [stdout] error: aborting due to 1 previous error
[INFO] [stdout] 
[INFO] [stdout] For more information about this error, try `rustc --explain E0433`.
[INFO] [stdout] Couldn't compile the test.
[INFO] [stdout] ---- src/adler32.rs - adler32 (line 9) stdout ----
[INFO] [stdout] error[E0433]: cannot find module or crate `dex_parser` in this scope
[INFO] [stdout]   --> src/adler32.rs:10:5
[INFO] [stdout]    |
[INFO] [stdout] 10 | use dex_parser::adler32::verify_from_bytes;
[INFO] [stdout]    |     ^^^^^^^^^^ use of unresolved module or unlinked crate `dex_parser`
[INFO] [stdout]    |
[INFO] [stdout]    = help: if you wanted to use a crate named `dex_parser`, use `cargo add dex_parser` to add it to your `Cargo.toml`
[INFO] [stdout] 
[INFO] [stdout] error: aborting due to 1 previous error
[INFO] [stdout] 
[INFO] [stdout] For more information about this error, try `rustc --explain E0433`.
[INFO] [stdout] Couldn't compile the test.
[INFO] [stdout] 
[INFO] [stdout] failures:
[INFO] [stdout]     src/adler32.rs - adler32 (line 9)
[INFO] [stdout]     src/dex/access_flags.rs - dex::access_flags (line 11)
[INFO] [stdout] 
[INFO] [stdout] test result: FAILED. 0 passed; 2 failed; 0 ignored; 0 measured; 0 filtered out; finished in 0.07s
[INFO] [stdout] 
[INFO] [stdout] all doctests ran in 0.14s; merged doctests compilation took 0.07s
[INFO] [stderr] error: doctest failed, to rerun pass `--doc`
[INFO] running `Command { std: "docker" "inspect" "c258771548bfab2521d2232ad4acf90d3ee298bd759398cd0ecd7ea9772aba2e", kill_on_drop: false }`
[INFO] running `Command { std: "docker" "rm" "-f" "c258771548bfab2521d2232ad4acf90d3ee298bd759398cd0ecd7ea9772aba2e", kill_on_drop: false }`
[INFO] [stdout] c258771548bfab2521d2232ad4acf90d3ee298bd759398cd0ecd7ea9772aba2e
