[INFO] fetching crate rusty-capability-attr 0.2.0...
[INFO] testing rusty-capability-attr-0.2.0 against 1.99.0-beta.8+cargoflags=--release for beta-release-1.100-2
[INFO] extracting crate rusty-capability-attr 0.2.0 into /workspace/builds/worker-5-tc1/source
[INFO] started tweaking crates.io crate rusty-capability-attr 0.2.0
[INFO] removed 0 missing tests
[INFO] finished tweaking crates.io crate rusty-capability-attr 0.2.0
[INFO] tweaked toml for crates.io crate rusty-capability-attr 0.2.0 written to /workspace/builds/worker-5-tc1/source/Cargo.toml
[INFO] validating manifest of crates.io crate rusty-capability-attr 0.2.0 on toolchain 1.99.0-beta.8
[INFO] running `Command { std: CARGO_HOME="/workspace/cargo-home" RUSTUP_HOME="/workspace/rustup-home" "/workspace/cargo-home/bin/cargo" "+1.99.0-beta.8" "metadata" "--manifest-path" "Cargo.toml" "--no-deps", kill_on_drop: false }`
[INFO] crate crates.io crate rusty-capability-attr 0.2.0 already has a lockfile, it will not be regenerated
[INFO] running `Command { std: CARGO_HOME="/workspace/cargo-home" RUSTUP_HOME="/workspace/rustup-home" "/workspace/cargo-home/bin/cargo" "+1.99.0-beta.8" "fetch" "--manifest-path" "Cargo.toml", kill_on_drop: false }`
[INFO] [stderr]     Updating crates.io index
[INFO] [stderr]  Downloading crates ...
[INFO] [stderr]   Downloaded toml_parser v1.1.3+spec-1.1.0
[INFO] [stderr]   Downloaded toml_writer v1.1.2+spec-1.1.0
[INFO] [stderr]   Downloaded target-triple v1.0.1
[INFO] [stderr]   Downloaded trybuild v1.0.120
[INFO] [stderr]   Downloaded rusty-path-match v0.1.1
[INFO] [stderr]   Downloaded toml v1.1.4+spec-1.1.0
[INFO] [stderr]   Downloaded rusty-capability-core v0.2.0
[INFO] running `Command { std: "docker" "create" "-v" "/var/lib/crater-agent-workspace/builds/worker-5-tc1/source:/opt/rustwide/workdir:ro,Z" "-v" "/var/lib/crater-agent-workspace/builds/worker-5-tc1/target:/opt/rustwide/target:rw,Z" "-v" "/var/lib/crater-agent-workspace/cargo-home:/opt/rustwide/cargo-home:ro,Z" "-v" "/var/lib/crater-agent-workspace/rustup-home:/opt/rustwide/rustup-home:ro,Z" "-m" "1610612736" "--network" "none" "ghcr.io/rust-lang/crates-build-env/linux@sha256:77db811e55d90add9212f6832c23229e3de5f1c1f9905e8cb07319ea15df73ac" "sleep" "infinity", kill_on_drop: false }`
[INFO] [stdout] 25d1d2e8ccfb6ae4ad4a77ded51887abbfb3bd27bfc02177681445aff194e2af
[INFO] running `Command { std: "docker" "start" "25d1d2e8ccfb6ae4ad4a77ded51887abbfb3bd27bfc02177681445aff194e2af", kill_on_drop: false }`
[INFO] running `Command { std: "docker" "inspect" "25d1d2e8ccfb6ae4ad4a77ded51887abbfb3bd27bfc02177681445aff194e2af", kill_on_drop: false }`
[INFO] running `Command { std: "docker" "exec" "-e" "SOURCE_DIR=/opt/rustwide/workdir" "-e" "CARGO_HOME=/opt/rustwide/cargo-home" "-e" "RUSTUP_HOME=/opt/rustwide/rustup-home" "-e" "CARGO_TARGET_DIR=/opt/rustwide/target" "-w" "/opt/rustwide/workdir" "--user" "0:0" "25d1d2e8ccfb6ae4ad4a77ded51887abbfb3bd27bfc02177681445aff194e2af" "/opt/rustwide/cargo-home/bin/cargo" "+1.99.0-beta.8" "metadata" "--no-deps" "--format-version=1", kill_on_drop: false }`
[INFO] running `Command { std: "docker" "inspect" "25d1d2e8ccfb6ae4ad4a77ded51887abbfb3bd27bfc02177681445aff194e2af", kill_on_drop: false }`
[INFO] running `Command { std: "docker" "exec" "-e" "SOURCE_DIR=/opt/rustwide/workdir" "-e" "CARGO_HOME=/opt/rustwide/cargo-home" "-e" "RUSTUP_HOME=/opt/rustwide/rustup-home" "-e" "CARGO_TARGET_DIR=/opt/rustwide/target" "-e" "CARGO_INCREMENTAL=0" "-e" "RUST_BACKTRACE=full" "-e" "RUSTFLAGS=--cap-lints=warn" "-e" "RUSTDOCFLAGS=--cap-lints=warn" "-w" "/opt/rustwide/workdir" "--user" "0:0" "25d1d2e8ccfb6ae4ad4a77ded51887abbfb3bd27bfc02177681445aff194e2af" "/opt/rustwide/cargo-home/bin/cargo" "+1.99.0-beta.8" "build" "--frozen" "--message-format=json" "--release", kill_on_drop: false }`
[INFO] [stderr]    Compiling proc-macro2 v1.0.107
[INFO] [stderr]    Compiling quote v1.0.47
[INFO] [stderr]    Compiling syn v2.0.119
[INFO] [stderr]    Compiling rusty-path-match v0.1.1
[INFO] [stderr]    Compiling rusty-capability-core v0.2.0
[INFO] [stderr]    Compiling rusty-capability-attr v0.2.0 (/opt/rustwide/workdir)
[INFO] [stderr]     Finished `release` profile [optimized] target(s) in 12.19s
[INFO] running `Command { std: "docker" "inspect" "25d1d2e8ccfb6ae4ad4a77ded51887abbfb3bd27bfc02177681445aff194e2af", kill_on_drop: false }`
[INFO] running `Command { std: "docker" "exec" "-e" "SOURCE_DIR=/opt/rustwide/workdir" "-e" "CARGO_HOME=/opt/rustwide/cargo-home" "-e" "RUSTUP_HOME=/opt/rustwide/rustup-home" "-e" "CARGO_TARGET_DIR=/opt/rustwide/target" "-e" "CARGO_INCREMENTAL=0" "-e" "RUST_BACKTRACE=full" "-e" "RUSTFLAGS=--cap-lints=warn" "-e" "RUSTDOCFLAGS=--cap-lints=warn" "-w" "/opt/rustwide/workdir" "--user" "0:0" "25d1d2e8ccfb6ae4ad4a77ded51887abbfb3bd27bfc02177681445aff194e2af" "/opt/rustwide/cargo-home/bin/cargo" "+1.99.0-beta.8" "test" "--frozen" "--no-run" "--message-format=json" "--release", kill_on_drop: false }`
[INFO] [stderr]    Compiling zmij v1.0.23
[INFO] [stderr]    Compiling serde_core v1.0.229
[INFO] [stderr]    Compiling serde v1.0.229
[INFO] [stderr]    Compiling target-triple v1.0.1
[INFO] [stderr]    Compiling proc-macro2 v1.0.107
[INFO] [stderr]    Compiling unicode-ident v1.0.24
[INFO] [stderr]    Compiling syn v3.0.4
[INFO] [stderr]    Compiling quote v1.0.47
[INFO] [stderr]    Compiling winnow v1.0.4
[INFO] [stderr]    Compiling serde_json v1.0.151
[INFO] [stderr]    Compiling itoa v1.0.18
[INFO] [stderr]    Compiling toml_writer v1.1.2+spec-1.1.0
[INFO] [stderr]    Compiling memchr v2.8.3
[INFO] [stderr]    Compiling toml_parser v1.1.3+spec-1.1.0
[INFO] [stderr]    Compiling toml_datetime v1.1.1+spec-1.1.0
[INFO] [stderr]    Compiling serde_spanned v1.1.1
[INFO] [stderr]    Compiling syn v2.0.119
[INFO] [stderr]    Compiling termcolor v1.4.1
[INFO] [stderr]    Compiling glob v0.3.4
[INFO] [stderr]    Compiling toml v1.1.4+spec-1.1.0
[INFO] [stderr]    Compiling rusty-capability-attr v0.2.0 (/opt/rustwide/workdir)
[INFO] [stderr]    Compiling serde_derive v1.0.229
[INFO] [stderr]    Compiling trybuild v1.0.120
[INFO] [stderr]    Compiling rusty-path-match v0.1.1
[INFO] [stderr]    Compiling rusty-capability-core v0.2.0
[INFO] [stderr]     Finished `release` profile [optimized] target(s) in 1m 33s
[INFO] running `Command { std: "docker" "inspect" "25d1d2e8ccfb6ae4ad4a77ded51887abbfb3bd27bfc02177681445aff194e2af", kill_on_drop: false }`
[INFO] running `Command { std: "docker" "exec" "-e" "SOURCE_DIR=/opt/rustwide/workdir" "-e" "CARGO_HOME=/opt/rustwide/cargo-home" "-e" "RUSTUP_HOME=/opt/rustwide/rustup-home" "-e" "CARGO_TARGET_DIR=/opt/rustwide/target" "-e" "CARGO_INCREMENTAL=0" "-e" "RUST_BACKTRACE=full" "-e" "RUSTFLAGS=--cap-lints=warn" "-e" "RUSTDOCFLAGS=--cap-lints=warn" "-w" "/opt/rustwide/workdir" "--user" "0:0" "25d1d2e8ccfb6ae4ad4a77ded51887abbfb3bd27bfc02177681445aff194e2af" "/opt/rustwide/cargo-home/bin/cargo" "+1.99.0-beta.8" "test" "--frozen" "--release", kill_on_drop: false }`
[INFO] [stderr]     Finished `release` profile [optimized] target(s) in 0.09s
[INFO] [stderr]      Running unittests src/lib.rs (/opt/rustwide/target/release/deps/capability_attr-7eb4b30c969972ed)
[INFO] [stdout] 
[INFO] [stdout] running 26 tests
[INFO] [stdout] test error::tests::message_names_the_function_and_both_levels ... ok
[INFO] [stdout] test is_capability_attr_tests::recognizes_a_bare_attribute ... ok
[INFO] [stdout] test is_capability_attr_tests::recognizes_a_fully_qualified_attribute ... ok
[INFO] [stdout] test is_capability_attr_tests::rejects_an_unrelated_attribute ... ok
[INFO] [stdout] test parser::tests::ceiling_non_list_meta_is_a_parse_error ... ok
[INFO] [stdout] test parser::tests::ceiling_omitted_categories_default_to_no_and_none ... ok
[INFO] [stdout] test parser::tests::duplicate_category_is_a_parse_error ... ok
[INFO] [stdout] test parser::tests::ceiling_round_trips_through_capability_core_render ... ok
[INFO] [stdout] test parser::tests::ceiling_unknown_top_level_category_is_a_parse_error ... ok
[INFO] [stdout] test parser::tests::duplicate_io_and_ptr_categories_are_parse_errors ... ok
[INFO] [stdout] test error::tests::ceiling_message_names_the_function_and_suggests_widening_the_ceiling ... ok
[INFO] [stdout] test parser::tests::ceiling_io_rejects_an_unknown_sub_category ... ok
[INFO] [stdout] test parser::tests::ceiling_duplicate_top_level_categories_are_parse_errors ... ok
[INFO] [stdout] test parser::tests::ceiling_io_rejects_a_non_yes_no_value ... ok
[INFO] [stdout] test parser::tests::missing_category_defaults_to_none ... ok
[INFO] [stdout] test parser::tests::parses_every_widened_io_level ... ok
[INFO] [stdout] test parser::tests::parses_all_three_categories ... ok
[INFO] [stdout] test parser::tests::parses_every_ceiling_io_category ... ok
[INFO] [stdout] test parser::tests::parses_ptr_write_bounded_and_any ... ok
[INFO] [stdout] test parser::tests::round_trips_through_capability_core_render ... ok
[INFO] [stdout] test parser::tests::unknown_category_is_a_parse_error ... ok
[INFO] [stdout] test parser::tests::unknown_io_level_is_a_parse_error ... ok
[INFO] [stdout] test parser::tests::non_list_meta_is_a_parse_error ... ok
[INFO] [stdout] test parser::tests::ceiling_io_rejects_a_duplicate_sub_category ... ok
[INFO] [stdout] test parser::tests::unknown_ptr_level_is_a_parse_error ... ok
[INFO] [stdout] test parser::tests::unknown_alloc_level_is_a_parse_error ... ok
[INFO] [stdout] 
[INFO] [stdout] test result: ok. 26 passed; 0 failed; 0 ignored; 0 measured; 0 filtered out; finished in 0.01s
[INFO] [stdout] 
[INFO] [stderr]      Running tests/ui.rs (/opt/rustwide/target/release/deps/ui-2329648924757b6f)
[INFO] [stdout] 
[INFO] [stdout] running 1 test
[INFO] [stderr]    Compiling proc-macro2 v1.0.107
[INFO] [stderr]    Compiling quote v1.0.47
[INFO] [stderr]    Compiling unicode-ident v1.0.24
[INFO] [stderr]    Compiling syn v2.0.119
[INFO] [stderr]    Compiling rusty-path-match v0.1.1
[INFO] [stderr]    Compiling rusty-capability-core v0.2.0
[INFO] [stderr]    Compiling rusty-capability-attr v0.2.0 (/opt/rustwide/workdir)
[INFO] [stderr]    Compiling rusty-capability-attr-tests v0.0.0 (/opt/rustwide/target/tests/trybuild/rusty-capability-attr)
[INFO] [stderr]     Finished `dev` profile [unoptimized + debuginfo] target(s) in 18.08s
[INFO] [stderr] 
[INFO] [stderr] 
[INFO] [stderr] test tests/ui/pass/covers_declared_capability.rs [should pass] ... ok
[INFO] [stderr] 
[INFO] [stderr] STDOUT:
[INFO] [stderr] ┈┈┈┈┈┈┈┈┈┈┈┈┈┈┈┈┈┈┈┈┈┈┈┈┈┈┈┈┈┈┈┈┈┈┈┈┈┈┈┈┈┈┈┈┈┈┈┈┈┈┈┈┈┈┈┈┈┈┈┈
[INFO] [stderr] 5
[INFO] [stderr] ┈┈┈┈┈┈┈┈┈┈┈┈┈┈┈┈┈┈┈┈┈┈┈┈┈┈┈┈┈┈┈┈┈┈┈┈┈┈┈┈┈┈┈┈┈┈┈┈┈┈┈┈┈┈┈┈┈┈┈┈
[INFO] [stderr] 
[INFO] [stderr] test tests/ui/pass/mod_ceiling_covers_unannotated_fns.rs [should pass] ... ok
[INFO] [stderr] test tests/ui/pass/mod_ceiling_narrower_fn_still_checked.rs [should pass] ... ok
[INFO] [stderr] test tests/ui/pass/widened_io_categories.rs [should pass] ... ok
[INFO] [stderr] test tests/ui/fail/mod_ceiling_violation.rs [should fail to compile] ... mismatch
[INFO] [stderr] 
[INFO] [stderr] EXPECTED:
[INFO] [stderr] ┈┈┈┈┈┈┈┈┈┈┈┈┈┈┈┈┈┈┈┈┈┈┈┈┈┈┈┈┈┈┈┈┈┈┈┈┈┈┈┈┈┈┈┈┈┈┈┈┈┈┈┈┈┈┈┈┈┈┈┈
[INFO] [stderr] error: capability violation in `export_receipt`: body uses io(Filesystem), which the enclosing mod's ceiling does not permit (io(network: yes, filesystem: no, registry: no, serial: no, usb: no, bluetooth: no, display: no, device: no, process: no, any: no)) — widen the mod's #[capability(...)] ceiling, or give this function its own, more permissive #[capability(...)]
[INFO] [stderr]   --> tests/ui/fail/mod_ceiling_violation.rs:10:12
[INFO] [stderr]    |
[INFO] [stderr] 10 |     pub fn export_receipt(order: &str) {
[INFO] [stderr]    |            ^^^^^^^^^^^^^^
[INFO] [stderr] 
[INFO] [stderr] error[E0433]: failed to resolve: use of unresolved module or unlinked crate `handlers`
[INFO] [stderr]   --> tests/ui/fail/mod_ceiling_violation.rs:16:5
[INFO] [stderr]    |
[INFO] [stderr] 16 |     handlers::export_receipt("total: 42");
[INFO] [stderr]    |     ^^^^^^^^ use of unresolved module or unlinked crate `handlers`
[INFO] [stderr]    |
[INFO] [stderr]    = help: if you wanted to use a crate named `handlers`, use `cargo add handlers` to add it to your `Cargo.toml`
[INFO] [stderr] ┈┈┈┈┈┈┈┈┈┈┈┈┈┈┈┈┈┈┈┈┈┈┈┈┈┈┈┈┈┈┈┈┈┈┈┈┈┈┈┈┈┈┈┈┈┈┈┈┈┈┈┈┈┈┈┈┈┈┈┈
[INFO] [stderr] 
[INFO] [stderr] ACTUAL OUTPUT:
[INFO] [stderr] ┈┈┈┈┈┈┈┈┈┈┈┈┈┈┈┈┈┈┈┈┈┈┈┈┈┈┈┈┈┈┈┈┈┈┈┈┈┈┈┈┈┈┈┈┈┈┈┈┈┈┈┈┈┈┈┈┈┈┈┈
[INFO] [stderr] error: capability violation in `export_receipt`: body uses io(Filesystem), which the enclosing mod's ceiling does not permit (io(network: yes, filesystem: no, registry: no, serial: no, usb: no, bluetooth: no, display: no, device: no, process: no, any: no)) — widen the mod's #[capability(...)] ceiling, or give this function its own, more permissive #[capability(...)]
[INFO] [stderr]   --> tests/ui/fail/mod_ceiling_violation.rs:10:12
[INFO] [stderr]    |
[INFO] [stderr] 10 |     pub fn export_receipt(order: &str) {
[INFO] [stderr]    |            ^^^^^^^^^^^^^^
[INFO] [stderr] ┈┈┈┈┈┈┈┈┈┈┈┈┈┈┈┈┈┈┈┈┈┈┈┈┈┈┈┈┈┈┈┈┈┈┈┈┈┈┈┈┈┈┈┈┈┈┈┈┈┈┈┈┈┈┈┈┈┈┈┈
[INFO] [stderr] note: If the actual output is the correct output you can bless it by rerunning
[INFO] [stderr]       your test with the environment variable TRYBUILD=overwrite
[INFO] [stderr] 
[INFO] [stderr] test tests/ui/fail/undeclared_alloc.rs [should fail to compile] ... mismatch
[INFO] [stderr] 
[INFO] [stderr] EXPECTED:
[INFO] [stderr] ┈┈┈┈┈┈┈┈┈┈┈┈┈┈┈┈┈┈┈┈┈┈┈┈┈┈┈┈┈┈┈┈┈┈┈┈┈┈┈┈┈┈┈┈┈┈┈┈┈┈┈┈┈┈┈┈┈┈┈┈
[INFO] [stderr] error: capability violation in `quiet_fn`: body uses alloc(Heap) but only alloc(None) is declared — add `alloc(Heap)` to #[capability(...)] (or remove the operation that requires it)
[INFO] [stderr]  --> tests/ui/fail/undeclared_alloc.rs:8:4
[INFO] [stderr]   |
[INFO] [stderr] 8 | fn quiet_fn() {
[INFO] [stderr]   |    ^^^^^^^^
[INFO] [stderr] 
[INFO] [stderr] error[E0425]: cannot find function `quiet_fn` in this scope
[INFO] [stderr]   --> tests/ui/fail/undeclared_alloc.rs:13:5
[INFO] [stderr]    |
[INFO] [stderr] 13 |     quiet_fn();
[INFO] [stderr]    |     ^^^^^^^^ not found in this scope
[INFO] [stderr] ┈┈┈┈┈┈┈┈┈┈┈┈┈┈┈┈┈┈┈┈┈┈┈┈┈┈┈┈┈┈┈┈┈┈┈┈┈┈┈┈┈┈┈┈┈┈┈┈┈┈┈┈┈┈┈┈┈┈┈┈
[INFO] [stderr] 
[INFO] [stderr] ACTUAL OUTPUT:
[INFO] [stderr] ┈┈┈┈┈┈┈┈┈┈┈┈┈┈┈┈┈┈┈┈┈┈┈┈┈┈┈┈┈┈┈┈┈┈┈┈┈┈┈┈┈┈┈┈┈┈┈┈┈┈┈┈┈┈┈┈┈┈┈┈
[INFO] [stderr] error: capability violation in `quiet_fn`: body uses alloc(Heap) but only alloc(None) is declared — add `alloc(Heap)` to #[capability(...)] (or remove the operation that requires it)
[INFO] [stderr]  --> tests/ui/fail/undeclared_alloc.rs:8:4
[INFO] [stderr]   |
[INFO] [stderr] 8 | fn quiet_fn() {
[INFO] [stderr]   |    ^^^^^^^^
[INFO] [stderr] ┈┈┈┈┈┈┈┈┈┈┈┈┈┈┈┈┈┈┈┈┈┈┈┈┈┈┈┈┈┈┈┈┈┈┈┈┈┈┈┈┈┈┈┈┈┈┈┈┈┈┈┈┈┈┈┈┈┈┈┈
[INFO] [stderr] note: If the actual output is the correct output you can bless it by rerunning
[INFO] [stderr]       your test with the environment variable TRYBUILD=overwrite
[INFO] [stderr] 
[INFO] [stderr] test tests/ui/fail/undeclared_process_io.rs [should fail to compile] ... mismatch
[INFO] [stderr] 
[INFO] [stderr] EXPECTED:
[INFO] [stderr] ┈┈┈┈┈┈┈┈┈┈┈┈┈┈┈┈┈┈┈┈┈┈┈┈┈┈┈┈┈┈┈┈┈┈┈┈┈┈┈┈┈┈┈┈┈┈┈┈┈┈┈┈┈┈┈┈┈┈┈┈
[INFO] [stderr] error: capability violation in `run_pager`: body uses io(Process) but only io(Display) is declared — add `io(Process)` to #[capability(...)] (or remove the operation that requires it)
[INFO] [stderr]  --> tests/ui/fail/undeclared_process_io.rs:7:4
[INFO] [stderr]   |
[INFO] [stderr] 7 | fn run_pager() {
[INFO] [stderr]   |    ^^^^^^^^^
[INFO] [stderr] 
[INFO] [stderr] error[E0425]: cannot find function `run_pager` in this scope
[INFO] [stderr]   --> tests/ui/fail/undeclared_process_io.rs:13:5
[INFO] [stderr]    |
[INFO] [stderr] 13 |     run_pager();
[INFO] [stderr]    |     ^^^^^^^^^ not found in this scope
[INFO] [stderr] ┈┈┈┈┈┈┈┈┈┈┈┈┈┈┈┈┈┈┈┈┈┈┈┈┈┈┈┈┈┈┈┈┈┈┈┈┈┈┈┈┈┈┈┈┈┈┈┈┈┈┈┈┈┈┈┈┈┈┈┈
[INFO] [stderr] 
[INFO] [stderr] ACTUAL OUTPUT:
[INFO] [stderr] ┈┈┈┈┈┈┈┈┈┈┈┈┈┈┈┈┈┈┈┈┈┈┈┈┈┈┈┈┈┈┈┈┈┈┈┈┈┈┈┈┈┈┈┈┈┈┈┈┈┈┈┈┈┈┈┈┈┈┈┈
[INFO] [stderr] error: capability violation in `run_pager`: body uses io(Process) but only io(Display) is declared — add `io(Process)` to #[capability(...)] (or remove the operation that requires it)
[INFO] [stderr]  --> tests/ui/fail/undeclared_process_io.rs:7:4
[INFO] [stderr]   |
[INFO] [stderr] 7 | fn run_pager() {
[INFO] [stderr]   |    ^^^^^^^^^
[INFO] [stderr] ┈┈┈┈┈┈┈┈┈┈┈┈┈┈┈┈┈┈┈┈┈┈┈┈┈┈┈┈┈┈┈┈┈┈┈┈┈┈┈┈┈┈┈┈┈┈┈┈┈┈┈┈┈┈┈┈┈┈┈┈
[INFO] [stderr] note: If the actual output is the correct output you can bless it by rerunning
[INFO] [stderr]       your test with the environment variable TRYBUILD=overwrite
[INFO] [stderr] 
[INFO] [stderr] test tests/ui/fail/undeclared_ptr_write.rs [should fail to compile] ... mismatch
[INFO] [stderr] 
[INFO] [stderr] EXPECTED:
[INFO] [stderr] ┈┈┈┈┈┈┈┈┈┈┈┈┈┈┈┈┈┈┈┈┈┈┈┈┈┈┈┈┈┈┈┈┈┈┈┈┈┈┈┈┈┈┈┈┈┈┈┈┈┈┈┈┈┈┈┈┈┈┈┈
[INFO] [stderr] error: capability violation in `write_raw`: body uses ptr(Write(Any)) but only ptr(None) is declared — add `ptr(Write(Any))` to #[capability(...)] (or remove the operation that requires it)
[INFO] [stderr]  --> tests/ui/fail/undeclared_ptr_write.rs:7:11
[INFO] [stderr]   |
[INFO] [stderr] 7 | unsafe fn write_raw(p: *mut u32, val: u32) {
[INFO] [stderr]   |           ^^^^^^^^^
[INFO] [stderr] 
[INFO] [stderr] error[E0425]: cannot find function `write_raw` in this scope
[INFO] [stderr]   --> tests/ui/fail/undeclared_ptr_write.rs:15:14
[INFO] [stderr]    |
[INFO] [stderr] 15 |     unsafe { write_raw(&mut x as *mut u32, 42) };
[INFO] [stderr]    |              ^^^^^^^^^ not found in this scope
[INFO] [stderr] ┈┈┈┈┈┈┈┈┈┈┈┈┈┈┈┈┈┈┈┈┈┈┈┈┈┈┈┈┈┈┈┈┈┈┈┈┈┈┈┈┈┈┈┈┈┈┈┈┈┈┈┈┈┈┈┈┈┈┈┈
[INFO] [stderr] 
[INFO] [stderr] ACTUAL OUTPUT:
[INFO] [stderr] ┈┈┈┈┈┈┈┈┈┈┈┈┈┈┈┈┈┈┈┈┈┈┈┈┈┈┈┈┈┈┈┈┈┈┈┈┈┈┈┈┈┈┈┈┈┈┈┈┈┈┈┈┈┈┈┈┈┈┈┈
[INFO] [stderr] error: capability violation in `write_raw`: body uses ptr(Write(Any)) but only ptr(None) is declared — add `ptr(Write(Any))` to #[capability(...)] (or remove the operation that requires it)
[INFO] [stderr]  --> tests/ui/fail/undeclared_ptr_write.rs:7:11
[INFO] [stderr]   |
[INFO] [stderr] 7 | unsafe fn write_raw(p: *mut u32, val: u32) {
[INFO] [stderr]   |           ^^^^^^^^^
[INFO] [stderr] ┈┈┈┈┈┈┈┈┈┈┈┈┈┈┈┈┈┈┈┈┈┈┈┈┈┈┈┈┈┈┈┈┈┈┈┈┈┈┈┈┈┈┈┈┈┈┈┈┈┈┈┈┈┈┈┈┈┈┈┈
[INFO] [stderr] note: If the actual output is the correct output you can bless it by rerunning
[INFO] [stderr]       your test with the environment variable TRYBUILD=overwrite
[INFO] [stderr] 
[INFO] [stderr] test tests/ui/fail/undeclared_usb.rs [should fail to compile] ... mismatch
[INFO] [stderr] 
[INFO] [stderr] EXPECTED:
[INFO] [stderr] ┈┈┈┈┈┈┈┈┈┈┈┈┈┈┈┈┈┈┈┈┈┈┈┈┈┈┈┈┈┈┈┈┈┈┈┈┈┈┈┈┈┈┈┈┈┈┈┈┈┈┈┈┈┈┈┈┈┈┈┈
[INFO] [stderr] error: capability violation in `open_device`: body uses io(Usb) but only io(None) is declared — add `io(Usb)` to #[capability(...)] (or remove the operation that requires it)
[INFO] [stderr]   --> tests/ui/fail/undeclared_usb.rs:17:4
[INFO] [stderr]    |
[INFO] [stderr] 17 | fn open_device() -> rusb::Context {
[INFO] [stderr]    |    ^^^^^^^^^^^
[INFO] [stderr] 
[INFO] [stderr] error[E0425]: cannot find function `open_device` in this scope
[INFO] [stderr]   --> tests/ui/fail/undeclared_usb.rs:22:13
[INFO] [stderr]    |
[INFO] [stderr] 22 |     let _ = open_device();
[INFO] [stderr]    |             ^^^^^^^^^^^ not found in this scope
[INFO] [stderr] ┈┈┈┈┈┈┈┈┈┈┈┈┈┈┈┈┈┈┈┈┈┈┈┈┈┈┈┈┈┈┈┈┈┈┈┈┈┈┈┈┈┈┈┈┈┈┈┈┈┈┈┈┈┈┈┈┈┈┈┈
[INFO] [stderr] 
[INFO] [stderr] ACTUAL OUTPUT:
[INFO] [stderr] ┈┈┈┈┈┈┈┈┈┈┈┈┈┈┈┈┈┈┈┈┈┈┈┈┈┈┈┈┈┈┈┈┈┈┈┈┈┈┈┈┈┈┈┈┈┈┈┈┈┈┈┈┈┈┈┈┈┈┈┈
[INFO] [stderr] error: capability violation in `open_device`: body uses io(Usb) but only io(None) is declared — add `io(Usb)` to #[capability(...)] (or remove the operation that requires it)
[INFO] [stderr]   --> tests/ui/fail/undeclared_usb.rs:17:4
[INFO] [stderr]    |
[INFO] [stderr] 17 | fn open_device() -> rusb::Context {
[INFO] [stderr]    |    ^^^^^^^^^^^
[INFO] [stderr] ┈┈┈┈┈┈┈┈┈┈┈┈┈┈┈┈┈┈┈┈┈┈┈┈┈┈┈┈┈┈┈┈┈┈┈┈┈┈┈┈┈┈┈┈┈┈┈┈┈┈┈┈┈┈┈┈┈┈┈┈
[INFO] [stderr] note: If the actual output is the correct output you can bless it by rerunning
[INFO] [stderr]       your test with the environment variable TRYBUILD=overwrite
[INFO] [stderr] 
[INFO] [stderr] 
[INFO] [stderr] 
[INFO] [stdout] test ui ... FAILED
[INFO] [stderr] error: test failed, to rerun pass `--test ui`
[INFO] [stdout] 
[INFO] [stdout] failures:
[INFO] [stdout] 
[INFO] [stdout] ---- ui stdout ----
[INFO] [stdout] 
[INFO] [stdout] thread 'ui' (877) panicked at /opt/rustwide/cargo-home/registry/src/index.crates.io-1949cf8c6b5b557f/trybuild-1.0.120/src/run.rs:103:13:
[INFO] [stdout] 5 of 9 tests failed
[INFO] [stdout] stack backtrace:
[INFO] [stdout]    0:     0x59c7d8f56051 - <<std[70759c8f55707aa4]::sys::backtrace::BacktraceLock>::print::DisplayBacktrace as core[df12db4294e9bfd3]::fmt::Display>::fmt
[INFO] [stdout]    1:     0x59c7d8f6c6da - core[df12db4294e9bfd3]::fmt::write
[INFO] [stdout]    2:     0x59c7d8f5ab1c - <alloc[2182bb758b4b3781]::vec::Vec<u8> as core[df12db4294e9bfd3]::io::write::Write>::write_fmt
[INFO] [stdout]    3:     0x59c7d8f2f536 - std[70759c8f55707aa4]::panicking::default_hook::{closure#0}
[INFO] [stdout]    4:     0x59c7d8f4d6c9 - std[70759c8f55707aa4]::panicking::default_hook
[INFO] [stdout]    5:     0x59c7d8ee69a0 - test[9d35eded1c95d3be]::test_main_inner::<test[9d35eded1c95d3be]::test_main_static::{closure#0}>::{closure#0}
[INFO] [stdout]    6:     0x59c7d8f4d882 - std[70759c8f55707aa4]::panicking::panic_with_hook
[INFO] [stdout]    7:     0x59c7d8f2f5e2 - std[70759c8f55707aa4]::panicking::panic_handler::{closure#0}
[INFO] [stdout]    8:     0x59c7d8f27ea9 - std[70759c8f55707aa4]::sys::backtrace::__rust_end_short_backtrace::<std[70759c8f55707aa4]::panicking::panic_handler::{closure#0}, !>
[INFO] [stdout]    9:     0x59c7d8f301dd - __rustc[8fa7c3cbc660c2b3]::rust_begin_unwind
[INFO] [stdout]   10:     0x59c7d8f6ce4c - core[df12db4294e9bfd3]::panicking::panic_fmt
[INFO] [stdout]   11:     0x59c7d8e3b1d8 - <trybuild[c25326c2a88d6070]::Runner>::run
[INFO] [stdout]   12:     0x59c7d8e3e5c0 - <trybuild[c25326c2a88d6070]::TestCases as core[df12db4294e9bfd3]::ops::drop::Drop>::drop
[INFO] [stdout]   13:     0x59c7d8e34a66 - ui[a5206f1f1b9d668c]::ui
[INFO] [stdout]   14:     0x59c7d8e34c99 - <ui[a5206f1f1b9d668c]::ui::{closure#0} as core[df12db4294e9bfd3]::ops::function::FnOnce<()>>::call_once
[INFO] [stdout]   15:     0x59c7d8ed9c8b - test[9d35eded1c95d3be]::__rust_begin_short_backtrace::<core[df12db4294e9bfd3]::result::Result<(), alloc[2182bb758b4b3781]::string::String>, fn() -> core[df12db4294e9bfd3]::result::Result<(), alloc[2182bb758b4b3781]::string::String>>
[INFO] [stdout]   16:     0x59c7d8ee72f5 - test[9d35eded1c95d3be]::run_test::{closure#0}
[INFO] [stdout]   17:     0x59c7d8ee0bb4 - std[70759c8f55707aa4]::sys::backtrace::__rust_begin_short_backtrace::<test[9d35eded1c95d3be]::run_test::{closure#1}, ()>
[INFO] [stdout]   18:     0x59c7d8eea452 - <std[70759c8f55707aa4]::thread::lifecycle::spawn_unchecked<test[9d35eded1c95d3be]::run_test::{closure#1}, ()>::{closure#1} as core[df12db4294e9bfd3]::ops::function::FnOnce<()>>::call_once::{shim:vtable#0}
[INFO] [stdout]   19:     0x59c7d8f55309 - <std[70759c8f55707aa4]::sys::thread::unix::Thread>::new::thread_start
[INFO] [stdout]   20:     0x7b7f57e86dfa - <unknown>
[INFO] [stdout]   21:     0x7b7f57f1a3d4 - clone
[INFO] [stdout]   22:                0x0 - <unknown>
[INFO] [stdout] 
[INFO] [stdout] 
[INFO] [stdout] failures:
[INFO] [stdout]     ui
[INFO] [stdout] 
[INFO] [stdout] test result: FAILED. 0 passed; 1 failed; 0 ignored; 0 measured; 0 filtered out; finished in 29.60s
[INFO] [stdout] 
[INFO] running `Command { std: "docker" "inspect" "25d1d2e8ccfb6ae4ad4a77ded51887abbfb3bd27bfc02177681445aff194e2af", kill_on_drop: false }`
[INFO] running `Command { std: "docker" "rm" "-f" "25d1d2e8ccfb6ae4ad4a77ded51887abbfb3bd27bfc02177681445aff194e2af", kill_on_drop: false }`
[INFO] [stdout] 25d1d2e8ccfb6ae4ad4a77ded51887abbfb3bd27bfc02177681445aff194e2af
