[INFO] fetching crate rusty-box 0.4.1-alpha...
[INFO] testing rusty-box-0.4.1-alpha against 1.99.0-beta.8+cargoflags=--release for beta-release-1.100-2
[INFO] extracting crate rusty-box 0.4.1-alpha into /workspace/builds/worker-3-tc1/source
[INFO] removed /workspace/builds/worker-3-tc1/source/.cargo/config.toml
[INFO] started tweaking crates.io crate rusty-box 0.4.1-alpha
[INFO] removed 0 missing examples
[INFO] finished tweaking crates.io crate rusty-box 0.4.1-alpha
[INFO] tweaked toml for crates.io crate rusty-box 0.4.1-alpha written to /workspace/builds/worker-3-tc1/source/Cargo.toml
[INFO] validating manifest of crates.io crate rusty-box 0.4.1-alpha on toolchain 1.99.0-beta.8
[INFO] running `Command { std: CARGO_HOME="/workspace/cargo-home" RUSTUP_HOME="/workspace/rustup-home" "/workspace/cargo-home/bin/cargo" "+1.99.0-beta.8" "metadata" "--manifest-path" "Cargo.toml" "--no-deps", kill_on_drop: false }`
[INFO] crate crates.io crate rusty-box 0.4.1-alpha already has a lockfile, it will not be regenerated
[INFO] running `Command { std: CARGO_HOME="/workspace/cargo-home" RUSTUP_HOME="/workspace/rustup-home" "/workspace/cargo-home/bin/cargo" "+1.99.0-beta.8" "fetch" "--manifest-path" "Cargo.toml", kill_on_drop: false }`
[INFO] [stderr]     Updating crates.io index
[INFO] [stderr]  Downloading crates ...
[INFO] [stderr]   Downloaded walkdir v2.3.3
[INFO] [stderr]   Downloaded thiserror v1.0.48
[INFO] [stderr]   Downloaded thiserror-impl v1.0.48
[INFO] [stderr]   Downloaded uuid-macro-internal v1.4.1
[INFO] [stderr]   Downloaded webbrowser v0.8.11
[INFO] [stderr]   Downloaded memchr v2.6.3
[INFO] [stderr]   Downloaded darling_macro v0.20.3
[INFO] [stderr]   Downloaded syn v2.0.31
[INFO] [stderr]   Downloaded uuid v1.4.1
[INFO] [stderr]   Downloaded time-core v0.1.1
[INFO] [stderr]   Downloaded deranged v0.3.8
[INFO] [stderr]   Downloaded chunked_transfer v1.4.1
[INFO] [stderr]   Downloaded time-macros v0.2.14
[INFO] [stderr]   Downloaded serde_with_macros v3.3.0
[INFO] [stderr]   Downloaded darling v0.20.3
[INFO] [stderr]   Downloaded darling_core v0.20.3
[INFO] [stderr]   Downloaded serde_with v3.3.0
[INFO] [stderr]   Downloaded time v0.3.28
[INFO] [stderr]   Downloaded chrono v0.4.28
[INFO] [stderr]   Downloaded num-traits v0.2.16
[INFO] [stderr]   Downloaded serde_qs v0.12.0
[INFO] [stderr]   Downloaded base64 v0.21.3
[INFO] [stderr]   Downloaded unicase v2.7.0
[INFO] [stderr]   Downloaded rustix v0.38.11
[INFO] [stderr]   Downloaded errno v0.3.3
[INFO] [stderr]   Downloaded mime_guess v2.0.4
[INFO] [stderr]   Downloaded flate2 v1.0.27
[INFO] [stderr]   Downloaded josekit v0.8.3
[INFO] [stderr]   Downloaded regex v1.9.5
[INFO] [stderr]   Downloaded aho-corasick v1.0.5
[INFO] [stderr]   Downloaded regex-automata v0.3.8
[INFO] running `Command { std: "docker" "create" "-v" "/var/lib/crater-agent-workspace/builds/worker-3-tc1/source:/opt/rustwide/workdir:ro,Z" "-v" "/var/lib/crater-agent-workspace/builds/worker-3-tc1/target:/opt/rustwide/target:rw,Z" "-v" "/var/lib/crater-agent-workspace/cargo-home:/opt/rustwide/cargo-home:ro,Z" "-v" "/var/lib/crater-agent-workspace/rustup-home:/opt/rustwide/rustup-home:ro,Z" "-m" "1610612736" "--network" "none" "ghcr.io/rust-lang/crates-build-env/linux@sha256:77db811e55d90add9212f6832c23229e3de5f1c1f9905e8cb07319ea15df73ac" "sleep" "infinity", kill_on_drop: false }`
[INFO] [stdout] 6620a7c10d692844c31bce1928443832bc9021c1cfc63368c8dc307e83c07633
[INFO] running `Command { std: "docker" "start" "6620a7c10d692844c31bce1928443832bc9021c1cfc63368c8dc307e83c07633", kill_on_drop: false }`
[INFO] running `Command { std: "docker" "inspect" "6620a7c10d692844c31bce1928443832bc9021c1cfc63368c8dc307e83c07633", kill_on_drop: false }`
[INFO] running `Command { std: "docker" "exec" "-e" "SOURCE_DIR=/opt/rustwide/workdir" "-e" "CARGO_HOME=/opt/rustwide/cargo-home" "-e" "RUSTUP_HOME=/opt/rustwide/rustup-home" "-e" "CARGO_TARGET_DIR=/opt/rustwide/target" "-w" "/opt/rustwide/workdir" "--user" "0:0" "6620a7c10d692844c31bce1928443832bc9021c1cfc63368c8dc307e83c07633" "/opt/rustwide/cargo-home/bin/cargo" "+1.99.0-beta.8" "metadata" "--no-deps" "--format-version=1", kill_on_drop: false }`
[INFO] running `Command { std: "docker" "inspect" "6620a7c10d692844c31bce1928443832bc9021c1cfc63368c8dc307e83c07633", kill_on_drop: false }`
[INFO] running `Command { std: "docker" "exec" "-e" "SOURCE_DIR=/opt/rustwide/workdir" "-e" "CARGO_HOME=/opt/rustwide/cargo-home" "-e" "RUSTUP_HOME=/opt/rustwide/rustup-home" "-e" "CARGO_TARGET_DIR=/opt/rustwide/target" "-e" "CARGO_INCREMENTAL=0" "-e" "RUST_BACKTRACE=full" "-e" "RUSTFLAGS=--cap-lints=warn" "-e" "RUSTDOCFLAGS=--cap-lints=warn" "-w" "/opt/rustwide/workdir" "--user" "0:0" "6620a7c10d692844c31bce1928443832bc9021c1cfc63368c8dc307e83c07633" "/opt/rustwide/cargo-home/bin/cargo" "+1.99.0-beta.8" "build" "--frozen" "--message-format=json" "--release", kill_on_drop: false }`
[INFO] [stderr]    Compiling proc-macro2 v1.0.66
[INFO] [stderr]    Compiling smallvec v1.11.0
[INFO] [stderr]    Compiling parking_lot_core v0.9.8
[INFO] [stderr]    Compiling unicase v2.7.0
[INFO] [stderr]    Compiling serde v1.0.188
[INFO] [stderr]    Compiling futures-task v0.3.28
[INFO] [stderr]    Compiling openssl v0.10.57
[INFO] [stderr]    Compiling lock_api v0.4.10
[INFO] [stderr]    Compiling futures-util v0.3.28
[INFO] [stderr]    Compiling bitflags v2.4.0
[INFO] [stderr]    Compiling openssl-sys v0.9.93
[INFO] [stderr]    Compiling strsim v0.10.0
[INFO] [stderr]    Compiling getrandom v0.2.10
[INFO] [stderr]    Compiling serde_json v1.0.105
[INFO] [stderr]    Compiling memchr v2.6.3
[INFO] [stderr]    Compiling hashbrown v0.14.0
[INFO] [stderr]    Compiling num-traits v0.2.16
[INFO] [stderr]    Compiling ppv-lite86 v0.2.17
[INFO] [stderr]    Compiling rand_core v0.6.4
[INFO] [stderr]    Compiling regex-syntax v0.7.5
[INFO] [stderr]    Compiling anyhow v1.0.75
[INFO] [stderr]    Compiling thiserror v1.0.48
[INFO] [stderr]    Compiling mime_guess v2.0.4
[INFO] [stderr]    Compiling miniz_oxide v0.7.1
[INFO] [stderr]    Compiling time-core v0.1.1
[INFO] [stderr]    Compiling deranged v0.3.8
[INFO] [stderr]    Compiling native-tls v0.2.11
[INFO] [stderr]    Compiling base64 v0.21.3
[INFO] [stderr]    Compiling url v2.4.1
[INFO] [stderr]    Compiling time v0.1.45
[INFO] [stderr]    Compiling parking_lot v0.12.1
[INFO] [stderr]    Compiling rand_chacha v0.3.1
[INFO] [stderr]    Compiling flate2 v1.0.27
[INFO] [stderr]    Compiling quote v1.0.33
[INFO] [stderr]    Compiling aho-corasick v1.0.5
[INFO] [stderr]    Compiling time v0.3.28
[INFO] [stderr]    Compiling rand v0.8.5
[INFO] [stderr]    Compiling syn v2.0.31
[INFO] [stderr]    Compiling indexmap v2.0.0
[INFO] [stderr]    Compiling iana-time-zone v0.1.57
[INFO] [stderr]    Compiling dotenv v0.15.0
[INFO] [stderr]    Compiling regex-automata v0.3.8
[INFO] [stderr]    Compiling darling_core v0.20.3
[INFO] [stderr]    Compiling tokio-macros v2.1.0
[INFO] [stderr]    Compiling serde_derive v1.0.188
[INFO] [stderr]    Compiling openssl-macros v0.1.1
[INFO] [stderr]    Compiling thiserror-impl v1.0.48
[INFO] [stderr]    Compiling uuid-macro-internal v1.4.1
[INFO] [stderr]    Compiling async-trait v0.1.73
[INFO] [stderr]    Compiling uuid v1.4.1
[INFO] [stderr]    Compiling tokio v1.32.0
[INFO] [stderr]    Compiling regex v1.9.5
[INFO] [stderr]    Compiling darling_macro v0.20.3
[INFO] [stderr]    Compiling darling v0.20.3
[INFO] [stderr]    Compiling serde_with_macros v3.3.0
[INFO] [stderr]    Compiling tokio-util v0.7.8
[INFO] [stderr]    Compiling tokio-native-tls v0.3.1
[INFO] [stderr]    Compiling h2 v0.3.21
[INFO] [stderr]    Compiling serde_urlencoded v0.7.1
[INFO] [stderr]    Compiling serde_with v3.3.0
[INFO] [stderr]    Compiling chrono v0.4.28
[INFO] [stderr]    Compiling josekit v0.8.3
[INFO] [stderr]    Compiling hyper v0.14.27
[INFO] [stderr]    Compiling hyper-tls v0.5.0
[INFO] [stderr]    Compiling reqwest v0.11.20
[INFO] [stderr]    Compiling rusty-box v0.4.1-alpha (/opt/rustwide/workdir)
[INFO] [stderr]     Finished `release` profile [optimized] target(s) in 1m 19s
[INFO] running `Command { std: "docker" "inspect" "6620a7c10d692844c31bce1928443832bc9021c1cfc63368c8dc307e83c07633", kill_on_drop: false }`
[INFO] running `Command { std: "docker" "exec" "-e" "SOURCE_DIR=/opt/rustwide/workdir" "-e" "CARGO_HOME=/opt/rustwide/cargo-home" "-e" "RUSTUP_HOME=/opt/rustwide/rustup-home" "-e" "CARGO_TARGET_DIR=/opt/rustwide/target" "-e" "CARGO_INCREMENTAL=0" "-e" "RUST_BACKTRACE=full" "-e" "RUSTFLAGS=--cap-lints=warn" "-e" "RUSTDOCFLAGS=--cap-lints=warn" "-w" "/opt/rustwide/workdir" "--user" "0:0" "6620a7c10d692844c31bce1928443832bc9021c1cfc63368c8dc307e83c07633" "/opt/rustwide/cargo-home/bin/cargo" "+1.99.0-beta.8" "test" "--frozen" "--no-run" "--message-format=json" "--release", kill_on_drop: false }`
[INFO] [stderr]    Compiling log v0.4.20
[INFO] [stderr]    Compiling chunked_transfer v1.4.1
[INFO] [stderr]    Compiling ascii v1.1.0
[INFO] [stderr]    Compiling home v0.5.5
[INFO] [stderr]    Compiling yansi v0.5.1
[INFO] [stderr]    Compiling diff v0.1.13
[INFO] [stderr]    Compiling serde_qs v0.12.0
[INFO] [stderr]    Compiling native-tls v0.2.11
[INFO] [stderr]    Compiling env_logger v0.10.0
[INFO] [stderr]    Compiling webbrowser v0.8.11
[INFO] [stderr]    Compiling tiny_http v0.12.0
[INFO] [stderr]    Compiling pretty_assertions v1.4.0
[INFO] [stderr]    Compiling tokio-native-tls v0.3.1
[INFO] [stderr]    Compiling hyper-tls v0.5.0
[INFO] [stderr]    Compiling reqwest v0.11.20
[INFO] [stderr]    Compiling rusty-box v0.4.1-alpha (/opt/rustwide/workdir)
[INFO] [stderr]     Finished `release` profile [optimized] target(s) in 39.12s
[INFO] running `Command { std: "docker" "inspect" "6620a7c10d692844c31bce1928443832bc9021c1cfc63368c8dc307e83c07633", kill_on_drop: false }`
[INFO] running `Command { std: "docker" "exec" "-e" "SOURCE_DIR=/opt/rustwide/workdir" "-e" "CARGO_HOME=/opt/rustwide/cargo-home" "-e" "RUSTUP_HOME=/opt/rustwide/rustup-home" "-e" "CARGO_TARGET_DIR=/opt/rustwide/target" "-e" "CARGO_INCREMENTAL=0" "-e" "RUST_BACKTRACE=full" "-e" "RUSTFLAGS=--cap-lints=warn" "-e" "RUSTDOCFLAGS=--cap-lints=warn" "-w" "/opt/rustwide/workdir" "--user" "0:0" "6620a7c10d692844c31bce1928443832bc9021c1cfc63368c8dc307e83c07633" "/opt/rustwide/cargo-home/bin/cargo" "+1.99.0-beta.8" "test" "--frozen" "--release", kill_on_drop: false }`
[INFO] [stderr]     Finished `release` profile [optimized] target(s) in 0.27s
[INFO] [stderr]      Running unittests src/lib.rs (/opt/rustwide/target/release/deps/rusty_box-394c06547963a944)
[INFO] [stdout] 
[INFO] [stdout] running 16 tests
[INFO] [stdout] test config::tests::test_config_values_v3 ... ok
[INFO] [stdout] test config::tests::test_default_config_values ... ok
[INFO] [stdout] test auth::auth_oauth::test_generate_state ... ok
[INFO] [stdout] test auth::auth_developer::tests::test_dev_token_new ... ok
[INFO] [stdout] test auth::auth_oauth::test_urlencode ... ok
[INFO] [stdout] test auth::auth_ccg::test_ccg_request ... FAILED
[INFO] [stdout] test client::box_client::test_create_client_ccg ... FAILED
[INFO] [stdout] test auth::auth_oauth::test_store ... ok
[INFO] [stdout] test auth::auth_oauth::test_oauth_set_access_token ... ok
[INFO] [stdout] test auth::auth_oauth::test_authorization_url_redirect ... ok
[INFO] [stdout] test auth::auth_oauth::test_authorization_url_default ... ok
[INFO] [stdout] test auth::auth_ccg::test_ccg_new ... ok
[INFO] [stdout] test auth::auth_oauth::test_oauth_new ... ok
[INFO] [stdout] test auth::auth_oauth::test_authorization_url_state ... ok
[INFO] [stdout] test auth::auth_oauth::test_authorization_url_scope ... ok
[INFO] [stdout] test auth::auth_jwt::auth_jwt_test::test_jwt_assertion ... ok
[INFO] [stdout] 
[INFO] [stdout] failures:
[INFO] [stdout] 
[INFO] [stdout] ---- auth::auth_ccg::test_ccg_request stdout ----
[INFO] [stdout] 
[INFO] [stdout] thread 'auth::auth_ccg::test_ccg_request' (2354) panicked at src/auth/auth_ccg.rs:167:43:
[INFO] [stdout] CLIENT_ID must be set: NotPresent
[INFO] [stdout] stack backtrace:
[INFO] [stdout]    0:     0x5e00c0a04de1 - <<std[70759c8f55707aa4]::sys::backtrace::BacktraceLock>::print::DisplayBacktrace as core[df12db4294e9bfd3]::fmt::Display>::fmt
[INFO] [stdout]    1:     0x5e00c0a1b6ca - core[df12db4294e9bfd3]::fmt::write
[INFO] [stdout]    2:     0x5e00c0a0996c - <alloc[2182bb758b4b3781]::vec::Vec<u8> as core[df12db4294e9bfd3]::io::write::Write>::write_fmt
[INFO] [stdout]    3:     0x5e00c09dfc06 - std[70759c8f55707aa4]::panicking::default_hook::{closure#0}
[INFO] [stdout]    4:     0x5e00c09fc9a9 - std[70759c8f55707aa4]::panicking::default_hook
[INFO] [stdout]    5:     0x5e00c076f670 - test[9d35eded1c95d3be]::test_main_inner::<test[9d35eded1c95d3be]::test_main_static::{closure#0}>::{closure#0}
[INFO] [stdout]    6:     0x5e00c09fccd2 - std[70759c8f55707aa4]::panicking::panic_with_hook
[INFO] [stdout]    7:     0x5e00c09dfcb2 - std[70759c8f55707aa4]::panicking::panic_handler::{closure#0}
[INFO] [stdout]    8:     0x5e00c09d8589 - std[70759c8f55707aa4]::sys::backtrace::__rust_end_short_backtrace::<std[70759c8f55707aa4]::panicking::panic_handler::{closure#0}, !>
[INFO] [stdout]    9:     0x5e00c09e0b3d - __rustc[8fa7c3cbc660c2b3]::rust_begin_unwind
[INFO] [stdout]   10:     0x5e00c0a1beac - core[df12db4294e9bfd3]::panicking::panic_fmt
[INFO] [stdout]   11:     0x5e00c0a1bc82 - core[df12db4294e9bfd3]::result::unwrap_failed
[INFO] [stdout]   12:     0x5e00c0739b80 - rusty_box[816e6e87065b81ec]::auth::auth_ccg::test_ccg_request::{closure#0}
[INFO] [stdout]   13:     0x5e00c074c548 - <tokio[dac98c0892671959]::runtime::context::scoped::Scoped<tokio[dac98c0892671959]::runtime::scheduler::Context>>::set::<<tokio[dac98c0892671959]::runtime::scheduler::current_thread::CoreGuard>::enter<<tokio[dac98c0892671959]::runtime::scheduler::current_thread::CoreGuard>::block_on<core[df12db4294e9bfd3]::pin::Pin<&mut core[df12db4294e9bfd3]::pin::Pin<&mut dyn core[df12db4294e9bfd3]::future::future::Future<Output = ()>>>>::{closure#0}, core[df12db4294e9bfd3]::option::Option<()>>::{closure#0}, (alloc[2182bb758b4b3781]::boxed::Box<tokio[dac98c0892671959]::runtime::scheduler::current_thread::Core>, core[df12db4294e9bfd3]::option::Option<()>)>
[INFO] [stdout]   14:     0x5e00c074be70 - <tokio[dac98c0892671959]::runtime::runtime::Runtime>::block_on::<core[df12db4294e9bfd3]::pin::Pin<&mut dyn core[df12db4294e9bfd3]::future::future::Future<Output = ()>>>
[INFO] [stdout]   15:     0x5e00c073cfab - rusty_box[816e6e87065b81ec]::auth::auth_ccg::test_ccg_request
[INFO] [stdout]   16:     0x5e00c0746279 - <rusty_box[816e6e87065b81ec]::auth::auth_ccg::test_ccg_request::{closure#0} as core[df12db4294e9bfd3]::ops::function::FnOnce<()>>::call_once
[INFO] [stdout]   17:     0x5e00c076295b - test[9d35eded1c95d3be]::__rust_begin_short_backtrace::<core[df12db4294e9bfd3]::result::Result<(), alloc[2182bb758b4b3781]::string::String>, fn() -> core[df12db4294e9bfd3]::result::Result<(), alloc[2182bb758b4b3781]::string::String>>
[INFO] [stdout]   18:     0x5e00c076ffc5 - test[9d35eded1c95d3be]::run_test::{closure#0}
[INFO] [stdout]   19:     0x5e00c0769884 - std[70759c8f55707aa4]::sys::backtrace::__rust_begin_short_backtrace::<test[9d35eded1c95d3be]::run_test::{closure#1}, ()>
[INFO] [stdout]   20:     0x5e00c0773122 - <std[70759c8f55707aa4]::thread::lifecycle::spawn_unchecked<test[9d35eded1c95d3be]::run_test::{closure#1}, ()>::{closure#1} as core[df12db4294e9bfd3]::ops::function::FnOnce<()>>::call_once::{shim:vtable#0}
[INFO] [stdout]   21:     0x5e00c0a03f99 - <std[70759c8f55707aa4]::sys::thread::unix::Thread>::new::thread_start
[INFO] [stdout]   22:     0x70737a792dfa - <unknown>
[INFO] [stdout]   23:     0x70737a8263d4 - clone
[INFO] [stdout]   24:                0x0 - <unknown>
[INFO] [stdout] 
[INFO] [stdout] ---- client::box_client::test_create_client_ccg stdout ----
[INFO] [stdout] 
[INFO] [stdout] thread 'client::box_client::test_create_client_ccg' (2366) panicked at src/client/box_client.rs:46:48:
[INFO] [stdout] CLIENT_ID must be set: NotPresent
[INFO] [stdout] stack backtrace:
[INFO] [stdout]    0:     0x5e00c0a04de1 - <<std[70759c8f55707aa4]::sys::backtrace::BacktraceLock>::print::DisplayBacktrace as core[df12db4294e9bfd3]::fmt::Display>::fmt
[INFO] [stdout]    1:     0x5e00c0a1b6ca - core[df12db4294e9bfd3]::fmt::write
[INFO] [stdout]    2:     0x5e00c0a0996c - <alloc[2182bb758b4b3781]::vec::Vec<u8> as core[df12db4294e9bfd3]::io::write::Write>::write_fmt
[INFO] [stdout]    3:     0x5e00c09dfc06 - std[70759c8f55707aa4]::panicking::default_hook::{closure#0}
[INFO] [stdout]    4:     0x5e00c09fc9a9 - std[70759c8f55707aa4]::panicking::default_hook
[INFO] [stdout]    5:     0x5e00c076f670 - test[9d35eded1c95d3be]::test_main_inner::<test[9d35eded1c95d3be]::test_main_static::{closure#0}>::{closure#0}
[INFO] [stdout]    6:     0x5e00c09fccd2 - std[70759c8f55707aa4]::panicking::panic_with_hook
[INFO] [stdout]    7:     0x5e00c09dfcb2 - std[70759c8f55707aa4]::panicking::panic_handler::{closure#0}
[INFO] [stdout]    8:     0x5e00c09d8589 - std[70759c8f55707aa4]::sys::backtrace::__rust_end_short_backtrace::<std[70759c8f55707aa4]::panicking::panic_handler::{closure#0}, !>
[INFO] [stdout]    9:     0x5e00c09e0b3d - __rustc[8fa7c3cbc660c2b3]::rust_begin_unwind
[INFO] [stdout]   10:     0x5e00c0a1beac - core[df12db4294e9bfd3]::panicking::panic_fmt
[INFO] [stdout]   11:     0x5e00c0a1bc82 - core[df12db4294e9bfd3]::result::unwrap_failed
[INFO] [stdout]   12:     0x5e00c0745508 - rusty_box[816e6e87065b81ec]::client::box_client::test_create_client_ccg::{closure#0}
[INFO] [stdout]   13:     0x5e00c074c548 - <tokio[dac98c0892671959]::runtime::context::scoped::Scoped<tokio[dac98c0892671959]::runtime::scheduler::Context>>::set::<<tokio[dac98c0892671959]::runtime::scheduler::current_thread::CoreGuard>::enter<<tokio[dac98c0892671959]::runtime::scheduler::current_thread::CoreGuard>::block_on<core[df12db4294e9bfd3]::pin::Pin<&mut core[df12db4294e9bfd3]::pin::Pin<&mut dyn core[df12db4294e9bfd3]::future::future::Future<Output = ()>>>>::{closure#0}, core[df12db4294e9bfd3]::option::Option<()>>::{closure#0}, (alloc[2182bb758b4b3781]::boxed::Box<tokio[dac98c0892671959]::runtime::scheduler::current_thread::Core>, core[df12db4294e9bfd3]::option::Option<()>)>
[INFO] [stdout]   14:     0x5e00c074be70 - <tokio[dac98c0892671959]::runtime::runtime::Runtime>::block_on::<core[df12db4294e9bfd3]::pin::Pin<&mut dyn core[df12db4294e9bfd3]::future::future::Future<Output = ()>>>
[INFO] [stdout]   15:     0x5e00c074632e - <rusty_box[816e6e87065b81ec]::client::box_client::test_create_client_ccg::{closure#0} as core[df12db4294e9bfd3]::ops::function::FnOnce<()>>::call_once
[INFO] [stdout]   16:     0x5e00c076295b - test[9d35eded1c95d3be]::__rust_begin_short_backtrace::<core[df12db4294e9bfd3]::result::Result<(), alloc[2182bb758b4b3781]::string::String>, fn() -> core[df12db4294e9bfd3]::result::Result<(), alloc[2182bb758b4b3781]::string::String>>
[INFO] [stdout]   17:     0x5e00c076ffc5 - test[9d35eded1c95d3be]::run_test::{closure#0}
[INFO] [stdout]   18:     0x5e00c0769884 - std[70759c8f55707aa4]::sys::backtrace::__rust_begin_short_backtrace::<test[9d35eded1c95d3be]::run_test::{closure#1}, ()>
[INFO] [stdout]   19:     0x5e00c0773122 - <std[70759c8f55707aa4]::thread::lifecycle::spawn_unchecked<test[9d35eded1c95d3be]::run_test::{closure#1}, ()>::{closure#1} as core[df12db4294e9bfd3]::ops::function::FnOnce<()>>::call_once::{shim:vtable#0}
[INFO] [stdout]   20:     0x5e00c0a03f99 - <std[70759c8f55707aa4]::sys::thread::unix::Thread>::new::thread_start
[INFO] [stdout]   21:     0x70737a792dfa - <unknown>
[INFO] [stdout]   22:     0x70737a8263d4 - clone
[INFO] [stdout]   23:                0x0 - <unknown>
[INFO] [stdout] 
[INFO] [stdout] 
[INFO] [stdout] failures:
[INFO] [stdout]     auth::auth_ccg::test_ccg_request
[INFO] [stdout]     client::box_client::test_create_client_ccg
[INFO] [stdout] 
[INFO] [stdout] test result: FAILED. 14 passed; 2 failed; 0 ignored; 0 measured; 0 filtered out; finished in 0.09s
[INFO] [stdout] 
[INFO] [stderr] error: test failed, to rerun pass `--lib`
[INFO] running `Command { std: "docker" "inspect" "6620a7c10d692844c31bce1928443832bc9021c1cfc63368c8dc307e83c07633", kill_on_drop: false }`
[INFO] running `Command { std: "docker" "rm" "-f" "6620a7c10d692844c31bce1928443832bc9021c1cfc63368c8dc307e83c07633", kill_on_drop: false }`
[INFO] [stdout] 6620a7c10d692844c31bce1928443832bc9021c1cfc63368c8dc307e83c07633
