[INFO] fetching crate rusty-booru 0.2.1...
[INFO] testing rusty-booru-0.2.1 against 1.100.0-beta.1+cargoflags=--release for beta-release-1.100-2
[INFO] extracting crate rusty-booru 0.2.1 into /workspace/builds/worker-6-tc2/source
[INFO] removed /workspace/builds/worker-6-tc2/source/rust-toolchain.toml
[INFO] started tweaking crates.io crate rusty-booru 0.2.1
[INFO] removed 0 missing tests
[INFO] finished tweaking crates.io crate rusty-booru 0.2.1
[INFO] tweaked toml for crates.io crate rusty-booru 0.2.1 written to /workspace/builds/worker-6-tc2/source/Cargo.toml
[INFO] validating manifest of crates.io crate rusty-booru 0.2.1 on toolchain 1.100.0-beta.1
[INFO] running `Command { std: CARGO_HOME="/workspace/cargo-home" RUSTUP_HOME="/workspace/rustup-home" "/workspace/cargo-home/bin/cargo" "+1.100.0-beta.1" "metadata" "--manifest-path" "Cargo.toml" "--no-deps", kill_on_drop: false }`
[INFO] running `Command { std: CARGO_HOME="/workspace/cargo-home" RUSTUP_HOME="/workspace/rustup-home" "/workspace/cargo-home/bin/cargo" "+1.100.0-beta.1" "generate-lockfile" "--manifest-path" "Cargo.toml", kill_on_drop: false }`
[INFO] [stderr]     Updating crates.io index
[INFO] [stderr]      Locking 173 packages to highest compatible versions
[INFO] [stderr]       Adding derive_more v0.99.20 (available: v2.1.1)
[INFO] [stderr]       Adding itertools v0.11.0 (available: v0.15.0)
[INFO] [stderr]       Adding reqwest v0.11.27 (available: v0.13.5)
[INFO] [stderr]       Adding strum v0.25.0 (available: v0.28.0)
[INFO] [stderr]       Adding thiserror v1.0.69 (available: v2.0.21)
[INFO] running `Command { std: CARGO_HOME="/workspace/cargo-home" RUSTUP_HOME="/workspace/rustup-home" "/workspace/cargo-home/bin/cargo" "+1.100.0-beta.1" "fetch" "--manifest-path" "Cargo.toml", kill_on_drop: false }`
[INFO] running `Command { std: "docker" "create" "-v" "/var/lib/crater-agent-workspace/builds/worker-6-tc2/source:/opt/rustwide/workdir:ro,Z" "-v" "/var/lib/crater-agent-workspace/builds/worker-6-tc2/target:/opt/rustwide/target:rw,Z" "-v" "/var/lib/crater-agent-workspace/cargo-home:/opt/rustwide/cargo-home:ro,Z" "-v" "/var/lib/crater-agent-workspace/rustup-home:/opt/rustwide/rustup-home:ro,Z" "-m" "1610612736" "--network" "none" "ghcr.io/rust-lang/crates-build-env/linux@sha256:77db811e55d90add9212f6832c23229e3de5f1c1f9905e8cb07319ea15df73ac" "sleep" "infinity", kill_on_drop: false }`
[INFO] [stdout] 383603a7a83ab3bff894e80b6ee94a628ff7ea5f17ea93475c68310b4cb43118
[INFO] running `Command { std: "docker" "start" "383603a7a83ab3bff894e80b6ee94a628ff7ea5f17ea93475c68310b4cb43118", kill_on_drop: false }`
[INFO] running `Command { std: "docker" "inspect" "383603a7a83ab3bff894e80b6ee94a628ff7ea5f17ea93475c68310b4cb43118", kill_on_drop: false }`
[INFO] running `Command { std: "docker" "exec" "-e" "SOURCE_DIR=/opt/rustwide/workdir" "-e" "CARGO_HOME=/opt/rustwide/cargo-home" "-e" "RUSTUP_HOME=/opt/rustwide/rustup-home" "-e" "CARGO_TARGET_DIR=/opt/rustwide/target" "-w" "/opt/rustwide/workdir" "--user" "0:0" "383603a7a83ab3bff894e80b6ee94a628ff7ea5f17ea93475c68310b4cb43118" "/opt/rustwide/cargo-home/bin/cargo" "+1.100.0-beta.1" "metadata" "--no-deps" "--format-version=1", kill_on_drop: false }`
[INFO] running `Command { std: "docker" "inspect" "383603a7a83ab3bff894e80b6ee94a628ff7ea5f17ea93475c68310b4cb43118", kill_on_drop: false }`
[INFO] running `Command { std: "docker" "exec" "-e" "SOURCE_DIR=/opt/rustwide/workdir" "-e" "CARGO_HOME=/opt/rustwide/cargo-home" "-e" "RUSTUP_HOME=/opt/rustwide/rustup-home" "-e" "CARGO_TARGET_DIR=/opt/rustwide/target" "-e" "CARGO_INCREMENTAL=0" "-e" "RUST_BACKTRACE=full" "-e" "RUSTFLAGS=--cap-lints=warn" "-e" "RUSTDOCFLAGS=--cap-lints=warn" "-w" "/opt/rustwide/workdir" "--user" "0:0" "383603a7a83ab3bff894e80b6ee94a628ff7ea5f17ea93475c68310b4cb43118" "/opt/rustwide/cargo-home/bin/cargo" "+1.100.0-beta.1" "build" "--frozen" "--message-format=json" "--release", kill_on_drop: false }`
[INFO] [stderr]    Compiling smallvec v1.16.3
[INFO] [stderr]    Compiling libc v0.2.191
[INFO] [stderr]    Compiling cc v1.8.0
[INFO] [stderr]    Compiling openssl v0.10.81
[INFO] [stderr]    Compiling native-tls v0.2.18
[INFO] [stderr]    Compiling bitflags v2.13.2
[INFO] [stderr]    Compiling equivalent v1.0.3
[INFO] [stderr]    Compiling syn v3.0.9
[INFO] [stderr]    Compiling syn v2.0.119
[INFO] [stderr]    Compiling futures-task v0.3.34
[INFO] [stderr]    Compiling tracing v0.1.44
[INFO] [stderr]    Compiling want v0.3.2
[INFO] [stderr]    Compiling encoding_rs v0.8.42
[INFO] [stderr]    Compiling http-body v0.4.6
[INFO] [stderr]    Compiling futures-channel v0.3.34
[INFO] [stderr]    Compiling serde_json v1.0.154
[INFO] [stderr]    Compiling indexmap v2.14.2
[INFO] [stderr]    Compiling futures-util v0.3.34
[INFO] [stderr]    Compiling unicode-xid v0.0.4
[INFO] [stderr]    Compiling quote v0.3.15
[INFO] [stderr]    Compiling base64 v0.21.7
[INFO] [stderr]    Compiling heck v0.4.1
[INFO] [stderr]    Compiling multiversion_no_op v1.0.0
[INFO] [stderr]    Compiling anyhow v1.0.104
[INFO] [stderr]    Compiling synom v0.11.3
[INFO] [stderr]    Compiling core_detect v1.0.0
[INFO] [stderr]    Compiling simdutf8 v0.1.5
[INFO] [stderr]    Compiling syn v0.11.11
[INFO] [stderr]    Compiling heck v0.3.3
[INFO] [stderr]    Compiling either v1.19.0
[INFO] [stderr]    Compiling ipnet v2.12.2
[INFO] [stderr]    Compiling sync_wrapper v0.1.2
[INFO] [stderr]    Compiling rustls-pemfile v1.0.4
[INFO] [stderr]    Compiling itertools v0.11.0
[INFO] [stderr]    Compiling derive_is_enum_variant v0.1.1
[INFO] [stderr]    Compiling parking_lot_core v0.9.12
[INFO] [stderr]    Compiling errno v0.3.14
[INFO] [stderr]    Compiling mio v1.2.4
[INFO] [stderr]    Compiling socket2 v0.6.5
[INFO] [stderr]    Compiling socket2 v0.5.10
[INFO] [stderr]    Compiling signal-hook-registry v1.4.8
[INFO] [stderr]    Compiling parking_lot v0.12.5
[INFO] [stderr]    Compiling openssl-sys v0.9.117
[INFO] [stderr]    Compiling synstructure v0.14.0
[INFO] [stderr]    Compiling openssl-macros v0.1.1
[INFO] [stderr]    Compiling strum_macros v0.25.3
[INFO] [stderr]    Compiling thiserror-impl v1.0.69
[INFO] [stderr]    Compiling derive_more v0.99.20
[INFO] [stderr]    Compiling zerovec-derive v0.11.6
[INFO] [stderr]    Compiling displaydoc v0.2.7
[INFO] [stderr]    Compiling tokio-macros v2.7.2
[INFO] [stderr]    Compiling serde_derive v1.0.229
[INFO] [stderr]    Compiling zerofrom-derive v0.1.8
[INFO] [stderr]    Compiling yoke-derive v0.8.4
[INFO] [stderr]    Compiling tokio v1.53.3
[INFO] [stderr]    Compiling thiserror v1.0.69
[INFO] [stderr]    Compiling zerofrom v0.1.8
[INFO] [stderr]    Compiling strum v0.25.0
[INFO] [stderr]    Compiling yoke v0.8.3
[INFO] [stderr]    Compiling zerovec v0.11.8
[INFO] [stderr]    Compiling zerotrie v0.2.5
[INFO] [stderr]    Compiling tinystr v0.8.4
[INFO] [stderr]    Compiling potential_utf v0.1.6
[INFO] [stderr]    Compiling icu_collections v2.3.0
[INFO] [stderr]    Compiling icu_locale_core v2.3.0
[INFO] [stderr]    Compiling serde v1.0.229
[INFO] [stderr]    Compiling icu_provider v2.3.1
[INFO] [stderr]    Compiling icu_properties v2.3.0
[INFO] [stderr]    Compiling icu_normalizer v2.3.0
[INFO] [stderr]    Compiling serde_urlencoded v0.7.1
[INFO] [stderr]    Compiling idna_adapter v1.2.2
[INFO] [stderr]    Compiling idna v1.1.0
[INFO] [stderr]    Compiling url v2.5.8
[INFO] [stderr]    Compiling tokio-util v0.7.20
[INFO] [stderr]    Compiling tokio-native-tls v0.3.1
[INFO] [stderr]    Compiling h2 v0.3.27
[INFO] [stderr]    Compiling hyper v0.14.32
[INFO] [stderr]    Compiling hyper-tls v0.5.0
[INFO] [stderr]    Compiling reqwest v0.11.27
[INFO] [stderr]    Compiling rusty-booru v0.2.1 (/opt/rustwide/workdir)
[INFO] [stderr] warning: unused dependency `anyhow`
[INFO] [stderr]  --> Cargo.toml:1:15
[INFO] [stderr]   |
[INFO] [stderr] 1 | [dependencies.anyhow]
[INFO] [stderr]   |               ^^^^^^^
[INFO] [stderr]   |
[INFO] [stderr]   = note: `cargo::unused_dependencies` is set to `warn` by default
[INFO] [stderr] help: consider removing the dependency on `anyhow`
[INFO] [stderr] warning: `rusty-booru` (manifest) generated 1 warning
[INFO] [stderr]     Finished `release` profile [optimized] target(s) in 1m 15s
[INFO] [stderr] warning: the following packages contain code that will be rejected by a future version of Rust: syn v0.11.11
[INFO] [stderr] note: to see what the problems were, use the option `--future-incompat-report`, or run `cargo report future-incompatibilities --id 3`
[INFO] running `Command { std: "docker" "inspect" "383603a7a83ab3bff894e80b6ee94a628ff7ea5f17ea93475c68310b4cb43118", kill_on_drop: false }`
[INFO] running `Command { std: "docker" "exec" "-e" "SOURCE_DIR=/opt/rustwide/workdir" "-e" "CARGO_HOME=/opt/rustwide/cargo-home" "-e" "RUSTUP_HOME=/opt/rustwide/rustup-home" "-e" "CARGO_TARGET_DIR=/opt/rustwide/target" "-e" "CARGO_INCREMENTAL=0" "-e" "RUST_BACKTRACE=full" "-e" "RUSTFLAGS=--cap-lints=warn" "-e" "RUSTDOCFLAGS=--cap-lints=warn" "-w" "/opt/rustwide/workdir" "--user" "0:0" "383603a7a83ab3bff894e80b6ee94a628ff7ea5f17ea93475c68310b4cb43118" "/opt/rustwide/cargo-home/bin/cargo" "+1.100.0-beta.1" "test" "--frozen" "--no-run" "--message-format=json" "--release", kill_on_drop: false }`
[INFO] [stderr]    Compiling rusty-booru v0.2.1 (/opt/rustwide/workdir)
[INFO] [stdout] warning: unused import: `generic::client::GenericClient`
[INFO] [stdout]  --> tests/danbooru_tests.rs:8:12
[INFO] [stdout]   |
[INFO] [stdout] 8 |         }, generic::client::GenericClient,
[INFO] [stdout]   |            ^^^^^^^^^^^^^^^^^^^^^^^^^^^^^^
[INFO] [stdout]   |
[INFO] [stdout]   = note: `#[warn(unused_imports)]` (part of `#[warn(unused)]`) on by default
[INFO] [stdout] 
[INFO] [stdout] 
[INFO] [stderr] warning: unused dependency `anyhow`
[INFO] [stderr]  --> Cargo.toml:1:15
[INFO] [stderr]   |
[INFO] [stderr] 1 | [dependencies.anyhow]
[INFO] [stderr]   |               ^^^^^^^
[INFO] [stderr]   |
[INFO] [stderr]   = note: `cargo::unused_dependencies` is set to `warn` by default
[INFO] [stderr] help: consider removing the dependency on `anyhow`
[INFO] [stderr] warning: `rusty-booru` (manifest) generated 1 warning
[INFO] [stderr]     Finished `release` profile [optimized] target(s) in 10.53s
[INFO] [stderr] warning: the following packages contain code that will be rejected by a future version of Rust: syn v0.11.11
[INFO] [stderr] note: to see what the problems were, use the option `--future-incompat-report`, or run `cargo report future-incompatibilities --id 3`
[INFO] running `Command { std: "docker" "inspect" "383603a7a83ab3bff894e80b6ee94a628ff7ea5f17ea93475c68310b4cb43118", kill_on_drop: false }`
[INFO] running `Command { std: "docker" "exec" "-e" "SOURCE_DIR=/opt/rustwide/workdir" "-e" "CARGO_HOME=/opt/rustwide/cargo-home" "-e" "RUSTUP_HOME=/opt/rustwide/rustup-home" "-e" "CARGO_TARGET_DIR=/opt/rustwide/target" "-e" "CARGO_INCREMENTAL=0" "-e" "RUST_BACKTRACE=full" "-e" "RUSTFLAGS=--cap-lints=warn" "-e" "RUSTDOCFLAGS=--cap-lints=warn" "-w" "/opt/rustwide/workdir" "--user" "0:0" "383603a7a83ab3bff894e80b6ee94a628ff7ea5f17ea93475c68310b4cb43118" "/opt/rustwide/cargo-home/bin/cargo" "+1.100.0-beta.1" "test" "--frozen" "--release", kill_on_drop: false }`
[INFO] [stderr] warning: unused import: `generic::client::GenericClient`
[INFO] [stderr]  --> tests/danbooru_tests.rs:8:12
[INFO] [stderr]   |
[INFO] [stderr] 8 |         }, generic::client::GenericClient,
[INFO] [stderr]   |            ^^^^^^^^^^^^^^^^^^^^^^^^^^^^^^
[INFO] [stderr]   |
[INFO] [stderr]   = note: `#[warn(unused_imports)]` (part of `#[warn(unused)]`) on by default
[INFO] [stderr] 
[INFO] [stderr] warning: `rusty-booru` (test "danbooru_tests") generated 1 warning (run `cargo fix --test "danbooru_tests" -p rusty-booru` to apply 1 suggestion)
[INFO] [stderr] warning: unused dependency `anyhow`
[INFO] [stderr]  --> Cargo.toml:1:15
[INFO] [stderr]   |
[INFO] [stderr] 1 | [dependencies.anyhow]
[INFO] [stderr]   |               ^^^^^^^
[INFO] [stderr]   |
[INFO] [stderr]   = note: `cargo::unused_dependencies` is set to `warn` by default
[INFO] [stderr] help: consider removing the dependency on `anyhow`
[INFO] [stderr] warning: `rusty-booru` (manifest) generated 1 warning
[INFO] [stderr]     Finished `release` profile [optimized] target(s) in 0.16s
[INFO] [stderr] warning: the following packages contain code that will be rejected by a future version of Rust: syn v0.11.11
[INFO] [stderr] note: to see what the problems were, use the option `--future-incompat-report`, or run `cargo report future-incompatibilities --id 3`
[INFO] [stderr]      Running unittests src/lib.rs (/opt/rustwide/target/release/build/rusty-booru/c7862fd9f9eaced9/out/rusty_booru-c7862fd9f9eaced9)
[INFO] [stderr]      Running tests/danbooru_tests.rs (/opt/rustwide/target/release/build/rusty-booru/939d1439cd072461/out/danbooru_tests-939d1439cd072461)
[INFO] [stdout] 
[INFO] [stdout] running 0 tests
[INFO] [stdout] 
[INFO] [stdout] test result: ok. 0 passed; 0 failed; 0 ignored; 0 measured; 0 filtered out; finished in 0.00s
[INFO] [stdout] 
[INFO] [stdout] 
[INFO] [stdout] running 11 tests
[INFO] [stdout] test danbooru::parse_rating_tags ... ok
[INFO] [stdout] test danbooru::parse_sort_tags ... ok
[INFO] [stdout] test danbooru::get_random_posts ... FAILED
[INFO] [stdout] test danbooru::get_posts_multiple_tags ... FAILED
[INFO] [stdout] test danbooru::get_posts_with_sort ... FAILED
[INFO] [stdout] test danbooru::get_posts_with_tag ... FAILED
[INFO] [stdout] test danbooru::get_posts_with_rating ... FAILED
[INFO] [stdout] test danbooru::get_posts_with_blacklist_tag ... FAILED
[INFO] [stdout] test danbooru::query_too_many_tags ... ok
[INFO] [stdout] test danbooru::get_posts_with_limit ... FAILED
[INFO] [stdout] test danbooru::get_post_by_id ... FAILED
[INFO] [stdout] 
[INFO] [stdout] failures:
[INFO] [stdout] 
[INFO] [stdout] ---- danbooru::get_random_posts stdout ----
[INFO] [stdout] 
[INFO] [stdout] thread 'danbooru::get_random_posts' (1783) panicked at tests/danbooru_tests.rs:85:24:
[INFO] [stdout] called `Result::unwrap()` on an `Err` value: Reqwest(reqwest::Error { kind: Request, url: Url { scheme: "https", cannot_be_a_base: false, username: "", password: None, host: Some(Domain("testbooru.donmai.us")), port: None, path: "/posts.json", query: Some("limit=100&tags=kafuu_chino+order%3A%3Arandom"), fragment: None }, source: hyper::Error(Connect, ConnectError("dns error", Custom { kind: Uncategorized, error: "failed to lookup address information: Temporary failure in name resolution" })) })
[INFO] [stdout] stack backtrace:
[INFO] [stdout]    0:     0x573c294c8801 - <<std[617be2ca0a6fd877]::sys::backtrace::BacktraceLock>::print::DisplayBacktrace as core[a373ad73a504971]::fmt::Display>::fmt
[INFO] [stdout]    1:     0x573c294de64a - core[a373ad73a504971]::fmt::write
[INFO] [stdout]    2:     0x573c294cd09c - <alloc[2e1b2a31b91974c5]::vec::Vec<u8> as core[a373ad73a504971]::io::write::Write>::write_fmt
[INFO] [stdout]    3:     0x573c294a3c06 - std[617be2ca0a6fd877]::panicking::default_hook::{closure#0}
[INFO] [stdout]    4:     0x573c294c07f9 - std[617be2ca0a6fd877]::panicking::default_hook
[INFO] [stdout]    5:     0x573c29317860 - test[aada8e7e76ba119b]::test_main_inner::{closure#0}
[INFO] [stdout]    6:     0x573c294c0b22 - std[617be2ca0a6fd877]::panicking::panic_with_hook
[INFO] [stdout]    7:     0x573c294a3cb2 - std[617be2ca0a6fd877]::panicking::panic_handler::{closure#0}
[INFO] [stdout]    8:     0x573c2949c8e9 - std[617be2ca0a6fd877]::sys::backtrace::__rust_end_short_backtrace::<std[617be2ca0a6fd877]::panicking::panic_handler::{closure#0}, !>
[INFO] [stdout]    9:     0x573c294a4aad - __rustc[ea4f61d10b84890b]::rust_begin_unwind
[INFO] [stdout]   10:     0x573c294dedac - core[a373ad73a504971]::panicking::panic_fmt
[INFO] [stdout]   11:     0x573c294deb82 - core[a373ad73a504971]::result::unwrap_failed
[INFO] [stdout]   12:     0x573c292ffc2f - danbooru_tests[5d3f3bff835aea4f]::danbooru::get_random_posts::{closure#0}
[INFO] [stdout]   13:     0x573c29306b5a - <tokio[6d42b074fde3f578]::runtime::context::scoped::Scoped<tokio[6d42b074fde3f578]::runtime::scheduler::Context>>::set::<<tokio[6d42b074fde3f578]::runtime::scheduler::current_thread::CoreGuard>::enter<<tokio[6d42b074fde3f578]::runtime::scheduler::current_thread::CoreGuard>::block_on<core[a373ad73a504971]::pin::Pin<&mut core[a373ad73a504971]::pin::Pin<&mut dyn core[a373ad73a504971]::future::future::Future<Output = ()>>>>::{closure#0}, core[a373ad73a504971]::option::Option<()>>::{closure#0}, (alloc[2e1b2a31b91974c5]::boxed::Box<tokio[6d42b074fde3f578]::runtime::scheduler::current_thread::Core>, core[a373ad73a504971]::option::Option<()>)>
[INFO] [stdout]   14:     0x573c2930714d - <tokio[6d42b074fde3f578]::runtime::scheduler::current_thread::CoreGuard>::block_on::<core[a373ad73a504971]::pin::Pin<&mut core[a373ad73a504971]::pin::Pin<&mut dyn core[a373ad73a504971]::future::future::Future<Output = ()>>>>
[INFO] [stdout]   15:     0x573c2930591b - tokio[6d42b074fde3f578]::runtime::context::runtime::enter_runtime::<<tokio[6d42b074fde3f578]::runtime::scheduler::current_thread::CurrentThread>::block_on<core[a373ad73a504971]::pin::Pin<&mut dyn core[a373ad73a504971]::future::future::Future<Output = ()>>>::{closure#0}, ()>
[INFO] [stdout]   16:     0x573c293069b5 - <tokio[6d42b074fde3f578]::runtime::runtime::Runtime>::block_on::<core[a373ad73a504971]::pin::Pin<&mut dyn core[a373ad73a504971]::future::future::Future<Output = ()>>>
[INFO] [stdout]   17:     0x573c29302cee - <danbooru_tests[5d3f3bff835aea4f]::danbooru::get_random_posts::{closure#0} as core[a373ad73a504971]::ops::function::FnOnce<()>>::call_once
[INFO] [stdout]   18:     0x573c2930acab - test[aada8e7e76ba119b]::__rust_begin_short_backtrace::<core[a373ad73a504971]::result::Result<(), alloc[2e1b2a31b91974c5]::string::String>, fn() -> core[a373ad73a504971]::result::Result<(), alloc[2e1b2a31b91974c5]::string::String>>
[INFO] [stdout]   19:     0x573c29317e85 - test[aada8e7e76ba119b]::run_test::{closure#0}
[INFO] [stdout]   20:     0x573c29311774 - std[617be2ca0a6fd877]::sys::backtrace::__rust_begin_short_backtrace::<test[aada8e7e76ba119b]::run_test::{closure#1}, ()>
[INFO] [stdout]   21:     0x573c2931af12 - <std[617be2ca0a6fd877]::thread::lifecycle::spawn_unchecked<test[aada8e7e76ba119b]::run_test::{closure#1}, ()>::{closure#1} as core[a373ad73a504971]::ops::function::FnOnce<()>>::call_once::{shim:vtable#0}
[INFO] [stdout]   22:     0x573c294c7caf - <std[617be2ca0a6fd877]::sys::thread::unix::Thread>::new::thread_start
[INFO] [stdout]   23:     0x74f98c69edfa - <unknown>
[INFO] [stdout]   24:     0x74f98c7323d4 - clone
[INFO] [stdout]   25:                0x0 - <unknown>
[INFO] [stdout] 
[INFO] [stdout] ---- danbooru::get_posts_multiple_tags stdout ----
[INFO] [stdout] 
[INFO] [stdout] thread 'danbooru::get_posts_multiple_tags' (1777) panicked at tests/danbooru_tests.rs:74:24:
[INFO] [stdout] called `Result::unwrap()` on an `Err` value: Reqwest(reqwest::Error { kind: Request, url: Url { scheme: "https", cannot_be_a_base: false, username: "", password: None, host: Some(Domain("testbooru.donmai.us")), port: None, path: "/posts.json", query: Some("limit=3&tags=kafuu_chino+bangs"), fragment: None }, source: hyper::Error(Connect, ConnectError("dns error", Custom { kind: Uncategorized, error: "failed to lookup address information: Temporary failure in name resolution" })) })
[INFO] [stdout] stack backtrace:
[INFO] [stdout]    0:     0x573c294c8801 - <<std[617be2ca0a6fd877]::sys::backtrace::BacktraceLock>::print::DisplayBacktrace as core[a373ad73a504971]::fmt::Display>::fmt
[INFO] [stdout]    1:     0x573c294de64a - core[a373ad73a504971]::fmt::write
[INFO] [stdout]    2:     0x573c294cd09c - <alloc[2e1b2a31b91974c5]::vec::Vec<u8> as core[a373ad73a504971]::io::write::Write>::write_fmt
[INFO] [stdout]    3:     0x573c294a3c06 - std[617be2ca0a6fd877]::panicking::default_hook::{closure#0}
[INFO] [stdout]    4:     0x573c294c07f9 - std[617be2ca0a6fd877]::panicking::default_hook
[INFO] [stdout]    5:     0x573c29317860 - test[aada8e7e76ba119b]::test_main_inner::{closure#0}
[INFO] [stdout]    6:     0x573c294c0b22 - std[617be2ca0a6fd877]::panicking::panic_with_hook
[INFO] [stdout]    7:     0x573c294a3cb2 - std[617be2ca0a6fd877]::panicking::panic_handler::{closure#0}
[INFO] [stdout]    8:     0x573c2949c8e9 - std[617be2ca0a6fd877]::sys::backtrace::__rust_end_short_backtrace::<std[617be2ca0a6fd877]::panicking::panic_handler::{closure#0}, !>
[INFO] [stdout]    9:     0x573c294a4aad - __rustc[ea4f61d10b84890b]::rust_begin_unwind
[INFO] [stdout]   10:     0x573c294dedac - core[a373ad73a504971]::panicking::panic_fmt
[INFO] [stdout]   11:     0x573c294deb82 - core[a373ad73a504971]::result::unwrap_failed
[INFO] [stdout]   12:     0x573c293012cf - danbooru_tests[5d3f3bff835aea4f]::danbooru::get_posts_multiple_tags::{closure#0}
[INFO] [stdout]   13:     0x573c29306b5a - <tokio[6d42b074fde3f578]::runtime::context::scoped::Scoped<tokio[6d42b074fde3f578]::runtime::scheduler::Context>>::set::<<tokio[6d42b074fde3f578]::runtime::scheduler::current_thread::CoreGuard>::enter<<tokio[6d42b074fde3f578]::runtime::scheduler::current_thread::CoreGuard>::block_on<core[a373ad73a504971]::pin::Pin<&mut core[a373ad73a504971]::pin::Pin<&mut dyn core[a373ad73a504971]::future::future::Future<Output = ()>>>>::{closure#0}, core[a373ad73a504971]::option::Option<()>>::{closure#0}, (alloc[2e1b2a31b91974c5]::boxed::Box<tokio[6d42b074fde3f578]::runtime::scheduler::current_thread::Core>, core[a373ad73a504971]::option::Option<()>)>
[INFO] [stdout]   14:     0x573c2930714d - <tokio[6d42b074fde3f578]::runtime::scheduler::current_thread::CoreGuard>::block_on::<core[a373ad73a504971]::pin::Pin<&mut core[a373ad73a504971]::pin::Pin<&mut dyn core[a373ad73a504971]::future::future::Future<Output = ()>>>>
[INFO] [stdout]   15:     0x573c2930591b - tokio[6d42b074fde3f578]::runtime::context::runtime::enter_runtime::<<tokio[6d42b074fde3f578]::runtime::scheduler::current_thread::CurrentThread>::block_on<core[a373ad73a504971]::pin::Pin<&mut dyn core[a373ad73a504971]::future::future::Future<Output = ()>>>::{closure#0}, ()>
[INFO] [stdout]   16:     0x573c293069b5 - <tokio[6d42b074fde3f578]::runtime::runtime::Runtime>::block_on::<core[a373ad73a504971]::pin::Pin<&mut dyn core[a373ad73a504971]::future::future::Future<Output = ()>>>
[INFO] [stdout]   17:     0x573c2930392e - <danbooru_tests[5d3f3bff835aea4f]::danbooru::get_posts_multiple_tags::{closure#0} as core[a373ad73a504971]::ops::function::FnOnce<()>>::call_once
[INFO] [stdout]   18:     0x573c2930acab - test[aada8e7e76ba119b]::__rust_begin_short_backtrace::<core[a373ad73a504971]::result::Result<(), alloc[2e1b2a31b91974c5]::string::String>, fn() -> core[a373ad73a504971]::result::Result<(), alloc[2e1b2a31b91974c5]::string::String>>
[INFO] [stdout]   19:     0x573c29317e85 - test[aada8e7e76ba119b]::run_test::{closure#0}
[INFO] [stdout]   20:     0x573c29311774 - std[617be2ca0a6fd877]::sys::backtrace::__rust_begin_short_backtrace::<test[aada8e7e76ba119b]::run_test::{closure#1}, ()>
[INFO] [stdout]   21:     0x573c2931af12 - <std[617be2ca0a6fd877]::thread::lifecycle::spawn_unchecked<test[aada8e7e76ba119b]::run_test::{closure#1}, ()>::{closure#1} as core[a373ad73a504971]::ops::function::FnOnce<()>>::call_once::{shim:vtable#0}
[INFO] [stdout]   22:     0x573c294c7caf - <std[617be2ca0a6fd877]::sys::thread::unix::Thread>::new::thread_start
[INFO] [stdout]   23:     0x74f98c69edfa - <unknown>
[INFO] [stdout]   24:     0x74f98c7323d4 - clone
[INFO] [stdout]   25:                0x0 - <unknown>
[INFO] [stdout] 
[INFO] [stdout] ---- danbooru::get_posts_with_sort stdout ----
[INFO] [stdout] 
[INFO] [stdout] thread 'danbooru::get_posts_with_sort' (1781) panicked at tests/danbooru_tests.rs:41:24:
[INFO] [stdout] called `Result::unwrap()` on an `Err` value: Reqwest(reqwest::Error { kind: Request, url: Url { scheme: "https", cannot_be_a_base: false, username: "", password: None, host: Some(Domain("testbooru.donmai.us")), port: None, path: "/posts.json", query: Some("limit=100&tags=kafuu_chino+order%3A%3Arating"), fragment: None }, source: hyper::Error(Connect, ConnectError("dns error", Custom { kind: Uncategorized, error: "failed to lookup address information: Temporary failure in name resolution" })) })
[INFO] [stdout] stack backtrace:
[INFO] [stdout]    0:     0x573c294c8801 - <<std[617be2ca0a6fd877]::sys::backtrace::BacktraceLock>::print::DisplayBacktrace as core[a373ad73a504971]::fmt::Display>::fmt
[INFO] [stdout]    1:     0x573c294de64a - core[a373ad73a504971]::fmt::write
[INFO] [stdout]    2:     0x573c294cd09c - <alloc[2e1b2a31b91974c5]::vec::Vec<u8> as core[a373ad73a504971]::io::write::Write>::write_fmt
[INFO] [stdout]    3:     0x573c294a3c06 - std[617be2ca0a6fd877]::panicking::default_hook::{closure#0}
[INFO] [stdout]    4:     0x573c294c07f9 - std[617be2ca0a6fd877]::panicking::default_hook
[INFO] [stdout]    5:     0x573c29317860 - test[aada8e7e76ba119b]::test_main_inner::{closure#0}
[INFO] [stdout]    6:     0x573c294c0b22 - std[617be2ca0a6fd877]::panicking::panic_with_hook
[INFO] [stdout]    7:     0x573c294a3cb2 - std[617be2ca0a6fd877]::panicking::panic_handler::{closure#0}
[INFO] [stdout]    8:     0x573c2949c8e9 - std[617be2ca0a6fd877]::sys::backtrace::__rust_end_short_backtrace::<std[617be2ca0a6fd877]::panicking::panic_handler::{closure#0}, !>
[INFO] [stdout]    9:     0x573c294a4aad - __rustc[ea4f61d10b84890b]::rust_begin_unwind
[INFO] [stdout]   10:     0x573c294dedac - core[a373ad73a504971]::panicking::panic_fmt
[INFO] [stdout]   11:     0x573c294deb82 - core[a373ad73a504971]::result::unwrap_failed
[INFO] [stdout]   12:     0x573c2930040f - danbooru_tests[5d3f3bff835aea4f]::danbooru::get_posts_with_sort::{closure#0}
[INFO] [stdout]   13:     0x573c29306b5a - <tokio[6d42b074fde3f578]::runtime::context::scoped::Scoped<tokio[6d42b074fde3f578]::runtime::scheduler::Context>>::set::<<tokio[6d42b074fde3f578]::runtime::scheduler::current_thread::CoreGuard>::enter<<tokio[6d42b074fde3f578]::runtime::scheduler::current_thread::CoreGuard>::block_on<core[a373ad73a504971]::pin::Pin<&mut core[a373ad73a504971]::pin::Pin<&mut dyn core[a373ad73a504971]::future::future::Future<Output = ()>>>>::{closure#0}, core[a373ad73a504971]::option::Option<()>>::{closure#0}, (alloc[2e1b2a31b91974c5]::boxed::Box<tokio[6d42b074fde3f578]::runtime::scheduler::current_thread::Core>, core[a373ad73a504971]::option::Option<()>)>
[INFO] [stdout]   14:     0x573c2930714d - <tokio[6d42b074fde3f578]::runtime::scheduler::current_thread::CoreGuard>::block_on::<core[a373ad73a504971]::pin::Pin<&mut core[a373ad73a504971]::pin::Pin<&mut dyn core[a373ad73a504971]::future::future::Future<Output = ()>>>>
[INFO] [stdout]   15:     0x573c2930591b - tokio[6d42b074fde3f578]::runtime::context::runtime::enter_runtime::<<tokio[6d42b074fde3f578]::runtime::scheduler::current_thread::CurrentThread>::block_on<core[a373ad73a504971]::pin::Pin<&mut dyn core[a373ad73a504971]::future::future::Future<Output = ()>>>::{closure#0}, ()>
[INFO] [stdout]   16:     0x573c293069b5 - <tokio[6d42b074fde3f578]::runtime::runtime::Runtime>::block_on::<core[a373ad73a504971]::pin::Pin<&mut dyn core[a373ad73a504971]::future::future::Future<Output = ()>>>
[INFO] [stdout]   17:     0x573c293033ae - <danbooru_tests[5d3f3bff835aea4f]::danbooru::get_posts_with_sort::{closure#0} as core[a373ad73a504971]::ops::function::FnOnce<()>>::call_once
[INFO] [stdout]   18:     0x573c2930acab - test[aada8e7e76ba119b]::__rust_begin_short_backtrace::<core[a373ad73a504971]::result::Result<(), alloc[2e1b2a31b91974c5]::string::String>, fn() -> core[a373ad73a504971]::result::Result<(), alloc[2e1b2a31b91974c5]::string::String>>
[INFO] [stdout]   19:     0x573c29317e85 - test[aada8e7e76ba119b]::run_test::{closure#0}
[INFO] [stdout]   20:     0x573c29311774 - std[617be2ca0a6fd877]::sys::backtrace::__rust_begin_short_backtrace::<test[aada8e7e76ba119b]::run_test::{closure#1}, ()>
[INFO] [stdout]   21:     0x573c2931af12 - <std[617be2ca0a6fd877]::thread::lifecycle::spawn_unchecked<test[aada8e7e76ba119b]::run_test::{closure#1}, ()>::{closure#1} as core[a373ad73a504971]::ops::function::FnOnce<()>>::call_once::{shim:vtable#0}
[INFO] [stdout]   22:     0x573c294c7caf - <std[617be2ca0a6fd877]::sys::thread::unix::Thread>::new::thread_start
[INFO] [stdout]   23:     0x74f98c69edfa - <unknown>
[INFO] [stdout]   24:     0x74f98c7323d4 - clone
[INFO] [stdout]   25:                0x0 - <unknown>
[INFO] [stdout] 
[INFO] [stdout] ---- danbooru::get_posts_with_tag stdout ----
[INFO] [stdout] 
[INFO] [stdout] thread 'danbooru::get_posts_with_tag' (1782) panicked at tests/danbooru_tests.rs:19:24:
[INFO] [stdout] called `Result::unwrap()` on an `Err` value: Reqwest(reqwest::Error { kind: Request, url: Url { scheme: "https", cannot_be_a_base: false, username: "", password: None, host: Some(Domain("danbooru.donmai.us")), port: None, path: "/posts.json", query: Some("limit=100&tags=my_chemical_romance"), fragment: None }, source: hyper::Error(Connect, ConnectError("dns error", Custom { kind: Uncategorized, error: "failed to lookup address information: Temporary failure in name resolution" })) })
[INFO] [stdout] stack backtrace:
[INFO] [stdout]    0:     0x573c294c8801 - <<std[617be2ca0a6fd877]::sys::backtrace::BacktraceLock>::print::DisplayBacktrace as core[a373ad73a504971]::fmt::Display>::fmt
[INFO] [stdout]    1:     0x573c294de64a - core[a373ad73a504971]::fmt::write
[INFO] [stdout]    2:     0x573c294cd09c - <alloc[2e1b2a31b91974c5]::vec::Vec<u8> as core[a373ad73a504971]::io::write::Write>::write_fmt
[INFO] [stdout]    3:     0x573c294a3c06 - std[617be2ca0a6fd877]::panicking::default_hook::{closure#0}
[INFO] [stdout]    4:     0x573c294c07f9 - std[617be2ca0a6fd877]::panicking::default_hook
[INFO] [stdout]    5:     0x573c29317860 - test[aada8e7e76ba119b]::test_main_inner::{closure#0}
[INFO] [stdout]    6:     0x573c294c0b22 - std[617be2ca0a6fd877]::panicking::panic_with_hook
[INFO] [stdout]    7:     0x573c294a3cb2 - std[617be2ca0a6fd877]::panicking::panic_handler::{closure#0}
[INFO] [stdout]    8:     0x573c2949c8e9 - std[617be2ca0a6fd877]::sys::backtrace::__rust_end_short_backtrace::<std[617be2ca0a6fd877]::panicking::panic_handler::{closure#0}, !>
[INFO] [stdout]    9:     0x573c294a4aad - __rustc[ea4f61d10b84890b]::rust_begin_unwind
[INFO] [stdout]   10:     0x573c294dedac - core[a373ad73a504971]::panicking::panic_fmt
[INFO] [stdout]   11:     0x573c294deb82 - core[a373ad73a504971]::result::unwrap_failed
[INFO] [stdout]   12:     0x573c2930001f - danbooru_tests[5d3f3bff835aea4f]::danbooru::get_posts_with_tag::{closure#0}
[INFO] [stdout]   13:     0x573c29306b5a - <tokio[6d42b074fde3f578]::runtime::context::scoped::Scoped<tokio[6d42b074fde3f578]::runtime::scheduler::Context>>::set::<<tokio[6d42b074fde3f578]::runtime::scheduler::current_thread::CoreGuard>::enter<<tokio[6d42b074fde3f578]::runtime::scheduler::current_thread::CoreGuard>::block_on<core[a373ad73a504971]::pin::Pin<&mut core[a373ad73a504971]::pin::Pin<&mut dyn core[a373ad73a504971]::future::future::Future<Output = ()>>>>::{closure#0}, core[a373ad73a504971]::option::Option<()>>::{closure#0}, (alloc[2e1b2a31b91974c5]::boxed::Box<tokio[6d42b074fde3f578]::runtime::scheduler::current_thread::Core>, core[a373ad73a504971]::option::Option<()>)>
[INFO] [stdout]   14:     0x573c2930714d - <tokio[6d42b074fde3f578]::runtime::scheduler::current_thread::CoreGuard>::block_on::<core[a373ad73a504971]::pin::Pin<&mut core[a373ad73a504971]::pin::Pin<&mut dyn core[a373ad73a504971]::future::future::Future<Output = ()>>>>
[INFO] [stdout]   15:     0x573c2930591b - tokio[6d42b074fde3f578]::runtime::context::runtime::enter_runtime::<<tokio[6d42b074fde3f578]::runtime::scheduler::current_thread::CurrentThread>::block_on<core[a373ad73a504971]::pin::Pin<&mut dyn core[a373ad73a504971]::future::future::Future<Output = ()>>>::{closure#0}, ()>
[INFO] [stdout]   16:     0x573c293069b5 - <tokio[6d42b074fde3f578]::runtime::runtime::Runtime>::block_on::<core[a373ad73a504971]::pin::Pin<&mut dyn core[a373ad73a504971]::future::future::Future<Output = ()>>>
[INFO] [stdout]   17:     0x573c2930324e - <danbooru_tests[5d3f3bff835aea4f]::danbooru::get_posts_with_tag::{closure#0} as core[a373ad73a504971]::ops::function::FnOnce<()>>::call_once
[INFO] [stdout]   18:     0x573c2930acab - test[aada8e7e76ba119b]::__rust_begin_short_backtrace::<core[a373ad73a504971]::result::Result<(), alloc[2e1b2a31b91974c5]::string::String>, fn() -> core[a373ad73a504971]::result::Result<(), alloc[2e1b2a31b91974c5]::string::String>>
[INFO] [stdout]   19:     0x573c29317e85 - test[aada8e7e76ba119b]::run_test::{closure#0}
[INFO] [stdout]   20:     0x573c29311774 - std[617be2ca0a6fd877]::sys::backtrace::__rust_begin_short_backtrace::<test[aada8e7e76ba119b]::run_test::{closure#1}, ()>
[INFO] [stdout]   21:     0x573c2931af12 - <std[617be2ca0a6fd877]::thread::lifecycle::spawn_unchecked<test[aada8e7e76ba119b]::run_test::{closure#1}, ()>::{closure#1} as core[a373ad73a504971]::ops::function::FnOnce<()>>::call_once::{shim:vtable#0}
[INFO] [stdout]   22:     0x573c294c7caf - <std[617be2ca0a6fd877]::sys::thread::unix::Thread>::new::thread_start
[INFO] [stdout]   23:     0x74f98c69edfa - <unknown>
[INFO] [stdout]   24:     0x74f98c7323d4 - clone
[INFO] [stdout]   25:                0x0 - <unknown>
[INFO] [stdout] 
[INFO] [stdout] ---- danbooru::get_posts_with_rating stdout ----
[INFO] [stdout] 
[INFO] [stdout] thread 'danbooru::get_posts_with_rating' (1780) panicked at tests/danbooru_tests.rs:30:24:
[INFO] [stdout] called `Result::unwrap()` on an `Err` value: Reqwest(reqwest::Error { kind: Request, url: Url { scheme: "https", cannot_be_a_base: false, username: "", password: None, host: Some(Domain("testbooru.donmai.us")), port: None, path: "/posts.json", query: Some("limit=100&tags=kafuu_chino+rating%3Ageneral"), fragment: None }, source: hyper::Error(Connect, ConnectError("dns error", Custom { kind: Uncategorized, error: "failed to lookup address information: Temporary failure in name resolution" })) })
[INFO] [stdout] stack backtrace:
[INFO] [stdout]    0:     0x573c294c8801 - <<std[617be2ca0a6fd877]::sys::backtrace::BacktraceLock>::print::DisplayBacktrace as core[a373ad73a504971]::fmt::Display>::fmt
[INFO] [stdout]    1:     0x573c294de64a - core[a373ad73a504971]::fmt::write
[INFO] [stdout]    2:     0x573c294cd09c - <alloc[2e1b2a31b91974c5]::vec::Vec<u8> as core[a373ad73a504971]::io::write::Write>::write_fmt
[INFO] [stdout]    3:     0x573c294a3c06 - std[617be2ca0a6fd877]::panicking::default_hook::{closure#0}
[INFO] [stdout]    4:     0x573c294c07f9 - std[617be2ca0a6fd877]::panicking::default_hook
[INFO] [stdout]    5:     0x573c29317860 - test[aada8e7e76ba119b]::test_main_inner::{closure#0}
[INFO] [stdout]    6:     0x573c294c0b22 - std[617be2ca0a6fd877]::panicking::panic_with_hook
[INFO] [stdout]    7:     0x573c294a3cb2 - std[617be2ca0a6fd877]::panicking::panic_handler::{closure#0}
[INFO] [stdout]    8:     0x573c2949c8e9 - std[617be2ca0a6fd877]::sys::backtrace::__rust_end_short_backtrace::<std[617be2ca0a6fd877]::panicking::panic_handler::{closure#0}, !>
[INFO] [stdout]    9:     0x573c294a4aad - __rustc[ea4f61d10b84890b]::rust_begin_unwind
[INFO] [stdout]   10:     0x573c294dedac - core[a373ad73a504971]::panicking::panic_fmt
[INFO] [stdout]   11:     0x573c294deb82 - core[a373ad73a504971]::result::unwrap_failed
[INFO] [stdout]   12:     0x573c29300edf - danbooru_tests[5d3f3bff835aea4f]::danbooru::get_posts_with_rating::{closure#0}
[INFO] [stdout]   13:     0x573c29306b5a - <tokio[6d42b074fde3f578]::runtime::context::scoped::Scoped<tokio[6d42b074fde3f578]::runtime::scheduler::Context>>::set::<<tokio[6d42b074fde3f578]::runtime::scheduler::current_thread::CoreGuard>::enter<<tokio[6d42b074fde3f578]::runtime::scheduler::current_thread::CoreGuard>::block_on<core[a373ad73a504971]::pin::Pin<&mut core[a373ad73a504971]::pin::Pin<&mut dyn core[a373ad73a504971]::future::future::Future<Output = ()>>>>::{closure#0}, core[a373ad73a504971]::option::Option<()>>::{closure#0}, (alloc[2e1b2a31b91974c5]::boxed::Box<tokio[6d42b074fde3f578]::runtime::scheduler::current_thread::Core>, core[a373ad73a504971]::option::Option<()>)>
[INFO] [stdout]   14:     0x573c2930714d - <tokio[6d42b074fde3f578]::runtime::scheduler::current_thread::CoreGuard>::block_on::<core[a373ad73a504971]::pin::Pin<&mut core[a373ad73a504971]::pin::Pin<&mut dyn core[a373ad73a504971]::future::future::Future<Output = ()>>>>
[INFO] [stdout]   15:     0x573c2930591b - tokio[6d42b074fde3f578]::runtime::context::runtime::enter_runtime::<<tokio[6d42b074fde3f578]::runtime::scheduler::current_thread::CurrentThread>::block_on<core[a373ad73a504971]::pin::Pin<&mut dyn core[a373ad73a504971]::future::future::Future<Output = ()>>>::{closure#0}, ()>
[INFO] [stdout]   16:     0x573c293069b5 - <tokio[6d42b074fde3f578]::runtime::runtime::Runtime>::block_on::<core[a373ad73a504971]::pin::Pin<&mut dyn core[a373ad73a504971]::future::future::Future<Output = ()>>>
[INFO] [stdout]   17:     0x573c293037ce - <danbooru_tests[5d3f3bff835aea4f]::danbooru::get_posts_with_rating::{closure#0} as core[a373ad73a504971]::ops::function::FnOnce<()>>::call_once
[INFO] [stdout]   18:     0x573c2930acab - test[aada8e7e76ba119b]::__rust_begin_short_backtrace::<core[a373ad73a504971]::result::Result<(), alloc[2e1b2a31b91974c5]::string::String>, fn() -> core[a373ad73a504971]::result::Result<(), alloc[2e1b2a31b91974c5]::string::String>>
[INFO] [stdout]   19:     0x573c29317e85 - test[aada8e7e76ba119b]::run_test::{closure#0}
[INFO] [stdout]   20:     0x573c29311774 - std[617be2ca0a6fd877]::sys::backtrace::__rust_begin_short_backtrace::<test[aada8e7e76ba119b]::run_test::{closure#1}, ()>
[INFO] [stdout]   21:     0x573c2931af12 - <std[617be2ca0a6fd877]::thread::lifecycle::spawn_unchecked<test[aada8e7e76ba119b]::run_test::{closure#1}, ()>::{closure#1} as core[a373ad73a504971]::ops::function::FnOnce<()>>::call_once::{shim:vtable#0}
[INFO] [stdout]   22:     0x573c294c7caf - <std[617be2ca0a6fd877]::sys::thread::unix::Thread>::new::thread_start
[INFO] [stdout]   23:     0x74f98c69edfa - <unknown>
[INFO] [stdout]   24:     0x74f98c7323d4 - clone
[INFO] [stdout]   25:                0x0 - <unknown>
[INFO] [stdout] 
[INFO] [stdout] ---- danbooru::get_posts_with_blacklist_tag stdout ----
[INFO] [stdout] 
[INFO] [stdout] thread 'danbooru::get_posts_with_blacklist_tag' (1778) panicked at tests/danbooru_tests.rs:52:24:
[INFO] [stdout] called `Result::unwrap()` on an `Err` value: Reqwest(reqwest::Error { kind: Request, url: Url { scheme: "https", cannot_be_a_base: false, username: "", password: None, host: Some(Domain("testbooru.donmai.us")), port: None, path: "/posts.json", query: Some("limit=100&tags=kafuu_chino+-explicit"), fragment: None }, source: hyper::Error(Connect, ConnectError("dns error", Custom { kind: Uncategorized, error: "failed to lookup address information: Temporary failure in name resolution" })) })
[INFO] [stdout] stack backtrace:
[INFO] [stdout]    0:     0x573c294c8801 - <<std[617be2ca0a6fd877]::sys::backtrace::BacktraceLock>::print::DisplayBacktrace as core[a373ad73a504971]::fmt::Display>::fmt
[INFO] [stdout]    1:     0x573c294de64a - core[a373ad73a504971]::fmt::write
[INFO] [stdout]    2:     0x573c294cd09c - <alloc[2e1b2a31b91974c5]::vec::Vec<u8> as core[a373ad73a504971]::io::write::Write>::write_fmt
[INFO] [stdout]    3:     0x573c294a3c06 - std[617be2ca0a6fd877]::panicking::default_hook::{closure#0}
[INFO] [stdout]    4:     0x573c294c07f9 - std[617be2ca0a6fd877]::panicking::default_hook
[INFO] [stdout]    5:     0x573c29317860 - test[aada8e7e76ba119b]::test_main_inner::{closure#0}
[INFO] [stdout]    6:     0x573c294c0b22 - std[617be2ca0a6fd877]::panicking::panic_with_hook
[INFO] [stdout]    7:     0x573c294a3cb2 - std[617be2ca0a6fd877]::panicking::panic_handler::{closure#0}
[INFO] [stdout]    8:     0x573c2949c8e9 - std[617be2ca0a6fd877]::sys::backtrace::__rust_end_short_backtrace::<std[617be2ca0a6fd877]::panicking::panic_handler::{closure#0}, !>
[INFO] [stdout]    9:     0x573c294a4aad - __rustc[ea4f61d10b84890b]::rust_begin_unwind
[INFO] [stdout]   10:     0x573c294dedac - core[a373ad73a504971]::panicking::panic_fmt
[INFO] [stdout]   11:     0x573c294deb82 - core[a373ad73a504971]::result::unwrap_failed
[INFO] [stdout]   12:     0x573c293016bf - danbooru_tests[5d3f3bff835aea4f]::danbooru::get_posts_with_blacklist_tag::{closure#0}
[INFO] [stdout]   13:     0x573c29306b5a - <tokio[6d42b074fde3f578]::runtime::context::scoped::Scoped<tokio[6d42b074fde3f578]::runtime::scheduler::Context>>::set::<<tokio[6d42b074fde3f578]::runtime::scheduler::current_thread::CoreGuard>::enter<<tokio[6d42b074fde3f578]::runtime::scheduler::current_thread::CoreGuard>::block_on<core[a373ad73a504971]::pin::Pin<&mut core[a373ad73a504971]::pin::Pin<&mut dyn core[a373ad73a504971]::future::future::Future<Output = ()>>>>::{closure#0}, core[a373ad73a504971]::option::Option<()>>::{closure#0}, (alloc[2e1b2a31b91974c5]::boxed::Box<tokio[6d42b074fde3f578]::runtime::scheduler::current_thread::Core>, core[a373ad73a504971]::option::Option<()>)>
[INFO] [stdout]   14:     0x573c2930714d - <tokio[6d42b074fde3f578]::runtime::scheduler::current_thread::CoreGuard>::block_on::<core[a373ad73a504971]::pin::Pin<&mut core[a373ad73a504971]::pin::Pin<&mut dyn core[a373ad73a504971]::future::future::Future<Output = ()>>>>
[INFO] [stdout]   15:     0x573c2930591b - tokio[6d42b074fde3f578]::runtime::context::runtime::enter_runtime::<<tokio[6d42b074fde3f578]::runtime::scheduler::current_thread::CurrentThread>::block_on<core[a373ad73a504971]::pin::Pin<&mut dyn core[a373ad73a504971]::future::future::Future<Output = ()>>>::{closure#0}, ()>
[INFO] [stdout]   16:     0x573c293069b5 - <tokio[6d42b074fde3f578]::runtime::runtime::Runtime>::block_on::<core[a373ad73a504971]::pin::Pin<&mut dyn core[a373ad73a504971]::future::future::Future<Output = ()>>>
[INFO] [stdout]   17:     0x573c29303a8e - <danbooru_tests[5d3f3bff835aea4f]::danbooru::get_posts_with_blacklist_tag::{closure#0} as core[a373ad73a504971]::ops::function::FnOnce<()>>::call_once
[INFO] [stdout]   18:     0x573c2930acab - test[aada8e7e76ba119b]::__rust_begin_short_backtrace::<core[a373ad73a504971]::result::Result<(), alloc[2e1b2a31b91974c5]::string::String>, fn() -> core[a373ad73a504971]::result::Result<(), alloc[2e1b2a31b91974c5]::string::String>>
[INFO] [stdout]   19:     0x573c29317e85 - test[aada8e7e76ba119b]::run_test::{closure#0}
[INFO] [stdout]   20:     0x573c29311774 - std[617be2ca0a6fd877]::sys::backtrace::__rust_begin_short_backtrace::<test[aada8e7e76ba119b]::run_test::{closure#1}, ()>
[INFO] [stdout]   21:     0x573c2931af12 - <std[617be2ca0a6fd877]::thread::lifecycle::spawn_unchecked<test[aada8e7e76ba119b]::run_test::{closure#1}, ()>::{closure#1} as core[a373ad73a504971]::ops::function::FnOnce<()>>::call_once::{shim:vtable#0}
[INFO] [stdout]   22:     0x573c294c7caf - <std[617be2ca0a6fd877]::sys::thread::unix::Thread>::new::thread_start
[INFO] [stdout]   23:     0x74f98c69edfa - <unknown>
[INFO] [stdout]   24:     0x74f98c7323d4 - clone
[INFO] [stdout]   25:                0x0 - <unknown>
[INFO] [stdout] 
[INFO] [stdout] ---- danbooru::get_posts_with_limit stdout ----
[INFO] [stdout] 
[INFO] [stdout] thread 'danbooru::get_posts_with_limit' (1779) panicked at tests/danbooru_tests.rs:63:23:
[INFO] [stdout] called `Result::unwrap()` on an `Err` value: Reqwest(reqwest::Error { kind: Request, url: Url { scheme: "https", cannot_be_a_base: false, username: "", password: None, host: Some(Domain("testbooru.donmai.us")), port: None, path: "/posts.json", query: Some("limit=3&tags=kafuu_chino"), fragment: None }, source: hyper::Error(Connect, ConnectError("dns error", Custom { kind: Uncategorized, error: "failed to lookup address information: Temporary failure in name resolution" })) })
[INFO] [stdout] stack backtrace:
[INFO] [stdout]    0:     0x573c294c8801 - <<std[617be2ca0a6fd877]::sys::backtrace::BacktraceLock>::print::DisplayBacktrace as core[a373ad73a504971]::fmt::Display>::fmt
[INFO] [stdout]    1:     0x573c294de64a - core[a373ad73a504971]::fmt::write
[INFO] [stdout]    2:     0x573c294cd09c - <alloc[2e1b2a31b91974c5]::vec::Vec<u8> as core[a373ad73a504971]::io::write::Write>::write_fmt
[INFO] [stdout]    3:     0x573c294a3c06 - std[617be2ca0a6fd877]::panicking::default_hook::{closure#0}
[INFO] [stdout]    4:     0x573c294c07f9 - std[617be2ca0a6fd877]::panicking::default_hook
[INFO] [stdout]    5:     0x573c29317860 - test[aada8e7e76ba119b]::test_main_inner::{closure#0}
[INFO] [stdout]    6:     0x573c294c0b22 - std[617be2ca0a6fd877]::panicking::panic_with_hook
[INFO] [stdout]    7:     0x573c294a3cb2 - std[617be2ca0a6fd877]::panicking::panic_handler::{closure#0}
[INFO] [stdout]    8:     0x573c2949c8e9 - std[617be2ca0a6fd877]::sys::backtrace::__rust_end_short_backtrace::<std[617be2ca0a6fd877]::panicking::panic_handler::{closure#0}, !>
[INFO] [stdout]    9:     0x573c294a4aad - __rustc[ea4f61d10b84890b]::rust_begin_unwind
[INFO] [stdout]   10:     0x573c294dedac - core[a373ad73a504971]::panicking::panic_fmt
[INFO] [stdout]   11:     0x573c294deb82 - core[a373ad73a504971]::result::unwrap_failed
[INFO] [stdout]   12:     0x573c29300aef - danbooru_tests[5d3f3bff835aea4f]::danbooru::get_posts_with_limit::{closure#0}
[INFO] [stdout]   13:     0x573c29306b5a - <tokio[6d42b074fde3f578]::runtime::context::scoped::Scoped<tokio[6d42b074fde3f578]::runtime::scheduler::Context>>::set::<<tokio[6d42b074fde3f578]::runtime::scheduler::current_thread::CoreGuard>::enter<<tokio[6d42b074fde3f578]::runtime::scheduler::current_thread::CoreGuard>::block_on<core[a373ad73a504971]::pin::Pin<&mut core[a373ad73a504971]::pin::Pin<&mut dyn core[a373ad73a504971]::future::future::Future<Output = ()>>>>::{closure#0}, core[a373ad73a504971]::option::Option<()>>::{closure#0}, (alloc[2e1b2a31b91974c5]::boxed::Box<tokio[6d42b074fde3f578]::runtime::scheduler::current_thread::Core>, core[a373ad73a504971]::option::Option<()>)>
[INFO] [stdout]   14:     0x573c2930714d - <tokio[6d42b074fde3f578]::runtime::scheduler::current_thread::CoreGuard>::block_on::<core[a373ad73a504971]::pin::Pin<&mut core[a373ad73a504971]::pin::Pin<&mut dyn core[a373ad73a504971]::future::future::Future<Output = ()>>>>
[INFO] [stdout]   15:     0x573c2930591b - tokio[6d42b074fde3f578]::runtime::context::runtime::enter_runtime::<<tokio[6d42b074fde3f578]::runtime::scheduler::current_thread::CurrentThread>::block_on<core[a373ad73a504971]::pin::Pin<&mut dyn core[a373ad73a504971]::future::future::Future<Output = ()>>>::{closure#0}, ()>
[INFO] [stdout]   16:     0x573c293069b5 - <tokio[6d42b074fde3f578]::runtime::runtime::Runtime>::block_on::<core[a373ad73a504971]::pin::Pin<&mut dyn core[a373ad73a504971]::future::future::Future<Output = ()>>>
[INFO] [stdout]   17:     0x573c2930366e - <danbooru_tests[5d3f3bff835aea4f]::danbooru::get_posts_with_limit::{closure#0} as core[a373ad73a504971]::ops::function::FnOnce<()>>::call_once
[INFO] [stdout]   18:     0x573c2930acab - test[aada8e7e76ba119b]::__rust_begin_short_backtrace::<core[a373ad73a504971]::result::Result<(), alloc[2e1b2a31b91974c5]::string::String>, fn() -> core[a373ad73a504971]::result::Result<(), alloc[2e1b2a31b91974c5]::string::String>>
[INFO] [stdout]   19:     0x573c29317e85 - test[aada8e7e76ba119b]::run_test::{closure#0}
[INFO] [stdout]   20:     0x573c29311774 - std[617be2ca0a6fd877]::sys::backtrace::__rust_begin_short_backtrace::<test[aada8e7e76ba119b]::run_test::{closure#1}, ()>
[INFO] [stdout]   21:     0x573c2931af12 - <std[617be2ca0a6fd877]::thread::lifecycle::spawn_unchecked<test[aada8e7e76ba119b]::run_test::{closure#1}, ()>::{closure#1} as core[a373ad73a504971]::ops::function::FnOnce<()>>::call_once::{shim:vtable#0}
[INFO] [stdout]   22:     0x573c294c7caf - <std[617be2ca0a6fd877]::sys::thread::unix::Thread>::new::thread_start
[INFO] [stdout]   23:     0x74f98c69edfa - <unknown>
[INFO] [stdout]   24:     0x74f98c7323d4 - clone
[INFO] [stdout]   25:                0x0 - <unknown>
[INFO] [stdout] 
[INFO] [stdout] ---- danbooru::get_post_by_id stdout ----
[INFO] [stdout] 
[INFO] [stdout] thread 'danbooru::get_post_by_id' (1776) panicked at tests/danbooru_tests.rs:98:18:
[INFO] [stdout] called `Result::unwrap()` on an `Err` value: Reqwest(reqwest::Error { kind: Request, url: Url { scheme: "https", cannot_be_a_base: false, username: "", password: None, host: Some(Domain("testbooru.donmai.us")), port: None, path: "/posts/9423.json", query: None, fragment: None }, source: hyper::Error(Connect, ConnectError("dns error", Custom { kind: Uncategorized, error: "failed to lookup address information: Temporary failure in name resolution" })) })
[INFO] [stdout] stack backtrace:
[INFO] [stdout]    0:     0x573c294c8801 - <<std[617be2ca0a6fd877]::sys::backtrace::BacktraceLock>::print::DisplayBacktrace as core[a373ad73a504971]::fmt::Display>::fmt
[INFO] [stdout]    1:     0x573c294de64a - core[a373ad73a504971]::fmt::write
[INFO] [stdout]    2:     0x573c294cd09c - <alloc[2e1b2a31b91974c5]::vec::Vec<u8> as core[a373ad73a504971]::io::write::Write>::write_fmt
[INFO] [stdout]    3:     0x573c294a3c06 - std[617be2ca0a6fd877]::panicking::default_hook::{closure#0}
[INFO] [stdout]    4:     0x573c294c07f9 - std[617be2ca0a6fd877]::panicking::default_hook
[INFO] [stdout]    5:     0x573c29317860 - test[aada8e7e76ba119b]::test_main_inner::{closure#0}
[INFO] [stdout]    6:     0x573c294c0b22 - std[617be2ca0a6fd877]::panicking::panic_with_hook
[INFO] [stdout]    7:     0x573c294a3cb2 - std[617be2ca0a6fd877]::panicking::panic_handler::{closure#0}
[INFO] [stdout]    8:     0x573c2949c8e9 - std[617be2ca0a6fd877]::sys::backtrace::__rust_end_short_backtrace::<std[617be2ca0a6fd877]::panicking::panic_handler::{closure#0}, !>
[INFO] [stdout]    9:     0x573c294a4aad - __rustc[ea4f61d10b84890b]::rust_begin_unwind
[INFO] [stdout]   10:     0x573c294dedac - core[a373ad73a504971]::panicking::panic_fmt
[INFO] [stdout]   11:     0x573c294deb82 - core[a373ad73a504971]::result::unwrap_failed
[INFO] [stdout]   12:     0x573c292ff403 - danbooru_tests[5d3f3bff835aea4f]::danbooru::get_post_by_id::{closure#0}
[INFO] [stdout]   13:     0x573c29306b5a - <tokio[6d42b074fde3f578]::runtime::context::scoped::Scoped<tokio[6d42b074fde3f578]::runtime::scheduler::Context>>::set::<<tokio[6d42b074fde3f578]::runtime::scheduler::current_thread::CoreGuard>::enter<<tokio[6d42b074fde3f578]::runtime::scheduler::current_thread::CoreGuard>::block_on<core[a373ad73a504971]::pin::Pin<&mut core[a373ad73a504971]::pin::Pin<&mut dyn core[a373ad73a504971]::future::future::Future<Output = ()>>>>::{closure#0}, core[a373ad73a504971]::option::Option<()>>::{closure#0}, (alloc[2e1b2a31b91974c5]::boxed::Box<tokio[6d42b074fde3f578]::runtime::scheduler::current_thread::Core>, core[a373ad73a504971]::option::Option<()>)>
[INFO] [stdout]   14:     0x573c2930714d - <tokio[6d42b074fde3f578]::runtime::scheduler::current_thread::CoreGuard>::block_on::<core[a373ad73a504971]::pin::Pin<&mut core[a373ad73a504971]::pin::Pin<&mut dyn core[a373ad73a504971]::future::future::Future<Output = ()>>>>
[INFO] [stdout]   15:     0x573c2930591b - tokio[6d42b074fde3f578]::runtime::context::runtime::enter_runtime::<<tokio[6d42b074fde3f578]::runtime::scheduler::current_thread::CurrentThread>::block_on<core[a373ad73a504971]::pin::Pin<&mut dyn core[a373ad73a504971]::future::future::Future<Output = ()>>>::{closure#0}, ()>
[INFO] [stdout]   16:     0x573c293069b5 - <tokio[6d42b074fde3f578]::runtime::runtime::Runtime>::block_on::<core[a373ad73a504971]::pin::Pin<&mut dyn core[a373ad73a504971]::future::future::Future<Output = ()>>>
[INFO] [stdout]   17:     0x573c2930240e - <danbooru_tests[5d3f3bff835aea4f]::danbooru::get_post_by_id::{closure#0} as core[a373ad73a504971]::ops::function::FnOnce<()>>::call_once
[INFO] [stdout]   18:     0x573c2930acab - test[aada8e7e76ba119b]::__rust_begin_short_backtrace::<core[a373ad73a504971]::result::Result<(), alloc[2e1b2a31b91974c5]::string::String>, fn() -> core[a373ad73a504971]::result::Result<(), alloc[2e1b2a31b91974c5]::string::String>>
[INFO] [stdout]   19:     0x573c29317e85 - test[aada8e7e76ba119b]::run_test::{closure#0}
[INFO] [stdout]   20:     0x573c29311774 - std[617be2ca0a6fd877]::sys::backtrace::__rust_begin_short_backtrace::<test[aada8e7e76ba119b]::run_test::{closure#1}, ()>
[INFO] [stdout]   21:     0x573c2931af12 - <std[617be2ca0a6fd877]::thread::lifecycle::spawn_unchecked<test[aada8e7e76ba119b]::run_test::{closure#1}, ()>::{closure#1} as core[a373ad73a504971]::ops::function::FnOnce<()>>::call_once::{shim:vtable#0}
[INFO] [stdout]   22:     0x573c294c7caf - <std[617be2ca0a6fd877]::sys::thread::unix::Thread>::new::thread_start
[INFO] [stdout]   23:     0x74f98c69edfa - <unknown>
[INFO] [stdout]   24:     0x74f98c7323d4 - clone
[INFO] [stdout]   25:                0x0 - <unknown>
[INFO] [stdout] 
[INFO] [stdout] 
[INFO] [stdout] failures:
[INFO] [stdout]     danbooru::get_post_by_id
[INFO] [stdout]     danbooru::get_posts_multiple_tags
[INFO] [stdout]     danbooru::get_posts_with_blacklist_tag
[INFO] [stdout]     danbooru::get_posts_with_limit
[INFO] [stdout]     danbooru::get_posts_with_rating
[INFO] [stdout]     danbooru::get_posts_with_sort
[INFO] [stdout]     danbooru::get_posts_with_tag
[INFO] [stdout]     danbooru::get_random_posts
[INFO] [stdout] 
[INFO] [stdout] test result: FAILED. 3 passed; 8 failed; 0 ignored; 0 measured; 0 filtered out; finished in 0.22s
[INFO] [stdout] 
[INFO] [stderr] error: test failed, to rerun pass `--test danbooru_tests`
[INFO] running `Command { std: "docker" "inspect" "383603a7a83ab3bff894e80b6ee94a628ff7ea5f17ea93475c68310b4cb43118", kill_on_drop: false }`
[INFO] running `Command { std: "docker" "rm" "-f" "383603a7a83ab3bff894e80b6ee94a628ff7ea5f17ea93475c68310b4cb43118", kill_on_drop: false }`
[INFO] [stdout] 383603a7a83ab3bff894e80b6ee94a628ff7ea5f17ea93475c68310b4cb43118
