[INFO] fetching crate rustx 0.0.1...
[INFO] testing rustx-0.0.1 against 1.99.0-beta.8+cargoflags=--release for beta-release-1.100-2
[INFO] extracting crate rustx 0.0.1 into /workspace/builds/worker-3-tc1/source
[INFO] started tweaking crates.io crate rustx 0.0.1
[INFO] removed 0 missing tests
[INFO] finished tweaking crates.io crate rustx 0.0.1
[INFO] tweaked toml for crates.io crate rustx 0.0.1 written to /workspace/builds/worker-3-tc1/source/Cargo.toml
[INFO] validating manifest of crates.io crate rustx 0.0.1 on toolchain 1.99.0-beta.8
[INFO] running `Command { std: CARGO_HOME="/workspace/cargo-home" RUSTUP_HOME="/workspace/rustup-home" "/workspace/cargo-home/bin/cargo" "+1.99.0-beta.8" "metadata" "--manifest-path" "Cargo.toml" "--no-deps", kill_on_drop: false }`
[INFO] crate crates.io crate rustx 0.0.1 already has a lockfile, it will not be regenerated
[INFO] running `Command { std: CARGO_HOME="/workspace/cargo-home" RUSTUP_HOME="/workspace/rustup-home" "/workspace/cargo-home/bin/cargo" "+1.99.0-beta.8" "fetch" "--manifest-path" "Cargo.toml", kill_on_drop: false }`
[INFO] running `Command { std: "docker" "create" "-v" "/var/lib/crater-agent-workspace/builds/worker-3-tc1/source:/opt/rustwide/workdir:ro,Z" "-v" "/var/lib/crater-agent-workspace/builds/worker-3-tc1/target:/opt/rustwide/target:rw,Z" "-v" "/var/lib/crater-agent-workspace/cargo-home:/opt/rustwide/cargo-home:ro,Z" "-v" "/var/lib/crater-agent-workspace/rustup-home:/opt/rustwide/rustup-home:ro,Z" "-m" "1610612736" "--network" "none" "ghcr.io/rust-lang/crates-build-env/linux@sha256:77db811e55d90add9212f6832c23229e3de5f1c1f9905e8cb07319ea15df73ac" "sleep" "infinity", kill_on_drop: false }`
[INFO] [stdout] 5a1f1698a0dfec255c41e6958b6740f15c485e4ece4ec15a17ab96e9a6bba017
[INFO] running `Command { std: "docker" "start" "5a1f1698a0dfec255c41e6958b6740f15c485e4ece4ec15a17ab96e9a6bba017", kill_on_drop: false }`
[INFO] running `Command { std: "docker" "inspect" "5a1f1698a0dfec255c41e6958b6740f15c485e4ece4ec15a17ab96e9a6bba017", kill_on_drop: false }`
[INFO] running `Command { std: "docker" "exec" "-e" "SOURCE_DIR=/opt/rustwide/workdir" "-e" "CARGO_HOME=/opt/rustwide/cargo-home" "-e" "RUSTUP_HOME=/opt/rustwide/rustup-home" "-e" "CARGO_TARGET_DIR=/opt/rustwide/target" "-w" "/opt/rustwide/workdir" "--user" "0:0" "5a1f1698a0dfec255c41e6958b6740f15c485e4ece4ec15a17ab96e9a6bba017" "/opt/rustwide/cargo-home/bin/cargo" "+1.99.0-beta.8" "metadata" "--no-deps" "--format-version=1", kill_on_drop: false }`
[INFO] running `Command { std: "docker" "inspect" "5a1f1698a0dfec255c41e6958b6740f15c485e4ece4ec15a17ab96e9a6bba017", kill_on_drop: false }`
[INFO] running `Command { std: "docker" "exec" "-e" "SOURCE_DIR=/opt/rustwide/workdir" "-e" "CARGO_HOME=/opt/rustwide/cargo-home" "-e" "RUSTUP_HOME=/opt/rustwide/rustup-home" "-e" "CARGO_TARGET_DIR=/opt/rustwide/target" "-e" "CARGO_INCREMENTAL=0" "-e" "RUST_BACKTRACE=full" "-e" "RUSTFLAGS=--cap-lints=warn" "-e" "RUSTDOCFLAGS=--cap-lints=warn" "-w" "/opt/rustwide/workdir" "--user" "0:0" "5a1f1698a0dfec255c41e6958b6740f15c485e4ece4ec15a17ab96e9a6bba017" "/opt/rustwide/cargo-home/bin/cargo" "+1.99.0-beta.8" "build" "--frozen" "--message-format=json" "--release", kill_on_drop: false }`
[INFO] [stderr]    Compiling rustx v0.0.1 (/opt/rustwide/workdir)
[INFO] [stderr]     Finished `release` profile [optimized] target(s) in 1.18s
[INFO] running `Command { std: "docker" "inspect" "5a1f1698a0dfec255c41e6958b6740f15c485e4ece4ec15a17ab96e9a6bba017", kill_on_drop: false }`
[INFO] running `Command { std: "docker" "exec" "-e" "SOURCE_DIR=/opt/rustwide/workdir" "-e" "CARGO_HOME=/opt/rustwide/cargo-home" "-e" "RUSTUP_HOME=/opt/rustwide/rustup-home" "-e" "CARGO_TARGET_DIR=/opt/rustwide/target" "-e" "CARGO_INCREMENTAL=0" "-e" "RUST_BACKTRACE=full" "-e" "RUSTFLAGS=--cap-lints=warn" "-e" "RUSTDOCFLAGS=--cap-lints=warn" "-w" "/opt/rustwide/workdir" "--user" "0:0" "5a1f1698a0dfec255c41e6958b6740f15c485e4ece4ec15a17ab96e9a6bba017" "/opt/rustwide/cargo-home/bin/cargo" "+1.99.0-beta.8" "test" "--frozen" "--no-run" "--message-format=json" "--release", kill_on_drop: false }`
[INFO] [stderr]    Compiling rustx v0.0.1 (/opt/rustwide/workdir)
[INFO] [stderr]     Finished `release` profile [optimized] target(s) in 2.17s
[INFO] running `Command { std: "docker" "inspect" "5a1f1698a0dfec255c41e6958b6740f15c485e4ece4ec15a17ab96e9a6bba017", kill_on_drop: false }`
[INFO] running `Command { std: "docker" "exec" "-e" "SOURCE_DIR=/opt/rustwide/workdir" "-e" "CARGO_HOME=/opt/rustwide/cargo-home" "-e" "RUSTUP_HOME=/opt/rustwide/rustup-home" "-e" "CARGO_TARGET_DIR=/opt/rustwide/target" "-e" "CARGO_INCREMENTAL=0" "-e" "RUST_BACKTRACE=full" "-e" "RUSTFLAGS=--cap-lints=warn" "-e" "RUSTDOCFLAGS=--cap-lints=warn" "-w" "/opt/rustwide/workdir" "--user" "0:0" "5a1f1698a0dfec255c41e6958b6740f15c485e4ece4ec15a17ab96e9a6bba017" "/opt/rustwide/cargo-home/bin/cargo" "+1.99.0-beta.8" "test" "--frozen" "--release", kill_on_drop: false }`
[INFO] [stderr]     Finished `release` profile [optimized] target(s) in 0.02s
[INFO] [stderr]      Running unittests src/main.rs (/opt/rustwide/target/release/deps/rustx-07afb7f28757162d)
[INFO] [stdout] 
[INFO] [stdout] running 18 tests
[INFO] [stdout] test cache::tests::cache_key_changes_when_script_changes ... ok
[INFO] [stdout] test cache::tests::cache_key_changes_when_profile_changes ... ok
[INFO] [stdout] test cache::tests::generated_package_name_is_valid_shape ... ok
[INFO] [stdout] test cli::tests::script_args_start_after_script_path ... ok
[INFO] [stdout] test cli::tests::separator_allows_dash_prefixed_script_path ... ok
[INFO] [stdout] test manifest::tests::fills_missing_package_fields ... ok
[INFO] [stdout] test script::tests::extracts_embedded_manifest ... ok
[INFO] [stdout] test script::tests::handles_crlf_shebang_and_manifest_markers ... ok
[INFO] [stdout] test script::tests::ignores_manifest_marker_after_rust_code_starts ... ok
[INFO] [stdout] test script::tests::keeps_comments_before_manifest_in_source ... ok
[INFO] [stdout] test script::tests::rejects_unclosed_manifest ... ok
[INFO] [stdout] test script::tests::strips_shebang ... ok
[INFO] [stdout] test manifest::tests::generates_default_manifest ... ok
[INFO] [stdout] test cli::tests::parses_standalone_cache_options ... ok
[INFO] [stdout] test cache::tests::hash_is_stable ... ok
[INFO] [stdout] test manifest::tests::prepends_package_table_when_missing ... ok
[INFO] [stdout] test manifest::tests::preserves_package_name ... ok
[INFO] [stderr]      Running tests/native_runner.rs (/opt/rustwide/target/release/deps/native_runner-355dbde4e9a6ea14)
[INFO] [stdout] test cli::tests::rejects_unknown_rustx_option_before_script ... ok
[INFO] [stdout] 
[INFO] [stdout] test result: ok. 18 passed; 0 failed; 0 ignored; 0 measured; 0 filtered out; finished in 0.02s
[INFO] [stdout] 
[INFO] [stdout] 
[INFO] [stdout] running 16 tests
[INFO] [stdout] test executes_shebang_script_directly ... FAILED
[INFO] [stdout] test no_args_prints_usage ... ok
[INFO] [stdout] test print_cache_dir_uses_env_override ... ok
[INFO] [stdout] test invalid_embedded_manifest_marker_fails_before_cargo ... ok
[INFO] [stdout] test print_generated_writes_package_without_building ... ok
[INFO] [stdout] test force_rebuild_invokes_cargo_even_when_cache_is_fresh ... FAILED
[INFO] [stdout] test runs_simple_script ... FAILED
[INFO] [stdout] test forwards_args_and_sets_argv0_on_unix ... FAILED
[INFO] [stdout] test release_build_uses_separate_cache_entry ... FAILED
[INFO] [stdout] test clear_cache_removes_only_rustx_cache_root ... FAILED
[INFO] [stdout] test propagates_script_exit_code ... FAILED
[INFO] [stdout] test cache_hit_does_not_invoke_cargo ... FAILED
[INFO] [stdout] test rust_compile_errors_return_cargo_failure ... ok
[INFO] [stdout] test supports_embedded_manifest ... FAILED
[INFO] [stdout] test updated_script_attempts_rebuild_instead_of_using_stale_cache ... FAILED
[INFO] [stdout] test updated_script_rebuilds_and_runs_new_binary ... FAILED
[INFO] [stdout] 
[INFO] [stdout] failures:
[INFO] [stdout] 
[INFO] [stdout] ---- executes_shebang_script_directly stdout ----
[INFO] [stdout] 
[INFO] [stdout] thread 'executes_shebang_script_directly' (211) panicked at tests/native_runner.rs:132:10:
[INFO] [stdout] called `Result::unwrap()` on an `Err` value: Os { code: 26, kind: ExecutableFileBusy, message: "Text file busy" }
[INFO] [stdout] stack backtrace:
[INFO] [stdout]    0:     0x638ec24e1b71 - <<std[70759c8f55707aa4]::sys::backtrace::BacktraceLock>::print::DisplayBacktrace as core[df12db4294e9bfd3]::fmt::Display>::fmt
[INFO] [stdout]    1:     0x638ec24f655a - core[df12db4294e9bfd3]::fmt::write
[INFO] [stdout]    2:     0x638ec24e63bc - <alloc[2182bb758b4b3781]::vec::Vec<u8> as core[df12db4294e9bfd3]::io::write::Write>::write_fmt
[INFO] [stdout]    3:     0x638ec24bc1e6 - std[70759c8f55707aa4]::panicking::default_hook::{closure#0}
[INFO] [stdout]    4:     0x638ec24d9d99 - std[70759c8f55707aa4]::panicking::default_hook
[INFO] [stdout]    5:     0x638ec2473dc0 - test[9d35eded1c95d3be]::test_main_inner::<test[9d35eded1c95d3be]::test_main_static::{closure#0}>::{closure#0}
[INFO] [stdout]    6:     0x638ec24d9f52 - std[70759c8f55707aa4]::panicking::panic_with_hook
[INFO] [stdout]    7:     0x638ec24bc292 - std[70759c8f55707aa4]::panicking::panic_handler::{closure#0}
[INFO] [stdout]    8:     0x638ec24b4e59 - std[70759c8f55707aa4]::sys::backtrace::__rust_end_short_backtrace::<std[70759c8f55707aa4]::panicking::panic_handler::{closure#0}, !>
[INFO] [stdout]    9:     0x638ec24bcf4d - __rustc[8fa7c3cbc660c2b3]::rust_begin_unwind
[INFO] [stdout]   10:     0x638ec24f6c8c - core[df12db4294e9bfd3]::panicking::panic_fmt
[INFO] [stdout]   11:     0x638ec24f6a62 - core[df12db4294e9bfd3]::result::unwrap_failed
[INFO] [stdout]   12:     0x638ec245fd8c - <native_runner[846dec93994f6d8b]::executes_shebang_script_directly::{closure#0} as core[df12db4294e9bfd3]::ops::function::FnOnce<()>>::call_once
[INFO] [stdout]   13:     0x638ec24670ab - test[9d35eded1c95d3be]::__rust_begin_short_backtrace::<core[df12db4294e9bfd3]::result::Result<(), alloc[2182bb758b4b3781]::string::String>, fn() -> core[df12db4294e9bfd3]::result::Result<(), alloc[2182bb758b4b3781]::string::String>>
[INFO] [stdout]   14:     0x638ec2474715 - test[9d35eded1c95d3be]::run_test::{closure#0}
[INFO] [stdout]   15:     0x638ec246dfd4 - std[70759c8f55707aa4]::sys::backtrace::__rust_begin_short_backtrace::<test[9d35eded1c95d3be]::run_test::{closure#1}, ()>
[INFO] [stdout]   16:     0x638ec2477872 - <std[70759c8f55707aa4]::thread::lifecycle::spawn_unchecked<test[9d35eded1c95d3be]::run_test::{closure#1}, ()>::{closure#1} as core[df12db4294e9bfd3]::ops::function::FnOnce<()>>::call_once::{shim:vtable#0}
[INFO] [stdout]   17:     0x638ec24e1259 - <std[70759c8f55707aa4]::sys::thread::unix::Thread>::new::thread_start
[INFO] [stdout]   18:     0x775adba2adfa - <unknown>
[INFO] [stdout]   19:     0x775adbabe3d4 - clone
[INFO] [stdout]   20:                0x0 - <unknown>
[INFO] [stdout] 
[INFO] [stdout] ---- force_rebuild_invokes_cargo_even_when_cache_is_fresh stdout ----
[INFO] [stdout] 
[INFO] [stdout] thread 'force_rebuild_invokes_cargo_even_when_cache_is_fresh' (212) panicked at tests/native_runner.rs:329:5:
[INFO] [stdout] stderr:    Compiling rustx_script_295b0f8b5d069519 v0.0.0 (/tmp/rustx-test-force-208-1792339787764069235/cache/v1-64e6d09e70103977)
[INFO] [stdout]     Finished `dev` profile [unoptimized + debuginfo] target(s) in 0.27s
[INFO] [stdout] rustx: cached binary was not produced: /tmp/rustx-test-force-208-1792339787764069235/cache/v1-64e6d09e70103977/target/debug/rustx_script_295b0f8b5d069519
[INFO] [stdout] 
[INFO] [stdout] stack backtrace:
[INFO] [stdout]    0:     0x638ec24e1b71 - <<std[70759c8f55707aa4]::sys::backtrace::BacktraceLock>::print::DisplayBacktrace as core[df12db4294e9bfd3]::fmt::Display>::fmt
[INFO] [stdout]    1:     0x638ec24f655a - core[df12db4294e9bfd3]::fmt::write
[INFO] [stdout]    2:     0x638ec24e63bc - <alloc[2182bb758b4b3781]::vec::Vec<u8> as core[df12db4294e9bfd3]::io::write::Write>::write_fmt
[INFO] [stdout]    3:     0x638ec24bc1e6 - std[70759c8f55707aa4]::panicking::default_hook::{closure#0}
[INFO] [stdout]    4:     0x638ec24d9d99 - std[70759c8f55707aa4]::panicking::default_hook
[INFO] [stdout]    5:     0x638ec2473dc0 - test[9d35eded1c95d3be]::test_main_inner::<test[9d35eded1c95d3be]::test_main_static::{closure#0}>::{closure#0}
[INFO] [stdout]    6:     0x638ec24d9f52 - std[70759c8f55707aa4]::panicking::panic_with_hook
[INFO] [stdout]    7:     0x638ec24bc292 - std[70759c8f55707aa4]::panicking::panic_handler::{closure#0}
[INFO] [stdout]    8:     0x638ec24b4e59 - std[70759c8f55707aa4]::sys::backtrace::__rust_end_short_backtrace::<std[70759c8f55707aa4]::panicking::panic_handler::{closure#0}, !>
[INFO] [stdout]    9:     0x638ec24bcf4d - __rustc[8fa7c3cbc660c2b3]::rust_begin_unwind
[INFO] [stdout]   10:     0x638ec24f6c8c - core[df12db4294e9bfd3]::panicking::panic_fmt
[INFO] [stdout]   11:     0x638ec24633ed - <native_runner[846dec93994f6d8b]::force_rebuild_invokes_cargo_even_when_cache_is_fresh::{closure#0} as core[df12db4294e9bfd3]::ops::function::FnOnce<()>>::call_once
[INFO] [stdout]   12:     0x638ec24670ab - test[9d35eded1c95d3be]::__rust_begin_short_backtrace::<core[df12db4294e9bfd3]::result::Result<(), alloc[2182bb758b4b3781]::string::String>, fn() -> core[df12db4294e9bfd3]::result::Result<(), alloc[2182bb758b4b3781]::string::String>>
[INFO] [stdout]   13:     0x638ec2474715 - test[9d35eded1c95d3be]::run_test::{closure#0}
[INFO] [stdout]   14:     0x638ec246dfd4 - std[70759c8f55707aa4]::sys::backtrace::__rust_begin_short_backtrace::<test[9d35eded1c95d3be]::run_test::{closure#1}, ()>
[INFO] [stdout]   15:     0x638ec2477872 - <std[70759c8f55707aa4]::thread::lifecycle::spawn_unchecked<test[9d35eded1c95d3be]::run_test::{closure#1}, ()>::{closure#1} as core[df12db4294e9bfd3]::ops::function::FnOnce<()>>::call_once::{shim:vtable#0}
[INFO] [stdout]   16:     0x638ec24e1259 - <std[70759c8f55707aa4]::sys::thread::unix::Thread>::new::thread_start
[INFO] [stdout]   17:     0x775adba2adfa - <unknown>
[INFO] [stdout]   18:     0x775adbabe3d4 - clone
[INFO] [stdout]   19:                0x0 - <unknown>
[INFO] [stdout] 
[INFO] [stdout] ---- runs_simple_script stdout ----
[INFO] [stdout] 
[INFO] [stdout] thread 'runs_simple_script' (238) panicked at tests/native_runner.rs:106:5:
[INFO] [stdout] stderr:     Blocking waiting for file lock on build directory
[INFO] [stdout]    Compiling rustx_script_30f8b596a4a0e4d3 v0.0.0 (/tmp/rustx-test-simple-208-1792339787778899194/cache/v1-3c07aad6b70f3a22)
[INFO] [stdout]     Finished `dev` profile [unoptimized + debuginfo] target(s) in 0.57s
[INFO] [stdout] rustx: cached binary was not produced: /tmp/rustx-test-simple-208-1792339787778899194/cache/v1-3c07aad6b70f3a22/target/debug/rustx_script_30f8b596a4a0e4d3
[INFO] [stdout] 
[INFO] [stdout] stack backtrace:
[INFO] [stdout]    0:     0x638ec24e1b71 - <<std[70759c8f55707aa4]::sys::backtrace::BacktraceLock>::print::DisplayBacktrace as core[df12db4294e9bfd3]::fmt::Display>::fmt
[INFO] [stdout]    1:     0x638ec24f655a - core[df12db4294e9bfd3]::fmt::write
[INFO] [stdout]    2:     0x638ec24e63bc - <alloc[2182bb758b4b3781]::vec::Vec<u8> as core[df12db4294e9bfd3]::io::write::Write>::write_fmt
[INFO] [stdout]    3:     0x638ec24bc1e6 - std[70759c8f55707aa4]::panicking::default_hook::{closure#0}
[INFO] [stdout]    4:     0x638ec24d9d99 - std[70759c8f55707aa4]::panicking::default_hook
[INFO] [stdout]    5:     0x638ec2473dc0 - test[9d35eded1c95d3be]::test_main_inner::<test[9d35eded1c95d3be]::test_main_static::{closure#0}>::{closure#0}
[INFO] [stdout]    6:     0x638ec24d9f52 - std[70759c8f55707aa4]::panicking::panic_with_hook
[INFO] [stdout]    7:     0x638ec24bc292 - std[70759c8f55707aa4]::panicking::panic_handler::{closure#0}
[INFO] [stdout]    8:     0x638ec24b4e59 - std[70759c8f55707aa4]::sys::backtrace::__rust_end_short_backtrace::<std[70759c8f55707aa4]::panicking::panic_handler::{closure#0}, !>
[INFO] [stdout]    9:     0x638ec24bcf4d - __rustc[8fa7c3cbc660c2b3]::rust_begin_unwind
[INFO] [stdout]   10:     0x638ec24f6c8c - core[df12db4294e9bfd3]::panicking::panic_fmt
[INFO] [stdout]   11:     0x638ec245e669 - <native_runner[846dec93994f6d8b]::runs_simple_script::{closure#0} as core[df12db4294e9bfd3]::ops::function::FnOnce<()>>::call_once
[INFO] [stdout]   12:     0x638ec24670ab - test[9d35eded1c95d3be]::__rust_begin_short_backtrace::<core[df12db4294e9bfd3]::result::Result<(), alloc[2182bb758b4b3781]::string::String>, fn() -> core[df12db4294e9bfd3]::result::Result<(), alloc[2182bb758b4b3781]::string::String>>
[INFO] [stdout]   13:     0x638ec2474715 - test[9d35eded1c95d3be]::run_test::{closure#0}
[INFO] [stdout]   14:     0x638ec246dfd4 - std[70759c8f55707aa4]::sys::backtrace::__rust_begin_short_backtrace::<test[9d35eded1c95d3be]::run_test::{closure#1}, ()>
[INFO] [stdout]   15:     0x638ec2477872 - <std[70759c8f55707aa4]::thread::lifecycle::spawn_unchecked<test[9d35eded1c95d3be]::run_test::{closure#1}, ()>::{closure#1} as core[df12db4294e9bfd3]::ops::function::FnOnce<()>>::call_once::{shim:vtable#0}
[INFO] [stdout]   16:     0x638ec24e1259 - <std[70759c8f55707aa4]::sys::thread::unix::Thread>::new::thread_start
[INFO] [stdout]   17:     0x775adba2adfa - <unknown>
[INFO] [stdout]   18:     0x775adbabe3d4 - clone
[INFO] [stdout]   19:                0x0 - <unknown>
[INFO] [stdout] 
[INFO] [stdout] ---- forwards_args_and_sets_argv0_on_unix stdout ----
[INFO] [stdout] 
[INFO] [stdout] thread 'forwards_args_and_sets_argv0_on_unix' (213) panicked at tests/native_runner.rs:154:5:
[INFO] [stdout] stderr:     Blocking waiting for file lock on build directory
[INFO] [stdout]    Compiling rustx_script_ec545676945071e5 v0.0.0 (/tmp/rustx-test-args-208-1792339787758812485/cache/v1-6cb6b882e26876d1)
[INFO] [stdout]     Finished `dev` profile [unoptimized + debuginfo] target(s) in 0.92s
[INFO] [stdout] rustx: cached binary was not produced: /tmp/rustx-test-args-208-1792339787758812485/cache/v1-6cb6b882e26876d1/target/debug/rustx_script_ec545676945071e5
[INFO] [stdout] 
[INFO] [stdout] stack backtrace:
[INFO] [stdout]    0:     0x638ec24e1b71 - <<std[70759c8f55707aa4]::sys::backtrace::BacktraceLock>::print::DisplayBacktrace as core[df12db4294e9bfd3]::fmt::Display>::fmt
[INFO] [stdout]    1:     0x638ec24f655a - core[df12db4294e9bfd3]::fmt::write
[INFO] [stdout]    2:     0x638ec24e63bc - <alloc[2182bb758b4b3781]::vec::Vec<u8> as core[df12db4294e9bfd3]::io::write::Write>::write_fmt
[INFO] [stdout]    3:     0x638ec24bc1e6 - std[70759c8f55707aa4]::panicking::default_hook::{closure#0}
[INFO] [stdout]    4:     0x638ec24d9d99 - std[70759c8f55707aa4]::panicking::default_hook
[INFO] [stdout]    5:     0x638ec2473dc0 - test[9d35eded1c95d3be]::test_main_inner::<test[9d35eded1c95d3be]::test_main_static::{closure#0}>::{closure#0}
[INFO] [stdout]    6:     0x638ec24d9f52 - std[70759c8f55707aa4]::panicking::panic_with_hook
[INFO] [stdout]    7:     0x638ec24bc292 - std[70759c8f55707aa4]::panicking::panic_handler::{closure#0}
[INFO] [stdout]    8:     0x638ec24b4e59 - std[70759c8f55707aa4]::sys::backtrace::__rust_end_short_backtrace::<std[70759c8f55707aa4]::panicking::panic_handler::{closure#0}, !>
[INFO] [stdout]    9:     0x638ec24bcf4d - __rustc[8fa7c3cbc660c2b3]::rust_begin_unwind
[INFO] [stdout]   10:     0x638ec24f6c8c - core[df12db4294e9bfd3]::panicking::panic_fmt
[INFO] [stdout]   11:     0x638ec24607e5 - <native_runner[846dec93994f6d8b]::forwards_args_and_sets_argv0_on_unix::{closure#0} as core[df12db4294e9bfd3]::ops::function::FnOnce<()>>::call_once
[INFO] [stdout]   12:     0x638ec24670ab - test[9d35eded1c95d3be]::__rust_begin_short_backtrace::<core[df12db4294e9bfd3]::result::Result<(), alloc[2182bb758b4b3781]::string::String>, fn() -> core[df12db4294e9bfd3]::result::Result<(), alloc[2182bb758b4b3781]::string::String>>
[INFO] [stdout]   13:     0x638ec2474715 - test[9d35eded1c95d3be]::run_test::{closure#0}
[INFO] [stdout]   14:     0x638ec246dfd4 - std[70759c8f55707aa4]::sys::backtrace::__rust_begin_short_backtrace::<test[9d35eded1c95d3be]::run_test::{closure#1}, ()>
[INFO] [stdout]   15:     0x638ec2477872 - <std[70759c8f55707aa4]::thread::lifecycle::spawn_unchecked<test[9d35eded1c95d3be]::run_test::{closure#1}, ()>::{closure#1} as core[df12db4294e9bfd3]::ops::function::FnOnce<()>>::call_once::{shim:vtable#0}
[INFO] [stdout]   16:     0x638ec24e1259 - <std[70759c8f55707aa4]::sys::thread::unix::Thread>::new::thread_start
[INFO] [stdout]   17:     0x775adba2adfa - <unknown>
[INFO] [stdout]   18:     0x775adbabe3d4 - clone
[INFO] [stdout]   19:                0x0 - <unknown>
[INFO] [stdout] 
[INFO] [stdout] ---- release_build_uses_separate_cache_entry stdout ----
[INFO] [stdout] 
[INFO] [stdout] thread 'release_build_uses_separate_cache_entry' (230) panicked at tests/native_runner.rs:474:5:
[INFO] [stdout] stderr:     Blocking waiting for file lock on build directory
[INFO] [stdout]    Compiling rustx_script_fb1d45bd57d72e51 v0.0.0 (/tmp/rustx-test-release-208-1792339787766251365/cache/v1-cd70f43d2305c174)
[INFO] [stdout]     Finished `dev` profile [unoptimized + debuginfo] target(s) in 1.20s
[INFO] [stdout] rustx: cached binary was not produced: /tmp/rustx-test-release-208-1792339787766251365/cache/v1-cd70f43d2305c174/target/debug/rustx_script_fb1d45bd57d72e51
[INFO] [stdout] 
[INFO] [stdout] stack backtrace:
[INFO] [stdout]    0:     0x638ec24e1b71 - <<std[70759c8f55707aa4]::sys::backtrace::BacktraceLock>::print::DisplayBacktrace as core[df12db4294e9bfd3]::fmt::Display>::fmt
[INFO] [stdout]    1:     0x638ec24f655a - core[df12db4294e9bfd3]::fmt::write
[INFO] [stdout]    2:     0x638ec24e63bc - <alloc[2182bb758b4b3781]::vec::Vec<u8> as core[df12db4294e9bfd3]::io::write::Write>::write_fmt
[INFO] [stdout]    3:     0x638ec24bc1e6 - std[70759c8f55707aa4]::panicking::default_hook::{closure#0}
[INFO] [stdout]    4:     0x638ec24d9d99 - std[70759c8f55707aa4]::panicking::default_hook
[INFO] [stdout]    5:     0x638ec2473dc0 - test[9d35eded1c95d3be]::test_main_inner::<test[9d35eded1c95d3be]::test_main_static::{closure#0}>::{closure#0}
[INFO] [stdout]    6:     0x638ec24d9f52 - std[70759c8f55707aa4]::panicking::panic_with_hook
[INFO] [stdout]    7:     0x638ec24bc292 - std[70759c8f55707aa4]::panicking::panic_handler::{closure#0}
[INFO] [stdout]    8:     0x638ec24b4e59 - std[70759c8f55707aa4]::sys::backtrace::__rust_end_short_backtrace::<std[70759c8f55707aa4]::panicking::panic_handler::{closure#0}, !>
[INFO] [stdout]    9:     0x638ec24bcf4d - __rustc[8fa7c3cbc660c2b3]::rust_begin_unwind
[INFO] [stdout]   10:     0x638ec24f6c8c - core[df12db4294e9bfd3]::panicking::panic_fmt
[INFO] [stdout]   11:     0x638ec2460e07 - <native_runner[846dec93994f6d8b]::release_build_uses_separate_cache_entry::{closure#0} as core[df12db4294e9bfd3]::ops::function::FnOnce<()>>::call_once
[INFO] [stdout]   12:     0x638ec24670ab - test[9d35eded1c95d3be]::__rust_begin_short_backtrace::<core[df12db4294e9bfd3]::result::Result<(), alloc[2182bb758b4b3781]::string::String>, fn() -> core[df12db4294e9bfd3]::result::Result<(), alloc[2182bb758b4b3781]::string::String>>
[INFO] [stdout]   13:     0x638ec2474715 - test[9d35eded1c95d3be]::run_test::{closure#0}
[INFO] [stdout]   14:     0x638ec246dfd4 - std[70759c8f55707aa4]::sys::backtrace::__rust_begin_short_backtrace::<test[9d35eded1c95d3be]::run_test::{closure#1}, ()>
[INFO] [stdout]   15:     0x638ec2477872 - <std[70759c8f55707aa4]::thread::lifecycle::spawn_unchecked<test[9d35eded1c95d3be]::run_test::{closure#1}, ()>::{closure#1} as core[df12db4294e9bfd3]::ops::function::FnOnce<()>>::call_once::{shim:vtable#0}
[INFO] [stdout]   16:     0x638ec24e1259 - <std[70759c8f55707aa4]::sys::thread::unix::Thread>::new::thread_start
[INFO] [stdout]   17:     0x775adba2adfa - <unknown>
[INFO] [stdout]   18:     0x775adbabe3d4 - clone
[INFO] [stdout]   19:                0x0 - <unknown>
[INFO] [stdout] 
[INFO] [stdout] ---- clear_cache_removes_only_rustx_cache_root stdout ----
[INFO] [stdout] 
[INFO] [stdout] thread 'clear_cache_removes_only_rustx_cache_root' (210) panicked at tests/native_runner.rs:393:5:
[INFO] [stdout] stderr:     Blocking waiting for file lock on build directory
[INFO] [stdout]    Compiling rustx_script_c16146b896f594ef v0.0.0 (/tmp/rustx-test-clear-cache-208-1792339787761035075/cache/v1-d91b20b103436a32)
[INFO] [stdout]     Finished `dev` profile [unoptimized + debuginfo] target(s) in 1.33s
[INFO] [stdout] rustx: cached binary was not produced: /tmp/rustx-test-clear-cache-208-1792339787761035075/cache/v1-d91b20b103436a32/target/debug/rustx_script_c16146b896f594ef
[INFO] [stdout] 
[INFO] [stdout] stack backtrace:
[INFO] [stdout]    0:     0x638ec24e1b71 - <<std[70759c8f55707aa4]::sys::backtrace::BacktraceLock>::print::DisplayBacktrace as core[df12db4294e9bfd3]::fmt::Display>::fmt
[INFO] [stdout]    1:     0x638ec24f655a - core[df12db4294e9bfd3]::fmt::write
[INFO] [stdout]    2:     0x638ec24e63bc - <alloc[2182bb758b4b3781]::vec::Vec<u8> as core[df12db4294e9bfd3]::io::write::Write>::write_fmt
[INFO] [stdout]    3:     0x638ec24bc1e6 - std[70759c8f55707aa4]::panicking::default_hook::{closure#0}
[INFO] [stdout]    4:     0x638ec24d9d99 - std[70759c8f55707aa4]::panicking::default_hook
[INFO] [stdout]    5:     0x638ec2473dc0 - test[9d35eded1c95d3be]::test_main_inner::<test[9d35eded1c95d3be]::test_main_static::{closure#0}>::{closure#0}
[INFO] [stdout]    6:     0x638ec24d9f52 - std[70759c8f55707aa4]::panicking::panic_with_hook
[INFO] [stdout]    7:     0x638ec24bc292 - std[70759c8f55707aa4]::panicking::panic_handler::{closure#0}
[INFO] [stdout]    8:     0x638ec24b4e59 - std[70759c8f55707aa4]::sys::backtrace::__rust_end_short_backtrace::<std[70759c8f55707aa4]::panicking::panic_handler::{closure#0}, !>
[INFO] [stdout]    9:     0x638ec24bcf4d - __rustc[8fa7c3cbc660c2b3]::rust_begin_unwind
[INFO] [stdout]   10:     0x638ec24f6c8c - core[df12db4294e9bfd3]::panicking::panic_fmt
[INFO] [stdout]   11:     0x638ec2461675 - <native_runner[846dec93994f6d8b]::clear_cache_removes_only_rustx_cache_root::{closure#0} as core[df12db4294e9bfd3]::ops::function::FnOnce<()>>::call_once
[INFO] [stdout]   12:     0x638ec24670ab - test[9d35eded1c95d3be]::__rust_begin_short_backtrace::<core[df12db4294e9bfd3]::result::Result<(), alloc[2182bb758b4b3781]::string::String>, fn() -> core[df12db4294e9bfd3]::result::Result<(), alloc[2182bb758b4b3781]::string::String>>
[INFO] [stdout]   13:     0x638ec2474715 - test[9d35eded1c95d3be]::run_test::{closure#0}
[INFO] [stdout]   14:     0x638ec246dfd4 - std[70759c8f55707aa4]::sys::backtrace::__rust_begin_short_backtrace::<test[9d35eded1c95d3be]::run_test::{closure#1}, ()>
[INFO] [stdout]   15:     0x638ec2477872 - <std[70759c8f55707aa4]::thread::lifecycle::spawn_unchecked<test[9d35eded1c95d3be]::run_test::{closure#1}, ()>::{closure#1} as core[df12db4294e9bfd3]::ops::function::FnOnce<()>>::call_once::{shim:vtable#0}
[INFO] [stdout]   16:     0x638ec24e1259 - <std[70759c8f55707aa4]::sys::thread::unix::Thread>::new::thread_start
[INFO] [stdout]   17:     0x775adba2adfa - <unknown>
[INFO] [stdout]   18:     0x775adbabe3d4 - clone
[INFO] [stdout]   19:                0x0 - <unknown>
[INFO] [stdout] 
[INFO] [stdout] ---- propagates_script_exit_code stdout ----
[INFO] [stdout] 
[INFO] [stdout] thread 'propagates_script_exit_code' (229) panicked at tests/native_runner.rs:206:5:
[INFO] [stdout] assertion `left == right` failed
[INFO] [stdout]   left: Some(1)
[INFO] [stdout]  right: Some(37)
[INFO] [stdout] stack backtrace:
[INFO] [stdout]    0:     0x638ec24e1b71 - <<std[70759c8f55707aa4]::sys::backtrace::BacktraceLock>::print::DisplayBacktrace as core[df12db4294e9bfd3]::fmt::Display>::fmt
[INFO] [stdout]    1:     0x638ec24f655a - core[df12db4294e9bfd3]::fmt::write
[INFO] [stdout]    2:     0x638ec24e63bc - <alloc[2182bb758b4b3781]::vec::Vec<u8> as core[df12db4294e9bfd3]::io::write::Write>::write_fmt
[INFO] [stdout]    3:     0x638ec24bc1e6 - std[70759c8f55707aa4]::panicking::default_hook::{closure#0}
[INFO] [stdout]    4:     0x638ec24d9d99 - std[70759c8f55707aa4]::panicking::default_hook
[INFO] [stdout]    5:     0x638ec2473dc0 - test[9d35eded1c95d3be]::test_main_inner::<test[9d35eded1c95d3be]::test_main_static::{closure#0}>::{closure#0}
[INFO] [stdout]    6:     0x638ec24d9f52 - std[70759c8f55707aa4]::panicking::panic_with_hook
[INFO] [stdout]    7:     0x638ec24bc292 - std[70759c8f55707aa4]::panicking::panic_handler::{closure#0}
[INFO] [stdout]    8:     0x638ec24b4e59 - std[70759c8f55707aa4]::sys::backtrace::__rust_end_short_backtrace::<std[70759c8f55707aa4]::panicking::panic_handler::{closure#0}, !>
[INFO] [stdout]    9:     0x638ec24bcf4d - __rustc[8fa7c3cbc660c2b3]::rust_begin_unwind
[INFO] [stdout]   10:     0x638ec24f6c8c - core[df12db4294e9bfd3]::panicking::panic_fmt
[INFO] [stdout]   11:     0x638ec24f6ba3 - core[df12db4294e9bfd3]::panicking::assert_failed_inner
[INFO] [stdout]   12:     0x638ec2464799 - core[df12db4294e9bfd3]::panicking::assert_failed::<core[df12db4294e9bfd3]::option::Option<i32>, core[df12db4294e9bfd3]::option::Option<i32>>
[INFO] [stdout]   13:     0x638ec245f050 - <native_runner[846dec93994f6d8b]::propagates_script_exit_code::{closure#0} as core[df12db4294e9bfd3]::ops::function::FnOnce<()>>::call_once
[INFO] [stdout]   14:     0x638ec24670ab - test[9d35eded1c95d3be]::__rust_begin_short_backtrace::<core[df12db4294e9bfd3]::result::Result<(), alloc[2182bb758b4b3781]::string::String>, fn() -> core[df12db4294e9bfd3]::result::Result<(), alloc[2182bb758b4b3781]::string::String>>
[INFO] [stdout]   15:     0x638ec2474715 - test[9d35eded1c95d3be]::run_test::{closure#0}
[INFO] [stdout]   16:     0x638ec246dfd4 - std[70759c8f55707aa4]::sys::backtrace::__rust_begin_short_backtrace::<test[9d35eded1c95d3be]::run_test::{closure#1}, ()>
[INFO] [stdout]   17:     0x638ec2477872 - <std[70759c8f55707aa4]::thread::lifecycle::spawn_unchecked<test[9d35eded1c95d3be]::run_test::{closure#1}, ()>::{closure#1} as core[df12db4294e9bfd3]::ops::function::FnOnce<()>>::call_once::{shim:vtable#0}
[INFO] [stdout]   18:     0x638ec24e1259 - <std[70759c8f55707aa4]::sys::thread::unix::Thread>::new::thread_start
[INFO] [stdout]   19:     0x775adba2adfa - <unknown>
[INFO] [stdout]   20:     0x775adbabe3d4 - clone
[INFO] [stdout]   21:                0x0 - <unknown>
[INFO] [stdout] 
[INFO] [stdout] ---- cache_hit_does_not_invoke_cargo stdout ----
[INFO] [stdout] 
[INFO] [stdout] thread 'cache_hit_does_not_invoke_cargo' (209) panicked at tests/native_runner.rs:225:5:
[INFO] [stdout] stderr:     Blocking waiting for file lock on build directory
[INFO] [stdout]    Compiling rustx_script_e9e495dde8d9cecd v0.0.0 (/tmp/rustx-test-cache-hit-208-1792339787758959815/cache/v1-b90920318b026bce)
[INFO] [stdout]     Finished `dev` profile [unoptimized + debuginfo] target(s) in 1.70s
[INFO] [stdout] rustx: cached binary was not produced: /tmp/rustx-test-cache-hit-208-1792339787758959815/cache/v1-b90920318b026bce/target/debug/rustx_script_e9e495dde8d9cecd
[INFO] [stdout] 
[INFO] [stdout] stack backtrace:
[INFO] [stdout]    0:     0x638ec24e1b71 - <<std[70759c8f55707aa4]::sys::backtrace::BacktraceLock>::print::DisplayBacktrace as core[df12db4294e9bfd3]::fmt::Display>::fmt
[INFO] [stdout]    1:     0x638ec24f655a - core[df12db4294e9bfd3]::fmt::write
[INFO] [stdout]    2:     0x638ec24e63bc - <alloc[2182bb758b4b3781]::vec::Vec<u8> as core[df12db4294e9bfd3]::io::write::Write>::write_fmt
[INFO] [stdout]    3:     0x638ec24bc1e6 - std[70759c8f55707aa4]::panicking::default_hook::{closure#0}
[INFO] [stdout]    4:     0x638ec24d9d99 - std[70759c8f55707aa4]::panicking::default_hook
[INFO] [stdout]    5:     0x638ec2473dc0 - test[9d35eded1c95d3be]::test_main_inner::<test[9d35eded1c95d3be]::test_main_static::{closure#0}>::{closure#0}
[INFO] [stdout]    6:     0x638ec24d9f52 - std[70759c8f55707aa4]::panicking::panic_with_hook
[INFO] [stdout]    7:     0x638ec24bc292 - std[70759c8f55707aa4]::panicking::panic_handler::{closure#0}
[INFO] [stdout]    8:     0x638ec24b4e59 - std[70759c8f55707aa4]::sys::backtrace::__rust_end_short_backtrace::<std[70759c8f55707aa4]::panicking::panic_handler::{closure#0}, !>
[INFO] [stdout]    9:     0x638ec24bcf4d - __rustc[8fa7c3cbc660c2b3]::rust_begin_unwind
[INFO] [stdout]   10:     0x638ec24f6c8c - core[df12db4294e9bfd3]::panicking::panic_fmt
[INFO] [stdout]   11:     0x638ec245f6ea - <native_runner[846dec93994f6d8b]::cache_hit_does_not_invoke_cargo::{closure#0} as core[df12db4294e9bfd3]::ops::function::FnOnce<()>>::call_once
[INFO] [stdout]   12:     0x638ec24670ab - test[9d35eded1c95d3be]::__rust_begin_short_backtrace::<core[df12db4294e9bfd3]::result::Result<(), alloc[2182bb758b4b3781]::string::String>, fn() -> core[df12db4294e9bfd3]::result::Result<(), alloc[2182bb758b4b3781]::string::String>>
[INFO] [stdout]   13:     0x638ec2474715 - test[9d35eded1c95d3be]::run_test::{closure#0}
[INFO] [stdout]   14:     0x638ec246dfd4 - std[70759c8f55707aa4]::sys::backtrace::__rust_begin_short_backtrace::<test[9d35eded1c95d3be]::run_test::{closure#1}, ()>
[INFO] [stdout]   15:     0x638ec2477872 - <std[70759c8f55707aa4]::thread::lifecycle::spawn_unchecked<test[9d35eded1c95d3be]::run_test::{closure#1}, ()>::{closure#1} as core[df12db4294e9bfd3]::ops::function::FnOnce<()>>::call_once::{shim:vtable#0}
[INFO] [stdout]   16:     0x638ec24e1259 - <std[70759c8f55707aa4]::sys::thread::unix::Thread>::new::thread_start
[INFO] [stdout]   17:     0x775adba2adfa - <unknown>
[INFO] [stdout]   18:     0x775adbabe3d4 - clone
[INFO] [stdout]   19:                0x0 - <unknown>
[INFO] [stdout] 
[INFO] [stdout] ---- supports_embedded_manifest stdout ----
[INFO] [stdout] 
[INFO] [stdout] thread 'supports_embedded_manifest' (336) panicked at tests/native_runner.rs:187:5:
[INFO] [stdout] stderr:     Blocking waiting for file lock on build directory
[INFO] [stdout]    Compiling rustx_script_ea0c3cafcf2ee003 v0.0.0 (/tmp/rustx-test-manifest-208-1792339788103936648/cache/v1-e018673a16014b1d)
[INFO] [stdout]     Finished `dev` profile [unoptimized + debuginfo] target(s) in 1.61s
[INFO] [stdout] rustx: cached binary was not produced: /tmp/rustx-test-manifest-208-1792339788103936648/cache/v1-e018673a16014b1d/target/debug/rustx_script_ea0c3cafcf2ee003
[INFO] [stdout] 
[INFO] [stdout] stack backtrace:
[INFO] [stdout]    0:     0x638ec24e1b71 - <<std[70759c8f55707aa4]::sys::backtrace::BacktraceLock>::print::DisplayBacktrace as core[df12db4294e9bfd3]::fmt::Display>::fmt
[INFO] [stdout]    1:     0x638ec24f655a - core[df12db4294e9bfd3]::fmt::write
[INFO] [stdout]    2:     0x638ec24e63bc - <alloc[2182bb758b4b3781]::vec::Vec<u8> as core[df12db4294e9bfd3]::io::write::Write>::write_fmt
[INFO] [stdout]    3:     0x638ec24bc1e6 - std[70759c8f55707aa4]::panicking::default_hook::{closure#0}
[INFO] [stdout]    4:     0x638ec24d9d99 - std[70759c8f55707aa4]::panicking::default_hook
[INFO] [stdout]    5:     0x638ec2473dc0 - test[9d35eded1c95d3be]::test_main_inner::<test[9d35eded1c95d3be]::test_main_static::{closure#0}>::{closure#0}
[INFO] [stdout]    6:     0x638ec24d9f52 - std[70759c8f55707aa4]::panicking::panic_with_hook
[INFO] [stdout]    7:     0x638ec24bc292 - std[70759c8f55707aa4]::panicking::panic_handler::{closure#0}
[INFO] [stdout]    8:     0x638ec24b4e59 - std[70759c8f55707aa4]::sys::backtrace::__rust_end_short_backtrace::<std[70759c8f55707aa4]::panicking::panic_handler::{closure#0}, !>
[INFO] [stdout]    9:     0x638ec24bcf4d - __rustc[8fa7c3cbc660c2b3]::rust_begin_unwind
[INFO] [stdout]   10:     0x638ec24f6c8c - core[df12db4294e9bfd3]::panicking::panic_fmt
[INFO] [stdout]   11:     0x638ec245edee - <native_runner[846dec93994f6d8b]::supports_embedded_manifest::{closure#0} as core[df12db4294e9bfd3]::ops::function::FnOnce<()>>::call_once
[INFO] [stdout]   12:     0x638ec24670ab - test[9d35eded1c95d3be]::__rust_begin_short_backtrace::<core[df12db4294e9bfd3]::result::Result<(), alloc[2182bb758b4b3781]::string::String>, fn() -> core[df12db4294e9bfd3]::result::Result<(), alloc[2182bb758b4b3781]::string::String>>
[INFO] [stdout]   13:     0x638ec2474715 - test[9d35eded1c95d3be]::run_test::{closure#0}
[INFO] [stdout]   14:     0x638ec246dfd4 - std[70759c8f55707aa4]::sys::backtrace::__rust_begin_short_backtrace::<test[9d35eded1c95d3be]::run_test::{closure#1}, ()>
[INFO] [stdout]   15:     0x638ec2477872 - <std[70759c8f55707aa4]::thread::lifecycle::spawn_unchecked<test[9d35eded1c95d3be]::run_test::{closure#1}, ()>::{closure#1} as core[df12db4294e9bfd3]::ops::function::FnOnce<()>>::call_once::{shim:vtable#0}
[INFO] [stdout]   16:     0x638ec24e1259 - <std[70759c8f55707aa4]::sys::thread::unix::Thread>::new::thread_start
[INFO] [stdout]   17:     0x775adba2adfa - <unknown>
[INFO] [stdout]   18:     0x775adbabe3d4 - clone
[INFO] [stdout]   19:                0x0 - <unknown>
[INFO] [stdout] 
[INFO] [stdout] ---- updated_script_attempts_rebuild_instead_of_using_stale_cache stdout ----
[INFO] [stdout] 
[INFO] [stdout] thread 'updated_script_attempts_rebuild_instead_of_using_stale_cache' (368) panicked at tests/native_runner.rs:288:5:
[INFO] [stdout] stderr:     Blocking waiting for file lock on build directory
[INFO] [stdout]    Compiling rustx_script_60949fe31ccd7d3a v0.0.0 (/tmp/rustx-test-update-fake-cargo-208-1792339788391623453/cache/v1-1b3ccd7778f6ef17)
[INFO] [stdout]     Finished `dev` profile [unoptimized + debuginfo] target(s) in 1.49s
[INFO] [stdout] rustx: cached binary was not produced: /tmp/rustx-test-update-fake-cargo-208-1792339788391623453/cache/v1-1b3ccd7778f6ef17/target/debug/rustx_script_60949fe31ccd7d3a
[INFO] [stdout] 
[INFO] [stdout] stack backtrace:
[INFO] [stdout]    0:     0x638ec24e1b71 - <<std[70759c8f55707aa4]::sys::backtrace::BacktraceLock>::print::DisplayBacktrace as core[df12db4294e9bfd3]::fmt::Display>::fmt
[INFO] [stdout]    1:     0x638ec24f655a - core[df12db4294e9bfd3]::fmt::write
[INFO] [stdout]    2:     0x638ec24e63bc - <alloc[2182bb758b4b3781]::vec::Vec<u8> as core[df12db4294e9bfd3]::io::write::Write>::write_fmt
[INFO] [stdout]    3:     0x638ec24bc1e6 - std[70759c8f55707aa4]::panicking::default_hook::{closure#0}
[INFO] [stdout]    4:     0x638ec24d9d99 - std[70759c8f55707aa4]::panicking::default_hook
[INFO] [stdout]    5:     0x638ec2473dc0 - test[9d35eded1c95d3be]::test_main_inner::<test[9d35eded1c95d3be]::test_main_static::{closure#0}>::{closure#0}
[INFO] [stdout]    6:     0x638ec24d9f52 - std[70759c8f55707aa4]::panicking::panic_with_hook
[INFO] [stdout]    7:     0x638ec24bc292 - std[70759c8f55707aa4]::panicking::panic_handler::{closure#0}
[INFO] [stdout]    8:     0x638ec24b4e59 - std[70759c8f55707aa4]::sys::backtrace::__rust_end_short_backtrace::<std[70759c8f55707aa4]::panicking::panic_handler::{closure#0}, !>
[INFO] [stdout]    9:     0x638ec24bcf4d - __rustc[8fa7c3cbc660c2b3]::rust_begin_unwind
[INFO] [stdout]   10:     0x638ec24f6c8c - core[df12db4294e9bfd3]::panicking::panic_fmt
[INFO] [stdout]   11:     0x638ec2463b89 - <native_runner[846dec93994f6d8b]::updated_script_attempts_rebuild_instead_of_using_stale_cache::{closure#0} as core[df12db4294e9bfd3]::ops::function::FnOnce<()>>::call_once
[INFO] [stdout]   12:     0x638ec24670ab - test[9d35eded1c95d3be]::__rust_begin_short_backtrace::<core[df12db4294e9bfd3]::result::Result<(), alloc[2182bb758b4b3781]::string::String>, fn() -> core[df12db4294e9bfd3]::result::Result<(), alloc[2182bb758b4b3781]::string::String>>
[INFO] [stdout]   13:     0x638ec2474715 - test[9d35eded1c95d3be]::run_test::{closure#0}
[INFO] [stdout]   14:     0x638ec246dfd4 - std[70759c8f55707aa4]::sys::backtrace::__rust_begin_short_backtrace::<test[9d35eded1c95d3be]::run_test::{closure#1}, ()>
[INFO] [stdout]   15:     0x638ec2477872 - <std[70759c8f55707aa4]::thread::lifecycle::spawn_unchecked<test[9d35eded1c95d3be]::run_test::{closure#1}, ()>::{closure#1} as core[df12db4294e9bfd3]::ops::function::FnOnce<()>>::call_once::{shim:vtable#0}
[INFO] [stdout]   16:     0x638ec24e1259 - <std[70759c8f55707aa4]::sys::thread::unix::Thread>::new::thread_start
[INFO] [stdout]   17:     0x775adba2adfa - <unknown>
[INFO] [stdout]   18:     0x775adbabe3d4 - clone
[INFO] [stdout]   19:                0x0 - <unknown>
[INFO] [stdout] 
[INFO] [stdout] ---- updated_script_rebuilds_and_runs_new_binary stdout ----
[INFO] [stdout] 
[INFO] [stdout] thread 'updated_script_rebuilds_and_runs_new_binary' (399) panicked at tests/native_runner.rs:254:5:
[INFO] [stdout] stderr:     Blocking waiting for file lock on build directory
[INFO] [stdout]    Compiling rustx_script_7fbddc6e4d227757 v0.0.0 (/tmp/rustx-test-update-success-208-1792339788722174997/cache/v1-0eb6e8c58073c758)
[INFO] [stdout]     Finished `dev` profile [unoptimized + debuginfo] target(s) in 1.27s
[INFO] [stdout] rustx: cached binary was not produced: /tmp/rustx-test-update-success-208-1792339788722174997/cache/v1-0eb6e8c58073c758/target/debug/rustx_script_7fbddc6e4d227757
[INFO] [stdout] 
[INFO] [stdout] stack backtrace:
[INFO] [stdout]    0:     0x638ec24e1b71 - <<std[70759c8f55707aa4]::sys::backtrace::BacktraceLock>::print::DisplayBacktrace as core[df12db4294e9bfd3]::fmt::Display>::fmt
[INFO] [stdout]    1:     0x638ec24f655a - core[df12db4294e9bfd3]::fmt::write
[INFO] [stdout]    2:     0x638ec24e63bc - <alloc[2182bb758b4b3781]::vec::Vec<u8> as core[df12db4294e9bfd3]::io::write::Write>::write_fmt
[INFO] [stdout]    3:     0x638ec24bc1e6 - std[70759c8f55707aa4]::panicking::default_hook::{closure#0}
[INFO] [stdout]    4:     0x638ec24d9d99 - std[70759c8f55707aa4]::panicking::default_hook
[INFO] [stdout]    5:     0x638ec2473dc0 - test[9d35eded1c95d3be]::test_main_inner::<test[9d35eded1c95d3be]::test_main_static::{closure#0}>::{closure#0}
[INFO] [stdout]    6:     0x638ec24d9f52 - std[70759c8f55707aa4]::panicking::panic_with_hook
[INFO] [stdout]    7:     0x638ec24bc292 - std[70759c8f55707aa4]::panicking::panic_handler::{closure#0}
[INFO] [stdout]    8:     0x638ec24b4e59 - std[70759c8f55707aa4]::sys::backtrace::__rust_end_short_backtrace::<std[70759c8f55707aa4]::panicking::panic_handler::{closure#0}, !>
[INFO] [stdout]    9:     0x638ec24bcf4d - __rustc[8fa7c3cbc660c2b3]::rust_begin_unwind
[INFO] [stdout]   10:     0x638ec24f6c8c - core[df12db4294e9bfd3]::panicking::panic_fmt
[INFO] [stdout]   11:     0x638ec2461e44 - <native_runner[846dec93994f6d8b]::updated_script_rebuilds_and_runs_new_binary::{closure#0} as core[df12db4294e9bfd3]::ops::function::FnOnce<()>>::call_once
[INFO] [stdout]   12:     0x638ec24670ab - test[9d35eded1c95d3be]::__rust_begin_short_backtrace::<core[df12db4294e9bfd3]::result::Result<(), alloc[2182bb758b4b3781]::string::String>, fn() -> core[df12db4294e9bfd3]::result::Result<(), alloc[2182bb758b4b3781]::string::String>>
[INFO] [stdout]   13:     0x638ec2474715 - test[9d35eded1c95d3be]::run_test::{closure#0}
[INFO] [stdout]   14:     0x638ec246dfd4 - std[70759c8f55707aa4]::sys::backtrace::__rust_begin_short_backtrace::<test[9d35eded1c95d3be]::run_test::{closure#1}, ()>
[INFO] [stdout]   15:     0x638ec2477872 - <std[70759c8f55707aa4]::thread::lifecycle::spawn_unchecked<test[9d35eded1c95d3be]::run_test::{closure#1}, ()>::{closure#1} as core[df12db4294e9bfd3]::ops::function::FnOnce<()>>::call_once::{shim:vtable#0}
[INFO] [stdout]   16:     0x638ec24e1259 - <std[70759c8f55707aa4]::sys::thread::unix::Thread>::new::thread_start
[INFO] [stdout]   17:     0x775adba2adfa - <unknown>
[INFO] [stdout]   18:     0x775adbabe3d4 - clone
[INFO] [stdout]   19:                0x0 - <unknown>
[INFO] [stdout] 
[INFO] [stdout] 
[INFO] [stdout] failures:
[INFO] [stdout]     cache_hit_does_not_invoke_cargo
[INFO] [stdout]     clear_cache_removes_only_rustx_cache_root
[INFO] [stdout]     executes_shebang_script_directly
[INFO] [stdout]     force_rebuild_invokes_cargo_even_when_cache_is_fresh
[INFO] [stdout]     forwards_args_and_sets_argv0_on_unix
[INFO] [stdout]     propagates_script_exit_code
[INFO] [stdout]     release_build_uses_separate_cache_entry
[INFO] [stdout]     runs_simple_script
[INFO] [stdout]     supports_embedded_manifest
[INFO] [stdout]     updated_script_attempts_rebuild_instead_of_using_stale_cache
[INFO] [stdout]     updated_script_rebuilds_and_runs_new_binary
[INFO] [stdout] 
[INFO] [stdout] test result: FAILED. 5 passed; 11 failed; 0 ignored; 0 measured; 0 filtered out; finished in 2.30s
[INFO] [stdout] 
[INFO] [stderr] error: test failed, to rerun pass `--test native_runner`
[INFO] running `Command { std: "docker" "inspect" "5a1f1698a0dfec255c41e6958b6740f15c485e4ece4ec15a17ab96e9a6bba017", kill_on_drop: false }`
[INFO] running `Command { std: "docker" "rm" "-f" "5a1f1698a0dfec255c41e6958b6740f15c485e4ece4ec15a17ab96e9a6bba017", kill_on_drop: false }`
[INFO] [stdout] 5a1f1698a0dfec255c41e6958b6740f15c485e4ece4ec15a17ab96e9a6bba017
