[INFO] fetching crate rusttesserast 0.0.2...
[INFO] testing rusttesserast-0.0.2 against 1.99.0-beta.8+cargoflags=--release for beta-release-1.100-2
[INFO] extracting crate rusttesserast 0.0.2 into /workspace/builds/worker-2-tc1/source
[INFO] started tweaking crates.io crate rusttesserast 0.0.2
[INFO] finished tweaking crates.io crate rusttesserast 0.0.2
[INFO] tweaked toml for crates.io crate rusttesserast 0.0.2 written to /workspace/builds/worker-2-tc1/source/Cargo.toml
[INFO] validating manifest of crates.io crate rusttesserast 0.0.2 on toolchain 1.99.0-beta.8
[INFO] running `Command { std: CARGO_HOME="/workspace/cargo-home" RUSTUP_HOME="/workspace/rustup-home" "/workspace/cargo-home/bin/cargo" "+1.99.0-beta.8" "metadata" "--manifest-path" "Cargo.toml" "--no-deps", kill_on_drop: false }`
[INFO] running `Command { std: CARGO_HOME="/workspace/cargo-home" RUSTUP_HOME="/workspace/rustup-home" "/workspace/cargo-home/bin/cargo" "+1.99.0-beta.8" "generate-lockfile" "--manifest-path" "Cargo.toml", kill_on_drop: false }`
[INFO] [stderr]     Updating crates.io index
[INFO] [stderr]      Locking 95 packages to highest compatible versions
[INFO] [stderr]       Adding field_accessor v0.5.2 (available: v0.6.2)
[INFO] [stderr]       Adding mockall v0.11.4 (available: v0.15.0)
[INFO] [stderr]       Adding tesseract-plumbing v0.9.0 (available: v0.11.1)
[INFO] [stderr]       Adding tesseract-sys v0.5.15 (available: v0.6.3)
[INFO] [stderr]       Adding thiserror v1.0.69 (available: v2.0.21)
[INFO] running `Command { std: CARGO_HOME="/workspace/cargo-home" RUSTUP_HOME="/workspace/rustup-home" "/workspace/cargo-home/bin/cargo" "+1.99.0-beta.8" "fetch" "--manifest-path" "Cargo.toml", kill_on_drop: false }`
[INFO] [stderr]  Downloading crates ...
[INFO] [stderr]   Downloaded tesseract-sys v0.5.15
[INFO] [stderr]   Downloaded leptonica-plumbing v1.4.0
[INFO] [stderr]   Downloaded mockall v0.11.4
[INFO] [stderr]   Downloaded leptonica-sys v0.4.9
[INFO] [stderr]   Downloaded tesseract-plumbing v0.9.0
[INFO] [stderr]   Downloaded mockall_derive v0.11.4
[INFO] [stderr]   Downloaded field_accessor v0.5.2
[INFO] running `Command { std: "docker" "create" "-v" "/var/lib/crater-agent-workspace/builds/worker-2-tc1/source:/opt/rustwide/workdir:ro,Z" "-v" "/var/lib/crater-agent-workspace/builds/worker-2-tc1/target:/opt/rustwide/target:rw,Z" "-v" "/var/lib/crater-agent-workspace/cargo-home:/opt/rustwide/cargo-home:ro,Z" "-v" "/var/lib/crater-agent-workspace/rustup-home:/opt/rustwide/rustup-home:ro,Z" "-m" "1610612736" "--network" "none" "ghcr.io/rust-lang/crates-build-env/linux@sha256:77db811e55d90add9212f6832c23229e3de5f1c1f9905e8cb07319ea15df73ac" "sleep" "infinity", kill_on_drop: false }`
[INFO] [stdout] 95de120e39e49156b390175efc463d623c66116b3e82d6daad4fcc03e77fa63a
[INFO] running `Command { std: "docker" "start" "95de120e39e49156b390175efc463d623c66116b3e82d6daad4fcc03e77fa63a", kill_on_drop: false }`
[INFO] running `Command { std: "docker" "inspect" "95de120e39e49156b390175efc463d623c66116b3e82d6daad4fcc03e77fa63a", kill_on_drop: false }`
[INFO] running `Command { std: "docker" "exec" "-e" "SOURCE_DIR=/opt/rustwide/workdir" "-e" "CARGO_HOME=/opt/rustwide/cargo-home" "-e" "RUSTUP_HOME=/opt/rustwide/rustup-home" "-e" "CARGO_TARGET_DIR=/opt/rustwide/target" "-w" "/opt/rustwide/workdir" "--user" "0:0" "95de120e39e49156b390175efc463d623c66116b3e82d6daad4fcc03e77fa63a" "/opt/rustwide/cargo-home/bin/cargo" "+1.99.0-beta.8" "metadata" "--no-deps" "--format-version=1", kill_on_drop: false }`
[INFO] running `Command { std: "docker" "inspect" "95de120e39e49156b390175efc463d623c66116b3e82d6daad4fcc03e77fa63a", kill_on_drop: false }`
[INFO] running `Command { std: "docker" "exec" "-e" "SOURCE_DIR=/opt/rustwide/workdir" "-e" "CARGO_HOME=/opt/rustwide/cargo-home" "-e" "RUSTUP_HOME=/opt/rustwide/rustup-home" "-e" "CARGO_TARGET_DIR=/opt/rustwide/target" "-e" "CARGO_INCREMENTAL=0" "-e" "RUST_BACKTRACE=full" "-e" "RUSTFLAGS=--cap-lints=warn" "-e" "RUSTDOCFLAGS=--cap-lints=warn" "-w" "/opt/rustwide/workdir" "--user" "0:0" "95de120e39e49156b390175efc463d623c66116b3e82d6daad4fcc03e77fa63a" "/opt/rustwide/cargo-home/bin/cargo" "+1.99.0-beta.8" "build" "--frozen" "--message-format=json" "--release", kill_on_drop: false }`
[INFO] [stderr]    Compiling syn v1.0.109
[INFO] [stderr]    Compiling cfg-if v1.0.5
[INFO] [stderr]    Compiling clang-sys v1.9.1
[INFO] [stderr]    Compiling rustix v0.38.44
[INFO] [stderr]    Compiling minimal-lexical v0.2.1
[INFO] [stderr]    Compiling regex-syntax v0.8.11
[INFO] [stderr]    Compiling linux-raw-sys v0.4.15
[INFO] [stderr]    Compiling home v0.5.12
[INFO] [stderr]    Compiling bindgen v0.64.0
[INFO] [stderr]    Compiling log v0.4.34
[INFO] [stderr]    Compiling libc v0.2.191
[INFO] [stderr]    Compiling rustc-hash v1.1.0
[INFO] [stderr]    Compiling peeking_take_while v0.1.2
[INFO] [stderr]    Compiling lazycell v1.3.0
[INFO] [stderr]    Compiling futures-macro v0.3.34
[INFO] [stderr]    Compiling predicates-core v1.0.10
[INFO] [stderr]    Compiling libloading v0.8.9
[INFO] [stderr]    Compiling float-cmp v0.9.0
[INFO] [stderr]    Compiling termtree v0.5.1
[INFO] [stderr]    Compiling difflib v0.4.0
[INFO] [stderr]    Compiling parking_lot v0.12.5
[INFO] [stderr]    Compiling nom v7.1.3
[INFO] [stderr]    Compiling fragile v2.1.0
[INFO] [stderr]    Compiling downcast v0.11.0
[INFO] [stderr]    Compiling glob v0.3.4
[INFO] [stderr]    Compiling predicates-tree v1.0.13
[INFO] [stderr]    Compiling tokio v1.53.3
[INFO] [stderr]    Compiling predicates v2.1.5
[INFO] [stderr]    Compiling futures-util v0.3.34
[INFO] [stderr]    Compiling cexpr v0.6.0
[INFO] [stderr]    Compiling which v4.4.2
[INFO] [stderr]    Compiling regex-automata v0.4.18
[INFO] [stderr]    Compiling regex v1.13.1
[INFO] [stderr]    Compiling futures-executor v0.3.34
[INFO] [stderr]    Compiling futures v0.3.34
[INFO] [stderr]    Compiling mockall_derive v0.11.4
[INFO] [stderr]    Compiling field_accessor v0.5.2
[INFO] [stderr]    Compiling derivative v2.2.0
[INFO] [stderr]    Compiling mockall v0.11.4
[INFO] [stderr]    Compiling leptonica-sys v0.4.9
[INFO] [stderr]    Compiling tesseract-sys v0.5.15
[INFO] [stderr]    Compiling leptonica-plumbing v1.4.0
[INFO] [stderr]    Compiling tesseract-plumbing v0.9.0
[INFO] [stderr]    Compiling rusttesserast v0.0.2 (/opt/rustwide/workdir)
[INFO] [stdout] warning: unused import: `metadata`
[INFO] [stdout]   --> src/tess_lib.rs:42:15
[INFO] [stdout]    |
[INFO] [stdout] 42 | use std::fs::{metadata, File};
[INFO] [stdout]    |               ^^^^^^^^
[INFO] [stdout]    |
[INFO] [stdout]    = note: `#[warn(unused_imports)]` (part of `#[warn(unused)]`) on by default
[INFO] [stdout] 
[INFO] [stdout] 
[INFO] [stdout] warning: unused `Result` that must be used
[INFO] [stdout]    --> src/tess_lib.rs:147:9
[INFO] [stdout]     |
[INFO] [stdout] 147 |         self.set_image(filename);
[INFO] [stdout]     |         ^^^^^^^^^^^^^^^^^^^^^^^^
[INFO] [stdout]     |
[INFO] [stdout]     = note: this `Result` may be an `Err` variant, which should be handled
[INFO] [stdout]     = note: `#[warn(unused_must_use)]` (part of `#[warn(unused)]`) on by default
[INFO] [stdout] help: use `let _ = ...` to ignore the resulting value
[INFO] [stdout]     |
[INFO] [stdout] 147 |         let _ = self.set_image(filename);
[INFO] [stdout]     |         +++++++
[INFO] [stdout] 
[INFO] [stdout] 
[INFO] [stdout] warning: unused `Result` that must be used
[INFO] [stdout]    --> src/tess_lib.rs:162:9
[INFO] [stdout]     |
[INFO] [stdout] 162 |         self.set_image(filename);
[INFO] [stdout]     |         ^^^^^^^^^^^^^^^^^^^^^^^^
[INFO] [stdout]     |
[INFO] [stdout]     = note: this `Result` may be an `Err` variant, which should be handled
[INFO] [stdout] help: use `let _ = ...` to ignore the resulting value
[INFO] [stdout]     |
[INFO] [stdout] 162 |         let _ = self.set_image(filename);
[INFO] [stdout]     |         +++++++
[INFO] [stdout] 
[INFO] [stdout] 
[INFO] [stdout] warning: unused `Result` that must be used
[INFO] [stdout]    --> src/tess_lib.rs:177:9
[INFO] [stdout]     |
[INFO] [stdout] 177 |         self.set_image(filename);
[INFO] [stdout]     |         ^^^^^^^^^^^^^^^^^^^^^^^^
[INFO] [stdout]     |
[INFO] [stdout]     = note: this `Result` may be an `Err` variant, which should be handled
[INFO] [stdout] help: use `let _ = ...` to ignore the resulting value
[INFO] [stdout]     |
[INFO] [stdout] 177 |         let _ = self.set_image(filename);
[INFO] [stdout]     |         +++++++
[INFO] [stdout] 
[INFO] [stdout] 
[INFO] [stdout] warning: unused return value of `must_use` that must be used
[INFO] [stdout]    --> src/tess_lib.rs:236:13
[INFO] [stdout]     |
[INFO] [stdout] 236 |             format!("Path {path} doesnt exist.");
[INFO] [stdout]     |             ^^^^^^^^^^^^^^^^^^^^^^^^^^^^^^^^^^^^
[INFO] [stdout]     |
[INFO] [stdout] help: use `let _ = ...` to ignore the resulting value
[INFO] [stdout]     |
[INFO] [stdout] 236 |             let _ = format!("Path {path} doesnt exist.");
[INFO] [stdout]     |             +++++++
[INFO] [stdout] 
[INFO] [stdout] 
[INFO] [stderr]     Finished `release` profile [optimized] target(s) in 40.42s
[INFO] running `Command { std: "docker" "inspect" "95de120e39e49156b390175efc463d623c66116b3e82d6daad4fcc03e77fa63a", kill_on_drop: false }`
[INFO] running `Command { std: "docker" "exec" "-e" "SOURCE_DIR=/opt/rustwide/workdir" "-e" "CARGO_HOME=/opt/rustwide/cargo-home" "-e" "RUSTUP_HOME=/opt/rustwide/rustup-home" "-e" "CARGO_TARGET_DIR=/opt/rustwide/target" "-e" "CARGO_INCREMENTAL=0" "-e" "RUST_BACKTRACE=full" "-e" "RUSTFLAGS=--cap-lints=warn" "-e" "RUSTDOCFLAGS=--cap-lints=warn" "-w" "/opt/rustwide/workdir" "--user" "0:0" "95de120e39e49156b390175efc463d623c66116b3e82d6daad4fcc03e77fa63a" "/opt/rustwide/cargo-home/bin/cargo" "+1.99.0-beta.8" "test" "--frozen" "--no-run" "--message-format=json" "--release", kill_on_drop: false }`
[INFO] [stdout] warning: unused import: `metadata`
[INFO] [stdout]   --> src/tess_lib.rs:42:15
[INFO] [stdout]    |
[INFO] [stdout] 42 | use std::fs::{metadata, File};
[INFO] [stdout]    |               ^^^^^^^^
[INFO] [stdout]    |
[INFO] [stdout]    = note: `#[warn(unused_imports)]` (part of `#[warn(unused)]`) on by default
[INFO] [stdout] 
[INFO] [stdout] 
[INFO] [stdout] warning: unused `Result` that must be used
[INFO] [stdout]    --> src/tess_lib.rs:147:9
[INFO] [stdout]     |
[INFO] [stdout] 147 |         self.set_image(filename);
[INFO] [stdout]     |         ^^^^^^^^^^^^^^^^^^^^^^^^
[INFO] [stdout]     |
[INFO] [stdout]     = note: this `Result` may be an `Err` variant, which should be handled
[INFO] [stdout]     = note: `#[warn(unused_must_use)]` (part of `#[warn(unused)]`) on by default
[INFO] [stdout] help: use `let _ = ...` to ignore the resulting value
[INFO] [stdout]     |
[INFO] [stdout] 147 |         let _ = self.set_image(filename);
[INFO] [stdout]     |         +++++++
[INFO] [stdout] 
[INFO] [stdout] 
[INFO] [stdout] warning: unused `Result` that must be used
[INFO] [stdout]    --> src/tess_lib.rs:162:9
[INFO] [stdout]     |
[INFO] [stdout] 162 |         self.set_image(filename);
[INFO] [stdout]     |         ^^^^^^^^^^^^^^^^^^^^^^^^
[INFO] [stdout]     |
[INFO] [stdout]     = note: this `Result` may be an `Err` variant, which should be handled
[INFO] [stdout] help: use `let _ = ...` to ignore the resulting value
[INFO] [stdout]     |
[INFO] [stdout] 162 |         let _ = self.set_image(filename);
[INFO] [stdout]     |         +++++++
[INFO] [stdout] 
[INFO] [stdout] 
[INFO] [stderr]    Compiling rusttesserast v0.0.2 (/opt/rustwide/workdir)
[INFO] [stdout] warning: unused `Result` that must be used
[INFO] [stdout]    --> src/tess_lib.rs:177:9
[INFO] [stdout]     |
[INFO] [stdout] 177 |         self.set_image(filename);
[INFO] [stdout]     |         ^^^^^^^^^^^^^^^^^^^^^^^^
[INFO] [stdout]     |
[INFO] [stdout]     = note: this `Result` may be an `Err` variant, which should be handled
[INFO] [stdout] help: use `let _ = ...` to ignore the resulting value
[INFO] [stdout]     |
[INFO] [stdout] 177 |         let _ = self.set_image(filename);
[INFO] [stdout]     |         +++++++
[INFO] [stdout] 
[INFO] [stdout] 
[INFO] [stdout] warning: unused return value of `must_use` that must be used
[INFO] [stdout]    --> src/tess_lib.rs:236:13
[INFO] [stdout]     |
[INFO] [stdout] 236 |             format!("Path {path} doesnt exist.");
[INFO] [stdout]     |             ^^^^^^^^^^^^^^^^^^^^^^^^^^^^^^^^^^^^
[INFO] [stdout]     |
[INFO] [stdout] help: use `let _ = ...` to ignore the resulting value
[INFO] [stdout]     |
[INFO] [stdout] 236 |             let _ = format!("Path {path} doesnt exist.");
[INFO] [stdout]     |             +++++++
[INFO] [stdout] 
[INFO] [stdout] 
[INFO] [stdout] warning: unused import: `Path`
[INFO] [stdout]  --> tests/tests.rs:6:17
[INFO] [stdout]   |
[INFO] [stdout] 6 | use std::path::{Path, PathBuf};
[INFO] [stdout]   |                 ^^^^
[INFO] [stdout]   |
[INFO] [stdout]   = note: `#[warn(unused_imports)]` (part of `#[warn(unused)]`) on by default
[INFO] [stdout] 
[INFO] [stdout] 
[INFO] [stdout] warning: unused import: `metadata`
[INFO] [stdout]   --> src/tess_lib.rs:42:15
[INFO] [stdout]    |
[INFO] [stdout] 42 | use std::fs::{metadata, File};
[INFO] [stdout]    |               ^^^^^^^^
[INFO] [stdout]    |
[INFO] [stdout]    = note: `#[warn(unused_imports)]` (part of `#[warn(unused)]`) on by default
[INFO] [stdout] 
[INFO] [stdout] 
[INFO] [stdout] warning: unused `Result` that must be used
[INFO] [stdout]    --> src/tess_lib.rs:147:9
[INFO] [stdout]     |
[INFO] [stdout] 147 |         self.set_image(filename);
[INFO] [stdout]     |         ^^^^^^^^^^^^^^^^^^^^^^^^
[INFO] [stdout]     |
[INFO] [stdout]     = note: this `Result` may be an `Err` variant, which should be handled
[INFO] [stdout]     = note: `#[warn(unused_must_use)]` (part of `#[warn(unused)]`) on by default
[INFO] [stdout] help: use `let _ = ...` to ignore the resulting value
[INFO] [stdout]     |
[INFO] [stdout] 147 |         let _ = self.set_image(filename);
[INFO] [stdout]     |         +++++++
[INFO] [stdout] 
[INFO] [stdout] 
[INFO] [stdout] warning: unused `Result` that must be used
[INFO] [stdout]    --> src/tess_lib.rs:162:9
[INFO] [stdout]     |
[INFO] [stdout] 162 |         self.set_image(filename);
[INFO] [stdout]     |         ^^^^^^^^^^^^^^^^^^^^^^^^
[INFO] [stdout]     |
[INFO] [stdout]     = note: this `Result` may be an `Err` variant, which should be handled
[INFO] [stdout] help: use `let _ = ...` to ignore the resulting value
[INFO] [stdout]     |
[INFO] [stdout] 162 |         let _ = self.set_image(filename);
[INFO] [stdout]     |         +++++++
[INFO] [stdout] 
[INFO] [stdout] 
[INFO] [stdout] warning: unused `Result` that must be used
[INFO] [stdout]    --> src/tess_lib.rs:177:9
[INFO] [stdout]     |
[INFO] [stdout] 177 |         self.set_image(filename);
[INFO] [stdout]     |         ^^^^^^^^^^^^^^^^^^^^^^^^
[INFO] [stdout]     |
[INFO] [stdout]     = note: this `Result` may be an `Err` variant, which should be handled
[INFO] [stdout] help: use `let _ = ...` to ignore the resulting value
[INFO] [stdout]     |
[INFO] [stdout] 177 |         let _ = self.set_image(filename);
[INFO] [stdout]     |         +++++++
[INFO] [stdout] 
[INFO] [stdout] 
[INFO] [stdout] warning: unused return value of `must_use` that must be used
[INFO] [stdout]    --> src/tess_lib.rs:236:13
[INFO] [stdout]     |
[INFO] [stdout] 236 |             format!("Path {path} doesnt exist.");
[INFO] [stdout]     |             ^^^^^^^^^^^^^^^^^^^^^^^^^^^^^^^^^^^^
[INFO] [stdout]     |
[INFO] [stdout] help: use `let _ = ...` to ignore the resulting value
[INFO] [stdout]     |
[INFO] [stdout] 236 |             let _ = format!("Path {path} doesnt exist.");
[INFO] [stdout]     |             +++++++
[INFO] [stdout] 
[INFO] [stdout] 
[INFO] [stdout] warning: unused variable: `result`
[INFO] [stdout]    --> tests/tests.rs:134:9
[INFO] [stdout]     |
[INFO] [stdout] 134 |     let result = cube
[INFO] [stdout]     |         ^^^^^^ help: if this is intentional, prefix it with an underscore: `_result`
[INFO] [stdout]     |
[INFO] [stdout]     = note: `#[warn(unused_variables)]` (part of `#[warn(unused)]`) on by default
[INFO] [stdout] 
[INFO] [stdout] 
[INFO] [stdout] warning: unused `Result` that must be used
[INFO] [stdout]    --> tests/tests.rs:180:5
[INFO] [stdout]     |
[INFO] [stdout] 180 | /     tesseract_base
[INFO] [stdout] 181 | |         .recognize_doc(None, None, image_array, "tsvs", None)
[INFO] [stdout] 182 | |         .await;
[INFO] [stdout]     | |______________^
[INFO] [stdout]     |
[INFO] [stdout]     = note: this `Result` may be an `Err` variant, which should be handled
[INFO] [stdout]     = note: `#[warn(unused_must_use)]` (part of `#[warn(unused)]`) on by default
[INFO] [stdout] help: use `let _ = ...` to ignore the resulting value
[INFO] [stdout]     |
[INFO] [stdout] 180 |     let _ = tesseract_base
[INFO] [stdout]     |     +++++++
[INFO] [stdout] 
[INFO] [stdout] 
[INFO] [stderr]     Finished `release` profile [optimized] target(s) in 1.79s
[INFO] running `Command { std: "docker" "inspect" "95de120e39e49156b390175efc463d623c66116b3e82d6daad4fcc03e77fa63a", kill_on_drop: false }`
[INFO] running `Command { std: "docker" "exec" "-e" "SOURCE_DIR=/opt/rustwide/workdir" "-e" "CARGO_HOME=/opt/rustwide/cargo-home" "-e" "RUSTUP_HOME=/opt/rustwide/rustup-home" "-e" "CARGO_TARGET_DIR=/opt/rustwide/target" "-e" "CARGO_INCREMENTAL=0" "-e" "RUST_BACKTRACE=full" "-e" "RUSTFLAGS=--cap-lints=warn" "-e" "RUSTDOCFLAGS=--cap-lints=warn" "-w" "/opt/rustwide/workdir" "--user" "0:0" "95de120e39e49156b390175efc463d623c66116b3e82d6daad4fcc03e77fa63a" "/opt/rustwide/cargo-home/bin/cargo" "+1.99.0-beta.8" "test" "--frozen" "--release", kill_on_drop: false }`
[INFO] [stderr] warning: unused import: `metadata`
[INFO] [stdout] 
[INFO] [stderr]   --> src/tess_lib.rs:42:15
[INFO] [stdout] running 0 tests
[INFO] [stderr]    |
[INFO] [stdout] 
[INFO] [stderr] 42 | use std::fs::{metadata, File};
[INFO] [stdout] test result: ok. 0 passed; 0 failed; 0 ignored; 0 measured; 0 filtered out; finished in 0.00s
[INFO] [stderr]    |               ^^^^^^^^
[INFO] [stdout] 
[INFO] [stderr]    |
[INFO] [stderr]    = note: `#[warn(unused_imports)]` (part of `#[warn(unused)]`) on by default
[INFO] [stderr] 
[INFO] [stderr] warning: unused `Result` that must be used
[INFO] [stderr]    --> src/tess_lib.rs:147:9
[INFO] [stderr]     |
[INFO] [stderr] 147 |         self.set_image(filename);
[INFO] [stderr]     |         ^^^^^^^^^^^^^^^^^^^^^^^^
[INFO] [stderr]     |
[INFO] [stderr]     = note: this `Result` may be an `Err` variant, which should be handled
[INFO] [stderr]     = note: `#[warn(unused_must_use)]` (part of `#[warn(unused)]`) on by default
[INFO] [stderr] help: use `let _ = ...` to ignore the resulting value
[INFO] [stderr]     |
[INFO] [stderr] 147 |         let _ = self.set_image(filename);
[INFO] [stderr]     |         +++++++
[INFO] [stderr] 
[INFO] [stderr] warning: unused `Result` that must be used
[INFO] [stderr]    --> src/tess_lib.rs:162:9
[INFO] [stderr]     |
[INFO] [stderr] 162 |         self.set_image(filename);
[INFO] [stderr]     |         ^^^^^^^^^^^^^^^^^^^^^^^^
[INFO] [stderr]     |
[INFO] [stderr]     = note: this `Result` may be an `Err` variant, which should be handled
[INFO] [stderr] help: use `let _ = ...` to ignore the resulting value
[INFO] [stderr]     |
[INFO] [stderr] 162 |         let _ = self.set_image(filename);
[INFO] [stderr]     |         +++++++
[INFO] [stderr] 
[INFO] [stderr] warning: unused `Result` that must be used
[INFO] [stderr]    --> src/tess_lib.rs:177:9
[INFO] [stderr]     |
[INFO] [stderr] 177 |         self.set_image(filename);
[INFO] [stderr]     |         ^^^^^^^^^^^^^^^^^^^^^^^^
[INFO] [stderr]     |
[INFO] [stderr]     = note: this `Result` may be an `Err` variant, which should be handled
[INFO] [stderr] help: use `let _ = ...` to ignore the resulting value
[INFO] [stderr]     |
[INFO] [stderr] 177 |         let _ = self.set_image(filename);
[INFO] [stderr]     |         +++++++
[INFO] [stderr] 
[INFO] [stderr] warning: unused return value of `must_use` that must be used
[INFO] [stderr]    --> src/tess_lib.rs:236:13
[INFO] [stderr]     |
[INFO] [stderr] 236 |             format!("Path {path} doesnt exist.");
[INFO] [stderr]     |             ^^^^^^^^^^^^^^^^^^^^^^^^^^^^^^^^^^^^
[INFO] [stderr]     |
[INFO] [stderr] help: use `let _ = ...` to ignore the resulting value
[INFO] [stderr]     |
[INFO] [stderr] 236 |             let _ = format!("Path {path} doesnt exist.");
[INFO] [stderr]     |             +++++++
[INFO] [stderr] 
[INFO] [stderr] warning: `rusttesserast` (lib) generated 5 warnings (run `cargo fix --lib -p rusttesserast` to apply 1 suggestion)
[INFO] [stderr] warning: `rusttesserast` (lib test) generated 5 warnings (5 duplicates)
[INFO] [stderr] warning: unused import: `Path`
[INFO] [stderr]  --> tests/tests.rs:6:17
[INFO] [stderr]   |
[INFO] [stderr] 6 | use std::path::{Path, PathBuf};
[INFO] [stderr]   |                 ^^^^
[INFO] [stderr]   |
[INFO] [stderr]   = note: `#[warn(unused_imports)]` (part of `#[warn(unused)]`) on by default
[INFO] [stderr] 
[INFO] [stderr] warning: unused variable: `result`
[INFO] [stderr]    --> tests/tests.rs:134:9
[INFO] [stderr]     |
[INFO] [stderr] 134 |     let result = cube
[INFO] [stderr]     |         ^^^^^^ help: if this is intentional, prefix it with an underscore: `_result`
[INFO] [stderr]     |
[INFO] [stderr]     = note: `#[warn(unused_variables)]` (part of `#[warn(unused)]`) on by default
[INFO] [stderr] 
[INFO] [stderr] warning: unused `Result` that must be used
[INFO] [stderr]    --> tests/tests.rs:180:5
[INFO] [stderr]     |
[INFO] [stderr] 180 | /     tesseract_base
[INFO] [stderr] 181 | |         .recognize_doc(None, None, image_array, "tsvs", None)
[INFO] [stderr] 182 | |         .await;
[INFO] [stderr]     | |______________^
[INFO] [stderr]     |
[INFO] [stderr]     = note: this `Result` may be an `Err` variant, which should be handled
[INFO] [stderr]     = note: `#[warn(unused_must_use)]` (part of `#[warn(unused)]`) on by default
[INFO] [stderr] help: use `let _ = ...` to ignore the resulting value
[INFO] [stderr]     |
[INFO] [stderr] 180 |     let _ = tesseract_base
[INFO] [stderr]     |     +++++++
[INFO] [stderr] 
[INFO] [stderr] warning: `rusttesserast` (test "tests") generated 3 warnings (run `cargo fix --test "tests" -p rusttesserast` to apply 2 suggestions)
[INFO] [stderr]     Finished `release` profile [optimized] target(s) in 0.10s
[INFO] [stderr]      Running unittests src/lib.rs (/opt/rustwide/target/release/deps/rusttesserast-ff8c2834359acc1a)
[INFO] [stderr]      Running tests/tests.rs (/opt/rustwide/target/release/deps/tests-25cf494243ecd796)
[INFO] [stdout] 
[INFO] [stdout] running 16 tests
[INFO] [stderr] Please call SetImage before SetSourceResolution.
[INFO] [stderr] Please call SetImage before SetSourceResolution.
[INFO] [stderr] Please call SetImage before SetSourceResolution.
[INFO] [stderr] Please call SetImage before SetSourceResolution.
[INFO] [stderr] Please call SetImage before SetSourceResolution.
[INFO] [stderr] Please call SetImage before SetSourceResolution.
[INFO] [stderr] Please call SetImage before SetSourceResolution.
[INFO] [stderr] Please call SetImage before SetSourceResolution.
[INFO] [stderr] Please call SetImage before SetSourceResolution.
[INFO] [stderr] Please call SetImage before SetSourceResolution.
[INFO] [stderr] Please call SetImage before SetSourceResolution.
[INFO] [stderr] Please call SetImage before SetSourceResolution.
[INFO] [stderr] Please call SetImage before SetSourceResolution.
[INFO] [stderr] Please call SetImage before SetSourceResolution.
[INFO] [stderr] Please call SetImage before SetSourceResolution.
[INFO] [stderr] Please call SetImage before SetSourceResolution.
[INFO] [stderr] Error opening data file /usr/local/share/tessdata/rus.traineddata
[INFO] [stdout] test test_get_timeout_attr ... FAILED
[INFO] [stderr] Please make sure the TESSDATA_PREFIX environment variable is set to your "tessdata" directory.
[INFO] [stdout] test test_image_to_tsv ... FAILED
[INFO] [stderr] Failed loading language 'rus'
[INFO] [stdout] test test_new_method_error ... ok
[INFO] [stderr] Tesseract couldn't load any languages!
[INFO] [stdout] test test_recognize_doc_save_doc ... FAILED
[INFO] [stderr] Error opening data file /usr/local/share/tessdata/eng.traineddata
[INFO] [stdout] test test_image_to_string_err - should panic ... FAILED
[INFO] [stderr] Please make sure the TESSDATA_PREFIX environment variable is set to your "tessdata" directory.
[INFO] [stderr] Failed loading language 'eng'
[INFO] [stderr] Tesseract couldn't load any languages!
[INFO] [stderr] Error opening data file /usr/local/share/tessdata/eng.traineddata
[INFO] [stderr] Please make sure the TESSDATA_PREFIX environment variable is set to your "tessdata" directory.
[INFO] [stderr] Failed loading language 'eng'
[INFO] [stderr] Tesseract couldn't load any languages!
[INFO] [stderr] Error opening data file /usr/local/shares/tessdatas/rust.traineddata
[INFO] [stderr] Please make sure the TESSDATA_PREFIX environment variable is set to your "tessdata" directory.
[INFO] [stderr] Failed loading language 'rust'
[INFO] [stderr] Tesseract couldn't load any languages!
[INFO] [stdout] test test_save_doc ... FAILED
[INFO] [stderr] Error opening data file /usr/local/share/tessdata/eng.traineddata
[INFO] [stderr] Please make sure the TESSDATA_PREFIX environment variable is set to your "tessdata" directory.
[INFO] [stderr] Failed loading language 'eng'
[INFO] [stderr] Tesseract couldn't load any languages!
[INFO] [stderr] Error opening data file /usr/local/share/tessdata/eng.traineddata
[INFO] [stderr] Please make sure the TESSDATA_PREFIX environment variable is set to your "tessdata" directory.
[INFO] [stderr] Failed loading language 'eng'
[INFO] [stderr] Tesseract couldn't load any languages!
[INFO] [stderr] Error opening data file /usr/local/share/tessdata/eng.traineddata
[INFO] [stderr] Please make sure the TESSDATA_PREFIX environment variable is set to your "tessdata" directory.
[INFO] [stderr] Failed loading language 'eng'
[INFO] [stderr] Tesseract couldn't load any languages!
[INFO] [stderr] Error opening data file /usr/local/share/tessdata/rus.traineddata
[INFO] [stderr] Please make sure the TESSDATA_PREFIX environment variable is set to your "tessdata" directory.
[INFO] [stderr] Failed loading language 'rus'
[INFO] [stderr] Tesseract couldn't load any languages!
[INFO] [stderr] Error opening data file /usr/local/share/tessdata/rus.traineddata
[INFO] [stderr] Please make sure the TESSDATA_PREFIX environment variable is set to your "tessdata" directory.
[INFO] [stderr] Failed loading language 'rus'
[INFO] [stderr] Tesseract couldn't load any languages!
[INFO] [stderr] Error opening data file /usr/local/share/tessdata/eng.traineddata
[INFO] [stderr] Please make sure the TESSDATA_PREFIX environment variable is set to your "tessdata" directory.
[INFO] [stderr] Failed loading language 'eng'
[INFO] [stderr] Tesseract couldn't load any languages!
[INFO] [stderr] Error opening data file /usr/local/share/tessdata/rus.traineddata
[INFO] [stderr] Please make sure the TESSDATA_PREFIX environment variable is set to your "tessdata" directory.
[INFO] [stderr] Failed loading language 'rus'
[INFO] [stderr] Tesseract couldn't load any languages!
[INFO] [stderr] Error opening data file /usr/local/share/tessdata/eng.traineddata
[INFO] [stderr] Please make sure the TESSDATA_PREFIX environment variable is set to your "tessdata" directory.
[INFO] [stderr] Failed loading language 'eng'
[INFO] [stderr] Tesseract couldn't load any languages!
[INFO] [stderr] Error opening data file /usr/local/share/tessdata/rus.traineddata
[INFO] [stdout] test test_save_doc_panic_path - should panic ... FAILED
[INFO] [stderr] Please make sure the TESSDATA_PREFIX environment variable is set to your "tessdata" directory.
[INFO] [stdout] test test_save_doc_custom_name ... FAILED
[INFO] [stderr] Failed loading language 'rus'
[INFO] [stdout] test test_get_dpi_attr ... FAILED
[INFO] [stderr] Tesseract couldn't load any languages!
[INFO] [stdout] test test_error_attr ... FAILED
[INFO] [stdout] test test_get_psm_attr ... FAILED
[INFO] [stdout] test test_recognize_doc ... FAILED
[INFO] [stdout] test test_get_oem_attr ... FAILED
[INFO] [stderr] Error opening data file /usr/local/share/tessdata/eng.traineddata
[INFO] [stderr] Please make sure the TESSDATA_PREFIX environment variable is set to your "tessdata" directory.
[INFO] [stderr] Failed loading language 'eng'
[INFO] [stderr] Tesseract couldn't load any languages!
[INFO] [stderr] Error opening data file /usr/local/share/tessdata/eng.traineddata
[INFO] [stderr] Please make sure the TESSDATA_PREFIX environment variable is set to your "tessdata" directory.
[INFO] [stderr] Failed loading language 'eng'
[INFO] [stderr] Tesseract couldn't load any languages!
[INFO] [stderr] Error opening data file /usr/local/share/tessdata/eng.traineddata
[INFO] [stderr] Please make sure the TESSDATA_PREFIX environment variable is set to your "tessdata" directory.
[INFO] [stderr] Failed loading language 'eng'
[INFO] [stderr] Tesseract couldn't load any languages!
[INFO] [stdout] test test_hocr ... FAILED
[INFO] [stdout] test test_recognize_doc_panic - should panic ... FAILED
[INFO] [stdout] test test_image_to_string ... FAILED
[INFO] [stdout] 
[INFO] [stdout] failures:
[INFO] [stdout] 
[INFO] [stdout] ---- test_get_timeout_attr stdout ----
[INFO] [stdout] Error: TesseractInitError
[INFO] [stdout] 
[INFO] [stdout] ---- test_image_to_tsv stdout ----
[INFO] [stdout] Error: TesseractInitError
[INFO] [stdout] 
[INFO] [stdout] ---- test_recognize_doc_save_doc stdout ----
[INFO] [stdout] 
[INFO] [stdout] thread 'test_recognize_doc_save_doc' (1483) panicked at tests/tests.rs:213:6:
[INFO] [stdout] called `Result::unwrap()` on an `Err` value: TesseractInitError
[INFO] [stdout] stack backtrace:
[INFO] [stdout]    0:     0x592ed65e7c71 - <<std[70759c8f55707aa4]::sys::backtrace::BacktraceLock>::print::DisplayBacktrace as core[df12db4294e9bfd3]::fmt::Display>::fmt
[INFO] [stdout]    1:     0x592ed65fc5ba - core[df12db4294e9bfd3]::fmt::write
[INFO] [stdout]    2:     0x592ed65ec52c - <alloc[2182bb758b4b3781]::vec::Vec<u8> as core[df12db4294e9bfd3]::io::write::Write>::write_fmt
[INFO] [stdout]    3:     0x592ed65c34f6 - std[70759c8f55707aa4]::panicking::default_hook::{closure#0}
[INFO] [stdout]    4:     0x592ed65dfed9 - std[70759c8f55707aa4]::panicking::default_hook
[INFO] [stdout]    5:     0x592ed65740a0 - test[9d35eded1c95d3be]::test_main_inner::<test[9d35eded1c95d3be]::test_main_static::{closure#0}>::{closure#0}
[INFO] [stdout]    6:     0x592ed65e0092 - std[70759c8f55707aa4]::panicking::panic_with_hook
[INFO] [stdout]    7:     0x592ed65c35a2 - std[70759c8f55707aa4]::panicking::panic_handler::{closure#0}
[INFO] [stdout]    8:     0x592ed65bc289 - std[70759c8f55707aa4]::sys::backtrace::__rust_end_short_backtrace::<std[70759c8f55707aa4]::panicking::panic_handler::{closure#0}, !>
[INFO] [stdout]    9:     0x592ed65c419d - __rustc[8fa7c3cbc660c2b3]::rust_begin_unwind
[INFO] [stdout]   10:     0x592ed65fcd1c - core[df12db4294e9bfd3]::panicking::panic_fmt
[INFO] [stdout]   11:     0x592ed65fcaf2 - core[df12db4294e9bfd3]::result::unwrap_failed
[INFO] [stdout]   12:     0x592ed653e4d8 - tests[89316d622358f089]::test_recognize_doc_save_doc::{closure#0}
[INFO] [stdout]   13:     0x592ed6543983 - <tokio[3f21662f10cea44f]::runtime::scheduler::current_thread::Context>::enter::<core[df12db4294e9bfd3]::task::poll::Poll<()>, <tokio[3f21662f10cea44f]::runtime::scheduler::current_thread::CoreGuard>::block_on<core[df12db4294e9bfd3]::pin::Pin<&mut core[df12db4294e9bfd3]::pin::Pin<&mut dyn core[df12db4294e9bfd3]::future::future::Future<Output = ()>>>>::{closure#0}::{closure#0}>
[INFO] [stdout]   14:     0x592ed654277c - <tokio[3f21662f10cea44f]::runtime::context::scoped::Scoped<tokio[3f21662f10cea44f]::runtime::scheduler::Context>>::set::<<tokio[3f21662f10cea44f]::runtime::scheduler::current_thread::CoreGuard>::enter<<tokio[3f21662f10cea44f]::runtime::scheduler::current_thread::CoreGuard>::block_on<core[df12db4294e9bfd3]::pin::Pin<&mut core[df12db4294e9bfd3]::pin::Pin<&mut dyn core[df12db4294e9bfd3]::future::future::Future<Output = ()>>>>::{closure#0}, core[df12db4294e9bfd3]::option::Option<()>>::{closure#0}, (alloc[2182bb758b4b3781]::boxed::Box<tokio[3f21662f10cea44f]::runtime::scheduler::current_thread::Core>, core[df12db4294e9bfd3]::option::Option<()>)>
[INFO] [stdout]   15:     0x592ed6543d17 - <tokio[3f21662f10cea44f]::runtime::scheduler::current_thread::CoreGuard>::block_on::<core[df12db4294e9bfd3]::pin::Pin<&mut core[df12db4294e9bfd3]::pin::Pin<&mut dyn core[df12db4294e9bfd3]::future::future::Future<Output = ()>>>>
[INFO] [stdout]   16:     0x592ed654678b - tokio[3f21662f10cea44f]::runtime::context::runtime::enter_runtime::<<tokio[3f21662f10cea44f]::runtime::scheduler::current_thread::CurrentThread>::block_on<core[df12db4294e9bfd3]::pin::Pin<&mut dyn core[df12db4294e9bfd3]::future::future::Future<Output = ()>>>::{closure#0}, ()>
[INFO] [stdout]   17:     0x592ed6542475 - <tokio[3f21662f10cea44f]::runtime::runtime::Runtime>::block_on::<core[df12db4294e9bfd3]::pin::Pin<&mut dyn core[df12db4294e9bfd3]::future::future::Future<Output = ()>>>
[INFO] [stdout]   18:     0x592ed6541fce - <tests[89316d622358f089]::test_recognize_doc_save_doc::{closure#0} as core[df12db4294e9bfd3]::ops::function::FnOnce<()>>::call_once
[INFO] [stdout]   19:     0x592ed656738b - test[9d35eded1c95d3be]::__rust_begin_short_backtrace::<core[df12db4294e9bfd3]::result::Result<(), alloc[2182bb758b4b3781]::string::String>, fn() -> core[df12db4294e9bfd3]::result::Result<(), alloc[2182bb758b4b3781]::string::String>>
[INFO] [stdout]   20:     0x592ed65749f5 - test[9d35eded1c95d3be]::run_test::{closure#0}
[INFO] [stdout]   21:     0x592ed656e2b4 - std[70759c8f55707aa4]::sys::backtrace::__rust_begin_short_backtrace::<test[9d35eded1c95d3be]::run_test::{closure#1}, ()>
[INFO] [stdout]   22:     0x592ed6577b52 - <std[70759c8f55707aa4]::thread::lifecycle::spawn_unchecked<test[9d35eded1c95d3be]::run_test::{closure#1}, ()>::{closure#1} as core[df12db4294e9bfd3]::ops::function::FnOnce<()>>::call_once::{shim:vtable#0}
[INFO] [stdout]   23:     0x592ed65e7549 - <std[70759c8f55707aa4]::sys::thread::unix::Thread>::new::thread_start
[INFO] [stdout]   24:     0x75efd05b6dfa - <unknown>
[INFO] [stdout]   25:     0x75efd064a3d4 - clone
[INFO] [stdout]   26:                0x0 - <unknown>
[INFO] [stdout] 
[INFO] [stdout] ---- test_image_to_string_err stdout ----
[INFO] [stdout] 
[INFO] [stdout] thread 'test_image_to_string_err' (1478) panicked at tests/tests.rs:133:6:
[INFO] [stdout] called `Result::unwrap()` on an `Err` value: TesseractInitError
[INFO] [stdout] stack backtrace:
[INFO] [stdout]    0:     0x592ed65e7c71 - <<std[70759c8f55707aa4]::sys::backtrace::BacktraceLock>::print::DisplayBacktrace as core[df12db4294e9bfd3]::fmt::Display>::fmt
[INFO] [stdout]    1:     0x592ed65fc5ba - core[df12db4294e9bfd3]::fmt::write
[INFO] [stdout]    2:     0x592ed65ec52c - <alloc[2182bb758b4b3781]::vec::Vec<u8> as core[df12db4294e9bfd3]::io::write::Write>::write_fmt
[INFO] [stdout]    3:     0x592ed65c34f6 - std[70759c8f55707aa4]::panicking::default_hook::{closure#0}
[INFO] [stdout]    4:     0x592ed65dfed9 - std[70759c8f55707aa4]::panicking::default_hook
[INFO] [stdout]    5:     0x592ed65740a0 - test[9d35eded1c95d3be]::test_main_inner::<test[9d35eded1c95d3be]::test_main_static::{closure#0}>::{closure#0}
[INFO] [stdout]    6:     0x592ed65e0092 - std[70759c8f55707aa4]::panicking::panic_with_hook
[INFO] [stdout]    7:     0x592ed65c35a2 - std[70759c8f55707aa4]::panicking::panic_handler::{closure#0}
[INFO] [stdout]    8:     0x592ed65bc289 - std[70759c8f55707aa4]::sys::backtrace::__rust_end_short_backtrace::<std[70759c8f55707aa4]::panicking::panic_handler::{closure#0}, !>
[INFO] [stdout]    9:     0x592ed65c419d - __rustc[8fa7c3cbc660c2b3]::rust_begin_unwind
[INFO] [stdout]   10:     0x592ed65fcd1c - core[df12db4294e9bfd3]::panicking::panic_fmt
[INFO] [stdout]   11:     0x592ed65fcaf2 - core[df12db4294e9bfd3]::result::unwrap_failed
[INFO] [stdout]   12:     0x592ed653d996 - tests[89316d622358f089]::test_image_to_string_err::{closure#0}
[INFO] [stdout]   13:     0x592ed6543983 - <tokio[3f21662f10cea44f]::runtime::scheduler::current_thread::Context>::enter::<core[df12db4294e9bfd3]::task::poll::Poll<()>, <tokio[3f21662f10cea44f]::runtime::scheduler::current_thread::CoreGuard>::block_on<core[df12db4294e9bfd3]::pin::Pin<&mut core[df12db4294e9bfd3]::pin::Pin<&mut dyn core[df12db4294e9bfd3]::future::future::Future<Output = ()>>>>::{closure#0}::{closure#0}>
[INFO] [stdout]   14:     0x592ed654277c - <tokio[3f21662f10cea44f]::runtime::context::scoped::Scoped<tokio[3f21662f10cea44f]::runtime::scheduler::Context>>::set::<<tokio[3f21662f10cea44f]::runtime::scheduler::current_thread::CoreGuard>::enter<<tokio[3f21662f10cea44f]::runtime::scheduler::current_thread::CoreGuard>::block_on<core[df12db4294e9bfd3]::pin::Pin<&mut core[df12db4294e9bfd3]::pin::Pin<&mut dyn core[df12db4294e9bfd3]::future::future::Future<Output = ()>>>>::{closure#0}, core[df12db4294e9bfd3]::option::Option<()>>::{closure#0}, (alloc[2182bb758b4b3781]::boxed::Box<tokio[3f21662f10cea44f]::runtime::scheduler::current_thread::Core>, core[df12db4294e9bfd3]::option::Option<()>)>
[INFO] [stdout]   15:     0x592ed6543d17 - <tokio[3f21662f10cea44f]::runtime::scheduler::current_thread::CoreGuard>::block_on::<core[df12db4294e9bfd3]::pin::Pin<&mut core[df12db4294e9bfd3]::pin::Pin<&mut dyn core[df12db4294e9bfd3]::future::future::Future<Output = ()>>>>
[INFO] [stdout]   16:     0x592ed654678b - tokio[3f21662f10cea44f]::runtime::context::runtime::enter_runtime::<<tokio[3f21662f10cea44f]::runtime::scheduler::current_thread::CurrentThread>::block_on<core[df12db4294e9bfd3]::pin::Pin<&mut dyn core[df12db4294e9bfd3]::future::future::Future<Output = ()>>>::{closure#0}, ()>
[INFO] [stdout]   17:     0x592ed6542475 - <tokio[3f21662f10cea44f]::runtime::runtime::Runtime>::block_on::<core[df12db4294e9bfd3]::pin::Pin<&mut dyn core[df12db4294e9bfd3]::future::future::Future<Output = ()>>>
[INFO] [stdout]   18:     0x592ed654130a - <tests[89316d622358f089]::test_image_to_string_err::{closure#0} as core[df12db4294e9bfd3]::ops::function::FnOnce<()>>::call_once
[INFO] [stdout]   19:     0x592ed656738b - test[9d35eded1c95d3be]::__rust_begin_short_backtrace::<core[df12db4294e9bfd3]::result::Result<(), alloc[2182bb758b4b3781]::string::String>, fn() -> core[df12db4294e9bfd3]::result::Result<(), alloc[2182bb758b4b3781]::string::String>>
[INFO] [stdout]   20:     0x592ed65749f5 - test[9d35eded1c95d3be]::run_test::{closure#0}
[INFO] [stdout]   21:     0x592ed656e2b4 - std[70759c8f55707aa4]::sys::backtrace::__rust_begin_short_backtrace::<test[9d35eded1c95d3be]::run_test::{closure#1}, ()>
[INFO] [stdout]   22:     0x592ed6577b52 - <std[70759c8f55707aa4]::thread::lifecycle::spawn_unchecked<test[9d35eded1c95d3be]::run_test::{closure#1}, ()>::{closure#1} as core[df12db4294e9bfd3]::ops::function::FnOnce<()>>::call_once::{shim:vtable#0}
[INFO] [stdout]   23:     0x592ed65e7549 - <std[70759c8f55707aa4]::sys::thread::unix::Thread>::new::thread_start
[INFO] [stdout]   24:     0x75efd05b6dfa - <unknown>
[INFO] [stdout]   25:     0x75efd064a3d4 - clone
[INFO] [stdout]   26:                0x0 - <unknown>
[INFO] [stdout] note: panic did not contain expected string
[INFO] [stdout]       panic message: "called `Result::unwrap()` on an `Err` value: TesseractInitError"
[INFO] [stdout]  expected substring: "There was a problem opening the file: NoSuchFileException"
[INFO] [stdout] ---- test_save_doc stdout ----
[INFO] [stdout] 
[INFO] [stdout] thread 'test_save_doc' (1484) panicked at tests/tests.rs:192:6:
[INFO] [stdout] called `Result::unwrap()` on an `Err` value: TesseractInitError
[INFO] [stdout] stack backtrace:
[INFO] [stdout]    0:     0x592ed65e7c71 - <<std[70759c8f55707aa4]::sys::backtrace::BacktraceLock>::print::DisplayBacktrace as core[df12db4294e9bfd3]::fmt::Display>::fmt
[INFO] [stdout]    1:     0x592ed65fc5ba - core[df12db4294e9bfd3]::fmt::write
[INFO] [stdout]    2:     0x592ed65ec52c - <alloc[2182bb758b4b3781]::vec::Vec<u8> as core[df12db4294e9bfd3]::io::write::Write>::write_fmt
[INFO] [stdout]    3:     0x592ed65c34f6 - std[70759c8f55707aa4]::panicking::default_hook::{closure#0}
[INFO] [stdout]    4:     0x592ed65dfed9 - std[70759c8f55707aa4]::panicking::default_hook
[INFO] [stdout]    5:     0x592ed65740a0 - test[9d35eded1c95d3be]::test_main_inner::<test[9d35eded1c95d3be]::test_main_static::{closure#0}>::{closure#0}
[INFO] [stdout]    6:     0x592ed65e0092 - std[70759c8f55707aa4]::panicking::panic_with_hook
[INFO] [stdout]    7:     0x592ed65c35a2 - std[70759c8f55707aa4]::panicking::panic_handler::{closure#0}
[INFO] [stdout]    8:     0x592ed65bc289 - std[70759c8f55707aa4]::sys::backtrace::__rust_end_short_backtrace::<std[70759c8f55707aa4]::panicking::panic_handler::{closure#0}, !>
[INFO] [stdout]    9:     0x592ed65c419d - __rustc[8fa7c3cbc660c2b3]::rust_begin_unwind
[INFO] [stdout]   10:     0x592ed65fcd1c - core[df12db4294e9bfd3]::panicking::panic_fmt
[INFO] [stdout]   11:     0x592ed65fcaf2 - core[df12db4294e9bfd3]::result::unwrap_failed
[INFO] [stdout]   12:     0x592ed653f702 - <tests[89316d622358f089]::test_save_doc::{closure#0} as core[df12db4294e9bfd3]::ops::function::FnOnce<()>>::call_once
[INFO] [stdout]   13:     0x592ed656738b - test[9d35eded1c95d3be]::__rust_begin_short_backtrace::<core[df12db4294e9bfd3]::result::Result<(), alloc[2182bb758b4b3781]::string::String>, fn() -> core[df12db4294e9bfd3]::result::Result<(), alloc[2182bb758b4b3781]::string::String>>
[INFO] [stdout]   14:     0x592ed65749f5 - test[9d35eded1c95d3be]::run_test::{closure#0}
[INFO] [stdout]   15:     0x592ed656e2b4 - std[70759c8f55707aa4]::sys::backtrace::__rust_begin_short_backtrace::<test[9d35eded1c95d3be]::run_test::{closure#1}, ()>
[INFO] [stdout]   16:     0x592ed6577b52 - <std[70759c8f55707aa4]::thread::lifecycle::spawn_unchecked<test[9d35eded1c95d3be]::run_test::{closure#1}, ()>::{closure#1} as core[df12db4294e9bfd3]::ops::function::FnOnce<()>>::call_once::{shim:vtable#0}
[INFO] [stdout]   17:     0x592ed65e7549 - <std[70759c8f55707aa4]::sys::thread::unix::Thread>::new::thread_start
[INFO] [stderr] error: test failed, to rerun pass `--test tests`
[INFO] [stdout]   18:     0x75efd05b6dfa - <unknown>
[INFO] [stdout]   19:     0x75efd064a3d4 - clone
[INFO] [stdout]   20:                0x0 - <unknown>
[INFO] [stdout] 
[INFO] [stdout] ---- test_save_doc_panic_path stdout ----
[INFO] [stdout] 
[INFO] [stdout] thread 'test_save_doc_panic_path' (1486) panicked at tests/tests.rs:270:6:
[INFO] [stdout] called `Result::unwrap()` on an `Err` value: TesseractInitError
[INFO] [stdout] stack backtrace:
[INFO] [stdout]    0:     0x592ed65e7c71 - <<std[70759c8f55707aa4]::sys::backtrace::BacktraceLock>::print::DisplayBacktrace as core[df12db4294e9bfd3]::fmt::Display>::fmt
[INFO] [stdout]    1:     0x592ed65fc5ba - core[df12db4294e9bfd3]::fmt::write
[INFO] [stdout]    2:     0x592ed65ec52c - <alloc[2182bb758b4b3781]::vec::Vec<u8> as core[df12db4294e9bfd3]::io::write::Write>::write_fmt
[INFO] [stdout]    3:     0x592ed65c34f6 - std[70759c8f55707aa4]::panicking::default_hook::{closure#0}
[INFO] [stdout]    4:     0x592ed65dfed9 - std[70759c8f55707aa4]::panicking::default_hook
[INFO] [stdout]    5:     0x592ed65740a0 - test[9d35eded1c95d3be]::test_main_inner::<test[9d35eded1c95d3be]::test_main_static::{closure#0}>::{closure#0}
[INFO] [stdout]    6:     0x592ed65e0092 - std[70759c8f55707aa4]::panicking::panic_with_hook
[INFO] [stdout]    7:     0x592ed65c35a2 - std[70759c8f55707aa4]::panicking::panic_handler::{closure#0}
[INFO] [stdout]    8:     0x592ed65bc289 - std[70759c8f55707aa4]::sys::backtrace::__rust_end_short_backtrace::<std[70759c8f55707aa4]::panicking::panic_handler::{closure#0}, !>
[INFO] [stdout]    9:     0x592ed65c419d - __rustc[8fa7c3cbc660c2b3]::rust_begin_unwind
[INFO] [stdout]   10:     0x592ed65fcd1c - core[df12db4294e9bfd3]::panicking::panic_fmt
[INFO] [stdout]   11:     0x592ed65fcaf2 - core[df12db4294e9bfd3]::result::unwrap_failed
[INFO] [stdout]   12:     0x592ed654189b - <tests[89316d622358f089]::test_save_doc_panic_path::{closure#0} as core[df12db4294e9bfd3]::ops::function::FnOnce<()>>::call_once
[INFO] [stdout]   13:     0x592ed656738b - test[9d35eded1c95d3be]::__rust_begin_short_backtrace::<core[df12db4294e9bfd3]::result::Result<(), alloc[2182bb758b4b3781]::string::String>, fn() -> core[df12db4294e9bfd3]::result::Result<(), alloc[2182bb758b4b3781]::string::String>>
[INFO] [stdout]   14:     0x592ed65749f5 - test[9d35eded1c95d3be]::run_test::{closure#0}
[INFO] [stdout]   15:     0x592ed656e2b4 - std[70759c8f55707aa4]::sys::backtrace::__rust_begin_short_backtrace::<test[9d35eded1c95d3be]::run_test::{closure#1}, ()>
[INFO] [stdout]   16:     0x592ed6577b52 - <std[70759c8f55707aa4]::thread::lifecycle::spawn_unchecked<test[9d35eded1c95d3be]::run_test::{closure#1}, ()>::{closure#1} as core[df12db4294e9bfd3]::ops::function::FnOnce<()>>::call_once::{shim:vtable#0}
[INFO] [stdout]   17:     0x592ed65e7549 - <std[70759c8f55707aa4]::sys::thread::unix::Thread>::new::thread_start
[INFO] [stdout]   18:     0x75efd05b6dfa - <unknown>
[INFO] [stdout]   19:     0x75efd064a3d4 - clone
[INFO] [stdout]   20:                0x0 - <unknown>
[INFO] [stdout] note: panic did not contain expected string
[INFO] [stdout]       panic message: "called `Result::unwrap()` on an `Err` value: TesseractInitError"
[INFO] [stdout]  expected substring: "Path /usr/local/share/tessdata_fake doesnt exist. Use another path."
[INFO] [stdout] ---- test_save_doc_custom_name stdout ----
[INFO] [stdout] 
[INFO] [stdout] thread 'test_save_doc_custom_name' (1485) panicked at tests/tests.rs:247:6:
[INFO] [stdout] called `Result::unwrap()` on an `Err` value: TesseractInitError
[INFO] [stdout] stack backtrace:
[INFO] [stdout]    0:     0x592ed65e7c71 - <<std[70759c8f55707aa4]::sys::backtrace::BacktraceLock>::print::DisplayBacktrace as core[df12db4294e9bfd3]::fmt::Display>::fmt
[INFO] [stdout]    1:     0x592ed65fc5ba - core[df12db4294e9bfd3]::fmt::write
[INFO] [stdout]    2:     0x592ed65ec52c - <alloc[2182bb758b4b3781]::vec::Vec<u8> as core[df12db4294e9bfd3]::io::write::Write>::write_fmt
[INFO] [stdout]    3:     0x592ed65c34f6 - std[70759c8f55707aa4]::panicking::default_hook::{closure#0}
[INFO] [stdout]    4:     0x592ed65dfed9 - std[70759c8f55707aa4]::panicking::default_hook
[INFO] [stdout]    5:     0x592ed65740a0 - test[9d35eded1c95d3be]::test_main_inner::<test[9d35eded1c95d3be]::test_main_static::{closure#0}>::{closure#0}
[INFO] [stdout]    6:     0x592ed65e0092 - std[70759c8f55707aa4]::panicking::panic_with_hook
[INFO] [stdout]    7:     0x592ed65c35a2 - std[70759c8f55707aa4]::panicking::panic_handler::{closure#0}
[INFO] [stdout]    8:     0x592ed65bc289 - std[70759c8f55707aa4]::sys::backtrace::__rust_end_short_backtrace::<std[70759c8f55707aa4]::panicking::panic_handler::{closure#0}, !>
[INFO] [stdout]    9:     0x592ed65c419d - __rustc[8fa7c3cbc660c2b3]::rust_begin_unwind
[INFO] [stdout]   10:     0x592ed65fcd1c - core[df12db4294e9bfd3]::panicking::panic_fmt
[INFO] [stdout]   11:     0x592ed65fcaf2 - core[df12db4294e9bfd3]::result::unwrap_failed
[INFO] [stdout]   12:     0x592ed6541d72 - <tests[89316d622358f089]::test_save_doc_custom_name::{closure#0} as core[df12db4294e9bfd3]::ops::function::FnOnce<()>>::call_once
[INFO] [stdout]   13:     0x592ed656738b - test[9d35eded1c95d3be]::__rust_begin_short_backtrace::<core[df12db4294e9bfd3]::result::Result<(), alloc[2182bb758b4b3781]::string::String>, fn() -> core[df12db4294e9bfd3]::result::Result<(), alloc[2182bb758b4b3781]::string::String>>
[INFO] [stdout]   14:     0x592ed65749f5 - test[9d35eded1c95d3be]::run_test::{closure#0}
[INFO] [stdout]   15:     0x592ed656e2b4 - std[70759c8f55707aa4]::sys::backtrace::__rust_begin_short_backtrace::<test[9d35eded1c95d3be]::run_test::{closure#1}, ()>
[INFO] [stdout]   16:     0x592ed6577b52 - <std[70759c8f55707aa4]::thread::lifecycle::spawn_unchecked<test[9d35eded1c95d3be]::run_test::{closure#1}, ()>::{closure#1} as core[df12db4294e9bfd3]::ops::function::FnOnce<()>>::call_once::{shim:vtable#0}
[INFO] [stdout]   17:     0x592ed65e7549 - <std[70759c8f55707aa4]::sys::thread::unix::Thread>::new::thread_start
[INFO] [stdout]   18:     0x75efd05b6dfa - <unknown>
[INFO] [stdout]   19:     0x75efd064a3d4 - clone
[INFO] [stdout]   20:                0x0 - <unknown>
[INFO] [stdout] 
[INFO] [stdout] ---- test_get_dpi_attr stdout ----
[INFO] [stdout] Error: TesseractInitError
[INFO] [stdout] 
[INFO] [stdout] ---- test_error_attr stdout ----
[INFO] [stdout] Error: TesseractInitError
[INFO] [stdout] 
[INFO] [stdout] ---- test_get_psm_attr stdout ----
[INFO] [stdout] Error: TesseractInitError
[INFO] [stdout] 
[INFO] [stdout] ---- test_recognize_doc stdout ----
[INFO] [stdout] 
[INFO] [stdout] thread 'test_recognize_doc' (1481) panicked at tests/tests.rs:162:6:
[INFO] [stdout] called `Result::unwrap()` on an `Err` value: TesseractInitError
[INFO] [stdout] stack backtrace:
[INFO] [stdout]    0:     0x592ed65e7c71 - <<std[70759c8f55707aa4]::sys::backtrace::BacktraceLock>::print::DisplayBacktrace as core[df12db4294e9bfd3]::fmt::Display>::fmt
[INFO] [stdout]    1:     0x592ed65fc5ba - core[df12db4294e9bfd3]::fmt::write
[INFO] [stdout]    2:     0x592ed65ec52c - <alloc[2182bb758b4b3781]::vec::Vec<u8> as core[df12db4294e9bfd3]::io::write::Write>::write_fmt
[INFO] [stdout]    3:     0x592ed65c34f6 - std[70759c8f55707aa4]::panicking::default_hook::{closure#0}
[INFO] [stdout]    4:     0x592ed65dfed9 - std[70759c8f55707aa4]::panicking::default_hook
[INFO] [stdout]    5:     0x592ed65740a0 - test[9d35eded1c95d3be]::test_main_inner::<test[9d35eded1c95d3be]::test_main_static::{closure#0}>::{closure#0}
[INFO] [stdout]    6:     0x592ed65e0092 - std[70759c8f55707aa4]::panicking::panic_with_hook
[INFO] [stdout]    7:     0x592ed65c35a2 - std[70759c8f55707aa4]::panicking::panic_handler::{closure#0}
[INFO] [stdout]    8:     0x592ed65bc289 - std[70759c8f55707aa4]::sys::backtrace::__rust_end_short_backtrace::<std[70759c8f55707aa4]::panicking::panic_handler::{closure#0}, !>
[INFO] [stdout]    9:     0x592ed65c419d - __rustc[8fa7c3cbc660c2b3]::rust_begin_unwind
[INFO] [stdout]   10:     0x592ed65fcd1c - core[df12db4294e9bfd3]::panicking::panic_fmt
[INFO] [stdout]   11:     0x592ed65fcaf2 - core[df12db4294e9bfd3]::result::unwrap_failed
[INFO] [stdout]   12:     0x592ed653d25a - tests[89316d622358f089]::test_recognize_doc::{closure#0}
[INFO] [stdout]   13:     0x592ed65437e3 - <tokio[3f21662f10cea44f]::runtime::scheduler::current_thread::Context>::enter::<core[df12db4294e9bfd3]::task::poll::Poll<core[df12db4294e9bfd3]::result::Result<(), rusttesserast[6cda5d93c0d635f1]::errors::TesseractError>>, <tokio[3f21662f10cea44f]::runtime::scheduler::current_thread::CoreGuard>::block_on<core[df12db4294e9bfd3]::pin::Pin<&mut core[df12db4294e9bfd3]::pin::Pin<&mut dyn core[df12db4294e9bfd3]::future::future::Future<Output = core[df12db4294e9bfd3]::result::Result<(), rusttesserast[6cda5d93c0d635f1]::errors::TesseractError>>>>>::{closure#0}::{closure#0}>
[INFO] [stdout]   14:     0x592ed654259c - <tokio[3f21662f10cea44f]::runtime::context::scoped::Scoped<tokio[3f21662f10cea44f]::runtime::scheduler::Context>>::set::<<tokio[3f21662f10cea44f]::runtime::scheduler::current_thread::CoreGuard>::enter<<tokio[3f21662f10cea44f]::runtime::scheduler::current_thread::CoreGuard>::block_on<core[df12db4294e9bfd3]::pin::Pin<&mut core[df12db4294e9bfd3]::pin::Pin<&mut dyn core[df12db4294e9bfd3]::future::future::Future<Output = core[df12db4294e9bfd3]::result::Result<(), rusttesserast[6cda5d93c0d635f1]::errors::TesseractError>>>>>::{closure#0}, core[df12db4294e9bfd3]::option::Option<core[df12db4294e9bfd3]::result::Result<(), rusttesserast[6cda5d93c0d635f1]::errors::TesseractError>>>::{closure#0}, (alloc[2182bb758b4b3781]::boxed::Box<tokio[3f21662f10cea44f]::runtime::scheduler::current_thread::Core>, core[df12db4294e9bfd3]::option::Option<core[df12db4294e9bfd3]::result::Result<(), rusttesserast[6cda5d93c0d635f1]::errors::TesseractError>>)>
[INFO] [stdout]   15:     0x592ed6543b27 - <tokio[3f21662f10cea44f]::runtime::scheduler::current_thread::CoreGuard>::block_on::<core[df12db4294e9bfd3]::pin::Pin<&mut core[df12db4294e9bfd3]::pin::Pin<&mut dyn core[df12db4294e9bfd3]::future::future::Future<Output = core[df12db4294e9bfd3]::result::Result<(), rusttesserast[6cda5d93c0d635f1]::errors::TesseractError>>>>>
[INFO] [stdout]   16:     0x592ed6546337 - tokio[3f21662f10cea44f]::runtime::context::runtime::enter_runtime::<<tokio[3f21662f10cea44f]::runtime::scheduler::current_thread::CurrentThread>::block_on<core[df12db4294e9bfd3]::pin::Pin<&mut dyn core[df12db4294e9bfd3]::future::future::Future<Output = core[df12db4294e9bfd3]::result::Result<(), rusttesserast[6cda5d93c0d635f1]::errors::TesseractError>>>>::{closure#0}, core[df12db4294e9bfd3]::result::Result<(), rusttesserast[6cda5d93c0d635f1]::errors::TesseractError>>
[INFO] [stdout]   17:     0x592ed6542365 - <tokio[3f21662f10cea44f]::runtime::runtime::Runtime>::block_on::<core[df12db4294e9bfd3]::pin::Pin<&mut dyn core[df12db4294e9bfd3]::future::future::Future<Output = core[df12db4294e9bfd3]::result::Result<(), rusttesserast[6cda5d93c0d635f1]::errors::TesseractError>>>>
[INFO] [stdout]   18:     0x592ed6540931 - <tests[89316d622358f089]::test_recognize_doc::{closure#0} as core[df12db4294e9bfd3]::ops::function::FnOnce<()>>::call_once
[INFO] [stdout]   19:     0x592ed656738b - test[9d35eded1c95d3be]::__rust_begin_short_backtrace::<core[df12db4294e9bfd3]::result::Result<(), alloc[2182bb758b4b3781]::string::String>, fn() -> core[df12db4294e9bfd3]::result::Result<(), alloc[2182bb758b4b3781]::string::String>>
[INFO] [stdout]   20:     0x592ed65749f5 - test[9d35eded1c95d3be]::run_test::{closure#0}
[INFO] [stdout]   21:     0x592ed656e2b4 - std[70759c8f55707aa4]::sys::backtrace::__rust_begin_short_backtrace::<test[9d35eded1c95d3be]::run_test::{closure#1}, ()>
[INFO] [stdout]   22:     0x592ed6577b52 - <std[70759c8f55707aa4]::thread::lifecycle::spawn_unchecked<test[9d35eded1c95d3be]::run_test::{closure#1}, ()>::{closure#1} as core[df12db4294e9bfd3]::ops::function::FnOnce<()>>::call_once::{shim:vtable#0}
[INFO] [stdout]   23:     0x592ed65e7549 - <std[70759c8f55707aa4]::sys::thread::unix::Thread>::new::thread_start
[INFO] [stdout]   24:     0x75efd05b6dfa - <unknown>
[INFO] [stdout]   25:     0x75efd064a3d4 - clone
[INFO] [stdout]   26:                0x0 - <unknown>
[INFO] [stdout] 
[INFO] [stdout] ---- test_get_oem_attr stdout ----
[INFO] [stdout] Error: TesseractInitError
[INFO] [stdout] 
[INFO] [stdout] ---- test_hocr stdout ----
[INFO] [stdout] Error: TesseractInitError
[INFO] [stdout] 
[INFO] [stdout] ---- test_recognize_doc_panic stdout ----
[INFO] [stdout] 
[INFO] [stdout] thread 'test_recognize_doc_panic' (1482) panicked at tests/tests.rs:178:6:
[INFO] [stdout] called `Result::unwrap()` on an `Err` value: TesseractInitError
[INFO] [stdout] stack backtrace:
[INFO] [stdout]    0:     0x592ed65e7c71 - <<std[70759c8f55707aa4]::sys::backtrace::BacktraceLock>::print::DisplayBacktrace as core[df12db4294e9bfd3]::fmt::Display>::fmt
[INFO] [stdout]    1:     0x592ed65fc5ba - core[df12db4294e9bfd3]::fmt::write
[INFO] [stdout]    2:     0x592ed65ec52c - <alloc[2182bb758b4b3781]::vec::Vec<u8> as core[df12db4294e9bfd3]::io::write::Write>::write_fmt
[INFO] [stdout]    3:     0x592ed65c34f6 - std[70759c8f55707aa4]::panicking::default_hook::{closure#0}
[INFO] [stdout]    4:     0x592ed65dfed9 - std[70759c8f55707aa4]::panicking::default_hook
[INFO] [stdout]    5:     0x592ed65740a0 - test[9d35eded1c95d3be]::test_main_inner::<test[9d35eded1c95d3be]::test_main_static::{closure#0}>::{closure#0}
[INFO] [stdout]    6:     0x592ed65e0092 - std[70759c8f55707aa4]::panicking::panic_with_hook
[INFO] [stdout]    7:     0x592ed65c35a2 - std[70759c8f55707aa4]::panicking::panic_handler::{closure#0}
[INFO] [stdout]    8:     0x592ed65bc289 - std[70759c8f55707aa4]::sys::backtrace::__rust_end_short_backtrace::<std[70759c8f55707aa4]::panicking::panic_handler::{closure#0}, !>
[INFO] [stdout]    9:     0x592ed65c419d - __rustc[8fa7c3cbc660c2b3]::rust_begin_unwind
[INFO] [stdout]   10:     0x592ed65fcd1c - core[df12db4294e9bfd3]::panicking::panic_fmt
[INFO] [stdout]   11:     0x592ed65fcaf2 - core[df12db4294e9bfd3]::result::unwrap_failed
[INFO] [stdout]   12:     0x592ed653dd96 - tests[89316d622358f089]::test_recognize_doc_panic::{closure#0}
[INFO] [stdout]   13:     0x592ed6543983 - <tokio[3f21662f10cea44f]::runtime::scheduler::current_thread::Context>::enter::<core[df12db4294e9bfd3]::task::poll::Poll<()>, <tokio[3f21662f10cea44f]::runtime::scheduler::current_thread::CoreGuard>::block_on<core[df12db4294e9bfd3]::pin::Pin<&mut core[df12db4294e9bfd3]::pin::Pin<&mut dyn core[df12db4294e9bfd3]::future::future::Future<Output = ()>>>>::{closure#0}::{closure#0}>
[INFO] [stdout]   14:     0x592ed654277c - <tokio[3f21662f10cea44f]::runtime::context::scoped::Scoped<tokio[3f21662f10cea44f]::runtime::scheduler::Context>>::set::<<tokio[3f21662f10cea44f]::runtime::scheduler::current_thread::CoreGuard>::enter<<tokio[3f21662f10cea44f]::runtime::scheduler::current_thread::CoreGuard>::block_on<core[df12db4294e9bfd3]::pin::Pin<&mut core[df12db4294e9bfd3]::pin::Pin<&mut dyn core[df12db4294e9bfd3]::future::future::Future<Output = ()>>>>::{closure#0}, core[df12db4294e9bfd3]::option::Option<()>>::{closure#0}, (alloc[2182bb758b4b3781]::boxed::Box<tokio[3f21662f10cea44f]::runtime::scheduler::current_thread::Core>, core[df12db4294e9bfd3]::option::Option<()>)>
[INFO] [stdout]   15:     0x592ed6543d17 - <tokio[3f21662f10cea44f]::runtime::scheduler::current_thread::CoreGuard>::block_on::<core[df12db4294e9bfd3]::pin::Pin<&mut core[df12db4294e9bfd3]::pin::Pin<&mut dyn core[df12db4294e9bfd3]::future::future::Future<Output = ()>>>>
[INFO] [stdout]   16:     0x592ed654678b - tokio[3f21662f10cea44f]::runtime::context::runtime::enter_runtime::<<tokio[3f21662f10cea44f]::runtime::scheduler::current_thread::CurrentThread>::block_on<core[df12db4294e9bfd3]::pin::Pin<&mut dyn core[df12db4294e9bfd3]::future::future::Future<Output = ()>>>::{closure#0}, ()>
[INFO] [stdout]   17:     0x592ed6542475 - <tokio[3f21662f10cea44f]::runtime::runtime::Runtime>::block_on::<core[df12db4294e9bfd3]::pin::Pin<&mut dyn core[df12db4294e9bfd3]::future::future::Future<Output = ()>>>
[INFO] [stdout]   18:     0x592ed65414ae - <tests[89316d622358f089]::test_recognize_doc_panic::{closure#0} as core[df12db4294e9bfd3]::ops::function::FnOnce<()>>::call_once
[INFO] [stdout]   19:     0x592ed656738b - test[9d35eded1c95d3be]::__rust_begin_short_backtrace::<core[df12db4294e9bfd3]::result::Result<(), alloc[2182bb758b4b3781]::string::String>, fn() -> core[df12db4294e9bfd3]::result::Result<(), alloc[2182bb758b4b3781]::string::String>>
[INFO] [stdout]   20:     0x592ed65749f5 - test[9d35eded1c95d3be]::run_test::{closure#0}
[INFO] [stdout]   21:     0x592ed656e2b4 - std[70759c8f55707aa4]::sys::backtrace::__rust_begin_short_backtrace::<test[9d35eded1c95d3be]::run_test::{closure#1}, ()>
[INFO] [stdout]   22:     0x592ed6577b52 - <std[70759c8f55707aa4]::thread::lifecycle::spawn_unchecked<test[9d35eded1c95d3be]::run_test::{closure#1}, ()>::{closure#1} as core[df12db4294e9bfd3]::ops::function::FnOnce<()>>::call_once::{shim:vtable#0}
[INFO] [stdout]   23:     0x592ed65e7549 - <std[70759c8f55707aa4]::sys::thread::unix::Thread>::new::thread_start
[INFO] [stdout]   24:     0x75efd05b6dfa - <unknown>
[INFO] [stdout]   25:     0x75efd064a3d4 - clone
[INFO] [stdout]   26:                0x0 - <unknown>
[INFO] [stdout] note: panic did not contain expected string
[INFO] [stdout]       panic message: "called `Result::unwrap()` on an `Err` value: TesseractInitError"
[INFO] [stdout]  expected substring: "None existing format tsvs"
[INFO] [stdout] ---- test_image_to_string stdout ----
[INFO] [stdout] Error: TesseractInitError
[INFO] [stdout] 
[INFO] [stdout] 
[INFO] [stdout] failures:
[INFO] [stdout]     test_error_attr
[INFO] [stdout]     test_get_dpi_attr
[INFO] [stdout]     test_get_oem_attr
[INFO] [stdout]     test_get_psm_attr
[INFO] [stdout]     test_get_timeout_attr
[INFO] [stdout]     test_hocr
[INFO] [stdout]     test_image_to_string
[INFO] [stdout]     test_image_to_string_err
[INFO] [stdout]     test_image_to_tsv
[INFO] [stdout]     test_recognize_doc
[INFO] [stdout]     test_recognize_doc_panic
[INFO] [stdout]     test_recognize_doc_save_doc
[INFO] [stdout]     test_save_doc
[INFO] [stdout]     test_save_doc_custom_name
[INFO] [stdout]     test_save_doc_panic_path
[INFO] [stdout] 
[INFO] [stdout] test result: FAILED. 1 passed; 15 failed; 0 ignored; 0 measured; 0 filtered out; finished in 0.08s
[INFO] [stdout] 
[INFO] running `Command { std: "docker" "inspect" "95de120e39e49156b390175efc463d623c66116b3e82d6daad4fcc03e77fa63a", kill_on_drop: false }`
[INFO] running `Command { std: "docker" "rm" "-f" "95de120e39e49156b390175efc463d623c66116b3e82d6daad4fcc03e77fa63a", kill_on_drop: false }`
[INFO] [stdout] 95de120e39e49156b390175efc463d623c66116b3e82d6daad4fcc03e77fa63a
