[INFO] fetching crate rustsec 0.33.0...
[INFO] testing rustsec-0.33.0 against 1.99.0-beta.8+cargoflags=--release for beta-release-1.100-2
[INFO] extracting crate rustsec 0.33.0 into /workspace/builds/worker-0-tc1/source
[INFO] started tweaking crates.io crate rustsec 0.33.0
[INFO] removed 0 missing tests
[INFO] finished tweaking crates.io crate rustsec 0.33.0
[INFO] tweaked toml for crates.io crate rustsec 0.33.0 written to /workspace/builds/worker-0-tc1/source/Cargo.toml
[INFO] validating manifest of crates.io crate rustsec 0.33.0 on toolchain 1.99.0-beta.8
[INFO] running `Command { std: CARGO_HOME="/workspace/cargo-home" RUSTUP_HOME="/workspace/rustup-home" "/workspace/cargo-home/bin/cargo" "+1.99.0-beta.8" "metadata" "--manifest-path" "Cargo.toml" "--no-deps", kill_on_drop: false }`
[INFO] crate crates.io crate rustsec 0.33.0 already has a lockfile, it will not be regenerated
[INFO] running `Command { std: CARGO_HOME="/workspace/cargo-home" RUSTUP_HOME="/workspace/rustup-home" "/workspace/cargo-home/bin/cargo" "+1.99.0-beta.8" "fetch" "--manifest-path" "Cargo.toml", kill_on_drop: false }`
[INFO] [stderr]     Updating crates.io index
[INFO] [stderr]  Downloading crates ...
[INFO] [stderr]   Downloaded smol_str v0.3.2
[INFO] [stderr]   Downloaded quitters v0.1.0
[INFO] [stderr]   Downloaded tame-index v0.26.3
[INFO] [stderr]   Downloaded rustc-stable-hash v0.1.2
[INFO] [stderr]   Downloaded platforms v3.10.0
[INFO] [stderr]   Downloaded toml-span v0.7.1
[INFO] [stderr]   Downloaded gix-revwalk v0.32.0
[INFO] [stderr]   Downloaded gix-validate v0.11.2
[INFO] [stderr]   Downloaded gix-quote v0.7.2
[INFO] [stderr]   Downloaded gix-command v0.9.1
[INFO] [stderr]   Downloaded gix-chunk v0.7.2
[INFO] [stderr]   Downloaded gix-utils v0.3.3
[INFO] [stderr]   Downloaded gix-trace v0.1.20
[INFO] [stderr]   Downloaded gix-sec v0.14.1
[INFO] [stderr]   Downloaded gix-prompt v0.15.1
[INFO] [stderr]   Downloaded gix-worktree-stream v0.33.0
[INFO] [stderr]   Downloaded gix-traverse v0.58.0
[INFO] [stderr]   Downloaded gix-ignore v0.21.1
[INFO] [stderr]   Downloaded gix-hashtable v0.15.1
[INFO] [stderr]   Downloaded gix-error v0.2.4
[INFO] [stderr]   Downloaded gix-actor v0.41.1
[INFO] [stderr]   Downloaded gix-commitgraph v0.37.1
[INFO] [stderr]   Downloaded gix-packetline v0.21.4
[INFO] [stderr]   Downloaded gix-attributes v0.33.1
[INFO] [stderr]   Downloaded gix-glob v0.26.1
[INFO] [stderr]   Downloaded gix-worktree-state v0.31.0
[INFO] [stderr]   Downloaded gix-worktree v0.53.0
[INFO] [stderr]   Downloaded gix-bitmap v0.3.2
[INFO] [stderr]   Downloaded gix-config-value v0.18.1
[INFO] [stderr]   Downloaded uluru v3.1.0
[INFO] [stderr]   Downloaded gix-object v0.61.0
[INFO] [stderr]   Downloaded gix-hash v0.25.1
[INFO] [stderr]   Downloaded gix-features v0.48.1
[INFO] [stderr]   Downloaded gix-path v0.12.1
[INFO] [stderr]   Downloaded gix-date v0.15.4
[INFO] [stderr]   Downloaded gix-fs v0.21.2
[INFO] [stderr]   Downloaded io-close v0.3.7
[INFO] [stderr]   Downloaded filetime v0.2.28
[INFO] [stderr]   Downloaded gix-url v0.36.1
[INFO] [stderr]   Downloaded gix-credentials v0.38.1
[INFO] [stderr]   Downloaded gix-shallow v0.12.1
[INFO] [stderr]   Downloaded gix-negotiate v0.32.0
[INFO] [stderr]   Downloaded auditable-info v0.10.0
[INFO] [stderr]   Downloaded auditable-extract v0.3.5
[INFO] [stderr]   Downloaded gix-filter v0.31.0
[INFO] [stderr]   Downloaded gix-submodule v0.31.0
[INFO] [stderr]   Downloaded gix-revision v0.46.0
[INFO] [stderr]   Downloaded gix-pathspec v0.18.1
[INFO] [stderr]   Downloaded gix-discover v0.52.0
[INFO] [stderr]   Downloaded binfarce v0.2.1
[INFO] [stderr]   Downloaded jiff-static v0.2.28
[INFO] [stderr]   Downloaded gix-index v0.52.0
[INFO] [stderr]   Downloaded gix-refspec v0.42.0
[INFO] [stderr]   Downloaded gix-transport v0.57.1
[INFO] [stderr]   Downloaded curl v0.4.49
[INFO] [stderr]   Downloaded gix-odb v0.81.0
[INFO] [stderr]   Downloaded gix-diff v0.64.0
[INFO] [stderr]   Downloaded cvss v2.2.0
[INFO] [stderr]   Downloaded gix-ref v0.64.0
[INFO] [stderr]   Downloaded gix-protocol v0.62.0
[INFO] [stderr]   Downloaded gix-config v0.57.0
[INFO] [stderr]   Downloaded gix-pack v0.71.0
[INFO] [stderr]   Downloaded zlib-rs v0.6.3
[INFO] [stderr]   Downloaded wasmparser v0.207.0
[INFO] [stderr]   Downloaded gix v0.84.0
[INFO] [stderr]   Downloaded jiff v0.2.28
[INFO] [stderr]   Downloaded libz-sys v1.1.28
[INFO] [stderr]   Downloaded curl-sys v0.4.88+curl-8.20.0
[INFO] running `Command { std: "docker" "create" "-v" "/var/lib/crater-agent-workspace/builds/worker-0-tc1/source:/opt/rustwide/workdir:ro,Z" "-v" "/var/lib/crater-agent-workspace/builds/worker-0-tc1/target:/opt/rustwide/target:rw,Z" "-v" "/var/lib/crater-agent-workspace/cargo-home:/opt/rustwide/cargo-home:ro,Z" "-v" "/var/lib/crater-agent-workspace/rustup-home:/opt/rustwide/rustup-home:ro,Z" "-m" "1610612736" "--network" "none" "ghcr.io/rust-lang/crates-build-env/linux@sha256:77db811e55d90add9212f6832c23229e3de5f1c1f9905e8cb07319ea15df73ac" "sleep" "infinity", kill_on_drop: false }`
[INFO] [stdout] 86a530c0d2d507faffaff65eff0368264e614e8afe218d0ffe88ef070cca0131
[INFO] running `Command { std: "docker" "start" "86a530c0d2d507faffaff65eff0368264e614e8afe218d0ffe88ef070cca0131", kill_on_drop: false }`
[INFO] running `Command { std: "docker" "inspect" "86a530c0d2d507faffaff65eff0368264e614e8afe218d0ffe88ef070cca0131", kill_on_drop: false }`
[INFO] running `Command { std: "docker" "exec" "-e" "SOURCE_DIR=/opt/rustwide/workdir" "-e" "CARGO_HOME=/opt/rustwide/cargo-home" "-e" "RUSTUP_HOME=/opt/rustwide/rustup-home" "-e" "CARGO_TARGET_DIR=/opt/rustwide/target" "-w" "/opt/rustwide/workdir" "--user" "0:0" "86a530c0d2d507faffaff65eff0368264e614e8afe218d0ffe88ef070cca0131" "/opt/rustwide/cargo-home/bin/cargo" "+1.99.0-beta.8" "metadata" "--no-deps" "--format-version=1", kill_on_drop: false }`
[INFO] running `Command { std: "docker" "inspect" "86a530c0d2d507faffaff65eff0368264e614e8afe218d0ffe88ef070cca0131", kill_on_drop: false }`
[INFO] running `Command { std: "docker" "exec" "-e" "SOURCE_DIR=/opt/rustwide/workdir" "-e" "CARGO_HOME=/opt/rustwide/cargo-home" "-e" "RUSTUP_HOME=/opt/rustwide/rustup-home" "-e" "CARGO_TARGET_DIR=/opt/rustwide/target" "-e" "CARGO_INCREMENTAL=0" "-e" "RUST_BACKTRACE=full" "-e" "RUSTFLAGS=--cap-lints=warn" "-e" "RUSTDOCFLAGS=--cap-lints=warn" "-w" "/opt/rustwide/workdir" "--user" "0:0" "86a530c0d2d507faffaff65eff0368264e614e8afe218d0ffe88ef070cca0131" "/opt/rustwide/cargo-home/bin/cargo" "+1.99.0-beta.8" "build" "--frozen" "--message-format=json" "--release", kill_on_drop: false }`
[INFO] [stderr]    Compiling smallvec v1.15.1
[INFO] [stderr]    Compiling regex-automata v0.4.14
[INFO] [stderr]    Compiling gix-trace v0.1.20
[INFO] [stderr]    Compiling unicode-normalization v0.1.25
[INFO] [stderr]    Compiling crossbeam-channel v0.5.15
[INFO] [stderr]    Compiling zlib-rs v0.6.3
[INFO] [stderr]    Compiling typenum v1.20.0
[INFO] [stderr]    Compiling heapless v0.8.0
[INFO] [stderr]    Compiling hash32 v0.3.1
[INFO] [stderr]    Compiling serde_core v1.0.228
[INFO] [stderr]    Compiling jiff v0.2.28
[INFO] [stderr]    Compiling parking_lot_core v0.9.12
[INFO] [stderr]    Compiling gix-utils v0.3.3
[INFO] [stderr]    Compiling parking_lot v0.12.5
[INFO] [stderr]    Compiling faster-hex v0.10.0
[INFO] [stderr]    Compiling prodash v31.0.0
[INFO] [stderr]    Compiling bstr v1.12.1
[INFO] [stderr]    Compiling generic-array v0.14.7
[INFO] [stderr]    Compiling zerofrom-derive v0.1.7
[INFO] [stderr]    Compiling gix-validate v0.11.2
[INFO] [stderr]    Compiling gix-path v0.12.1
[INFO] [stderr]    Compiling gix-error v0.2.4
[INFO] [stderr]    Compiling crypto-common v0.1.7
[INFO] [stderr]    Compiling block-buffer v0.10.4
[INFO] [stderr]    Compiling zerofrom v0.1.7
[INFO] [stderr]    Compiling digest v0.10.7
[INFO] [stderr]    Compiling yoke-derive v0.8.2
[INFO] [stderr]    Compiling libc v0.2.186
[INFO] [stderr]    Compiling rustix v1.1.4
[INFO] [stderr]    Compiling sha1 v0.10.6
[INFO] [stderr]    Compiling sha1-checked v0.10.0
[INFO] [stderr]    Compiling gix-features v0.48.1
[INFO] [stderr]    Compiling zerovec-derive v0.11.3
[INFO] [stderr]    Compiling gix-hash v0.25.1
[INFO] [stderr]    Compiling yoke v0.8.2
[INFO] [stderr]    Compiling gix-hashtable v0.15.1
[INFO] [stderr]    Compiling memmap2 v0.9.10
[INFO] [stderr]    Compiling jobserver v0.1.34
[INFO] [stderr]    Compiling getrandom v0.4.2
[INFO] [stderr]    Compiling socket2 v0.6.3
[INFO] [stderr]    Compiling cc v1.2.62
[INFO] [stderr]    Compiling mio v1.2.0
[INFO] [stderr]    Compiling zerovec v0.11.6
[INFO] [stderr]    Compiling gix-fs v0.21.2
[INFO] [stderr]    Compiling gix-date v0.15.4
[INFO] [stderr]    Compiling tinystr v0.8.3
[INFO] [stderr]    Compiling gix-actor v0.41.1
[INFO] [stderr]    Compiling tempfile v3.27.0
[INFO] [stderr]    Compiling cmake v0.1.58
[INFO] [stderr]    Compiling tokio v1.52.3
[INFO] [stderr]    Compiling gix-object v0.61.0
[INFO] [stderr]    Compiling gix-chunk v0.7.2
[INFO] [stderr]    Compiling icu_locale_core v2.1.1
[INFO] [stderr]    Compiling aws-lc-sys v0.40.0
[INFO] [stderr]    Compiling gix-tempfile v23.0.0
[INFO] [stderr]    Compiling potential_utf v0.1.5
[INFO] [stderr]    Compiling zerotrie v0.2.4
[INFO] [stderr]    Compiling gix-quote v0.7.2
[INFO] [stderr]    Compiling aws-lc-rs v1.16.3
[INFO] [stderr]    Compiling nonempty v0.12.0
[INFO] [stderr]    Compiling icu_provider v2.1.1
[INFO] [stderr]    Compiling icu_collections v2.1.1
[INFO] [stderr]    Compiling http v1.4.0
[INFO] [stderr]    Compiling serde v1.0.228
[INFO] [stderr]    Compiling gix-commitgraph v0.37.1
[INFO] [stderr]    Compiling rustls-pki-types v1.14.1
[INFO] [stderr]    Compiling gix-glob v0.26.1
[INFO] [stderr]    Compiling icu_normalizer v2.1.1
[INFO] [stderr]    Compiling icu_properties v2.1.2
[INFO] [stderr]    Compiling http-body v1.0.1
[INFO] [stderr]    Compiling gix-revwalk v0.32.0
[INFO] [stderr]    Compiling gix-lock v23.0.0
[INFO] [stderr]    Compiling simd-adler32 v0.3.9
[INFO] [stderr]    Compiling tokio-util v0.7.18
[INFO] [stderr]    Compiling rustls v0.23.40
[INFO] [stderr]    Compiling miniz_oxide v0.8.9
[INFO] [stderr]    Compiling futures-util v0.3.32
[INFO] [stderr]    Compiling idna_adapter v1.2.1
[INFO] [stderr]    Compiling unicode-bom v2.0.3
[INFO] [stderr]    Compiling idna v1.1.0
[INFO] [stderr]    Compiling h2 v0.4.14
[INFO] [stderr]    Compiling flate2 v1.1.9
[INFO] [stderr]    Compiling gix-config-value v0.18.1
[INFO] [stderr]    Compiling shell-words v1.1.1
[INFO] [stderr]    Compiling compression-core v0.4.32
[INFO] [stderr]    Compiling compression-codecs v0.4.38
[INFO] [stderr]    Compiling kstring v2.0.2
[INFO] [stderr]    Compiling gix-command v0.9.1
[INFO] [stderr]    Compiling url v2.5.8
[INFO] [stderr]    Compiling gix-sec v0.14.1
[INFO] [stderr]    Compiling tower v0.5.3
[INFO] [stderr]    Compiling rustls-native-certs v0.8.3
[INFO] [stderr]    Compiling gix-attributes v0.33.1
[INFO] [stderr]    Compiling async-compression v0.4.42
[INFO] [stderr]    Compiling http-body-util v0.1.3
[INFO] [stderr]    Compiling gix-ref v0.64.0
[INFO] [stderr]    Compiling tower-http v0.6.10
[INFO] [stderr]    Compiling hyper v1.9.0
[INFO] [stderr]    Compiling gix-url v0.36.1
[INFO] [stderr]    Compiling gix-packetline v0.21.4
[INFO] [stderr]    Compiling hyper-util v0.1.20
[INFO] [stderr]    Compiling gix-prompt v0.15.1
[INFO] [stderr]    Compiling gix-revision v0.46.0
[INFO] [stderr]    Compiling gix-traverse v0.58.0
[INFO] [stderr]    Compiling gix-bitmap v0.3.2
[INFO] [stderr]    Compiling filetime v0.2.28
[INFO] [stderr]    Compiling arrayvec v0.7.6
[INFO] [stderr]    Compiling winnow v1.0.2
[INFO] [stderr]    Compiling uluru v3.1.0
[INFO] [stderr]    Compiling gix-index v0.52.0
[INFO] [stderr]    Compiling toml_parser v1.1.2+spec-1.1.0
[INFO] [stderr]    Compiling clru v0.6.3
[INFO] [stderr]    Compiling gix-refspec v0.42.0
[INFO] [stderr]    Compiling gix-credentials v0.38.1
[INFO] [stderr]    Compiling gix-ignore v0.21.1
[INFO] [stderr]    Compiling serde_spanned v1.1.1
[INFO] [stderr]    Compiling toml_writer v1.1.1+spec-1.1.0
[INFO] [stderr]    Compiling camino v1.2.2
[INFO] [stderr]    Compiling fs-err v3.3.0
[INFO] [stderr]    Compiling gix-worktree v0.53.0
[INFO] [stderr]    Compiling gix-pack v0.71.0
[INFO] [stderr]    Compiling rayon-core v1.13.0
[INFO] [stderr]    Compiling gix-filter v0.31.0
[INFO] [stderr]    Compiling gix-config v0.57.0
[INFO] [stderr]    Compiling gix-pathspec v0.18.1
[INFO] [stderr]    Compiling gix-shallow v0.12.1
[INFO] [stderr]    Compiling gix-negotiate v0.32.0
[INFO] [stderr]    Compiling toml_datetime v0.7.5+spec-1.1.0
[INFO] [stderr]    Compiling semver v1.0.28
[INFO] [stderr]    Compiling maybe-async v0.2.10
[INFO] [stderr]    Compiling io-close v0.3.7
[INFO] [stderr]    Compiling winnow v0.7.15
[INFO] [stderr]    Compiling deranged v0.5.8
[INFO] [stderr]    Compiling rayon v1.12.0
[INFO] [stderr]    Compiling gix-worktree-state v0.31.0
[INFO] [stderr]    Compiling gix-submodule v0.31.0
[INFO] [stderr]    Compiling gix-odb v0.81.0
[INFO] [stderr]    Compiling serde_json v1.0.149
[INFO] [stderr]    Compiling toml v0.9.12+spec-1.1.0
[INFO] [stderr]    Compiling gix-discover v0.52.0
[INFO] [stderr]    Compiling smol_str v0.3.2
[INFO] [stderr]    Compiling gix-diff v0.64.0
[INFO] [stderr]    Compiling toml_datetime v1.1.1+spec-1.1.0
[INFO] [stderr]    Compiling toml-span v0.7.1
[INFO] [stderr]    Compiling time-core v0.1.8
[INFO] [stderr]    Compiling num-conv v0.2.1
[INFO] [stderr]    Compiling rustc-stable-hash v0.1.2
[INFO] [stderr]    Compiling twox-hash v2.1.2
[INFO] [stderr]    Compiling time v0.3.47
[INFO] [stderr]    Compiling cargo-lock v11.0.1
[INFO] [stderr]    Compiling toml v1.1.2+spec-1.1.0
[INFO] [stderr]    Compiling platforms v3.10.0
[INFO] [stderr]    Compiling cvss v2.2.0
[INFO] [stderr]    Compiling home v0.5.12
[INFO] [stderr]    Compiling rustls-webpki v0.103.13
[INFO] [stderr]    Compiling tokio-rustls v0.26.4
[INFO] [stderr]    Compiling rustls-platform-verifier v0.7.0
[INFO] [stderr]    Compiling hyper-rustls v0.27.9
[INFO] [stderr]    Compiling reqwest v0.13.3
[INFO] [stderr]    Compiling gix-transport v0.57.1
[INFO] [stderr]    Compiling tame-index v0.26.3
[INFO] [stderr]    Compiling gix-protocol v0.62.0
[INFO] [stderr]    Compiling gix v0.84.0
[INFO] [stderr]    Compiling rustsec v0.33.0 (/opt/rustwide/workdir)
[INFO] [stderr]     Finished `release` profile [optimized] target(s) in 7m 27s
[INFO] running `Command { std: "docker" "inspect" "86a530c0d2d507faffaff65eff0368264e614e8afe218d0ffe88ef070cca0131", kill_on_drop: false }`
[INFO] running `Command { std: "docker" "exec" "-e" "SOURCE_DIR=/opt/rustwide/workdir" "-e" "CARGO_HOME=/opt/rustwide/cargo-home" "-e" "RUSTUP_HOME=/opt/rustwide/rustup-home" "-e" "CARGO_TARGET_DIR=/opt/rustwide/target" "-e" "CARGO_INCREMENTAL=0" "-e" "RUST_BACKTRACE=full" "-e" "RUSTFLAGS=--cap-lints=warn" "-e" "RUSTDOCFLAGS=--cap-lints=warn" "-w" "/opt/rustwide/workdir" "--user" "0:0" "86a530c0d2d507faffaff65eff0368264e614e8afe218d0ffe88ef070cca0131" "/opt/rustwide/cargo-home/bin/cargo" "+1.99.0-beta.8" "test" "--frozen" "--no-run" "--message-format=json" "--release", kill_on_drop: false }`
[INFO] [stderr]    Compiling rustsec v0.33.0 (/opt/rustwide/workdir)
[INFO] [stderr]     Finished `release` profile [optimized] target(s) in 19.60s
[INFO] running `Command { std: "docker" "inspect" "86a530c0d2d507faffaff65eff0368264e614e8afe218d0ffe88ef070cca0131", kill_on_drop: false }`
[INFO] running `Command { std: "docker" "exec" "-e" "SOURCE_DIR=/opt/rustwide/workdir" "-e" "CARGO_HOME=/opt/rustwide/cargo-home" "-e" "RUSTUP_HOME=/opt/rustwide/rustup-home" "-e" "CARGO_TARGET_DIR=/opt/rustwide/target" "-e" "CARGO_INCREMENTAL=0" "-e" "RUST_BACKTRACE=full" "-e" "RUSTFLAGS=--cap-lints=warn" "-e" "RUSTDOCFLAGS=--cap-lints=warn" "-w" "/opt/rustwide/workdir" "--user" "0:0" "86a530c0d2d507faffaff65eff0368264e614e8afe218d0ffe88ef070cca0131" "/opt/rustwide/cargo-home/bin/cargo" "+1.99.0-beta.8" "test" "--frozen" "--release", kill_on_drop: false }`
[INFO] [stderr]     Finished `release` profile [optimized] target(s) in 0.30s
[INFO] [stderr]      Running unittests src/lib.rs (/opt/rustwide/target/release/deps/rustsec-4dc6cf732671de89)
[INFO] [stdout] 
[INFO] [stdout] running 41 tests
[INFO] [stdout] test advisory::id::tests::other_id_test ... ok
[INFO] [stdout] test advisory::affected::tests::from_str_test ... ok
[INFO] [stdout] test advisory::date::tests::date_components_test ... ok
[INFO] [stdout] test advisory::id::tests::rustsec_0000_0000_test ... ok
[INFO] [stdout] test advisory::id::tests::ghsa_id_test ... ok
[INFO] [stdout] test advisory::affected::tests::display_test ... ok
[INFO] [stdout] test advisory::affected::tests::crate_name_test ... ok
[INFO] [stdout] test advisory::id::tests::cve_id_test ... ok
[INFO] [stdout] test advisory::date::tests::from_str_test ... ok
[INFO] [stdout] test advisory::informational::tests::parse_notice ... ok
[INFO] [stdout] test advisory::license::tests::deserialize_licenses ... ok
[INFO] [stdout] test collection::tests::parse_other ... ok
[INFO] [stdout] test advisory::id::tests::rustsec_id_test ... ok
[INFO] [stdout] test advisory::id::tests::talos_id_test ... ok
[INFO] [stdout] test advisory::informational::tests::parse_other ... ok
[INFO] [stdout] test advisory::informational::tests::parse_unmaintained ... ok
[INFO] [stdout] test collection::tests::parse_crate ... ok
[INFO] [stdout] test collection::tests::parse_rust ... ok
[INFO] [stdout] test advisory::license::tests::serialize_licenses ... ok
[INFO] [stdout] test osv::unaffected_range::tests::barely_not_overlapping ... ok
[INFO] [stdout] test osv::ranges_for_advisory::tests::increment_prerelease_textual_multipart ... ok
[INFO] [stdout] test osv::ranges_for_advisory::tests::increment_simple ... ok
[INFO] [stdout] test osv::unaffected_range::tests::caret_requirement_00 ... ok
[INFO] [stdout] test osv::ranges_for_advisory::tests::increment_prerelease_alphanumeric ... ok
[INFO] [stdout] test osv::unaffected_range::tests::caret_requirement_0 ... ok
[INFO] [stdout] test osv::ranges_for_advisory::tests::increment_prerelease_numeric ... ok
[INFO] [stdout] test osv::ranges_for_advisory::tests::increment_prerelease_numeric_multipart ... ok
[INFO] [stdout] test osv::unaffected_range::tests::barely_overlapping ... ok
[INFO] [stdout] test osv::unaffected_range::tests::both_unbounded ... ok
[INFO] [stdout] test osv::unaffected_range::tests::caret_requirement_003 ... ok
[INFO] [stdout] test osv::unaffected_range::tests::caret_requirement_02 ... ok
[INFO] [stdout] test osv::unaffected_range::tests::caret_requirement_023 ... ok
[INFO] [stdout] test osv::unaffected_range::tests::caret_requirement_1 ... ok
[INFO] [stderr]      Running tests/advisories.rs (/opt/rustwide/target/release/deps/advisories-71a487b37d4cec9a)
[INFO] [stdout] test osv::unaffected_range::tests::caret_requirement_12 ... ok
[INFO] [stdout] test osv::unaffected_range::tests::clearly_not_overlapping ... ok
[INFO] [stdout] test osv::unaffected_range::tests::clearly_overlapping ... ok
[INFO] [stdout] test osv::unaffected_range::tests::exact_requirement_10 ... ok
[INFO] [stdout] test osv::unaffected_range::tests::tilde_requirement_1 ... ok
[INFO] [stdout] test osv::unaffected_range::tests::tilde_requirement_12 ... ok
[INFO] [stdout] test osv::unaffected_range::tests::tilde_requirement_123 ... ok
[INFO] [stdout] test osv::unaffected_range::tests::caret_requirement_123 ... ok
[INFO] [stdout] 
[INFO] [stdout] test result: ok. 41 passed; 0 failed; 0 ignored; 0 measured; 0 filtered out; finished in 0.02s
[INFO] [stdout] 
[INFO] [stdout] 
[INFO] [stdout] running 5 tests
[INFO] [stdout] test parse_affected ... ok
[INFO] [stdout] test parse_aliases ... ok
[INFO] [stdout] test parse_cvss_vector_string ... ok
[INFO] [stdout] test parse_patched_version_reqs ... ok
[INFO] [stdout] test parse_metadata ... ok
[INFO] [stdout] 
[INFO] [stdout] test result: ok. 5 passed; 0 failed; 0 ignored; 0 measured; 0 filtered out; finished in 0.00s
[INFO] [stdout] 
[INFO] [stderr]      Running tests/database.rs (/opt/rustwide/target/release/deps/database-4370ec1d837ba425)
[INFO] [stdout] 
[INFO] [stdout] running 3 tests
[INFO] [stdout] test enumerate_vulnerabilities ... FAILED
[INFO] [stdout] test query_vulnerabilities_with_crate_scope ... FAILED
[INFO] [stdout] test query_warnings_local_crates ... FAILED
[INFO] [stdout] 
[INFO] [stdout] failures:
[INFO] [stdout] 
[INFO] [stdout] ---- enumerate_vulnerabilities stdout ----
[INFO] [stdout] 
[INFO] [stdout] thread 'enumerate_vulnerabilities' (4202) panicked at tests/database.rs:10:68:
[INFO] [stdout] called `Result::unwrap()` on an `Err` value: Error { kind: Io, msg: "failed to obtain lock file '/opt/rustwide/cargo-home/advisory-db..lock'", source: Some(FileLockError { path: "/opt/rustwide/cargo-home/advisory-db..lock", source: Readonly }) }
[INFO] [stdout] stack backtrace:
[INFO] [stdout]    0:     0x58402d460b11 - <<std[70759c8f55707aa4]::sys::backtrace::BacktraceLock>::print::DisplayBacktrace as core[df12db4294e9bfd3]::fmt::Display>::fmt
[INFO] [stdout]    1:     0x58402d47a33a - core[df12db4294e9bfd3]::fmt::write
[INFO] [stdout]    2:     0x58402d46727c - <alloc[2182bb758b4b3781]::vec::Vec<u8> as core[df12db4294e9bfd3]::io::write::Write>::write_fmt
[INFO] [stdout]    3:     0x58402d436996 - std[70759c8f55707aa4]::panicking::default_hook::{closure#0}
[INFO] [stdout]    4:     0x58402d456e39 - std[70759c8f55707aa4]::panicking::default_hook
[INFO] [stdout]    5:     0x58402cbf0880 - test[9d35eded1c95d3be]::test_main_inner::<test[9d35eded1c95d3be]::test_main_static::{closure#0}>::{closure#0}
[INFO] [stdout]    6:     0x58402d457162 - std[70759c8f55707aa4]::panicking::panic_with_hook
[INFO] [stdout]    7:     0x58402d436a42 - std[70759c8f55707aa4]::panicking::panic_handler::{closure#0}
[INFO] [stdout]    8:     0x58402d42f2c9 - std[70759c8f55707aa4]::sys::backtrace::__rust_end_short_backtrace::<std[70759c8f55707aa4]::panicking::panic_handler::{closure#0}, !>
[INFO] [stdout]    9:     0x58402d437a0d - __rustc[8fa7c3cbc660c2b3]::rust_begin_unwind
[INFO] [stdout]   10:     0x58402d47ab5c - core[df12db4294e9bfd3]::panicking::panic_fmt
[INFO] [stdout]   11:     0x58402d47a932 - core[df12db4294e9bfd3]::result::unwrap_failed
[INFO] [stdout]   12:     0x58402cbe2dfc - <database[5971a4dd59767868]::DEFAULT_DATABASE::{closure#0} as core[df12db4294e9bfd3]::ops::function::FnOnce<()>>::call_once
[INFO] [stdout]   13:     0x58402cbe2483 - <once_cell[b4fe607934fa1ed1]::imp::OnceCell<std[70759c8f55707aa4]::sync::poison::mutex::Mutex<rustsec[e0f697df553f5d65]::database::Database>>>::initialize::<<once_cell[b4fe607934fa1ed1]::sync::OnceCell<std[70759c8f55707aa4]::sync::poison::mutex::Mutex<rustsec[e0f697df553f5d65]::database::Database>>>::get_or_init<<once_cell[b4fe607934fa1ed1]::sync::Lazy<std[70759c8f55707aa4]::sync::poison::mutex::Mutex<rustsec[e0f697df553f5d65]::database::Database>>>::force::{closure#0}>::{closure#0}, <once_cell[b4fe607934fa1ed1]::sync::OnceCell<_>>::get_or_init::Void>::{closure#0}
[INFO] [stdout]   14:     0x58402d3c627f - once_cell[b4fe607934fa1ed1]::imp::initialize_or_wait
[INFO] [stdout]   15:     0x58402cbe047c - <once_cell[b4fe607934fa1ed1]::imp::OnceCell<std[70759c8f55707aa4]::sync::poison::mutex::Mutex<rustsec[e0f697df553f5d65]::database::Database>>>::initialize::<<once_cell[b4fe607934fa1ed1]::sync::OnceCell<std[70759c8f55707aa4]::sync::poison::mutex::Mutex<rustsec[e0f697df553f5d65]::database::Database>>>::get_or_init<<once_cell[b4fe607934fa1ed1]::sync::Lazy<std[70759c8f55707aa4]::sync::poison::mutex::Mutex<rustsec[e0f697df553f5d65]::database::Database>>>::force::{closure#0}>::{closure#0}, <once_cell[b4fe607934fa1ed1]::sync::OnceCell<_>>::get_or_init::Void>
[INFO] [stdout]   16:     0x58402cbe3016 - <database[5971a4dd59767868]::enumerate_vulnerabilities::{closure#0} as core[df12db4294e9bfd3]::ops::function::FnOnce<()>>::call_once
[INFO] [stdout]   17:     0x58402cbe3b6b - test[9d35eded1c95d3be]::__rust_begin_short_backtrace::<core[df12db4294e9bfd3]::result::Result<(), alloc[2182bb758b4b3781]::string::String>, fn() -> core[df12db4294e9bfd3]::result::Result<(), alloc[2182bb758b4b3781]::string::String>>
[INFO] [stdout]   18:     0x58402cbf11d5 - test[9d35eded1c95d3be]::run_test::{closure#0}
[INFO] [stdout]   19:     0x58402cbeaa94 - std[70759c8f55707aa4]::sys::backtrace::__rust_begin_short_backtrace::<test[9d35eded1c95d3be]::run_test::{closure#1}, ()>
[INFO] [stdout]   20:     0x58402cbf4332 - <std[70759c8f55707aa4]::thread::lifecycle::spawn_unchecked<test[9d35eded1c95d3be]::run_test::{closure#1}, ()>::{closure#1} as core[df12db4294e9bfd3]::ops::function::FnOnce<()>>::call_once::{shim:vtable#0}
[INFO] [stdout]   21:     0x58402d45f6c9 - <std[70759c8f55707aa4]::sys::thread::unix::Thread>::new::thread_start
[INFO] [stdout]   22:     0x711e56b3edfa - <unknown>
[INFO] [stdout]   23:     0x711e56bd23d4 - clone
[INFO] [stdout]   24:                0x0 - <unknown>
[INFO] [stdout] 
[INFO] [stdout] ---- query_vulnerabilities_with_crate_scope stdout ----
[INFO] [stdout] 
[INFO] [stdout] thread 'query_vulnerabilities_with_crate_scope' (4203) panicked at /opt/rustwide/cargo-home/registry/src/index.crates.io-1949cf8c6b5b557f/once_cell-1.21.4/src/lib.rs:1321:25:
[INFO] [stdout] Lazy instance has previously been poisoned
[INFO] [stdout] stack backtrace:
[INFO] [stdout]    0:     0x58402d460b11 - <<std[70759c8f55707aa4]::sys::backtrace::BacktraceLock>::print::DisplayBacktrace as core[df12db4294e9bfd3]::fmt::Display>::fmt
[INFO] [stdout]    1:     0x58402d47a33a - core[df12db4294e9bfd3]::fmt::write
[INFO] [stdout]    2:     0x58402d46727c - <alloc[2182bb758b4b3781]::vec::Vec<u8> as core[df12db4294e9bfd3]::io::write::Write>::write_fmt
[INFO] [stdout]    3:     0x58402d436996 - std[70759c8f55707aa4]::panicking::default_hook::{closure#0}
[INFO] [stdout]    4:     0x58402d456e39 - std[70759c8f55707aa4]::panicking::default_hook
[INFO] [stdout]    5:     0x58402cbf0880 - test[9d35eded1c95d3be]::test_main_inner::<test[9d35eded1c95d3be]::test_main_static::{closure#0}>::{closure#0}
[INFO] [stdout]    6:     0x58402d457162 - std[70759c8f55707aa4]::panicking::panic_with_hook
[INFO] [stdout]    7:     0x58402d436a74 - std[70759c8f55707aa4]::panicking::panic_handler::{closure#0}
[INFO] [stdout]    8:     0x58402d42f2c9 - std[70759c8f55707aa4]::sys::backtrace::__rust_end_short_backtrace::<std[70759c8f55707aa4]::panicking::panic_handler::{closure#0}, !>
[INFO] [stdout]    9:     0x58402d437a0d - __rustc[8fa7c3cbc660c2b3]::rust_begin_unwind
[INFO] [stdout]   10:     0x58402d47ab5c - core[df12db4294e9bfd3]::panicking::panic_fmt
[INFO] [stdout]   11:     0x58402cbe2619 - <once_cell[b4fe607934fa1ed1]::imp::OnceCell<std[70759c8f55707aa4]::sync::poison::mutex::Mutex<rustsec[e0f697df553f5d65]::database::Database>>>::initialize::<<once_cell[b4fe607934fa1ed1]::sync::OnceCell<std[70759c8f55707aa4]::sync::poison::mutex::Mutex<rustsec[e0f697df553f5d65]::database::Database>>>::get_or_init<<once_cell[b4fe607934fa1ed1]::sync::Lazy<std[70759c8f55707aa4]::sync::poison::mutex::Mutex<rustsec[e0f697df553f5d65]::database::Database>>>::force::{closure#0}>::{closure#0}, <once_cell[b4fe607934fa1ed1]::sync::OnceCell<_>>::get_or_init::Void>::{closure#0}
[INFO] [stdout]   12:     0x58402d3c627f - once_cell[b4fe607934fa1ed1]::imp::initialize_or_wait
[INFO] [stdout]   13:     0x58402cbe047c - <once_cell[b4fe607934fa1ed1]::imp::OnceCell<std[70759c8f55707aa4]::sync::poison::mutex::Mutex<rustsec[e0f697df553f5d65]::database::Database>>>::initialize::<<once_cell[b4fe607934fa1ed1]::sync::OnceCell<std[70759c8f55707aa4]::sync::poison::mutex::Mutex<rustsec[e0f697df553f5d65]::database::Database>>>::get_or_init<<once_cell[b4fe607934fa1ed1]::sync::Lazy<std[70759c8f55707aa4]::sync::poison::mutex::Mutex<rustsec[e0f697df553f5d65]::database::Database>>>::force::{closure#0}>::{closure#0}, <once_cell[b4fe607934fa1ed1]::sync::OnceCell<_>>::get_or_init::Void>
[INFO] [stdout]   14:     0x58402cbe38aa - <database[5971a4dd59767868]::query_vulnerabilities_with_crate_scope::{closure#0} as core[df12db4294e9bfd3]::ops::function::FnOnce<()>>::call_once
[INFO] [stdout]   15:     0x58402cbe3b6b - test[9d35eded1c95d3be]::__rust_begin_short_backtrace::<core[df12db4294e9bfd3]::result::Result<(), alloc[2182bb758b4b3781]::string::String>, fn() -> core[df12db4294e9bfd3]::result::Result<(), alloc[2182bb758b4b3781]::string::String>>
[INFO] [stdout]   16:     0x58402cbf11d5 - test[9d35eded1c95d3be]::run_test::{closure#0}
[INFO] [stdout]   17:     0x58402cbeaa94 - std[70759c8f55707aa4]::sys::backtrace::__rust_begin_short_backtrace::<test[9d35eded1c95d3be]::run_test::{closure#1}, ()>
[INFO] [stdout]   18:     0x58402cbf4332 - <std[70759c8f55707aa4]::thread::lifecycle::spawn_unchecked<test[9d35eded1c95d3be]::run_test::{closure#1}, ()>::{closure#1} as core[df12db4294e9bfd3]::ops::function::FnOnce<()>>::call_once::{shim:vtable#0}
[INFO] [stdout]   19:     0x58402d45f6c9 - <std[70759c8f55707aa4]::sys::thread::unix::Thread>::new::thread_start
[INFO] [stdout]   20:     0x711e56b3edfa - <unknown>
[INFO] [stdout]   21:     0x711e56bd23d4 - clone
[INFO] [stdout]   22:                0x0 - <unknown>
[INFO] [stdout] 
[INFO] [stdout] ---- query_warnings_local_crates stdout ----
[INFO] [stdout] 
[INFO] [stdout] thread 'query_warnings_local_crates' (4204) panicked at /opt/rustwide/cargo-home/registry/src/index.crates.io-1949cf8c6b5b557f/once_cell-1.21.4/src/lib.rs:1321:25:
[INFO] [stdout] Lazy instance has previously been poisoned
[INFO] [stdout] stack backtrace:
[INFO] [stdout]    0:     0x58402d460b11 - <<std[70759c8f55707aa4]::sys::backtrace::BacktraceLock>::print::DisplayBacktrace as core[df12db4294e9bfd3]::fmt::Display>::fmt
[INFO] [stdout]    1:     0x58402d47a33a - core[df12db4294e9bfd3]::fmt::write
[INFO] [stdout]    2:     0x58402d46727c - <alloc[2182bb758b4b3781]::vec::Vec<u8> as core[df12db4294e9bfd3]::io::write::Write>::write_fmt
[INFO] [stdout]    3:     0x58402d436996 - std[70759c8f55707aa4]::panicking::default_hook::{closure#0}
[INFO] [stdout]    4:     0x58402d456e39 - std[70759c8f55707aa4]::panicking::default_hook
[INFO] [stdout]    5:     0x58402cbf0880 - test[9d35eded1c95d3be]::test_main_inner::<test[9d35eded1c95d3be]::test_main_static::{closure#0}>::{closure#0}
[INFO] [stdout]    6:     0x58402d457162 - std[70759c8f55707aa4]::panicking::panic_with_hook
[INFO] [stdout]    7:     0x58402d436a74 - std[70759c8f55707aa4]::panicking::panic_handler::{closure#0}
[INFO] [stdout]    8:     0x58402d42f2c9 - std[70759c8f55707aa4]::sys::backtrace::__rust_end_short_backtrace::<std[70759c8f55707aa4]::panicking::panic_handler::{closure#0}, !>
[INFO] [stdout]    9:     0x58402d437a0d - __rustc[8fa7c3cbc660c2b3]::rust_begin_unwind
[INFO] [stdout]   10:     0x58402d47ab5c - core[df12db4294e9bfd3]::panicking::panic_fmt
[INFO] [stdout]   11:     0x58402cbe2619 - <once_cell[b4fe607934fa1ed1]::imp::OnceCell<std[70759c8f55707aa4]::sync::poison::mutex::Mutex<rustsec[e0f697df553f5d65]::database::Database>>>::initialize::<<once_cell[b4fe607934fa1ed1]::sync::OnceCell<std[70759c8f55707aa4]::sync::poison::mutex::Mutex<rustsec[e0f697df553f5d65]::database::Database>>>::get_or_init<<once_cell[b4fe607934fa1ed1]::sync::Lazy<std[70759c8f55707aa4]::sync::poison::mutex::Mutex<rustsec[e0f697df553f5d65]::database::Database>>>::force::{closure#0}>::{closure#0}, <once_cell[b4fe607934fa1ed1]::sync::OnceCell<_>>::get_or_init::Void>::{closure#0}
[INFO] [stdout]   12:     0x58402d3c627f - once_cell[b4fe607934fa1ed1]::imp::initialize_or_wait
[INFO] [stdout]   13:     0x58402cbe047c - <once_cell[b4fe607934fa1ed1]::imp::OnceCell<std[70759c8f55707aa4]::sync::poison::mutex::Mutex<rustsec[e0f697df553f5d65]::database::Database>>>::initialize::<<once_cell[b4fe607934fa1ed1]::sync::OnceCell<std[70759c8f55707aa4]::sync::poison::mutex::Mutex<rustsec[e0f697df553f5d65]::database::Database>>>::get_or_init<<once_cell[b4fe607934fa1ed1]::sync::Lazy<std[70759c8f55707aa4]::sync::poison::mutex::Mutex<rustsec[e0f697df553f5d65]::database::Database>>>::force::{closure#0}>::{closure#0}, <once_cell[b4fe607934fa1ed1]::sync::OnceCell<_>>::get_or_init::Void>
[INFO] [stdout]   14:     0x58402cbe33f2 - <database[5971a4dd59767868]::query_warnings_local_crates::{closure#0} as core[df12db4294e9bfd3]::ops::function::FnOnce<()>>::call_once
[INFO] [stdout]   15:     0x58402cbe3b6b - test[9d35eded1c95d3be]::__rust_begin_short_backtrace::<core[df12db4294e9bfd3]::result::Result<(), alloc[2182bb758b4b3781]::string::String>, fn() -> core[df12db4294e9bfd3]::result::Result<(), alloc[2182bb758b4b3781]::string::String>>
[INFO] [stdout]   16:     0x58402cbf11d5 - test[9d35eded1c95d3be]::run_test::{closure#0}
[INFO] [stdout]   17:     0x58402cbeaa94 - std[70759c8f55707aa4]::sys::backtrace::__rust_begin_short_backtrace::<test[9d35eded1c95d3be]::run_test::{closure#1}, ()>
[INFO] [stdout]   18:     0x58402cbf4332 - <std[70759c8f55707aa4]::thread::lifecycle::spawn_unchecked<test[9d35eded1c95d3be]::run_test::{closure#1}, ()>::{closure#1} as core[df12db4294e9bfd3]::ops::function::FnOnce<()>>::call_once::{shim:vtable#0}
[INFO] [stdout]   19:     0x58402d45f6c9 - <std[70759c8f55707aa4]::sys::thread::unix::Thread>::new::thread_start
[INFO] [stdout]   20:     0x711e56b3edfa - <unknown>
[INFO] [stdout]   21:     0x711e56bd23d4 - clone
[INFO] [stdout]   22:                0x0 - <unknown>
[INFO] [stdout] 
[INFO] [stdout] 
[INFO] [stdout] failures:
[INFO] [stdout]     enumerate_vulnerabilities
[INFO] [stdout]     query_vulnerabilities_with_crate_scope
[INFO] [stdout]     query_warnings_local_crates
[INFO] [stdout] 
[INFO] [stdout] test result: FAILED. 0 passed; 3 failed; 0 ignored; 0 measured; 0 filtered out; finished in 0.01s
[INFO] [stdout] 
[INFO] [stderr] error: test failed, to rerun pass `--test database`
[INFO] running `Command { std: "docker" "inspect" "86a530c0d2d507faffaff65eff0368264e614e8afe218d0ffe88ef070cca0131", kill_on_drop: false }`
[INFO] running `Command { std: "docker" "rm" "-f" "86a530c0d2d507faffaff65eff0368264e614e8afe218d0ffe88ef070cca0131", kill_on_drop: false }`
[INFO] [stdout] 86a530c0d2d507faffaff65eff0368264e614e8afe218d0ffe88ef070cca0131
