[INFO] fetching crate rustsat-tools 0.7.5...
[INFO] testing rustsat-tools-0.7.5 against 1.100.0-beta.1+cargoflags=--release for beta-release-1.100-2
[INFO] extracting crate rustsat-tools 0.7.5 into /workspace/builds/worker-4-tc2/source
[INFO] started tweaking crates.io crate rustsat-tools 0.7.5
[INFO] finished tweaking crates.io crate rustsat-tools 0.7.5
[INFO] tweaked toml for crates.io crate rustsat-tools 0.7.5 written to /workspace/builds/worker-4-tc2/source/Cargo.toml
[INFO] validating manifest of crates.io crate rustsat-tools 0.7.5 on toolchain 1.100.0-beta.1
[INFO] running `Command { std: CARGO_HOME="/workspace/cargo-home" RUSTUP_HOME="/workspace/rustup-home" "/workspace/cargo-home/bin/cargo" "+1.100.0-beta.1" "metadata" "--manifest-path" "Cargo.toml" "--no-deps", kill_on_drop: false }`
[INFO] crate crates.io crate rustsat-tools 0.7.5 already has a lockfile, it will not be regenerated
[INFO] running `Command { std: CARGO_HOME="/workspace/cargo-home" RUSTUP_HOME="/workspace/rustup-home" "/workspace/cargo-home/bin/cargo" "+1.100.0-beta.1" "fetch" "--manifest-path" "Cargo.toml", kill_on_drop: false }`
[INFO] running `Command { std: "docker" "create" "-v" "/var/lib/crater-agent-workspace/builds/worker-4-tc2/source:/opt/rustwide/workdir:ro,Z" "-v" "/var/lib/crater-agent-workspace/builds/worker-4-tc2/target:/opt/rustwide/target:rw,Z" "-v" "/var/lib/crater-agent-workspace/cargo-home:/opt/rustwide/cargo-home:ro,Z" "-v" "/var/lib/crater-agent-workspace/rustup-home:/opt/rustwide/rustup-home:ro,Z" "-m" "1610612736" "--network" "none" "ghcr.io/rust-lang/crates-build-env/linux@sha256:77db811e55d90add9212f6832c23229e3de5f1c1f9905e8cb07319ea15df73ac" "sleep" "infinity", kill_on_drop: false }`
[INFO] [stdout] eb6eb1e67f6f4c3ddfbcafb6305b9bcfda764bced82e5043d7bbcc5e9f08ef7b
[INFO] running `Command { std: "docker" "start" "eb6eb1e67f6f4c3ddfbcafb6305b9bcfda764bced82e5043d7bbcc5e9f08ef7b", kill_on_drop: false }`
[INFO] running `Command { std: "docker" "inspect" "eb6eb1e67f6f4c3ddfbcafb6305b9bcfda764bced82e5043d7bbcc5e9f08ef7b", kill_on_drop: false }`
[INFO] running `Command { std: "docker" "exec" "-e" "SOURCE_DIR=/opt/rustwide/workdir" "-e" "CARGO_HOME=/opt/rustwide/cargo-home" "-e" "RUSTUP_HOME=/opt/rustwide/rustup-home" "-e" "CARGO_TARGET_DIR=/opt/rustwide/target" "-w" "/opt/rustwide/workdir" "--user" "0:0" "eb6eb1e67f6f4c3ddfbcafb6305b9bcfda764bced82e5043d7bbcc5e9f08ef7b" "/opt/rustwide/cargo-home/bin/cargo" "+1.100.0-beta.1" "metadata" "--no-deps" "--format-version=1", kill_on_drop: false }`
[INFO] running `Command { std: "docker" "inspect" "eb6eb1e67f6f4c3ddfbcafb6305b9bcfda764bced82e5043d7bbcc5e9f08ef7b", kill_on_drop: false }`
[INFO] running `Command { std: "docker" "exec" "-e" "SOURCE_DIR=/opt/rustwide/workdir" "-e" "CARGO_HOME=/opt/rustwide/cargo-home" "-e" "RUSTUP_HOME=/opt/rustwide/rustup-home" "-e" "CARGO_TARGET_DIR=/opt/rustwide/target" "-e" "CARGO_INCREMENTAL=0" "-e" "RUST_BACKTRACE=full" "-e" "RUSTFLAGS=--cap-lints=warn" "-e" "RUSTDOCFLAGS=--cap-lints=warn" "-w" "/opt/rustwide/workdir" "--user" "0:0" "eb6eb1e67f6f4c3ddfbcafb6305b9bcfda764bced82e5043d7bbcc5e9f08ef7b" "/opt/rustwide/cargo-home/bin/cargo" "+1.100.0-beta.1" "build" "--frozen" "--message-format=json" "--release", kill_on_drop: false }`
[INFO] [stderr]    Compiling cc v1.2.55
[INFO] [stderr]    Compiling libc v0.2.180
[INFO] [stderr]    Compiling unicode-ident v1.0.22
[INFO] [stderr]    Compiling quote v1.0.44
[INFO] [stderr]    Compiling pkg-config v0.3.32
[INFO] [stderr]    Compiling getrandom v0.3.4
[INFO] [stderr]    Compiling glob v0.3.3
[INFO] [stderr]    Compiling zerocopy v0.8.36
[INFO] [stderr]    Compiling proc-macro2 v1.0.106
[INFO] [stderr]    Compiling memchr v2.7.6
[INFO] [stderr]    Compiling minimal-lexical v0.2.1
[INFO] [stderr]    Compiling regex-syntax v0.8.8
[INFO] [stderr]    Compiling clang-sys v1.8.1
[INFO] [stderr]    Compiling libloading v0.8.9
[INFO] [stderr]    Compiling syn v2.0.114
[INFO] [stderr]    Compiling nom v7.1.3
[INFO] [stderr]    Compiling either v1.15.0
[INFO] [stderr]    Compiling cmake v0.1.57
[INFO] [stderr]    Compiling bindgen v0.72.1
[INFO] [stderr]    Compiling rustix v1.1.3
[INFO] [stderr]    Compiling rand_core v0.9.5
[INFO] [stderr]    Compiling anstyle-parse v0.2.7
[INFO] [stderr]    Compiling lzma-sys v0.1.20
[INFO] [stderr]    Compiling bzip2-sys v0.1.13+1.0.8
[INFO] [stderr]    Compiling libz-ng-sys v1.1.23
[INFO] [stderr]    Compiling regex-automata v0.4.13
[INFO] [stderr]    Compiling itertools v0.13.0
[INFO] [stderr]    Compiling cexpr v0.6.0
[INFO] [stderr]    Compiling bitflags v2.10.0
[INFO] [stderr]    Compiling anstyle v1.0.13
[INFO] [stderr]    Compiling colorchoice v1.0.4
[INFO] [stderr]    Compiling linux-raw-sys v0.11.0
[INFO] [stderr]    Compiling rustc-hash v2.1.1
[INFO] [stderr]    Compiling anyhow v1.0.100
[INFO] [stderr]    Compiling anstream v0.6.21
[INFO] [stderr]    Compiling once_cell v1.21.3
[INFO] [stderr]    Compiling clap_lex v0.7.7
[INFO] [stderr]    Compiling regex v1.12.2
[INFO] [stderr]    Compiling clap_builder v4.5.56
[INFO] [stderr]    Compiling ppv-lite86 v0.2.21
[INFO] [stderr]    Compiling rand_chacha v0.9.0
[INFO] [stderr]    Compiling tempfile v3.24.0
[INFO] [stderr]    Compiling rand v0.9.2
[INFO] [stderr]    Compiling thiserror-impl v2.0.18
[INFO] [stderr]    Compiling visibility v0.1.1
[INFO] [stderr]    Compiling clap_derive v4.5.55
[INFO] [stderr]    Compiling itertools v0.14.0
[INFO] [stderr]    Compiling bzip2 v0.5.2
[INFO] [stderr]    Compiling xz2 v0.1.7
[INFO] [stderr]    Compiling thiserror v2.0.18
[INFO] [stderr]    Compiling is-terminal v0.4.17
[INFO] [stderr]    Compiling cpu-time v1.0.0
[INFO] [stderr]    Compiling concolor-query v0.3.3
[INFO] [stderr]    Compiling concolor v0.1.1
[INFO] [stderr]    Compiling clap v4.5.56
[INFO] [stderr]    Compiling concolor-clap v0.1.0
[INFO] [stderr]    Compiling rustsat-minisat v0.7.5
[INFO] [stderr]    Compiling flate2 v1.1.8
[INFO] [stderr]    Compiling rustsat v0.7.5
[INFO] [stderr]    Compiling rustsat-tools v0.7.5 (/opt/rustwide/workdir)
[INFO] [stderr]     Finished `release` profile [optimized] target(s) in 3m 17s
[INFO] running `Command { std: "docker" "inspect" "eb6eb1e67f6f4c3ddfbcafb6305b9bcfda764bced82e5043d7bbcc5e9f08ef7b", kill_on_drop: false }`
[INFO] running `Command { std: "docker" "exec" "-e" "SOURCE_DIR=/opt/rustwide/workdir" "-e" "CARGO_HOME=/opt/rustwide/cargo-home" "-e" "RUSTUP_HOME=/opt/rustwide/rustup-home" "-e" "CARGO_TARGET_DIR=/opt/rustwide/target" "-e" "CARGO_INCREMENTAL=0" "-e" "RUST_BACKTRACE=full" "-e" "RUSTFLAGS=--cap-lints=warn" "-e" "RUSTDOCFLAGS=--cap-lints=warn" "-w" "/opt/rustwide/workdir" "--user" "0:0" "eb6eb1e67f6f4c3ddfbcafb6305b9bcfda764bced82e5043d7bbcc5e9f08ef7b" "/opt/rustwide/cargo-home/bin/cargo" "+1.100.0-beta.1" "test" "--frozen" "--no-run" "--message-format=json" "--release", kill_on_drop: false }`
[INFO] [stderr]    Compiling rustsat-tools v0.7.5 (/opt/rustwide/workdir)
[INFO] [stderr]     Finished `release` profile [optimized] target(s) in 6.48s
[INFO] running `Command { std: "docker" "inspect" "eb6eb1e67f6f4c3ddfbcafb6305b9bcfda764bced82e5043d7bbcc5e9f08ef7b", kill_on_drop: false }`
[INFO] running `Command { std: "docker" "exec" "-e" "SOURCE_DIR=/opt/rustwide/workdir" "-e" "CARGO_HOME=/opt/rustwide/cargo-home" "-e" "RUSTUP_HOME=/opt/rustwide/rustup-home" "-e" "CARGO_TARGET_DIR=/opt/rustwide/target" "-e" "CARGO_INCREMENTAL=0" "-e" "RUST_BACKTRACE=full" "-e" "RUSTFLAGS=--cap-lints=warn" "-e" "RUSTDOCFLAGS=--cap-lints=warn" "-w" "/opt/rustwide/workdir" "--user" "0:0" "eb6eb1e67f6f4c3ddfbcafb6305b9bcfda764bced82e5043d7bbcc5e9f08ef7b" "/opt/rustwide/cargo-home/bin/cargo" "+1.100.0-beta.1" "test" "--frozen" "--release", kill_on_drop: false }`
[INFO] [stderr]     Finished `release` profile [optimized] target(s) in 0.17s
[INFO] [stderr]      Running unittests src/lib.rs (/opt/rustwide/target/release/build/rustsat-tools/fa2d0509f2053ac4/out/rustsat_tools-fa2d0509f2053ac4)
[INFO] [stdout] 
[INFO] [stdout] running 4 tests
[INFO] [stdout] test encodings::knapsack::parsing::tests::voptlib ... FAILED
[INFO] [stderr] error: test failed, to rerun pass `--lib`
[INFO] [stdout] test encodings::assignment::parsing::tests::moolib ... FAILED
[INFO] [stdout] test encodings::facilitylocation::parsing::tests::voptlib ... FAILED
[INFO] [stdout] test encodings::knapsack::parsing::tests::moolib ... FAILED
[INFO] [stdout] 
[INFO] [stdout] failures:
[INFO] [stdout] 
[INFO] [stdout] ---- encodings::knapsack::parsing::tests::voptlib stdout ----
[INFO] [stdout] 
[INFO] [stdout] thread 'encodings::knapsack::parsing::tests::voptlib' (3191) panicked at src/encodings/knapsack.rs:252:84:
[INFO] [stdout] called `Result::unwrap()` on an `Err` value: Os { code: 2, kind: NotFound, message: "No such file or directory" }
[INFO] [stdout] stack backtrace:
[INFO] [stdout]    0:     0x63e664798951 - <<std[617be2ca0a6fd877]::sys::backtrace::BacktraceLock>::print::DisplayBacktrace as core[a373ad73a504971]::fmt::Display>::fmt
[INFO] [stdout]    1:     0x63e6647ace1a - core[a373ad73a504971]::fmt::write
[INFO] [stdout]    2:     0x63e66479d06c - <alloc[2e1b2a31b91974c5]::vec::Vec<u8> as core[a373ad73a504971]::io::write::Write>::write_fmt
[INFO] [stdout]    3:     0x63e664774836 - std[617be2ca0a6fd877]::panicking::default_hook::{closure#0}
[INFO] [stdout]    4:     0x63e664790fc9 - std[617be2ca0a6fd877]::panicking::default_hook
[INFO] [stdout]    5:     0x63e66472b9e0 - test[aada8e7e76ba119b]::test_main_inner::{closure#0}
[INFO] [stdout]    6:     0x63e664791182 - std[617be2ca0a6fd877]::panicking::panic_with_hook
[INFO] [stdout]    7:     0x63e6647748e2 - std[617be2ca0a6fd877]::panicking::panic_handler::{closure#0}
[INFO] [stdout]    8:     0x63e66476d069 - std[617be2ca0a6fd877]::sys::backtrace::__rust_end_short_backtrace::<std[617be2ca0a6fd877]::panicking::panic_handler::{closure#0}, !>
[INFO] [stdout]    9:     0x63e6647755fd - __rustc[ea4f61d10b84890b]::rust_begin_unwind
[INFO] [stdout]   10:     0x63e6647ad54c - core[a373ad73a504971]::panicking::panic_fmt
[INFO] [stdout]   11:     0x63e6647ad322 - core[a373ad73a504971]::result::unwrap_failed
[INFO] [stdout]   12:     0x63e66471ceef - <rustsat_tools[8ff0ca648a233c7e]::encodings::knapsack::parsing::tests::voptlib::{closure#0} as core[a373ad73a504971]::ops::function::FnOnce<()>>::call_once
[INFO] [stdout]   13:     0x63e66471ee2b - test[aada8e7e76ba119b]::__rust_begin_short_backtrace::<core[a373ad73a504971]::result::Result<(), alloc[2e1b2a31b91974c5]::string::String>, fn() -> core[a373ad73a504971]::result::Result<(), alloc[2e1b2a31b91974c5]::string::String>>
[INFO] [stdout]   14:     0x63e66472c005 - test[aada8e7e76ba119b]::run_test::{closure#0}
[INFO] [stdout]   15:     0x63e6647258f4 - std[617be2ca0a6fd877]::sys::backtrace::__rust_begin_short_backtrace::<test[aada8e7e76ba119b]::run_test::{closure#1}, ()>
[INFO] [stdout]   16:     0x63e66472f092 - <std[617be2ca0a6fd877]::thread::lifecycle::spawn_unchecked<test[aada8e7e76ba119b]::run_test::{closure#1}, ()>::{closure#1} as core[a373ad73a504971]::ops::function::FnOnce<()>>::call_once::{shim:vtable#0}
[INFO] [stdout]   17:     0x63e6647981af - <std[617be2ca0a6fd877]::sys::thread::unix::Thread>::new::thread_start
[INFO] [stdout]   18:     0x7587fffdddfa - <unknown>
[INFO] [stdout]   19:     0x7588000713d4 - clone
[INFO] [stdout]   20:                0x0 - <unknown>
[INFO] [stdout] 
[INFO] [stdout] ---- encodings::assignment::parsing::tests::moolib stdout ----
[INFO] [stdout] 
[INFO] [stdout] thread 'encodings::assignment::parsing::tests::moolib' (3188) panicked at src/encodings/assignment.rs:140:77:
[INFO] [stdout] called `Result::unwrap()` on an `Err` value: Os { code: 2, kind: NotFound, message: "No such file or directory" }
[INFO] [stdout] stack backtrace:
[INFO] [stdout]    0:     0x63e664798951 - <<std[617be2ca0a6fd877]::sys::backtrace::BacktraceLock>::print::DisplayBacktrace as core[a373ad73a504971]::fmt::Display>::fmt
[INFO] [stdout]    1:     0x63e6647ace1a - core[a373ad73a504971]::fmt::write
[INFO] [stdout]    2:     0x63e66479d06c - <alloc[2e1b2a31b91974c5]::vec::Vec<u8> as core[a373ad73a504971]::io::write::Write>::write_fmt
[INFO] [stdout]    3:     0x63e664774836 - std[617be2ca0a6fd877]::panicking::default_hook::{closure#0}
[INFO] [stdout]    4:     0x63e664790fc9 - std[617be2ca0a6fd877]::panicking::default_hook
[INFO] [stdout]    5:     0x63e66472b9e0 - test[aada8e7e76ba119b]::test_main_inner::{closure#0}
[INFO] [stdout]    6:     0x63e664791182 - std[617be2ca0a6fd877]::panicking::panic_with_hook
[INFO] [stdout]    7:     0x63e6647748e2 - std[617be2ca0a6fd877]::panicking::panic_handler::{closure#0}
[INFO] [stdout]    8:     0x63e66476d069 - std[617be2ca0a6fd877]::sys::backtrace::__rust_end_short_backtrace::<std[617be2ca0a6fd877]::panicking::panic_handler::{closure#0}, !>
[INFO] [stdout]    9:     0x63e6647755fd - __rustc[ea4f61d10b84890b]::rust_begin_unwind
[INFO] [stdout]   10:     0x63e6647ad54c - core[a373ad73a504971]::panicking::panic_fmt
[INFO] [stdout]   11:     0x63e6647ad322 - core[a373ad73a504971]::result::unwrap_failed
[INFO] [stdout]   12:     0x63e66471c8d1 - <rustsat_tools[8ff0ca648a233c7e]::encodings::assignment::parsing::tests::moolib::{closure#0} as core[a373ad73a504971]::ops::function::FnOnce<()>>::call_once
[INFO] [stdout]   13:     0x63e66471ee2b - test[aada8e7e76ba119b]::__rust_begin_short_backtrace::<core[a373ad73a504971]::result::Result<(), alloc[2e1b2a31b91974c5]::string::String>, fn() -> core[a373ad73a504971]::result::Result<(), alloc[2e1b2a31b91974c5]::string::String>>
[INFO] [stdout]   14:     0x63e66472c005 - test[aada8e7e76ba119b]::run_test::{closure#0}
[INFO] [stdout]   15:     0x63e6647258f4 - std[617be2ca0a6fd877]::sys::backtrace::__rust_begin_short_backtrace::<test[aada8e7e76ba119b]::run_test::{closure#1}, ()>
[INFO] [stdout]   16:     0x63e66472f092 - <std[617be2ca0a6fd877]::thread::lifecycle::spawn_unchecked<test[aada8e7e76ba119b]::run_test::{closure#1}, ()>::{closure#1} as core[a373ad73a504971]::ops::function::FnOnce<()>>::call_once::{shim:vtable#0}
[INFO] [stdout]   17:     0x63e6647981af - <std[617be2ca0a6fd877]::sys::thread::unix::Thread>::new::thread_start
[INFO] [stdout]   18:     0x7587fffdddfa - <unknown>
[INFO] [stdout]   19:     0x7588000713d4 - clone
[INFO] [stdout]   20:                0x0 - <unknown>
[INFO] [stdout] 
[INFO] [stdout] ---- encodings::facilitylocation::parsing::tests::voptlib stdout ----
[INFO] [stdout] 
[INFO] [stdout] thread 'encodings::facilitylocation::parsing::tests::voptlib' (3189) panicked at src/encodings/facilitylocation.rs:129:85:
[INFO] [stdout] called `Result::unwrap()` on an `Err` value: Os { code: 2, kind: NotFound, message: "No such file or directory" }
[INFO] [stdout] stack backtrace:
[INFO] [stdout]    0:     0x63e664798951 - <<std[617be2ca0a6fd877]::sys::backtrace::BacktraceLock>::print::DisplayBacktrace as core[a373ad73a504971]::fmt::Display>::fmt
[INFO] [stdout]    1:     0x63e6647ace1a - core[a373ad73a504971]::fmt::write
[INFO] [stdout]    2:     0x63e66479d06c - <alloc[2e1b2a31b91974c5]::vec::Vec<u8> as core[a373ad73a504971]::io::write::Write>::write_fmt
[INFO] [stdout]    3:     0x63e664774836 - std[617be2ca0a6fd877]::panicking::default_hook::{closure#0}
[INFO] [stdout]    4:     0x63e664790fc9 - std[617be2ca0a6fd877]::panicking::default_hook
[INFO] [stdout]    5:     0x63e66472b9e0 - test[aada8e7e76ba119b]::test_main_inner::{closure#0}
[INFO] [stdout]    6:     0x63e664791182 - std[617be2ca0a6fd877]::panicking::panic_with_hook
[INFO] [stdout]    7:     0x63e6647748e2 - std[617be2ca0a6fd877]::panicking::panic_handler::{closure#0}
[INFO] [stdout]    8:     0x63e66476d069 - std[617be2ca0a6fd877]::sys::backtrace::__rust_end_short_backtrace::<std[617be2ca0a6fd877]::panicking::panic_handler::{closure#0}, !>
[INFO] [stdout]    9:     0x63e6647755fd - __rustc[ea4f61d10b84890b]::rust_begin_unwind
[INFO] [stdout]   10:     0x63e6647ad54c - core[a373ad73a504971]::panicking::panic_fmt
[INFO] [stdout]   11:     0x63e6647ad322 - core[a373ad73a504971]::result::unwrap_failed
[INFO] [stdout]   12:     0x63e66471aac8 - <rustsat_tools[8ff0ca648a233c7e]::encodings::facilitylocation::parsing::tests::voptlib::{closure#0} as core[a373ad73a504971]::ops::function::FnOnce<()>>::call_once
[INFO] [stdout]   13:     0x63e66471ee2b - test[aada8e7e76ba119b]::__rust_begin_short_backtrace::<core[a373ad73a504971]::result::Result<(), alloc[2e1b2a31b91974c5]::string::String>, fn() -> core[a373ad73a504971]::result::Result<(), alloc[2e1b2a31b91974c5]::string::String>>
[INFO] [stdout]   14:     0x63e66472c005 - test[aada8e7e76ba119b]::run_test::{closure#0}
[INFO] [stdout]   15:     0x63e6647258f4 - std[617be2ca0a6fd877]::sys::backtrace::__rust_begin_short_backtrace::<test[aada8e7e76ba119b]::run_test::{closure#1}, ()>
[INFO] [stdout]   16:     0x63e66472f092 - <std[617be2ca0a6fd877]::thread::lifecycle::spawn_unchecked<test[aada8e7e76ba119b]::run_test::{closure#1}, ()>::{closure#1} as core[a373ad73a504971]::ops::function::FnOnce<()>>::call_once::{shim:vtable#0}
[INFO] [stdout]   17:     0x63e6647981af - <std[617be2ca0a6fd877]::sys::thread::unix::Thread>::new::thread_start
[INFO] [stdout]   18:     0x7587fffdddfa - <unknown>
[INFO] [stdout]   19:     0x7588000713d4 - clone
[INFO] [stdout]   20:                0x0 - <unknown>
[INFO] [stdout] 
[INFO] [stdout] ---- encodings::knapsack::parsing::tests::moolib stdout ----
[INFO] [stdout] 
[INFO] [stdout] thread 'encodings::knapsack::parsing::tests::moolib' (3190) panicked at src/encodings/knapsack.rs:243:78:
[INFO] [stdout] called `Result::unwrap()` on an `Err` value: Os { code: 2, kind: NotFound, message: "No such file or directory" }
[INFO] [stdout] stack backtrace:
[INFO] [stdout]    0:     0x63e664798951 - <<std[617be2ca0a6fd877]::sys::backtrace::BacktraceLock>::print::DisplayBacktrace as core[a373ad73a504971]::fmt::Display>::fmt
[INFO] [stdout]    1:     0x63e6647ace1a - core[a373ad73a504971]::fmt::write
[INFO] [stdout]    2:     0x63e66479d06c - <alloc[2e1b2a31b91974c5]::vec::Vec<u8> as core[a373ad73a504971]::io::write::Write>::write_fmt
[INFO] [stdout]    3:     0x63e664774836 - std[617be2ca0a6fd877]::panicking::default_hook::{closure#0}
[INFO] [stdout]    4:     0x63e664790fc9 - std[617be2ca0a6fd877]::panicking::default_hook
[INFO] [stdout]    5:     0x63e66472b9e0 - test[aada8e7e76ba119b]::test_main_inner::{closure#0}
[INFO] [stdout]    6:     0x63e664791182 - std[617be2ca0a6fd877]::panicking::panic_with_hook
[INFO] [stdout]    7:     0x63e6647748e2 - std[617be2ca0a6fd877]::panicking::panic_handler::{closure#0}
[INFO] [stdout]    8:     0x63e66476d069 - std[617be2ca0a6fd877]::sys::backtrace::__rust_end_short_backtrace::<std[617be2ca0a6fd877]::panicking::panic_handler::{closure#0}, !>
[INFO] [stdout]    9:     0x63e6647755fd - __rustc[ea4f61d10b84890b]::rust_begin_unwind
[INFO] [stdout]   10:     0x63e6647ad54c - core[a373ad73a504971]::panicking::panic_fmt
[INFO] [stdout]   11:     0x63e6647ad322 - core[a373ad73a504971]::result::unwrap_failed
[INFO] [stdout]   12:     0x63e66471cbdf - <rustsat_tools[8ff0ca648a233c7e]::encodings::knapsack::parsing::tests::moolib::{closure#0} as core[a373ad73a504971]::ops::function::FnOnce<()>>::call_once
[INFO] [stdout]   13:     0x63e66471ee2b - test[aada8e7e76ba119b]::__rust_begin_short_backtrace::<core[a373ad73a504971]::result::Result<(), alloc[2e1b2a31b91974c5]::string::String>, fn() -> core[a373ad73a504971]::result::Result<(), alloc[2e1b2a31b91974c5]::string::String>>
[INFO] [stdout]   14:     0x63e66472c005 - test[aada8e7e76ba119b]::run_test::{closure#0}
[INFO] [stdout]   15:     0x63e6647258f4 - std[617be2ca0a6fd877]::sys::backtrace::__rust_begin_short_backtrace::<test[aada8e7e76ba119b]::run_test::{closure#1}, ()>
[INFO] [stdout]   16:     0x63e66472f092 - <std[617be2ca0a6fd877]::thread::lifecycle::spawn_unchecked<test[aada8e7e76ba119b]::run_test::{closure#1}, ()>::{closure#1} as core[a373ad73a504971]::ops::function::FnOnce<()>>::call_once::{shim:vtable#0}
[INFO] [stdout]   17:     0x63e6647981af - <std[617be2ca0a6fd877]::sys::thread::unix::Thread>::new::thread_start
[INFO] [stdout]   18:     0x7587fffdddfa - <unknown>
[INFO] [stdout]   19:     0x7588000713d4 - clone
[INFO] [stdout]   20:                0x0 - <unknown>
[INFO] [stdout] 
[INFO] [stdout] 
[INFO] [stdout] failures:
[INFO] [stdout]     encodings::assignment::parsing::tests::moolib
[INFO] [stdout]     encodings::facilitylocation::parsing::tests::voptlib
[INFO] [stdout]     encodings::knapsack::parsing::tests::moolib
[INFO] [stdout]     encodings::knapsack::parsing::tests::voptlib
[INFO] [stdout] 
[INFO] [stdout] test result: FAILED. 0 passed; 4 failed; 0 ignored; 0 measured; 0 filtered out; finished in 0.00s
[INFO] [stdout] 
[INFO] running `Command { std: "docker" "inspect" "eb6eb1e67f6f4c3ddfbcafb6305b9bcfda764bced82e5043d7bbcc5e9f08ef7b", kill_on_drop: false }`
[INFO] running `Command { std: "docker" "rm" "-f" "eb6eb1e67f6f4c3ddfbcafb6305b9bcfda764bced82e5043d7bbcc5e9f08ef7b", kill_on_drop: false }`
[INFO] [stdout] eb6eb1e67f6f4c3ddfbcafb6305b9bcfda764bced82e5043d7bbcc5e9f08ef7b
