[INFO] fetching crate rustracer 1.0.4...
[INFO] testing rustracer-1.0.4 against 1.99.0-beta.8+cargoflags=--release for beta-release-1.100-2
[INFO] extracting crate rustracer 1.0.4 into /workspace/builds/worker-7-tc1/source
[INFO] removed /workspace/builds/worker-7-tc1/source/rust-toolchain.toml
[INFO] started tweaking crates.io crate rustracer 1.0.4
[INFO] finished tweaking crates.io crate rustracer 1.0.4
[INFO] tweaked toml for crates.io crate rustracer 1.0.4 written to /workspace/builds/worker-7-tc1/source/Cargo.toml
[INFO] validating manifest of crates.io crate rustracer 1.0.4 on toolchain 1.99.0-beta.8
[INFO] running `Command { std: CARGO_HOME="/workspace/cargo-home" RUSTUP_HOME="/workspace/rustup-home" "/workspace/cargo-home/bin/cargo" "+1.99.0-beta.8" "metadata" "--manifest-path" "Cargo.toml" "--no-deps", kill_on_drop: false }`
[INFO] crate crates.io crate rustracer 1.0.4 already has a lockfile, it will not be regenerated
[INFO] running `Command { std: CARGO_HOME="/workspace/cargo-home" RUSTUP_HOME="/workspace/rustup-home" "/workspace/cargo-home/bin/cargo" "+1.99.0-beta.8" "fetch" "--manifest-path" "Cargo.toml", kill_on_drop: false }`
[INFO] [stderr]  Downloading crates ...
[INFO] [stderr]   Downloaded crossbeam-deque v0.8.1
[INFO] [stderr]   Downloaded miniz_oxide v0.6.2
[INFO] [stderr]   Downloaded crossbeam-utils v0.8.8
[INFO] [stderr]   Downloaded anstyle v1.0.0
[INFO] [stderr]   Downloaded crossbeam-epoch v0.9.8
[INFO] [stderr]   Downloaded strsim v0.11.0
[INFO] [stderr]   Downloaded windows-targets v0.48.0
[INFO] [stderr]   Downloaded anstyle-wincon v3.0.2
[INFO] [stderr]   Downloaded png v0.17.7
[INFO] [stderr]   Downloaded anstyle-parse v0.2.0
[INFO] [stderr]   Downloaded anstream v0.6.11
[INFO] [stderr]   Downloaded clap_complete v4.5.1
[INFO] [stderr]   Downloaded bytemuck v1.9.0
[INFO] [stderr]   Downloaded flate2 v1.0.25
[INFO] [stderr]   Downloaded windows_aarch64_gnullvm v0.48.0
[INFO] [stderr]   Downloaded windows_x86_64_gnullvm v0.48.0
[INFO] [stderr]   Downloaded windows_x86_64_msvc v0.48.0
[INFO] [stderr]   Downloaded windows_x86_64_gnu v0.48.0
[INFO] [stderr]   Downloaded windows_i686_msvc v0.48.0
[INFO] [stderr]   Downloaded windows_i686_gnu v0.48.0
[INFO] [stderr]   Downloaded windows_aarch64_msvc v0.48.0
[INFO] running `Command { std: "docker" "create" "-v" "/var/lib/crater-agent-workspace/builds/worker-7-tc1/source:/opt/rustwide/workdir:ro,Z" "-v" "/var/lib/crater-agent-workspace/builds/worker-7-tc1/target:/opt/rustwide/target:rw,Z" "-v" "/var/lib/crater-agent-workspace/cargo-home:/opt/rustwide/cargo-home:ro,Z" "-v" "/var/lib/crater-agent-workspace/rustup-home:/opt/rustwide/rustup-home:ro,Z" "-m" "1610612736" "--network" "none" "ghcr.io/rust-lang/crates-build-env/linux@sha256:77db811e55d90add9212f6832c23229e3de5f1c1f9905e8cb07319ea15df73ac" "sleep" "infinity", kill_on_drop: false }`
[INFO] [stdout] 6017c12f5842cdd70ebb6f064e9c68d40bb8b2b5c5d94b67447f316b6ad849db
[INFO] running `Command { std: "docker" "start" "6017c12f5842cdd70ebb6f064e9c68d40bb8b2b5c5d94b67447f316b6ad849db", kill_on_drop: false }`
[INFO] running `Command { std: "docker" "inspect" "6017c12f5842cdd70ebb6f064e9c68d40bb8b2b5c5d94b67447f316b6ad849db", kill_on_drop: false }`
[INFO] running `Command { std: "docker" "exec" "-e" "SOURCE_DIR=/opt/rustwide/workdir" "-e" "CARGO_HOME=/opt/rustwide/cargo-home" "-e" "RUSTUP_HOME=/opt/rustwide/rustup-home" "-e" "CARGO_TARGET_DIR=/opt/rustwide/target" "-w" "/opt/rustwide/workdir" "--user" "0:0" "6017c12f5842cdd70ebb6f064e9c68d40bb8b2b5c5d94b67447f316b6ad849db" "/opt/rustwide/cargo-home/bin/cargo" "+1.99.0-beta.8" "metadata" "--no-deps" "--format-version=1", kill_on_drop: false }`
[INFO] running `Command { std: "docker" "inspect" "6017c12f5842cdd70ebb6f064e9c68d40bb8b2b5c5d94b67447f316b6ad849db", kill_on_drop: false }`
[INFO] running `Command { std: "docker" "exec" "-e" "SOURCE_DIR=/opt/rustwide/workdir" "-e" "CARGO_HOME=/opt/rustwide/cargo-home" "-e" "RUSTUP_HOME=/opt/rustwide/rustup-home" "-e" "CARGO_TARGET_DIR=/opt/rustwide/target" "-e" "CARGO_INCREMENTAL=0" "-e" "RUST_BACKTRACE=full" "-e" "RUSTFLAGS=--cap-lints=warn" "-e" "RUSTDOCFLAGS=--cap-lints=warn" "-w" "/opt/rustwide/workdir" "--user" "0:0" "6017c12f5842cdd70ebb6f064e9c68d40bb8b2b5c5d94b67447f316b6ad849db" "/opt/rustwide/cargo-home/bin/cargo" "+1.99.0-beta.8" "build" "--frozen" "--message-format=json" "--release", kill_on_drop: false }`
[INFO] [stderr]    Compiling memoffset v0.6.5
[INFO] [stderr]    Compiling proc-macro2 v1.0.78
[INFO] [stderr]    Compiling crossbeam-utils v0.8.8
[INFO] [stderr]    Compiling rustix v0.38.31
[INFO] [stderr]    Compiling crossbeam-epoch v0.9.8
[INFO] [stderr]    Compiling utf8parse v0.2.1
[INFO] [stderr]    Compiling linux-raw-sys v0.4.13
[INFO] [stderr]    Compiling bitflags v2.4.2
[INFO] [stderr]    Compiling unicode-ident v1.0.8
[INFO] [stderr]    Compiling crc32fast v1.3.2
[INFO] [stderr]    Compiling anstyle-parse v0.2.0
[INFO] [stderr]    Compiling anstyle v1.0.0
[INFO] [stderr]    Compiling scopeguard v1.1.0
[INFO] [stderr]    Compiling colorchoice v1.0.0
[INFO] [stderr]    Compiling anstyle-query v1.0.0
[INFO] [stderr]    Compiling adler v1.0.2
[INFO] [stderr]    Compiling miniz_oxide v0.6.2
[INFO] [stderr]    Compiling anstream v0.6.11
[INFO] [stderr]    Compiling num-traits v0.2.14
[INFO] [stderr]    Compiling strsim v0.11.0
[INFO] [stderr]    Compiling clap_lex v0.7.0
[INFO] [stderr]    Compiling quote v1.0.35
[INFO] [stderr]    Compiling crossbeam-deque v0.8.1
[INFO] [stderr]    Compiling flate2 v1.0.25
[INFO] [stderr]    Compiling syn v2.0.48
[INFO] [stderr]    Compiling thiserror v1.0.58
[INFO] [stderr]    Compiling rayon-core v1.12.1
[INFO] [stderr]    Compiling bytemuck v1.9.0
[INFO] [stderr]    Compiling terminal_size v0.3.0
[INFO] [stderr]    Compiling clap_builder v4.5.2
[INFO] [stderr]    Compiling png v0.17.7
[INFO] [stderr]    Compiling rayon v1.10.0
[INFO] [stderr]    Compiling colored v2.1.0
[INFO] [stderr]    Compiling image v0.24.9
[INFO] [stderr]    Compiling thiserror-impl v1.0.58
[INFO] [stderr]    Compiling clap v4.5.4
[INFO] [stderr]    Compiling clap_complete v4.5.1
[INFO] [stderr]    Compiling rustracer v1.0.4 (/opt/rustwide/workdir)
[INFO] [stdout] warning: variant `FloatValue` is never constructed
[INFO] [stdout]    --> src/hdrimage.rs:418:5
[INFO] [stdout]     |
[INFO] [stdout] 411 | pub enum Luminosity {
[INFO] [stdout]     |          ---------- variant in this enum
[INFO] [stdout] ...
[INFO] [stdout] 418 |     FloatValue(f32),
[INFO] [stdout]     |     ^^^^^^^^^^
[INFO] [stdout]     |
[INFO] [stdout]     = note: `#[warn(dead_code)]` (part of `#[warn(unused)]`) on by default
[INFO] [stdout] 
[INFO] [stdout] 
[INFO] [stdout] warning: trait `Eval` is never used
[INFO] [stdout]    --> src/material.rs:118:11
[INFO] [stdout]     |
[INFO] [stdout] 118 | pub trait Eval {
[INFO] [stdout]     |           ^^^^
[INFO] [stdout] 
[INFO] [stdout] 
[INFO] [stdout] warning: field `threshold_angle_rad` is never read
[INFO] [stdout]    --> src/material.rs:194:9
[INFO] [stdout]     |
[INFO] [stdout] 190 | pub struct SpecularBRDF {
[INFO] [stdout]     |            ------------ field in this struct
[INFO] [stdout] ...
[INFO] [stdout] 194 |     pub threshold_angle_rad: f32,
[INFO] [stdout]     |         ^^^^^^^^^^^^^^^^^^^
[INFO] [stdout]     |
[INFO] [stdout]     = note: `SpecularBRDF` has derived impls for the traits `Debug` and `Clone`, but these are intentionally ignored during dead code analysis
[INFO] [stdout] 
[INFO] [stdout] 
[INFO] [stdout] warning: constant `EPSILON` is never used
[INFO] [stdout]  --> src/misc.rs:6:11
[INFO] [stdout]   |
[INFO] [stdout] 6 | pub const EPSILON: f32 = 1e-4;
[INFO] [stdout]   |           ^^^^^^^
[INFO] [stdout] 
[INFO] [stdout] 
[INFO] [stdout] warning: trait `IsClose` is never used
[INFO] [stdout]   --> src/misc.rs:13:11
[INFO] [stdout]    |
[INFO] [stdout] 13 | pub trait IsClose<Rhs = Self> {
[INFO] [stdout]    |           ^^^^^^^
[INFO] [stdout] 
[INFO] [stdout] 
[INFO] [stdout] warning: constant `E1` is never used
[INFO] [stdout]  --> src/normal.rs:8:11
[INFO] [stdout]   |
[INFO] [stdout] 8 | pub const E1: Normal = Normal {
[INFO] [stdout]   |           ^^
[INFO] [stdout] 
[INFO] [stdout] 
[INFO] [stdout] warning: constant `E2` is never used
[INFO] [stdout]   --> src/normal.rs:15:11
[INFO] [stdout]    |
[INFO] [stdout] 15 | pub const E2: Normal = Normal {
[INFO] [stdout]    |           ^^
[INFO] [stdout] 
[INFO] [stdout] 
[INFO] [stdout] warning: constant `E3` is never used
[INFO] [stdout]   --> src/normal.rs:22:11
[INFO] [stdout]    |
[INFO] [stdout] 22 | pub const E3: Normal = Normal {
[INFO] [stdout]    |           ^^
[INFO] [stdout] 
[INFO] [stdout] 
[INFO] [stdout] warning: methods `dot`, `squared_norm`, `norm`, and `normalize` are never used
[INFO] [stdout]   --> src/normal.rs:55:12
[INFO] [stdout]    |
[INFO] [stdout] 44 | impl Normal {
[INFO] [stdout]    | ----------- methods in this implementation
[INFO] [stdout] ...
[INFO] [stdout] 55 |     pub fn dot(self, other: Normal) -> f32 {
[INFO] [stdout]    |            ^^^
[INFO] [stdout] ...
[INFO] [stdout] 62 |     pub fn squared_norm(self) -> f32 {
[INFO] [stdout]    |            ^^^^^^^^^^^^
[INFO] [stdout] ...
[INFO] [stdout] 67 |     pub fn norm(self) -> f32 {
[INFO] [stdout]    |            ^^^^
[INFO] [stdout] ...
[INFO] [stdout] 74 |     pub fn normalize(mut self) -> Self {
[INFO] [stdout]    |            ^^^^^^^^^
[INFO] [stdout] 
[INFO] [stdout] 
[INFO] [stdout] warning: method `is_consistent` is never used
[INFO] [stdout]   --> src/transformation.rs:99:8
[INFO] [stdout]    |
[INFO] [stdout] 95 | impl Transformation {
[INFO] [stdout]    | ------------------- method in this implementation
[INFO] [stdout] ...
[INFO] [stdout] 99 |     fn is_consistent(self) -> bool {
[INFO] [stdout]    |        ^^^^^^^^^^^^^
[INFO] [stdout] 
[INFO] [stdout] 
[INFO] [stdout] warning: method `neg` is never used
[INFO] [stdout]   --> src/vector.rs:44:12
[INFO] [stdout]    |
[INFO] [stdout] 42 | impl Vector {
[INFO] [stdout]    | ----------- method in this implementation
[INFO] [stdout] 43 |     /// Return the reversed vector.
[INFO] [stdout] 44 |     pub fn neg(self) -> Self {
[INFO] [stdout]    |            ^^^
[INFO] [stdout] 
[INFO] [stdout] 
[INFO] [stdout] warning: function `create_onb_from_z` is never used
[INFO] [stdout]    --> src/vector.rs:172:8
[INFO] [stdout]     |
[INFO] [stdout] 172 | pub fn create_onb_from_z(vector: Vector) -> (Vector, Vector, Vector) {
[INFO] [stdout]     |        ^^^^^^^^^^^^^^^^^
[INFO] [stdout] 
[INFO] [stdout] 
[INFO] [stderr]     Finished `release` profile [optimized] target(s) in 51.01s
[INFO] running `Command { std: "docker" "inspect" "6017c12f5842cdd70ebb6f064e9c68d40bb8b2b5c5d94b67447f316b6ad849db", kill_on_drop: false }`
[INFO] running `Command { std: "docker" "exec" "-e" "SOURCE_DIR=/opt/rustwide/workdir" "-e" "CARGO_HOME=/opt/rustwide/cargo-home" "-e" "RUSTUP_HOME=/opt/rustwide/rustup-home" "-e" "CARGO_TARGET_DIR=/opt/rustwide/target" "-e" "CARGO_INCREMENTAL=0" "-e" "RUST_BACKTRACE=full" "-e" "RUSTFLAGS=--cap-lints=warn" "-e" "RUSTDOCFLAGS=--cap-lints=warn" "-w" "/opt/rustwide/workdir" "--user" "0:0" "6017c12f5842cdd70ebb6f064e9c68d40bb8b2b5c5d94b67447f316b6ad849db" "/opt/rustwide/cargo-home/bin/cargo" "+1.99.0-beta.8" "test" "--frozen" "--no-run" "--message-format=json" "--release", kill_on_drop: false }`
[INFO] [stderr]    Compiling rustracer v1.0.4 (/opt/rustwide/workdir)
[INFO] [stderr]     Finished `release` profile [optimized] target(s) in 6.81s
[INFO] running `Command { std: "docker" "inspect" "6017c12f5842cdd70ebb6f064e9c68d40bb8b2b5c5d94b67447f316b6ad849db", kill_on_drop: false }`
[INFO] running `Command { std: "docker" "exec" "-e" "SOURCE_DIR=/opt/rustwide/workdir" "-e" "CARGO_HOME=/opt/rustwide/cargo-home" "-e" "RUSTUP_HOME=/opt/rustwide/rustup-home" "-e" "CARGO_TARGET_DIR=/opt/rustwide/target" "-e" "CARGO_INCREMENTAL=0" "-e" "RUST_BACKTRACE=full" "-e" "RUSTFLAGS=--cap-lints=warn" "-e" "RUSTDOCFLAGS=--cap-lints=warn" "-w" "/opt/rustwide/workdir" "--user" "0:0" "6017c12f5842cdd70ebb6f064e9c68d40bb8b2b5c5d94b67447f316b6ad849db" "/opt/rustwide/cargo-home/bin/cargo" "+1.99.0-beta.8" "test" "--frozen" "--release", kill_on_drop: false }`
[INFO] [stderr]     Finished `release` profile [optimized] target(s) in 0.09s
[INFO] [stderr]      Running unittests src/main.rs (/opt/rustwide/target/release/deps/rustracer-ce9380961a217257)
[INFO] [stdout] 
[INFO] [stdout] running 96 tests
[INFO] [stdout] test camera::test::test_orthogonal_camera ... ok
[INFO] [stdout] test color::test::test_luminosity ... ok
[INFO] [stdout] test hdrimage::test::test_clamp_image ... ok
[INFO] [stdout] test hdrimage::test::test_average_luminosity ... ok
[INFO] [stdout] test camera::test::test_perspective_camera ... ok
[INFO] [stdout] test color::test::test_add ... ok
[INFO] [stdout] test color::test::test_mul_color ... ok
[INFO] [stdout] test color::test::test_mul_float ... ok
[INFO] [stdout] test color::test::test_is_close_color ... ok
[INFO] [stdout] test hdrimage::test::test_normalize_image ... ok
[INFO] [stdout] test hdrimage::test::test_parse_endianness ... ok
[INFO] [stdout] test hdrimage::test::test_pixel_offset ... ok
[INFO] [stdout] test hdrimage::test::test_get_pixel ... ok
[INFO] [stdout] test hdrimage::test::test_read_pfm_image ... ok
[INFO] [stdout] test hdrimage::test::test_image_creation ... ok
[INFO] [stdout] test hdrimage::test::test_parse_img_shape ... ok
[INFO] [stdout] test hdrimage::test::test_set_pixels ... ok
[INFO] [stdout] test hdrimage::test::test_validate_coordinates ... ok
[INFO] [stdout] test hdrimage::test::test_write_pfm_image ... ok
[INFO] [stdout] test misc::test::test_is_close_float ... ok
[INFO] [stdout] test material::test::test_pigment ... ok
[INFO] [stdout] test normal::test::test_create_onb_from_z ... ok
[INFO] [stdout] test imagetracer::test::test_uv_sub_mapping ... ok
[INFO] [stdout] test imagetracer::test::test_orientation ... ok
[INFO] [stdout] test normal::test::test_cross ... ok
[INFO] [stdout] test normal::test::test_display ... ok
[INFO] [stdout] test normal::test::test_is_close ... ok
[INFO] [stdout] test normal::test::test_dot ... ok
[INFO] [stdout] test hdrimage::test::test_write_pfm_file ... FAILED
[INFO] [stdout] test hdrimage::test::test_write_ldr_file ... ok
[INFO] [stdout] test normal::test::test_neg ... ok
[INFO] [stdout] test normal::test::test_norm ... ok
[INFO] [stdout] test normal::test::test_mul_scalar ... ok
[INFO] [stdout] test normal::test::test_squared_norm ... ok
[INFO] [stdout] test point::test::test_add_vector ... ok
[INFO] [stdout] test normal::test::test_normalize ... ok
[INFO] [stdout] test point::test::test_sub_vector ... ok
[INFO] [stdout] test point::test::test_display ... ok
[INFO] [stdout] test point::test::test_is_close ... ok
[INFO] [stdout] test point::test::test_mul_scalar ... ok
[INFO] [stdout] test point::test::test_sub_point ... ok
[INFO] [stdout] test random::test::test_random_float ... ok
[INFO] [stdout] test render::test::test_flat ... ok
[INFO] [stdout] test ray::test::test_is_close ... ok
[INFO] [stdout] test render::test::test_background ... ok
[INFO] [stdout] test render::test::test_furnace ... ok
[INFO] [stdout] test render::test::test_onoff ... ok
[INFO] [stdout] test random::test::test_random ... ok
[INFO] [stdout] test imagetracer::test::test_image_coverage ... ok
[INFO] [stdout] test scene::test::test_lexer ... ok
[INFO] [stdout] test scene::test::test_colors_parser ... ok
[INFO] [stdout] test ray::test::test_at ... ok
[INFO] [stdout] test scene::test::test_materials_parser ... ok
[INFO] [stdout] test scene::test::test_read_unread ... ok
[INFO] [stdout] test scene::test::test_scene_parser ... ok
[INFO] [stdout] test misc::test::test_is_close_vector2d ... ok
[INFO] [stdout] test scene::test::test_camera_parser ... ok
[INFO] [stdout] test scene::test::test_shapes_parser ... ok
[INFO] [stdout] test shape::test::test_sphere_point_to_uv ... ok
[INFO] [stdout] test scene::test::test_transformations_parser ... ok
[INFO] [stdout] test shape::test::test_transform_plane ... ok
[INFO] [stdout] test shape::test::test_hit_plane ... ok
[INFO] [stdout] test shape::test::test_hit_sphere ... ok
[INFO] [stdout] test shape::test::test_plane_point_to_uv ... ok
[INFO] [stdout] test shape::test::test_sphere_normal ... ok
[INFO] [stdout] test transformation::test::test_is_consistent ... ok
[INFO] [stdout] test transformation::test::test_mul_matrix ... ok
[INFO] [stdout] test transformation::test::test_is_close_matrix ... ok
[INFO] [stdout] test transformation::test::test_mul_point ... ok
[INFO] [stdout] test transformation::test::test_mul_ray ... ok
[INFO] [stdout] test transformation::test::test_mul_transformation ... ok
[INFO] [stdout] test transformation::test::test_mul_vector ... ok
[INFO] [stdout] test transformation::test::test_is_close ... ok
[INFO] [stdout] test transformation::test::test_mul_normal ... ok
[INFO] [stdout] test shape::test::test_transform_sphere ... ok
[INFO] [stdout] test transformation::test::test_index ... ok
[INFO] [stdout] test transformation::test::test_inverse ... ok
[INFO] [stdout] test transformation::test::test_scaling ... ok
[INFO] [stdout] test transformation::test::test_translation ... ok
[INFO] [stdout] test vector::test::test_add ... ok
[INFO] [stdout] test vector::test::test_cross ... ok
[INFO] [stdout] test vector::test::test_create_onb_from_z ... ok
[INFO] [stdout] test transformation::test::test_mul_vpn ... ok
[INFO] [stdout] test material::test::test_brdf ... ok
[INFO] [stdout] test transformation::test::test_rotations ... ok
[INFO] [stdout] test vector::test::test_norm ... ok
[INFO] [stdout] test vector::test::test_display ... ok
[INFO] [stdout] test vector::test::test_dot ... ok
[INFO] [stdout] test vector::test::test_from ... ok
[INFO] [stdout] test vector::test::test_is_close ... ok
[INFO] [stdout] test vector::test::test_mul_scalar ... ok
[INFO] [stdout] test vector::test::test_neg ... ok
[INFO] [stdout] test vector::test::test_normalize ... ok
[INFO] [stdout] test vector::test::test_squared_norm ... ok
[INFO] [stdout] test vector::test::test_sub ... ok
[INFO] [stdout] test world::test::test_world ... ok
[INFO] [stdout] 
[INFO] [stdout] failures:
[INFO] [stdout] 
[INFO] [stdout] ---- hdrimage::test::test_write_pfm_file stdout ----
[INFO] [stdout] 
[INFO] [stdout] thread 'hdrimage::test::test_write_pfm_file' (911) panicked at src/hdrimage.rs:760:9:
[INFO] [stdout] assertion failed: matches!(hdr_img.write_pfm_file(invalid_path, ByteOrder::LittleEndian),
[INFO] [stdout]     Err(HdrImageErr::PfmFileWriteFailure(_)))
[INFO] [stdout] stack backtrace:
[INFO] [stdout]    0:     0x600558a23e61 - <<std[70759c8f55707aa4]::sys::backtrace::BacktraceLock>::print::DisplayBacktrace as core[df12db4294e9bfd3]::fmt::Display>::fmt
[INFO] [stdout]    1:     0x600558a3aa1a - core[df12db4294e9bfd3]::fmt::write
[INFO] [stdout]    2:     0x600558a2834c - <alloc[2182bb758b4b3781]::vec::Vec<u8> as core[df12db4294e9bfd3]::io::write::Write>::write_fmt
[INFO] [stdout]    3:     0x600558a000f6 - std[70759c8f55707aa4]::panicking::default_hook::{closure#0}
[INFO] [stdout]    4:     0x600558a1c449 - std[70759c8f55707aa4]::panicking::default_hook
[INFO] [stdout]    5:     0x60055899d830 - test[9d35eded1c95d3be]::test_main_inner::<test[9d35eded1c95d3be]::test_main_static::{closure#0}>::{closure#0}
[INFO] [stdout]    6:     0x600558a1c772 - std[70759c8f55707aa4]::panicking::panic_with_hook
[INFO] [stdout]    7:     0x600558a001d4 - std[70759c8f55707aa4]::panicking::panic_handler::{closure#0}
[INFO] [stdout]    8:     0x6005589f8f29 - std[70759c8f55707aa4]::sys::backtrace::__rust_end_short_backtrace::<std[70759c8f55707aa4]::panicking::panic_handler::{closure#0}, !>
[INFO] [stdout]    9:     0x600558a00d9d - __rustc[8fa7c3cbc660c2b3]::rust_begin_unwind
[INFO] [stdout]   10:     0x600558a3b14c - core[df12db4294e9bfd3]::panicking::panic_fmt
[INFO] [stdout]   11:     0x600558a3b112 - core[df12db4294e9bfd3]::panicking::panic
[INFO] [stdout]   12:     0x60055897c034 - rustracer[f997f9ef66510998]::hdrimage::test::test_write_pfm_file
[INFO] [stdout]   13:     0x600558981089 - <rustracer[f997f9ef66510998]::hdrimage::test::test_write_pfm_file::{closure#0} as core[df12db4294e9bfd3]::ops::function::FnOnce<()>>::call_once
[INFO] [stdout]   14:     0x600558990b1b - test[9d35eded1c95d3be]::__rust_begin_short_backtrace::<core[df12db4294e9bfd3]::result::Result<(), alloc[2182bb758b4b3781]::string::String>, fn() -> core[df12db4294e9bfd3]::result::Result<(), alloc[2182bb758b4b3781]::string::String>>
[INFO] [stdout]   15:     0x60055899e185 - test[9d35eded1c95d3be]::run_test::{closure#0}
[INFO] [stdout]   16:     0x600558997a44 - std[70759c8f55707aa4]::sys::backtrace::__rust_begin_short_backtrace::<test[9d35eded1c95d3be]::run_test::{closure#1}, ()>
[INFO] [stdout]   17:     0x6005589a12e2 - <std[70759c8f55707aa4]::thread::lifecycle::spawn_unchecked<test[9d35eded1c95d3be]::run_test::{closure#1}, ()>::{closure#1} as core[df12db4294e9bfd3]::ops::function::FnOnce<()>>::call_once::{shim:vtable#0}
[INFO] [stdout]   18:     0x600558a23729 - <std[70759c8f55707aa4]::sys::thread::unix::Thread>::new::thread_start
[INFO] [stdout]   19:     0x7f8f1f73bdfa - <unknown>
[INFO] [stdout]   20:     0x7f8f1f7cf3d4 - clone
[INFO] [stdout]   21:                0x0 - <unknown>
[INFO] [stdout] 
[INFO] [stdout] 
[INFO] [stdout] failures:
[INFO] [stdout]     hdrimage::test::test_write_pfm_file
[INFO] [stdout] 
[INFO] [stdout] test result: FAILED. 95 passed; 1 failed; 0 ignored; 0 measured; 0 filtered out; finished in 0.04s
[INFO] [stdout] 
[INFO] [stderr] error: test failed, to rerun pass `--bin rustracer`
[INFO] running `Command { std: "docker" "inspect" "6017c12f5842cdd70ebb6f064e9c68d40bb8b2b5c5d94b67447f316b6ad849db", kill_on_drop: false }`
[INFO] running `Command { std: "docker" "rm" "-f" "6017c12f5842cdd70ebb6f064e9c68d40bb8b2b5c5d94b67447f316b6ad849db", kill_on_drop: false }`
[INFO] [stdout] 6017c12f5842cdd70ebb6f064e9c68d40bb8b2b5c5d94b67447f316b6ad849db
